[INFO] fetching crate w5500-tls 0.4.0...
[INFO] testing w5500-tls-0.4.0 against nightly-2024-10-28+rustflags=-Zrandomize-layout for randomize-layout
[INFO] extracting crate w5500-tls 0.4.0 into /workspace/builds/worker-3-tc2/source
[INFO] validating manifest of crates.io crate w5500-tls 0.4.0 on toolchain nightly-2024-10-28
[INFO] running `Command { std: CARGO_HOME="/workspace/cargo-home" RUSTUP_HOME="/workspace/rustup-home" "/workspace/cargo-home/bin/cargo" "+nightly-2024-10-28" "metadata" "--manifest-path" "Cargo.toml" "--no-deps", kill_on_drop: false }`
[INFO] started tweaking crates.io crate w5500-tls 0.4.0
[INFO] finished tweaking crates.io crate w5500-tls 0.4.0
[INFO] tweaked toml for crates.io crate w5500-tls 0.4.0 written to /workspace/builds/worker-3-tc2/source/Cargo.toml
[INFO] running `Command { std: CARGO_HOME="/workspace/cargo-home" RUSTUP_HOME="/workspace/rustup-home" "/workspace/cargo-home/bin/cargo" "+nightly-2024-10-28" "generate-lockfile" "--manifest-path" "Cargo.toml", kill_on_drop: false }`
[INFO] [stderr]     Updating crates.io index
[INFO] [stderr]      Locking 91 packages to latest compatible versions
[INFO] [stderr]       Adding termcolor v1.1.3 (available: v1.4.1)
[INFO] running `Command { std: CARGO_HOME="/workspace/cargo-home" RUSTUP_HOME="/workspace/rustup-home" "/workspace/cargo-home/bin/cargo" "+nightly-2024-10-28" "fetch" "--manifest-path" "Cargo.toml", kill_on_drop: false }`
[INFO] running `Command { std: "docker" "create" "-v" "/var/lib/crater-agent-workspace/builds/worker-3-tc2/target:/opt/rustwide/target:rw,Z" "-v" "/var/lib/crater-agent-workspace/builds/worker-3-tc2/source:/opt/rustwide/workdir:ro,Z" "-v" "/var/lib/crater-agent-workspace/cargo-home:/opt/rustwide/cargo-home:ro,Z" "-v" "/var/lib/crater-agent-workspace/rustup-home:/opt/rustwide/rustup-home:ro,Z" "-e" "SOURCE_DIR=/opt/rustwide/workdir" "-e" "CARGO_TARGET_DIR=/opt/rustwide/target" "-e" "CARGO_HOME=/opt/rustwide/cargo-home" "-e" "RUSTUP_HOME=/opt/rustwide/rustup-home" "-w" "/opt/rustwide/workdir" "-m" "1610612736" "--user" "0:0" "--network" "none" "ghcr.io/rust-lang/crates-build-env/linux@sha256:4a844ea9eb2546a2d2c7022eacef16ef2e8229c7fbb2c7d4d55a9ceca922f72d" "/opt/rustwide/cargo-home/bin/cargo" "+nightly-2024-10-28" "metadata" "--no-deps" "--format-version=1", kill_on_drop: false }`
[INFO] [stdout] 30efd8fc59141af07ffb751d8e1a324f7d31846fcd74276f25225052a1c2b11d
[INFO] running `Command { std: "docker" "start" "-a" "30efd8fc59141af07ffb751d8e1a324f7d31846fcd74276f25225052a1c2b11d", kill_on_drop: false }`
[INFO] running `Command { std: "docker" "inspect" "30efd8fc59141af07ffb751d8e1a324f7d31846fcd74276f25225052a1c2b11d", kill_on_drop: false }`
[INFO] running `Command { std: "docker" "rm" "-f" "30efd8fc59141af07ffb751d8e1a324f7d31846fcd74276f25225052a1c2b11d", kill_on_drop: false }`
[INFO] [stdout] 30efd8fc59141af07ffb751d8e1a324f7d31846fcd74276f25225052a1c2b11d
[INFO] running `Command { std: "docker" "create" "-v" "/var/lib/crater-agent-workspace/builds/worker-3-tc2/target:/opt/rustwide/target:rw,Z" "-v" "/var/lib/crater-agent-workspace/builds/worker-3-tc2/source:/opt/rustwide/workdir:ro,Z" "-v" "/var/lib/crater-agent-workspace/cargo-home:/opt/rustwide/cargo-home:ro,Z" "-v" "/var/lib/crater-agent-workspace/rustup-home:/opt/rustwide/rustup-home:ro,Z" "-e" "SOURCE_DIR=/opt/rustwide/workdir" "-e" "CARGO_TARGET_DIR=/opt/rustwide/target" "-e" "CARGO_INCREMENTAL=0" "-e" "RUST_BACKTRACE=full" "-e" "RUSTFLAGS=--cap-lints=forbid -Zrandomize-layout" "-e" "RUSTDOCFLAGS=--cap-lints=forbid" "-e" "CARGO_HOME=/opt/rustwide/cargo-home" "-e" "RUSTUP_HOME=/opt/rustwide/rustup-home" "-w" "/opt/rustwide/workdir" "-m" "1610612736" "--user" "0:0" "--network" "none" "ghcr.io/rust-lang/crates-build-env/linux@sha256:4a844ea9eb2546a2d2c7022eacef16ef2e8229c7fbb2c7d4d55a9ceca922f72d" "/opt/rustwide/cargo-home/bin/cargo" "+nightly-2024-10-28" "build" "--frozen" "--message-format=json", kill_on_drop: false }`
[INFO] [stdout] 64bfd66b408adae96ece8f8c31713305101b50840e0cfaed3b0446286408e0b5
[INFO] running `Command { std: "docker" "start" "-a" "64bfd66b408adae96ece8f8c31713305101b50840e0cfaed3b0446286408e0b5", kill_on_drop: false }`
[INFO] [stderr]    Compiling typenum v1.17.0
[INFO] [stderr]    Compiling generic-array v0.14.7
[INFO] [stderr]    Compiling zeroize v1.8.1
[INFO] [stderr]    Compiling subtle v2.6.1
[INFO] [stderr]    Compiling rand_core v0.6.4
[INFO] [stderr]    Compiling const-oid v0.9.6
[INFO] [stderr]    Compiling base16ct v0.2.0
[INFO] [stderr]    Compiling cpufeatures v0.2.14
[INFO] [stderr]    Compiling w5500-ll v0.13.0
[INFO] [stderr]    Compiling ff v0.13.0
[INFO] [stderr]    Compiling der v0.7.9
[INFO] [stderr]    Compiling group v0.13.0
[INFO] [stderr]    Compiling w5500-hl v0.12.0
[INFO] [stderr]    Compiling crypto-common v0.1.6
[INFO] [stderr]    Compiling block-buffer v0.10.4
[INFO] [stderr]    Compiling sec1 v0.7.3
[INFO] [stderr]    Compiling crypto-bigint v0.5.5
[INFO] [stderr]    Compiling digest v0.10.7
[INFO] [stderr]    Compiling hmac v0.12.1
[INFO] [stderr]    Compiling sha2 v0.10.8
[INFO] [stderr]    Compiling hkdf v0.12.4
[INFO] [stderr]    Compiling elliptic-curve v0.13.8
[INFO] [stderr]    Compiling primeorder v0.13.6
[INFO] [stderr]    Compiling p256 v0.13.2
[INFO] [stderr]    Compiling w5500-tls v0.4.0 (/opt/rustwide/workdir)
[INFO] [stderr]     Finished `dev` profile [unoptimized + debuginfo] target(s) in 7.17s
[INFO] running `Command { std: "docker" "inspect" "64bfd66b408adae96ece8f8c31713305101b50840e0cfaed3b0446286408e0b5", kill_on_drop: false }`
[INFO] running `Command { std: "docker" "rm" "-f" "64bfd66b408adae96ece8f8c31713305101b50840e0cfaed3b0446286408e0b5", kill_on_drop: false }`
[INFO] [stdout] 64bfd66b408adae96ece8f8c31713305101b50840e0cfaed3b0446286408e0b5
[INFO] running `Command { std: "docker" "create" "-v" "/var/lib/crater-agent-workspace/builds/worker-3-tc2/target:/opt/rustwide/target:rw,Z" "-v" "/var/lib/crater-agent-workspace/builds/worker-3-tc2/source:/opt/rustwide/workdir:ro,Z" "-v" "/var/lib/crater-agent-workspace/cargo-home:/opt/rustwide/cargo-home:ro,Z" "-v" "/var/lib/crater-agent-workspace/rustup-home:/opt/rustwide/rustup-home:ro,Z" "-e" "SOURCE_DIR=/opt/rustwide/workdir" "-e" "CARGO_TARGET_DIR=/opt/rustwide/target" "-e" "CARGO_INCREMENTAL=0" "-e" "RUST_BACKTRACE=full" "-e" "RUSTFLAGS=--cap-lints=forbid -Zrandomize-layout" "-e" "RUSTDOCFLAGS=--cap-lints=forbid" "-e" "CARGO_HOME=/opt/rustwide/cargo-home" "-e" "RUSTUP_HOME=/opt/rustwide/rustup-home" "-w" "/opt/rustwide/workdir" "-m" "1610612736" "--user" "0:0" "--network" "none" "ghcr.io/rust-lang/crates-build-env/linux@sha256:4a844ea9eb2546a2d2c7022eacef16ef2e8229c7fbb2c7d4d55a9ceca922f72d" "/opt/rustwide/cargo-home/bin/cargo" "+nightly-2024-10-28" "test" "--frozen" "--no-run" "--message-format=json", kill_on_drop: false }`
[INFO] [stdout] 665f74ed8f24569b1e27311b8e82103b69bfdabf064857b7fa2f6b94911d7022
[INFO] running `Command { std: "docker" "start" "-a" "665f74ed8f24569b1e27311b8e82103b69bfdabf064857b7fa2f6b94911d7022", kill_on_drop: false }`
[INFO] [stderr]    Compiling getrandom v0.2.15
[INFO] [stderr]    Compiling num-traits v0.2.19
[INFO] [stderr]    Compiling iana-time-zone v0.1.61
[INFO] [stderr]    Compiling thread_local v1.1.8
[INFO] [stderr]    Compiling is-terminal v0.4.13
[INFO] [stderr]    Compiling termcolor v1.1.3
[INFO] [stderr]    Compiling log v0.4.22
[INFO] [stderr]    Compiling mqttbytes v0.6.0
[INFO] [stderr]    Compiling rand_core v0.6.4
[INFO] [stderr]    Compiling ff v0.13.0
[INFO] [stderr]    Compiling crypto-bigint v0.5.5
[INFO] [stderr]    Compiling group v0.13.0
[INFO] [stderr]    Compiling chrono v0.4.38
[INFO] [stderr]    Compiling elliptic-curve v0.13.8
[INFO] [stderr]    Compiling primeorder v0.13.6
[INFO] [stderr]    Compiling stderrlog v0.6.0
[INFO] [stderr]    Compiling p256 v0.13.2
[INFO] [stderr]    Compiling w5500-tls v0.4.0 (/opt/rustwide/workdir)
[INFO] [stderr]     Finished `test` profile [unoptimized + debuginfo] target(s) in 6.56s
[INFO] running `Command { std: "docker" "inspect" "665f74ed8f24569b1e27311b8e82103b69bfdabf064857b7fa2f6b94911d7022", kill_on_drop: false }`
[INFO] running `Command { std: "docker" "rm" "-f" "665f74ed8f24569b1e27311b8e82103b69bfdabf064857b7fa2f6b94911d7022", kill_on_drop: false }`
[INFO] [stdout] 665f74ed8f24569b1e27311b8e82103b69bfdabf064857b7fa2f6b94911d7022
[INFO] running `Command { std: "docker" "create" "-v" "/var/lib/crater-agent-workspace/builds/worker-3-tc2/target:/opt/rustwide/target:rw,Z" "-v" "/var/lib/crater-agent-workspace/builds/worker-3-tc2/source:/opt/rustwide/workdir:ro,Z" "-v" "/var/lib/crater-agent-workspace/cargo-home:/opt/rustwide/cargo-home:ro,Z" "-v" "/var/lib/crater-agent-workspace/rustup-home:/opt/rustwide/rustup-home:ro,Z" "-e" "SOURCE_DIR=/opt/rustwide/workdir" "-e" "CARGO_TARGET_DIR=/opt/rustwide/target" "-e" "CARGO_INCREMENTAL=0" "-e" "RUST_BACKTRACE=full" "-e" "RUSTFLAGS=--cap-lints=forbid -Zrandomize-layout" "-e" "RUSTDOCFLAGS=--cap-lints=forbid" "-e" "CARGO_HOME=/opt/rustwide/cargo-home" "-e" "RUSTUP_HOME=/opt/rustwide/rustup-home" "-w" "/opt/rustwide/workdir" "-m" "1610612736" "--user" "0:0" "--network" "none" "ghcr.io/rust-lang/crates-build-env/linux@sha256:4a844ea9eb2546a2d2c7022eacef16ef2e8229c7fbb2c7d4d55a9ceca922f72d" "/opt/rustwide/cargo-home/bin/cargo" "+nightly-2024-10-28" "test" "--frozen", kill_on_drop: false }`
[INFO] [stdout] 51437ef9231e7c838de3e39c4267a271a67aec6465c0bcf0119f74edd2e6d20f
[INFO] running `Command { std: "docker" "start" "-a" "51437ef9231e7c838de3e39c4267a271a67aec6465c0bcf0119f74edd2e6d20f", kill_on_drop: false }`
[INFO] [stderr]     Finished `test` profile [unoptimized + debuginfo] target(s) in 0.09s
[INFO] [stderr]      Running unittests src/lib.rs (/opt/rustwide/target/debug/deps/w5500_tls-f430d1fac87e7488)
[INFO] [stdout] 
[INFO] [stdout] running 8 tests
[INFO] [stdout] test crypto::aes::gcm::tests::decrypt_1_data_block ... ok
[INFO] [stdout] test crypto::aes::gcm::tests::encrypt_1_data_block ... ok
[INFO] [stdout] test crypto::aes::gcm::tests::decrypt_padded_data ... ok
[INFO] [stdout] test crypto::aes::gcm::tests::encrypt_no_data ... ok
[INFO] [stdout] test crypto::aes::ghash::tests::ghash ... ok
[INFO] [stdout] test io::tests::basic ... ok
[INFO] [stdout] test io::tests::extend_from_slice_wrap ... ok
[INFO] [stdout] test crypto::aes::cipher::tests::encrypt ... ok
[INFO] [stdout] 
[INFO] [stdout] test result: ok. 8 passed; 0 failed; 0 ignored; 0 measured; 0 filtered out; finished in 0.00s
[INFO] [stdout] 
[INFO] [stderr]    Doc-tests w5500_tls
[INFO] [stdout] 
[INFO] [stdout] running 4 tests
[INFO] [stdout] test src/io.rs - io::TlsReader (line 263) - compile ... FAILED
[INFO] [stdout] test src/io.rs - io::TlsWriter (line 127) - compile ... FAILED
[INFO] [stdout] test src/lib.rs - Client<'hn,'psk,'b,N>::new (line 281) ... ok
[INFO] [stdout] test src/lib.rs - Client<'hn,'psk,'b,N>::connected (line 1125) ... ok
[INFO] [stdout] 
[INFO] [stdout] failures:
[INFO] [stdout] 
[INFO] [stdout] ---- src/io.rs - io::TlsReader (line 263) stdout ----
[INFO] [stdout] error[E0433]: failed to resolve: use of undeclared crate or module `w5500_regsim`
[INFO] [stdout]  --> src/io.rs:268:17
[INFO] [stdout]   |
[INFO] [stdout] 8 | let mut w5500 = w5500_regsim::W5500::default();
[INFO] [stdout]   |                 ^^^^^^^^^^^^ use of undeclared crate or module `w5500_regsim`
[INFO] [stdout] 
[INFO] [stdout] error: aborting due to 1 previous error
[INFO] [stdout] 
[INFO] [stdout] For more information about this error, try `rustc --explain E0433`.
[INFO] [stdout] Couldn't compile the test.
[INFO] [stdout] ---- src/io.rs - io::TlsWriter (line 127) stdout ----
[INFO] [stdout] error[E0433]: failed to resolve: use of undeclared crate or module `w5500_regsim`
[INFO] [stderr] error: doctest failed, to rerun pass `--doc`
[INFO] [stdout]  --> src/io.rs:132:17
[INFO] [stdout]   |
[INFO] [stdout] 8 | let mut w5500 = w5500_regsim::W5500::default();
[INFO] [stdout]   |                 ^^^^^^^^^^^^ use of undeclared crate or module `w5500_regsim`
[INFO] [stdout] 
[INFO] [stdout] error: aborting due to 1 previous error
[INFO] [stdout] 
[INFO] [stdout] For more information about this error, try `rustc --explain E0433`.
[INFO] [stdout] Couldn't compile the test.
[INFO] [stdout] 
[INFO] [stdout] failures:
[INFO] [stdout]     src/io.rs - io::TlsReader (line 263)
[INFO] [stdout]     src/io.rs - io::TlsWriter (line 127)
[INFO] [stdout] 
[INFO] [stdout] test result: FAILED. 2 passed; 2 failed; 0 ignored; 0 measured; 0 filtered out; finished in 0.33s
[INFO] [stdout] 
[INFO] running `Command { std: "docker" "inspect" "51437ef9231e7c838de3e39c4267a271a67aec6465c0bcf0119f74edd2e6d20f", kill_on_drop: false }`
[INFO] running `Command { std: "docker" "rm" "-f" "51437ef9231e7c838de3e39c4267a271a67aec6465c0bcf0119f74edd2e6d20f", kill_on_drop: false }`
[INFO] [stdout] 51437ef9231e7c838de3e39c4267a271a67aec6465c0bcf0119f74edd2e6d20f
