[INFO] fetching crate vsvg 0.5.0...
[INFO] testing vsvg-0.5.0 against nightly-2024-10-28 for randomize-layout
[INFO] extracting crate vsvg 0.5.0 into /workspace/builds/worker-4-tc1/source
[INFO] validating manifest of crates.io crate vsvg 0.5.0 on toolchain nightly-2024-10-28
[INFO] running `Command { std: CARGO_HOME="/workspace/cargo-home" RUSTUP_HOME="/workspace/rustup-home" "/workspace/cargo-home/bin/cargo" "+nightly-2024-10-28" "metadata" "--manifest-path" "Cargo.toml" "--no-deps", kill_on_drop: false }`
[INFO] started tweaking crates.io crate vsvg 0.5.0
[INFO] finished tweaking crates.io crate vsvg 0.5.0
[INFO] tweaked toml for crates.io crate vsvg 0.5.0 written to /workspace/builds/worker-4-tc1/source/Cargo.toml
[INFO] crate crates.io crate vsvg 0.5.0 already has a lockfile, it will not be regenerated
[INFO] running `Command { std: CARGO_HOME="/workspace/cargo-home" RUSTUP_HOME="/workspace/rustup-home" "/workspace/cargo-home/bin/cargo" "+nightly-2024-10-28" "fetch" "--manifest-path" "Cargo.toml", kill_on_drop: false }`
[INFO] [stderr]     Updating crates.io index
[INFO] [stderr]  Downloading crates ...
[INFO] [stderr]   Downloaded usvg v0.42.0
[INFO] [stderr]   Downloaded svg v0.15.1
[INFO] [stderr]   Downloaded fontconfig-parser v0.5.6
[INFO] [stderr]   Downloaded lyon_geom v1.0.5
[INFO] [stderr]   Downloaded fontdb v0.18.0
[INFO] [stderr]   Downloaded svgtypes v0.15.1
[INFO] [stderr]   Downloaded geo v0.27.0
[INFO] [stderr]   Downloaded spade v2.9.0
[INFO] [stderr]   Downloaded whiskers-widgets v0.5.0
[INFO] [stderr]   Downloaded whiskers-derive v0.5.0
[INFO] running `Command { std: "docker" "create" "-v" "/var/lib/crater-agent-workspace/builds/worker-4-tc1/target:/opt/rustwide/target:rw,Z" "-v" "/var/lib/crater-agent-workspace/builds/worker-4-tc1/source:/opt/rustwide/workdir:ro,Z" "-v" "/var/lib/crater-agent-workspace/cargo-home:/opt/rustwide/cargo-home:ro,Z" "-v" "/var/lib/crater-agent-workspace/rustup-home:/opt/rustwide/rustup-home:ro,Z" "-e" "SOURCE_DIR=/opt/rustwide/workdir" "-e" "CARGO_TARGET_DIR=/opt/rustwide/target" "-e" "CARGO_HOME=/opt/rustwide/cargo-home" "-e" "RUSTUP_HOME=/opt/rustwide/rustup-home" "-w" "/opt/rustwide/workdir" "-m" "1610612736" "--user" "0:0" "--network" "none" "ghcr.io/rust-lang/crates-build-env/linux@sha256:4a844ea9eb2546a2d2c7022eacef16ef2e8229c7fbb2c7d4d55a9ceca922f72d" "/opt/rustwide/cargo-home/bin/cargo" "+nightly-2024-10-28" "metadata" "--no-deps" "--format-version=1", kill_on_drop: false }`
[INFO] [stdout] 75a1ca2d30f390ff2a20daa975f16da07955431067852b67b10950ed52edddd8
[INFO] running `Command { std: "docker" "start" "-a" "75a1ca2d30f390ff2a20daa975f16da07955431067852b67b10950ed52edddd8", kill_on_drop: false }`
[INFO] running `Command { std: "docker" "inspect" "75a1ca2d30f390ff2a20daa975f16da07955431067852b67b10950ed52edddd8", kill_on_drop: false }`
[INFO] running `Command { std: "docker" "rm" "-f" "75a1ca2d30f390ff2a20daa975f16da07955431067852b67b10950ed52edddd8", kill_on_drop: false }`
[INFO] [stdout] 75a1ca2d30f390ff2a20daa975f16da07955431067852b67b10950ed52edddd8
[INFO] running `Command { std: "docker" "create" "-v" "/var/lib/crater-agent-workspace/builds/worker-4-tc1/target:/opt/rustwide/target:rw,Z" "-v" "/var/lib/crater-agent-workspace/builds/worker-4-tc1/source:/opt/rustwide/workdir:ro,Z" "-v" "/var/lib/crater-agent-workspace/cargo-home:/opt/rustwide/cargo-home:ro,Z" "-v" "/var/lib/crater-agent-workspace/rustup-home:/opt/rustwide/rustup-home:ro,Z" "-e" "SOURCE_DIR=/opt/rustwide/workdir" "-e" "CARGO_TARGET_DIR=/opt/rustwide/target" "-e" "CARGO_INCREMENTAL=0" "-e" "RUST_BACKTRACE=full" "-e" "RUSTFLAGS=--cap-lints=forbid" "-e" "RUSTDOCFLAGS=--cap-lints=forbid" "-e" "CARGO_HOME=/opt/rustwide/cargo-home" "-e" "RUSTUP_HOME=/opt/rustwide/rustup-home" "-w" "/opt/rustwide/workdir" "-m" "1610612736" "--user" "0:0" "--network" "none" "ghcr.io/rust-lang/crates-build-env/linux@sha256:4a844ea9eb2546a2d2c7022eacef16ef2e8229c7fbb2c7d4d55a9ceca922f72d" "/opt/rustwide/cargo-home/bin/cargo" "+nightly-2024-10-28" "build" "--frozen" "--message-format=json", kill_on_drop: false }`
[INFO] [stdout] 437d1bd6925b21e050fbe0bb49afefa5a9b7e58607e901cca6bab2bfddeeb662
[INFO] running `Command { std: "docker" "start" "-a" "437d1bd6925b21e050fbe0bb49afefa5a9b7e58607e901cca6bab2bfddeeb662", kill_on_drop: false }`
[INFO] [stderr]    Compiling autocfg v1.3.0
[INFO] [stderr]    Compiling libm v0.2.8
[INFO] [stderr]    Compiling version_check v0.9.4
[INFO] [stderr]    Compiling proc-macro2 v1.0.85
[INFO] [stderr]    Compiling libc v0.2.155
[INFO] [stderr]    Compiling semver v1.0.23
[INFO] [stderr]    Compiling unicode-ident v1.0.12
[INFO] [stderr]    Compiling smallvec v1.13.2
[INFO] [stderr]    Compiling crossbeam-utils v0.8.20
[INFO] [stderr]    Compiling scopeguard v1.2.0
[INFO] [stderr]    Compiling byteorder v1.5.0
[INFO] [stderr]    Compiling zerocopy v0.7.34
[INFO] [stderr]    Compiling once_cell v1.19.0
[INFO] [stderr]    Compiling either v1.12.0
[INFO] [stderr]    Compiling rayon-core v1.12.1
[INFO] [stderr]    Compiling allocator-api2 v0.2.18
[INFO] [stderr]    Compiling stable_deref_trait v1.2.0
[INFO] [stderr]    Compiling arrayvec v0.7.4
[INFO] [stderr]    Compiling log v0.4.21
[INFO] [stderr]    Compiling hash32 v0.2.1
[INFO] [stderr]    Compiling roxmltree v0.19.0
[INFO] [stderr]    Compiling ttf-parser v0.21.1
[INFO] [stderr]    Compiling bytemuck v1.16.0
[INFO] [stderr]    Compiling serde v1.0.203
[INFO] [stderr]    Compiling float-cmp v0.9.0
[INFO] [stderr]    Compiling radium v0.7.0
[INFO] [stderr]    Compiling tinyvec_macros v0.1.1
[INFO] [stderr]    Compiling ahash v0.8.11
[INFO] [stderr]    Compiling slotmap v1.0.7
[INFO] [stderr]    Compiling thiserror v1.0.61
[INFO] [stderr]    Compiling strict-num v0.1.1
[INFO] [stderr]    Compiling num-traits v0.2.19
[INFO] [stderr]    Compiling lock_api v0.4.12
[INFO] [stderr]    Compiling tinyvec v1.6.0
[INFO] [stderr]    Compiling rustc_version v0.4.0
[INFO] [stderr]    Compiling kurbo v0.11.0
[INFO] [stderr]    Compiling miniz_oxide v0.7.3
[INFO] [stderr]    Compiling itertools v0.11.0
[INFO] [stderr]    Compiling unicode-bidi-mirroring v0.2.0
[INFO] [stderr]    Compiling fontconfig-parser v0.5.6
[INFO] [stderr]    Compiling hashbrown v0.14.5
[INFO] [stderr]    Compiling bitflags v2.5.0
[INFO] [stderr]    Compiling heapless v0.7.17
[INFO] [stderr]    Compiling spin v0.9.8
[INFO] [stderr]    Compiling crossbeam-epoch v0.9.18
[INFO] [stderr]    Compiling unicode-properties v0.1.1
[INFO] [stderr]    Compiling quote v1.0.36
[INFO] [stderr]    Compiling robust v1.1.0
[INFO] [stderr]    Compiling crossbeam-deque v0.8.5
[INFO] [stderr]    Compiling syn v2.0.66
[INFO] [stderr]    Compiling getrandom v0.2.15
[INFO] [stderr]    Compiling memmap2 v0.9.4
[INFO] [stderr]    Compiling serde_json v1.0.117
[INFO] [stderr]    Compiling tap v1.0.1
[INFO] [stderr]    Compiling regex-syntax v0.8.4
[INFO] [stderr]    Compiling anyhow v1.0.86
[INFO] [stderr]    Compiling rand_core v0.6.4
[INFO] [stderr]    Compiling approx v0.5.1
[INFO] [stderr]    Compiling unicode-ccc v0.2.0
[INFO] [stderr]    Compiling unicode-script v0.5.6
[INFO] [stderr]    Compiling siphasher v1.0.1
[INFO] [stderr]    Compiling arrayref v0.3.7
[INFO] [stderr]    Compiling ppv-lite86 v0.2.17
[INFO] [stderr]    Compiling tiny-skia-path v0.11.4
[INFO] [stderr]    Compiling euclid v0.22.10
[INFO] [stderr]    Compiling spade v2.9.0
[INFO] [stderr]    Compiling rstar v0.11.0
[INFO] [stderr]    Compiling wyz v0.5.1
[INFO] [stderr]    Compiling svgtypes v0.15.1
[INFO] [stderr]    Compiling flate2 v1.0.30
[INFO] [stderr]    Compiling geographiclib-rs v0.2.4
[INFO] [stderr]    Compiling rayon v1.10.0
[INFO] [stderr]    Compiling simplecss v0.2.1
[INFO] [stderr]    Compiling geo-types v0.7.13
[INFO] [stderr]    Compiling earcutr v0.4.3
[INFO] [stderr]    Compiling rand_chacha v0.3.1
[INFO] [stderr]    Compiling unicode-vo v0.1.0
[INFO] [stderr]    Compiling pico-args v0.5.0
[INFO] [stderr]    Compiling funty v2.0.0
[INFO] [stderr]    Compiling unicode-bidi v0.3.15
[INFO] [stderr]    Compiling xmlwriter v0.1.0
[INFO] [stderr]    Compiling roxmltree v0.20.0
[INFO] [stderr]    Compiling data-url v0.3.1
[INFO] [stderr]    Compiling float_next_after v1.0.0
[INFO] [stderr]    Compiling imagesize v0.12.0
[INFO] [stderr]    Compiling rand v0.8.5
[INFO] [stderr]    Compiling time v0.3.36
[INFO] [stderr]    Compiling lyon_geom v1.0.5
[INFO] [stderr]    Compiling bitvec v1.0.1
[INFO] [stderr]    Compiling fontdb v0.18.0
[INFO] [stderr]    Compiling rustybuzz v0.14.1
[INFO] [stderr]    Compiling geo v0.27.0
[INFO] [stderr]    Compiling quick-xml v0.31.0
[INFO] [stderr]    Compiling svg v0.15.1
[INFO] [stderr]    Compiling base64 v0.21.7
[INFO] [stderr]    Compiling lazy_static v1.4.0
[INFO] [stderr]    Compiling regex-automata v0.4.7
[INFO] [stderr]    Compiling serde_derive v1.0.203
[INFO] [stderr]    Compiling thiserror-impl v1.0.61
[INFO] [stderr]    Compiling indexmap v2.2.6
[INFO] [stderr]    Compiling kdtree v0.7.0
[INFO] [stderr]    Compiling usvg v0.42.0
[INFO] [stderr]    Compiling regex v1.10.5
[INFO] [stderr]    Compiling vsvg v0.5.0 (/opt/rustwide/workdir)
[INFO] [stderr]     Finished `dev` profile [unoptimized + debuginfo] target(s) in 19.98s
[INFO] running `Command { std: "docker" "inspect" "437d1bd6925b21e050fbe0bb49afefa5a9b7e58607e901cca6bab2bfddeeb662", kill_on_drop: false }`
[INFO] running `Command { std: "docker" "rm" "-f" "437d1bd6925b21e050fbe0bb49afefa5a9b7e58607e901cca6bab2bfddeeb662", kill_on_drop: false }`
[INFO] [stdout] 437d1bd6925b21e050fbe0bb49afefa5a9b7e58607e901cca6bab2bfddeeb662
[INFO] running `Command { std: "docker" "create" "-v" "/var/lib/crater-agent-workspace/builds/worker-4-tc1/target:/opt/rustwide/target:rw,Z" "-v" "/var/lib/crater-agent-workspace/builds/worker-4-tc1/source:/opt/rustwide/workdir:ro,Z" "-v" "/var/lib/crater-agent-workspace/cargo-home:/opt/rustwide/cargo-home:ro,Z" "-v" "/var/lib/crater-agent-workspace/rustup-home:/opt/rustwide/rustup-home:ro,Z" "-e" "SOURCE_DIR=/opt/rustwide/workdir" "-e" "CARGO_TARGET_DIR=/opt/rustwide/target" "-e" "CARGO_INCREMENTAL=0" "-e" "RUST_BACKTRACE=full" "-e" "RUSTFLAGS=--cap-lints=forbid" "-e" "RUSTDOCFLAGS=--cap-lints=forbid" "-e" "CARGO_HOME=/opt/rustwide/cargo-home" "-e" "RUSTUP_HOME=/opt/rustwide/rustup-home" "-w" "/opt/rustwide/workdir" "-m" "1610612736" "--user" "0:0" "--network" "none" "ghcr.io/rust-lang/crates-build-env/linux@sha256:4a844ea9eb2546a2d2c7022eacef16ef2e8229c7fbb2c7d4d55a9ceca922f72d" "/opt/rustwide/cargo-home/bin/cargo" "+nightly-2024-10-28" "test" "--frozen" "--no-run" "--message-format=json", kill_on_drop: false }`
[INFO] [stdout] 83f8b7c634dcbad6347bf10118655326b4cf7514dac61b1f350095b9b06bd8be
[INFO] running `Command { std: "docker" "start" "-a" "83f8b7c634dcbad6347bf10118655326b4cf7514dac61b1f350095b9b06bd8be", kill_on_drop: false }`
[INFO] [stderr]    Compiling once_cell v1.19.0
[INFO] [stderr]    Compiling serde v1.0.203
[INFO] [stderr]    Compiling getrandom v0.2.15
[INFO] [stderr]    Compiling approx v0.5.1
[INFO] [stderr]    Compiling half v2.4.1
[INFO] [stderr]    Compiling clap_lex v0.7.1
[INFO] [stderr]    Compiling plotters-backend v0.3.6
[INFO] [stderr]    Compiling anstyle v1.0.7
[INFO] [stderr]    Compiling ciborium-io v0.2.2
[INFO] [stderr]    Compiling itertools v0.10.5
[INFO] [stderr]    Compiling cast v0.3.0
[INFO] [stderr]    Compiling is-terminal v0.4.12
[INFO] [stderr]    Compiling anes v0.1.6
[INFO] [stderr]    Compiling oorandom v11.1.3
[INFO] [stderr]    Compiling geo-types v0.7.13
[INFO] [stderr]    Compiling rand_core v0.6.4
[INFO] [stderr]    Compiling ahash v0.8.11
[INFO] [stderr]    Compiling clap_builder v4.5.7
[INFO] [stderr]    Compiling plotters-svg v0.3.6
[INFO] [stderr]    Compiling ciborium-ll v0.2.2
[INFO] [stderr]    Compiling rand_chacha v0.3.1
[INFO] [stderr]    Compiling hashbrown v0.14.5
[INFO] [stderr]    Compiling plotters v0.3.6
[INFO] [stderr]    Compiling rand v0.8.5
[INFO] [stderr]    Compiling spade v2.9.0
[INFO] [stderr]    Compiling indexmap v2.2.6
[INFO] [stderr]    Compiling criterion-plot v0.5.0
[INFO] [stderr]    Compiling clap v4.5.7
[INFO] [stderr]    Compiling geo v0.27.0
[INFO] [stderr]    Compiling serde_json v1.0.117
[INFO] [stderr]    Compiling ciborium v0.2.2
[INFO] [stderr]    Compiling tinytemplate v1.2.1
[INFO] [stderr]    Compiling criterion v0.5.1
[INFO] [stderr]    Compiling vsvg v0.5.0 (/opt/rustwide/workdir)
[INFO] [stderr]     Finished `test` profile [unoptimized + debuginfo] target(s) in 9.76s
[INFO] running `Command { std: "docker" "inspect" "83f8b7c634dcbad6347bf10118655326b4cf7514dac61b1f350095b9b06bd8be", kill_on_drop: false }`
[INFO] running `Command { std: "docker" "rm" "-f" "83f8b7c634dcbad6347bf10118655326b4cf7514dac61b1f350095b9b06bd8be", kill_on_drop: false }`
[INFO] [stdout] 83f8b7c634dcbad6347bf10118655326b4cf7514dac61b1f350095b9b06bd8be
[INFO] running `Command { std: "docker" "create" "-v" "/var/lib/crater-agent-workspace/builds/worker-4-tc1/target:/opt/rustwide/target:rw,Z" "-v" "/var/lib/crater-agent-workspace/builds/worker-4-tc1/source:/opt/rustwide/workdir:ro,Z" "-v" "/var/lib/crater-agent-workspace/cargo-home:/opt/rustwide/cargo-home:ro,Z" "-v" "/var/lib/crater-agent-workspace/rustup-home:/opt/rustwide/rustup-home:ro,Z" "-e" "SOURCE_DIR=/opt/rustwide/workdir" "-e" "CARGO_TARGET_DIR=/opt/rustwide/target" "-e" "CARGO_INCREMENTAL=0" "-e" "RUST_BACKTRACE=full" "-e" "RUSTFLAGS=--cap-lints=forbid" "-e" "RUSTDOCFLAGS=--cap-lints=forbid" "-e" "CARGO_HOME=/opt/rustwide/cargo-home" "-e" "RUSTUP_HOME=/opt/rustwide/rustup-home" "-w" "/opt/rustwide/workdir" "-m" "1610612736" "--user" "0:0" "--network" "none" "ghcr.io/rust-lang/crates-build-env/linux@sha256:4a844ea9eb2546a2d2c7022eacef16ef2e8229c7fbb2c7d4d55a9ceca922f72d" "/opt/rustwide/cargo-home/bin/cargo" "+nightly-2024-10-28" "test" "--frozen", kill_on_drop: false }`
[INFO] [stdout] 6d953293976055af214ff99e5a7d7819b2a0d917502fde79e8caa8f120951228
[INFO] running `Command { std: "docker" "start" "-a" "6d953293976055af214ff99e5a7d7819b2a0d917502fde79e8caa8f120951228", kill_on_drop: false }`
[INFO] [stderr]     Finished `test` profile [unoptimized + debuginfo] target(s) in 0.10s
[INFO] [stderr]      Running unittests src/lib.rs (/opt/rustwide/target/debug/deps/vsvg-4488bc3cab15b757)
[INFO] [stdout] 
[INFO] [stdout] running 54 tests
[INFO] [stdout] test crop::tests::test_crop_line ... ok
[INFO] [stdout] test angle::tests::test_angle_from_str ... ok
[INFO] [stdout] test document::document::test::test_document_bounds ... ok
[INFO] [stdout] test crop::tests::test_crop_x_symmetrical_s_bezier ... ok
[INFO] [stdout] test crop::tests::test_crop_line_colinear ... ok
[INFO] [stdout] test document::document::test::test_document_push_shape ... ok
[INFO] [stdout] test layer::layer::test::test_layer_bounds ... ok
[INFO] [stdout] test layer::layer::test::test_layer_push_shape ... ok
[INFO] [stdout] test length::tests::test_length_from_str ... ok
[INFO] [stdout] test optimization::tests::test_sort ... ok
[INFO] [stdout] test optimization::tests::test_sort_bidir ... ok
[INFO] [stdout] test page_size::test::test_page_size_flip ... ok
[INFO] [stdout] test path::flattened_path::tests::test_flattened_path_bounds ... ok
[INFO] [stdout] test path::flattened_path::tests::test_flattened_path_bounds_2_points ... ok
[INFO] [stdout] test path::flattened_path::tests::test_polyline ... ok
[INFO] [stdout] test path::path::test::test_path_bounds ... ok
[INFO] [stdout] test path::path::test::test_path_crop ... ok
[INFO] [stdout] test page_size::test::test_page_size_parse ... ok
[INFO] [stdout] test path::path::test::test_path_start_end ... ok
[INFO] [stdout] test path::into_bezpath::test::test_points_to_bezpath_empty ... ok
[INFO] [stdout] test page_size::test::test_page_size_display ... ok
[INFO] [stdout] test path::into_bezpath::test::test_line_segments_to_bezpath ... ok
[INFO] [stdout] test path::into_bezpath::test::test_points_to_bezpath ... ok
[INFO] [stdout] test path::path::test::test_path_is_point ... ok
[INFO] [stdout] test path::into_bezpath::test::test_linestring_to_path_el ... ok
[INFO] [stdout] test path::flattened_path::tests::test_polyline_is_point ... ok
[INFO] [stdout] test path_index::tests::test_path_index ... ok
[INFO] [stdout] test svg::inkscape_layer_preprocessor::tests::test_group_info_decode_from_empty ... ok
[INFO] [stdout] test svg::inkscape_layer_preprocessor::tests::test_group_info_group_mode ... ok
[INFO] [stdout] test path_index::tests::test_path_index_pop_nearest_bidir ... ok
[INFO] [stdout] test svg::inkscape_layer_preprocessor::tests::test_group_info_id ... ok
[INFO] [stdout] test svg::inkscape_layer_preprocessor::tests::test_group_info_id_empty_str ... ok
[INFO] [stdout] test svg::inkscape_layer_preprocessor::tests::test_group_info_empty ... ok
[INFO] [stdout] test svg::inkscape_layer_preprocessor::tests::test_preprocess_inkscape_ext ... ok
[INFO] [stdout] test path_index::tests::test_path_index_pop_nearest ... ok
[INFO] [stdout] test svg::reader::tests::test_empty_path ... ok
[INFO] [stdout] test svg::inkscape_layer_preprocessor::tests::test_group_info_empty_unique ... ok
[INFO] [stdout] test svg::reader::tests::test_point_path ... ignored
[INFO] [stdout] test document::document::test::test_document_center_no_page_size ... ok
[INFO] [stdout] test document::document::test::test_document_center_with_page_size ... ok
[INFO] [stdout] test svg::reader::tests::test_viewbox ... ok
[INFO] [stdout] test svg::writer::tests::test_svg_out ... ok
[INFO] [stdout] test svg::reader::tests::test_virtual_group ... ok
[INFO] [stdout] test svg::reader::tests::test_transforms ... ok
[INFO] [stdout] test svg::reader::tests::test_transforms_viewbox ... ok
[INFO] [stdout] test svg::reader::tests::test_single_layer ... ok
[INFO] [stdout] test svg::reader::tests::test_reader_quad_beziers ... ok
[INFO] [stdout] test svg::reader::tests::test_one_layer ... ok
[INFO] [stdout] test svg::reader::tests::test_layer_names ... ok
[INFO] [stdout] test svg::reader::tests::test_layer_numbering ... ok
[INFO] [stdout] test svg::reader::tests::test_top_level_path_in_layer_0 ... ok
[INFO] [stdout] test optimization::tests::test_sort_problematic_case ... ok
[INFO] [stdout] test path::flattened_path::tests::test_flattened_path_bounds_empty - should panic ... ok
[INFO] [stdout] test svg::writer::tests::test_svg_source_escale ... FAILED
[INFO] [stdout] 
[INFO] [stdout] failures:
[INFO] [stdout] 
[INFO] [stdout] ---- svg::writer::tests::test_svg_source_escale stdout ----
[INFO] [stdout] thread 'svg::writer::tests::test_svg_source_escale' panicked at src/svg/writer.rs:207:9:
[INFO] [stdout] assertion failed: svg.contains("&lt;hello&gt;")
[INFO] [stdout] stack backtrace:
[INFO] [stdout]    0:     0x61aee33f4c1a - std::backtrace_rs::backtrace::libunwind::trace::h207520d6e9873551
[INFO] [stdout]                                at /rustc/df4ca44d3fbc9301ee17f30f4d474e6ae4b05252/library/std/src/../../backtrace/src/backtrace/libunwind.rs:116:5
[INFO] [stdout]    1:     0x61aee33f4c1a - std::backtrace_rs::backtrace::trace_unsynchronized::h2ed7433f370e3eca
[INFO] [stdout]                                at /rustc/df4ca44d3fbc9301ee17f30f4d474e6ae4b05252/library/std/src/../../backtrace/src/backtrace/mod.rs:66:5
[INFO] [stdout]    2:     0x61aee33f4c1a - std::sys::backtrace::_print_fmt::h916fac51166b18d7
[INFO] [stdout]                                at /rustc/df4ca44d3fbc9301ee17f30f4d474e6ae4b05252/library/std/src/sys/backtrace.rs:66:9
[INFO] [stdout]    3:     0x61aee33f4c1a - <std::sys::backtrace::BacktraceLock::print::DisplayBacktrace as core::fmt::Display>::fmt::ha0a4c9b8ce3802e6
[INFO] [stdout]                                at /rustc/df4ca44d3fbc9301ee17f30f4d474e6ae4b05252/library/std/src/sys/backtrace.rs:39:26
[INFO] [stdout]    4:     0x61aee341e8a3 - core::fmt::rt::Argument::fmt::h4cfc8587d52b3eb5
[INFO] [stdout]                                at /rustc/df4ca44d3fbc9301ee17f30f4d474e6ae4b05252/library/core/src/fmt/rt.rs:177:76
[INFO] [stdout]    5:     0x61aee341e8a3 - core::fmt::write::h522cc39e5b36ae9f
[INFO] [stdout]                                at /rustc/df4ca44d3fbc9301ee17f30f4d474e6ae4b05252/library/core/src/fmt/mod.rs:1190:21
[INFO] [stdout]    6:     0x61aee33f15b3 - std::io::Write::write_fmt::h7d3c26752da97734
[INFO] [stdout]                                at /rustc/df4ca44d3fbc9301ee17f30f4d474e6ae4b05252/library/std/src/io/mod.rs:1839:15
[INFO] [stdout]    7:     0x61aee33f4a62 - std::sys::backtrace::BacktraceLock::print::h4b9e00b29e9c0942
[INFO] [stdout]                                at /rustc/df4ca44d3fbc9301ee17f30f4d474e6ae4b05252/library/std/src/sys/backtrace.rs:42:9
[INFO] [stdout]    8:     0x61aee33f60aa - std::panicking::default_hook::{{closure}}::hb59b88280d0324d9
[INFO] [stdout]                                at /rustc/df4ca44d3fbc9301ee17f30f4d474e6ae4b05252/library/std/src/panicking.rs:268:22
[INFO] [stdout]    9:     0x61aee33f5eb4 - std::panicking::default_hook::he1dd496665be4a29
[INFO] [stdout]                                at /rustc/df4ca44d3fbc9301ee17f30f4d474e6ae4b05252/library/std/src/panicking.rs:292:9
[INFO] [stdout]   10:     0x61aee2dc5b29 - <alloc::boxed::Box<F,A> as core::ops::function::Fn<Args>>::call::h4ff71de18744e1dc
[INFO] [stdout]                                at /rustc/df4ca44d3fbc9301ee17f30f4d474e6ae4b05252/library/alloc/src/boxed.rs:2468:9
[INFO] [stdout]   11:     0x61aee2dc5b29 - test::test_main::{{closure}}::hcf7c055ce117aa81
[INFO] [stdout]                                at /rustc/df4ca44d3fbc9301ee17f30f4d474e6ae4b05252/library/test/src/lib.rs:133:21
[INFO] [stdout]   12:     0x61aee33f67a8 - <alloc::boxed::Box<F,A> as core::ops::function::Fn<Args>>::call::h1d66c6bbd60c9692
[INFO] [stdout]                                at /rustc/df4ca44d3fbc9301ee17f30f4d474e6ae4b05252/library/alloc/src/boxed.rs:2468:9
[INFO] [stdout]   13:     0x61aee33f67a8 - std::panicking::rust_panic_with_hook::h2ff17fe8f26dfcf8
[INFO] [stdout]                                at /rustc/df4ca44d3fbc9301ee17f30f4d474e6ae4b05252/library/std/src/panicking.rs:809:13
[INFO] [stdout]   14:     0x61aee33f6536 - std::panicking::begin_panic_handler::{{closure}}::h4fad77951c07e101
[INFO] [stdout]                                at /rustc/df4ca44d3fbc9301ee17f30f4d474e6ae4b05252/library/std/src/panicking.rs:667:13
[INFO] [stdout]   15:     0x61aee33f50f9 - std::sys::backtrace::__rust_end_short_backtrace::hb1a25b3da5d0ea08
[INFO] [stdout]                                at /rustc/df4ca44d3fbc9301ee17f30f4d474e6ae4b05252/library/std/src/sys/backtrace.rs:170:18
[INFO] [stdout]   16:     0x61aee33f61fc - rust_begin_unwind
[INFO] [stdout]                                at /rustc/df4ca44d3fbc9301ee17f30f4d474e6ae4b05252/library/std/src/panicking.rs:665:5
[INFO] [stdout]   17:     0x61aee341c550 - core::panicking::panic_fmt::ha9db07b529f9b256
[INFO] [stdout]                                at /rustc/df4ca44d3fbc9301ee17f30f4d474e6ae4b05252/library/core/src/panicking.rs:75:14
[INFO] [stdout]   18:     0x61aee341c5dc - core::panicking::panic::h993086813d94accc
[INFO] [stdout]                                at /rustc/df4ca44d3fbc9301ee17f30f4d474e6ae4b05252/library/core/src/panicking.rs:152:5
[INFO] [stdout]   19:     0x61aee2ced9ea - vsvg::svg::writer::tests::test_svg_source_escale::hff93c359a7fb76dc
[INFO] [stdout]                                at /opt/rustwide/workdir/src/svg/writer.rs:207:9
[INFO] [stdout]   20:     0x61aee2ced727 - vsvg::svg::writer::tests::test_svg_source_escale::{{closure}}::hf8885a1ab176d5a5
[INFO] [stdout]                                at /opt/rustwide/workdir/src/svg/writer.rs:202:32
[INFO] [stdout]   21:     0x61aee2d1ab96 - core::ops::function::FnOnce::call_once::h8567072bfe7ba83d
[INFO] [stdout]                                at /rustc/df4ca44d3fbc9301ee17f30f4d474e6ae4b05252/library/core/src/ops/function.rs:250:5
[INFO] [stdout]   22:     0x61aee2dca3fb - core::ops::function::FnOnce::call_once::h22c3ba5715e93f05
[INFO] [stdout]                                at /rustc/df4ca44d3fbc9301ee17f30f4d474e6ae4b05252/library/core/src/ops/function.rs:250:5
[INFO] [stdout]   23:     0x61aee2dca3fb - test::__rust_begin_short_backtrace::h8e82d8113d0da17f
[INFO] [stdout]                                at /rustc/df4ca44d3fbc9301ee17f30f4d474e6ae4b05252/library/test/src/lib.rs:621:18
[INFO] [stdout]   24:     0x61aee2dc9d77 - test::run_test_in_process::{{closure}}::h33235f4f20b7b7c7
[INFO] [stdout]                                at /rustc/df4ca44d3fbc9301ee17f30f4d474e6ae4b05252/library/test/src/lib.rs:644:60
[INFO] [stdout]   25:     0x61aee2dc9d77 - <core::panic::unwind_safe::AssertUnwindSafe<F> as core::ops::function::FnOnce<()>>::call_once::hb5043206310c586f
[INFO] [stdout]                                at /rustc/df4ca44d3fbc9301ee17f30f4d474e6ae4b05252/library/core/src/panic/unwind_safe.rs:272:9
[INFO] [stdout]   26:     0x61aee2dc9d77 - std::panicking::try::do_call::h9ad4731a60ab23e2
[INFO] [stdout]                                at /rustc/df4ca44d3fbc9301ee17f30f4d474e6ae4b05252/library/std/src/panicking.rs:557:40
[INFO] [stdout]   27:     0x61aee2dc9d77 - std::panicking::try::h3824d23db772a716
[INFO] [stdout]                                at /rustc/df4ca44d3fbc9301ee17f30f4d474e6ae4b05252/library/std/src/panicking.rs:520:19
[INFO] [stdout]   28:     0x61aee2dc9d77 - std::panic::catch_unwind::h5afd514605fde46b
[INFO] [stdout]                                at /rustc/df4ca44d3fbc9301ee17f30f4d474e6ae4b05252/library/std/src/panic.rs:358:14
[INFO] [stdout]   29:     0x61aee2dc9d77 - test::run_test_in_process::h0d5cbfa7067d1720
[INFO] [stdout]                                at /rustc/df4ca44d3fbc9301ee17f30f4d474e6ae4b05252/library/test/src/lib.rs:644:27
[INFO] [stdout]   30:     0x61aee2dc9d77 - test::run_test::{{closure}}::h708eb8872708115d
[INFO] [stdout]                                at /rustc/df4ca44d3fbc9301ee17f30f4d474e6ae4b05252/library/test/src/lib.rs:565:43
[INFO] [stdout]   31:     0x61aee2d8d494 - test::run_test::{{closure}}::h392c51cee94713ab
[INFO] [stdout]                                at /rustc/df4ca44d3fbc9301ee17f30f4d474e6ae4b05252/library/test/src/lib.rs:595:41
[INFO] [stdout]   32:     0x61aee2d8d494 - std::sys::backtrace::__rust_begin_short_backtrace::h2f40290710935a8b
[INFO] [stdout]                                at /rustc/df4ca44d3fbc9301ee17f30f4d474e6ae4b05252/library/std/src/sys/backtrace.rs:154:18
[INFO] [stdout]   33:     0x61aee2d90c3e - std::thread::Builder::spawn_unchecked_::{{closure}}::{{closure}}::h3fd968d89053a903
[INFO] [stdout]                                at /rustc/df4ca44d3fbc9301ee17f30f4d474e6ae4b05252/library/std/src/thread/mod.rs:541:17
[INFO] [stdout]   34:     0x61aee2d90c3e - <core::panic::unwind_safe::AssertUnwindSafe<F> as core::ops::function::FnOnce<()>>::call_once::h743f637ba4229880
[INFO] [stdout]                                at /rustc/df4ca44d3fbc9301ee17f30f4d474e6ae4b05252/library/core/src/panic/unwind_safe.rs:272:9
[INFO] [stdout]   35:     0x61aee2d90c3e - std::panicking::try::do_call::h07440897322525a6
[INFO] [stdout]                                at /rustc/df4ca44d3fbc9301ee17f30f4d474e6ae4b05252/library/std/src/panicking.rs:557:40
[INFO] [stdout]   36:     0x61aee2d90c3e - std::panicking::try::he5a2e00188156637
[INFO] [stdout]                                at /rustc/df4ca44d3fbc9301ee17f30f4d474e6ae4b05252/library/std/src/panicking.rs:520:19
[INFO] [stdout]   37:     0x61aee2d90c3e - std::panic::catch_unwind::hbaf3cae49b3c6433
[INFO] [stdout]                                at /rustc/df4ca44d3fbc9301ee17f30f4d474e6ae4b05252/library/std/src/panic.rs:358:14
[INFO] [stdout]   38:     0x61aee2d90c3e - std::thread::Builder::spawn_unchecked_::{{closure}}::h8e141ea224820bce
[INFO] [stdout]                                at /rustc/df4ca44d3fbc9301ee17f30f4d474e6ae4b05252/library/std/src/thread/mod.rs:540:30
[INFO] [stdout]   39:     0x61aee2d90c3e - core::ops::function::FnOnce::call_once{{vtable.shim}}::h90d312fedd7b8ea8
[INFO] [stdout]                                at /rustc/df4ca44d3fbc9301ee17f30f4d474e6ae4b05252/library/core/src/ops/function.rs:250:5
[INFO] [stdout]   40:     0x61aee33fa6ab - <alloc::boxed::Box<F,A> as core::ops::function::FnOnce<Args>>::call_once::h69aa08ddb6adb8b6
[INFO] [stdout]                                at /rustc/df4ca44d3fbc9301ee17f30f4d474e6ae4b05252/library/alloc/src/boxed.rs:2454:9
[INFO] [stdout]   41:     0x61aee33fa6ab - <alloc::boxed::Box<F,A> as core::ops::function::FnOnce<Args>>::call_once::h5aa36efdb79c806f
[INFO] [stdout]                                at /rustc/df4ca44d3fbc9301ee17f30f4d474e6ae4b05252/library/alloc/src/boxed.rs:2454:9
[INFO] [stdout]   42:     0x61aee33fa6ab - std::sys::pal::unix::thread::Thread::new::thread_start::h6cd80a1b4be5158d
[INFO] [stdout]                                at /rustc/df4ca44d3fbc9301ee17f30f4d474e6ae4b05252/library/std/src/sys/pal/unix/thread.rs:105:17
[INFO] [stdout]   43:     0x7608ece88ac3 - <unknown>
[INFO] [stdout]   44:     0x7608ecf19a04 - clone
[INFO] [stdout]   45:                0x0 - <unknown>
[INFO] [stdout] 
[INFO] [stdout] 
[INFO] [stdout] failures:
[INFO] [stdout]     svg::writer::tests::test_svg_source_escale
[INFO] [stdout] 
[INFO] [stdout] test result: FAILED. 52 passed; 1 failed; 1 ignored; 0 measured; 0 filtered out; finished in 0.04s
[INFO] [stdout] 
[INFO] [stderr] error: test failed, to rerun pass `--lib`
[INFO] running `Command { std: "docker" "inspect" "6d953293976055af214ff99e5a7d7819b2a0d917502fde79e8caa8f120951228", kill_on_drop: false }`
[INFO] running `Command { std: "docker" "rm" "-f" "6d953293976055af214ff99e5a7d7819b2a0d917502fde79e8caa8f120951228", kill_on_drop: false }`
[INFO] [stdout] 6d953293976055af214ff99e5a7d7819b2a0d917502fde79e8caa8f120951228
