[INFO] fetching crate vrd 0.0.8...
[INFO] testing vrd-0.0.8 against nightly-2024-10-28 for randomize-layout
[INFO] extracting crate vrd 0.0.8 into /workspace/builds/worker-7-tc1/source
[INFO] validating manifest of crates.io crate vrd 0.0.8 on toolchain nightly-2024-10-28
[INFO] running `Command { std: CARGO_HOME="/workspace/cargo-home" RUSTUP_HOME="/workspace/rustup-home" "/workspace/cargo-home/bin/cargo" "+nightly-2024-10-28" "metadata" "--manifest-path" "Cargo.toml" "--no-deps", kill_on_drop: false }`
[INFO] started tweaking crates.io crate vrd 0.0.8
[INFO] removed 0 missing examples
[INFO] removed 0 missing tests
[INFO] finished tweaking crates.io crate vrd 0.0.8
[INFO] tweaked toml for crates.io crate vrd 0.0.8 written to /workspace/builds/worker-7-tc1/source/Cargo.toml
[INFO] crate crates.io crate vrd 0.0.8 already has a lockfile, it will not be regenerated
[INFO] running `Command { std: CARGO_HOME="/workspace/cargo-home" RUSTUP_HOME="/workspace/rustup-home" "/workspace/cargo-home/bin/cargo" "+nightly-2024-10-28" "fetch" "--manifest-path" "Cargo.toml", kill_on_drop: false }`
[INFO] [stderr]  Downloading crates ...
[INFO] [stderr]   Downloaded rlg v0.0.3
[INFO] [stderr]   Downloaded rlg v0.0.4
[INFO] [stderr]   Downloaded dtt v0.0.6
[INFO] [stderr]   Downloaded vrd v0.0.7
[INFO] running `Command { std: "docker" "create" "-v" "/var/lib/crater-agent-workspace/builds/worker-7-tc1/target:/opt/rustwide/target:rw,Z" "-v" "/var/lib/crater-agent-workspace/builds/worker-7-tc1/source:/opt/rustwide/workdir:ro,Z" "-v" "/var/lib/crater-agent-workspace/cargo-home:/opt/rustwide/cargo-home:ro,Z" "-v" "/var/lib/crater-agent-workspace/rustup-home:/opt/rustwide/rustup-home:ro,Z" "-e" "SOURCE_DIR=/opt/rustwide/workdir" "-e" "CARGO_TARGET_DIR=/opt/rustwide/target" "-e" "CARGO_HOME=/opt/rustwide/cargo-home" "-e" "RUSTUP_HOME=/opt/rustwide/rustup-home" "-w" "/opt/rustwide/workdir" "-m" "1610612736" "--user" "0:0" "--network" "none" "ghcr.io/rust-lang/crates-build-env/linux@sha256:4a844ea9eb2546a2d2c7022eacef16ef2e8229c7fbb2c7d4d55a9ceca922f72d" "/opt/rustwide/cargo-home/bin/cargo" "+nightly-2024-10-28" "metadata" "--no-deps" "--format-version=1", kill_on_drop: false }`
[INFO] [stdout] 91d24f673d432883a58c43c70d00ac10d6c44708d8e5114afb4f40b3bea2fbf6
[INFO] running `Command { std: "docker" "start" "-a" "91d24f673d432883a58c43c70d00ac10d6c44708d8e5114afb4f40b3bea2fbf6", kill_on_drop: false }`
[INFO] running `Command { std: "docker" "inspect" "91d24f673d432883a58c43c70d00ac10d6c44708d8e5114afb4f40b3bea2fbf6", kill_on_drop: false }`
[INFO] running `Command { std: "docker" "rm" "-f" "91d24f673d432883a58c43c70d00ac10d6c44708d8e5114afb4f40b3bea2fbf6", kill_on_drop: false }`
[INFO] [stdout] 91d24f673d432883a58c43c70d00ac10d6c44708d8e5114afb4f40b3bea2fbf6
[INFO] running `Command { std: "docker" "create" "-v" "/var/lib/crater-agent-workspace/builds/worker-7-tc1/target:/opt/rustwide/target:rw,Z" "-v" "/var/lib/crater-agent-workspace/builds/worker-7-tc1/source:/opt/rustwide/workdir:ro,Z" "-v" "/var/lib/crater-agent-workspace/cargo-home:/opt/rustwide/cargo-home:ro,Z" "-v" "/var/lib/crater-agent-workspace/rustup-home:/opt/rustwide/rustup-home:ro,Z" "-e" "SOURCE_DIR=/opt/rustwide/workdir" "-e" "CARGO_TARGET_DIR=/opt/rustwide/target" "-e" "CARGO_INCREMENTAL=0" "-e" "RUST_BACKTRACE=full" "-e" "RUSTFLAGS=--cap-lints=forbid" "-e" "RUSTDOCFLAGS=--cap-lints=forbid" "-e" "CARGO_HOME=/opt/rustwide/cargo-home" "-e" "RUSTUP_HOME=/opt/rustwide/rustup-home" "-w" "/opt/rustwide/workdir" "-m" "1610612736" "--user" "0:0" "--network" "none" "ghcr.io/rust-lang/crates-build-env/linux@sha256:4a844ea9eb2546a2d2c7022eacef16ef2e8229c7fbb2c7d4d55a9ceca922f72d" "/opt/rustwide/cargo-home/bin/cargo" "+nightly-2024-10-28" "build" "--frozen" "--message-format=json", kill_on_drop: false }`
[INFO] [stdout] 972a2bbef26dfee2583935455e99bec1a32705b5717578d0e418e932eb8bf419
[INFO] running `Command { std: "docker" "start" "-a" "972a2bbef26dfee2583935455e99bec1a32705b5717578d0e418e932eb8bf419", kill_on_drop: false }`
[INFO] [stderr]    Compiling libc v0.2.158
[INFO] [stderr]    Compiling syn v2.0.76
[INFO] [stderr]    Compiling cfg-if v1.0.0
[INFO] [stderr]    Compiling serde v1.0.209
[INFO] [stderr]    Compiling memchr v2.7.4
[INFO] [stderr]    Compiling byteorder v1.5.0
[INFO] [stderr]    Compiling parking_lot_core v0.9.10
[INFO] [stderr]    Compiling lock_api v0.4.12
[INFO] [stderr]    Compiling powerfmt v0.2.0
[INFO] [stderr]    Compiling regex-syntax v0.8.4
[INFO] [stderr]    Compiling deranged v0.3.11
[INFO] [stderr]    Compiling smallvec v1.13.2
[INFO] [stderr]    Compiling num-conv v0.1.0
[INFO] [stderr]    Compiling scopeguard v1.2.0
[INFO] [stderr]    Compiling time-core v0.1.2
[INFO] [stderr]    Compiling version_check v0.9.5
[INFO] [stderr]    Compiling vrd v0.0.5
[INFO] [stderr]    Compiling serde_json v1.0.127
[INFO] [stderr]    Compiling aho-corasick v1.1.3
[INFO] [stderr]    Compiling dtt v0.0.5
[INFO] [stderr]    Compiling ryu v1.0.18
[INFO] [stderr]    Compiling itoa v1.0.11
[INFO] [stderr]    Compiling rlg v0.0.3
[INFO] [stderr]    Compiling time v0.3.36
[INFO] [stderr]    Compiling pin-project-lite v0.2.14
[INFO] [stderr]    Compiling match_cfg v0.1.0
[INFO] [stderr]    Compiling bytes v1.7.1
[INFO] [stderr]    Compiling dtt v0.0.6
[INFO] [stderr]    Compiling getrandom v0.2.15
[INFO] [stderr]    Compiling socket2 v0.5.7
[INFO] [stderr]    Compiling rand_core v0.6.4
[INFO] [stderr]    Compiling parking_lot v0.12.3
[INFO] [stderr]    Compiling mio v1.0.2
[INFO] [stderr]    Compiling signal-hook-registry v1.4.2
[INFO] [stderr]    Compiling regex-automata v0.4.7
[INFO] [stderr]    Compiling hostname v0.3.1
[INFO] [stderr]    Compiling vrd v0.0.7
[INFO] [stderr]    Compiling uuid v1.10.0
[INFO] [stderr]    Compiling rlg v0.0.4
[INFO] [stderr]    Compiling bitflags v2.6.0
[INFO] [stderr]    Compiling hostname v0.4.0
[INFO] [stderr]    Compiling vrd v0.0.8 (/opt/rustwide/workdir)
[INFO] [stderr]    Compiling serde_derive v1.0.209
[INFO] [stderr]    Compiling zerocopy-derive v0.7.35
[INFO] [stderr]    Compiling tokio-macros v2.4.0
[INFO] [stderr]    Compiling tokio v1.39.3
[INFO] [stderr]    Compiling zerocopy v0.7.35
[INFO] [stderr]    Compiling regex v1.10.6
[INFO] [stderr]    Compiling ppv-lite86 v0.2.20
[INFO] [stderr]    Compiling rand_chacha v0.3.1
[INFO] [stderr]    Compiling rand v0.8.5
[INFO] [stderr]    Compiling serde-big-array v0.5.1
[INFO] [stdout] warning: elided lifetime has a name
[INFO] [stdout]    --> src/random.rs:117:67
[INFO] [stdout]     |
[INFO] [stdout] 117 |     pub fn choose<'a, T>(&'a mut self, values: &'a [T]) -> Option<&T> {
[INFO] [stdout]     |                   -- lifetime `'a` declared here                  ^ this elided lifetime gets resolved as `'a`
[INFO] [stdout]     |
[INFO] [stdout]     = note: `#[warn(elided_named_lifetimes)]` on by default
[INFO] [stdout] 
[INFO] [stdout] 
[INFO] [stdout] warning: elided lifetime has a name
[INFO] [stdout]    --> src/random.rs:712:14
[INFO] [stdout]     |
[INFO] [stdout] 708 |     pub fn sample<'a, T>(
[INFO] [stdout]     |                   -- lifetime `'a` declared here
[INFO] [stdout] ...
[INFO] [stdout] 712 |     ) -> Vec<&T> {
[INFO] [stdout]     |              ^ this elided lifetime gets resolved as `'a`
[INFO] [stdout] 
[INFO] [stdout] 
[INFO] [stdout] warning: elided lifetime has a name
[INFO] [stdout]    --> src/random.rs:745:14
[INFO] [stdout]     |
[INFO] [stdout] 741 |     pub fn sample_with_replacement<'a, T>(
[INFO] [stdout]     |                                    -- lifetime `'a` declared here
[INFO] [stdout] ...
[INFO] [stdout] 745 |     ) -> Vec<&T> {
[INFO] [stdout]     |              ^ this elided lifetime gets resolved as `'a`
[INFO] [stdout] 
[INFO] [stdout] 
[INFO] [stderr]     Finished `dev` profile [unoptimized + debuginfo] target(s) in 21.48s
[INFO] running `Command { std: "docker" "inspect" "972a2bbef26dfee2583935455e99bec1a32705b5717578d0e418e932eb8bf419", kill_on_drop: false }`
[INFO] running `Command { std: "docker" "rm" "-f" "972a2bbef26dfee2583935455e99bec1a32705b5717578d0e418e932eb8bf419", kill_on_drop: false }`
[INFO] [stdout] 972a2bbef26dfee2583935455e99bec1a32705b5717578d0e418e932eb8bf419
[INFO] running `Command { std: "docker" "create" "-v" "/var/lib/crater-agent-workspace/builds/worker-7-tc1/target:/opt/rustwide/target:rw,Z" "-v" "/var/lib/crater-agent-workspace/builds/worker-7-tc1/source:/opt/rustwide/workdir:ro,Z" "-v" "/var/lib/crater-agent-workspace/cargo-home:/opt/rustwide/cargo-home:ro,Z" "-v" "/var/lib/crater-agent-workspace/rustup-home:/opt/rustwide/rustup-home:ro,Z" "-e" "SOURCE_DIR=/opt/rustwide/workdir" "-e" "CARGO_TARGET_DIR=/opt/rustwide/target" "-e" "CARGO_INCREMENTAL=0" "-e" "RUST_BACKTRACE=full" "-e" "RUSTFLAGS=--cap-lints=forbid" "-e" "RUSTDOCFLAGS=--cap-lints=forbid" "-e" "CARGO_HOME=/opt/rustwide/cargo-home" "-e" "RUSTUP_HOME=/opt/rustwide/rustup-home" "-w" "/opt/rustwide/workdir" "-m" "1610612736" "--user" "0:0" "--network" "none" "ghcr.io/rust-lang/crates-build-env/linux@sha256:4a844ea9eb2546a2d2c7022eacef16ef2e8229c7fbb2c7d4d55a9ceca922f72d" "/opt/rustwide/cargo-home/bin/cargo" "+nightly-2024-10-28" "test" "--frozen" "--no-run" "--message-format=json", kill_on_drop: false }`
[INFO] [stdout] e0666001d5ef35d14fad44b1ef2e8fcf4c701575d327dd28a8b3c18ba8fb3b65
[INFO] running `Command { std: "docker" "start" "-a" "e0666001d5ef35d14fad44b1ef2e8fcf4c701575d327dd28a8b3c18ba8fb3b65", kill_on_drop: false }`
[INFO] [stderr]    Compiling serde v1.0.209
[INFO] [stderr]    Compiling regex-automata v0.4.7
[INFO] [stderr]    Compiling crossbeam-utils v0.8.20
[INFO] [stderr]    Compiling anstyle v1.0.8
[INFO] [stderr]    Compiling num-traits v0.2.19
[INFO] [stderr]    Compiling rayon-core v1.12.1
[INFO] [stderr]    Compiling either v1.13.0
[INFO] [stderr]    Compiling half v2.4.1
[INFO] [stderr]    Compiling clap_lex v0.7.2
[INFO] [stderr]    Compiling ciborium-io v0.2.2
[INFO] [stderr]    Compiling predicates-core v1.0.8
[INFO] [stderr]    Compiling plotters-backend v0.3.6
[INFO] [stderr]    Compiling doc-comment v0.3.3
[INFO] [stderr]    Compiling clap_builder v4.5.15
[INFO] [stderr]    Compiling plotters-svg v0.3.6
[INFO] [stderr]    Compiling ciborium-ll v0.2.2
[INFO] [stderr]    Compiling itertools v0.10.5
[INFO] [stderr]    Compiling crossbeam-epoch v0.9.18
[INFO] [stderr]    Compiling difflib v0.4.0
[INFO] [stderr]    Compiling crossbeam-deque v0.8.5
[INFO] [stderr]    Compiling cast v0.3.0
[INFO] [stderr]    Compiling assert_cmd v2.0.16
[INFO] [stderr]    Compiling termtree v0.4.1
[INFO] [stderr]    Compiling same-file v1.0.6
[INFO] [stderr]    Compiling predicates-tree v1.0.11
[INFO] [stderr]    Compiling criterion-plot v0.5.0
[INFO] [stderr]    Compiling rayon v1.10.0
[INFO] [stderr]    Compiling walkdir v2.5.0
[INFO] [stderr]    Compiling plotters v0.3.6
[INFO] [stderr]    Compiling clap v4.5.16
[INFO] [stderr]    Compiling predicates v3.1.2
[INFO] [stderr]    Compiling is-terminal v0.4.13
[INFO] [stderr]    Compiling wait-timeout v0.2.0
[INFO] [stderr]    Compiling anes v0.1.6
[INFO] [stderr]    Compiling regex v1.10.6
[INFO] [stderr]    Compiling serde_json v1.0.127
[INFO] [stderr]    Compiling vrd v0.0.5
[INFO] [stderr]    Compiling dtt v0.0.5
[INFO] [stderr]    Compiling serde-big-array v0.5.1
[INFO] [stderr]    Compiling dtt v0.0.6
[INFO] [stderr]    Compiling bstr v1.10.0
[INFO] [stderr]    Compiling rlg v0.0.3
[INFO] [stderr]    Compiling vrd v0.0.7
[INFO] [stderr]    Compiling tinytemplate v1.2.1
[INFO] [stderr]    Compiling ciborium v0.2.2
[INFO] [stderr]    Compiling oorandom v11.1.4
[INFO] [stderr]    Compiling rlg v0.0.4
[INFO] [stderr]    Compiling once_cell v1.19.0
[INFO] [stderr]    Compiling vrd v0.0.8 (/opt/rustwide/workdir)
[INFO] [stdout] warning: elided lifetime has a name
[INFO] [stdout]    --> src/random.rs:117:67
[INFO] [stdout]     |
[INFO] [stdout] 117 |     pub fn choose<'a, T>(&'a mut self, values: &'a [T]) -> Option<&T> {
[INFO] [stdout]     |                   -- lifetime `'a` declared here                  ^ this elided lifetime gets resolved as `'a`
[INFO] [stdout]     |
[INFO] [stdout]     = note: `#[warn(elided_named_lifetimes)]` on by default
[INFO] [stdout] 
[INFO] [stdout] 
[INFO] [stdout] warning: elided lifetime has a name
[INFO] [stdout]    --> src/random.rs:712:14
[INFO] [stdout]     |
[INFO] [stdout] 708 |     pub fn sample<'a, T>(
[INFO] [stdout]     |                   -- lifetime `'a` declared here
[INFO] [stdout] ...
[INFO] [stdout] 712 |     ) -> Vec<&T> {
[INFO] [stdout]     |              ^ this elided lifetime gets resolved as `'a`
[INFO] [stdout] 
[INFO] [stdout] 
[INFO] [stdout] warning: elided lifetime has a name
[INFO] [stdout]    --> src/random.rs:745:14
[INFO] [stdout]     |
[INFO] [stdout] 741 |     pub fn sample_with_replacement<'a, T>(
[INFO] [stdout]     |                                    -- lifetime `'a` declared here
[INFO] [stdout] ...
[INFO] [stdout] 745 |     ) -> Vec<&T> {
[INFO] [stdout]     |              ^ this elided lifetime gets resolved as `'a`
[INFO] [stdout] 
[INFO] [stdout] 
[INFO] [stderr]    Compiling criterion v0.5.1
[INFO] [stdout] warning: missing documentation for the crate
[INFO] [stdout]    --> tests/test_mersenne_twister.rs:1:1
[INFO] [stdout]     |
[INFO] [stdout] 1   | / #[cfg(test)]
[INFO] [stdout] 2   | | mod tests {
[INFO] [stdout] 3   | |     use vrd::mersenne_twister::{
[INFO] [stdout] 4   | |         MersenneTwisterConfig, MersenneTwisterParams,
[INFO] [stdout] ...   |
[INFO] [stdout] 265 | |     }
[INFO] [stdout] 266 | | }
[INFO] [stdout]     | |_^
[INFO] [stdout]     |
[INFO] [stdout]     = note: requested on the command line with `-W missing-docs`
[INFO] [stdout] 
[INFO] [stdout] 
[INFO] [stdout] warning: missing documentation for the crate
[INFO] [stdout]    --> tests/test_main.rs:6:1
[INFO] [stdout]     |
[INFO] [stdout] 6   | / #[cfg(test)]
[INFO] [stdout] 7   | | mod tests {
[INFO] [stdout] 8   | |     use dtt::DateTime;
[INFO] [stdout] 9   | |     use rlg::{log_format::LogFormat, log_level::LogLevel};
[INFO] [stdout] ...   |
[INFO] [stdout] 218 | |     // }
[INFO] [stdout] 219 | | }
[INFO] [stdout]     | |_^
[INFO] [stdout]     |
[INFO] [stdout]     = note: requested on the command line with `-W missing-docs`
[INFO] [stdout] 
[INFO] [stdout] 
[INFO] [stdout] warning: missing documentation for the crate
[INFO] [stdout]    --> tests/test_lib.rs:6:1
[INFO] [stdout]     |
[INFO] [stdout] 6   | / #[cfg(test)]
[INFO] [stdout] 7   | | mod tests {
[INFO] [stdout] 8   | |
[INFO] [stdout] 9   | |     use vrd::random::Random;
[INFO] [stdout] ...   |
[INFO] [stdout] 278 | |     }
[INFO] [stdout] 279 | | }
[INFO] [stdout]     | |_^
[INFO] [stdout]     |
[INFO] [stdout]     = note: requested on the command line with `-W missing-docs`
[INFO] [stdout] 
[INFO] [stdout] 
[INFO] [stdout] warning: missing documentation for the crate
[INFO] [stdout]    --> tests/test_macros.rs:6:1
[INFO] [stdout]     |
[INFO] [stdout] 6   | / #[cfg(test)]
[INFO] [stdout] 7   | | mod tests {
[INFO] [stdout] 8   | |
[INFO] [stdout] 9   | |     use vrd::{random::Random, *};
[INFO] [stdout] ...   |
[INFO] [stdout] 430 | |     }
[INFO] [stdout] 431 | | }
[INFO] [stdout]     | |_^
[INFO] [stdout]     |
[INFO] [stdout]     = note: requested on the command line with `-W missing-docs`
[INFO] [stdout] 
[INFO] [stdout] 
[INFO] [stdout] warning: missing documentation for the crate
[INFO] [stdout]    --> tests/test_random.rs:6:1
[INFO] [stdout]     |
[INFO] [stdout] 6   | / #[cfg(test)]
[INFO] [stdout] 7   | | mod tests {
[INFO] [stdout] 8   | |     use rand::{RngCore, SeedableRng};
[INFO] [stdout] 9   | |     use vrd::random::Random;
[INFO] [stdout] ...   |
[INFO] [stdout] 714 | |     }
[INFO] [stdout] 715 | | }
[INFO] [stdout]     | |_^
[INFO] [stdout]     |
[INFO] [stdout]     = note: requested on the command line with `-W missing-docs`
[INFO] [stdout] 
[INFO] [stdout] 
[INFO] [stdout] warning: elided lifetime has a name
[INFO] [stdout]    --> src/random.rs:117:67
[INFO] [stdout]     |
[INFO] [stdout] 117 |     pub fn choose<'a, T>(&'a mut self, values: &'a [T]) -> Option<&T> {
[INFO] [stdout]     |                   -- lifetime `'a` declared here                  ^ this elided lifetime gets resolved as `'a`
[INFO] [stdout]     |
[INFO] [stdout]     = note: `#[warn(elided_named_lifetimes)]` on by default
[INFO] [stdout] 
[INFO] [stdout] 
[INFO] [stdout] warning: elided lifetime has a name
[INFO] [stdout]    --> src/random.rs:712:14
[INFO] [stdout]     |
[INFO] [stdout] 708 |     pub fn sample<'a, T>(
[INFO] [stdout]     |                   -- lifetime `'a` declared here
[INFO] [stdout] ...
[INFO] [stdout] 712 |     ) -> Vec<&T> {
[INFO] [stdout]     |              ^ this elided lifetime gets resolved as `'a`
[INFO] [stdout] 
[INFO] [stdout] 
[INFO] [stdout] warning: elided lifetime has a name
[INFO] [stdout]    --> src/random.rs:745:14
[INFO] [stdout]     |
[INFO] [stdout] 741 |     pub fn sample_with_replacement<'a, T>(
[INFO] [stdout]     |                                    -- lifetime `'a` declared here
[INFO] [stdout] ...
[INFO] [stdout] 745 |     ) -> Vec<&T> {
[INFO] [stdout]     |              ^ this elided lifetime gets resolved as `'a`
[INFO] [stdout] 
[INFO] [stdout] 
[INFO] [stderr]     Finished `test` profile [unoptimized + debuginfo] target(s) in 12.33s
[INFO] running `Command { std: "docker" "inspect" "e0666001d5ef35d14fad44b1ef2e8fcf4c701575d327dd28a8b3c18ba8fb3b65", kill_on_drop: false }`
[INFO] running `Command { std: "docker" "rm" "-f" "e0666001d5ef35d14fad44b1ef2e8fcf4c701575d327dd28a8b3c18ba8fb3b65", kill_on_drop: false }`
[INFO] [stdout] e0666001d5ef35d14fad44b1ef2e8fcf4c701575d327dd28a8b3c18ba8fb3b65
[INFO] running `Command { std: "docker" "create" "-v" "/var/lib/crater-agent-workspace/builds/worker-7-tc1/target:/opt/rustwide/target:rw,Z" "-v" "/var/lib/crater-agent-workspace/builds/worker-7-tc1/source:/opt/rustwide/workdir:ro,Z" "-v" "/var/lib/crater-agent-workspace/cargo-home:/opt/rustwide/cargo-home:ro,Z" "-v" "/var/lib/crater-agent-workspace/rustup-home:/opt/rustwide/rustup-home:ro,Z" "-e" "SOURCE_DIR=/opt/rustwide/workdir" "-e" "CARGO_TARGET_DIR=/opt/rustwide/target" "-e" "CARGO_INCREMENTAL=0" "-e" "RUST_BACKTRACE=full" "-e" "RUSTFLAGS=--cap-lints=forbid" "-e" "RUSTDOCFLAGS=--cap-lints=forbid" "-e" "CARGO_HOME=/opt/rustwide/cargo-home" "-e" "RUSTUP_HOME=/opt/rustwide/rustup-home" "-w" "/opt/rustwide/workdir" "-m" "1610612736" "--user" "0:0" "--network" "none" "ghcr.io/rust-lang/crates-build-env/linux@sha256:4a844ea9eb2546a2d2c7022eacef16ef2e8229c7fbb2c7d4d55a9ceca922f72d" "/opt/rustwide/cargo-home/bin/cargo" "+nightly-2024-10-28" "test" "--frozen", kill_on_drop: false }`
[INFO] [stdout] a408332f5f09e8d330708bae64dea104de063b7aedeb5cf4c29702ac9408f56e
[INFO] running `Command { std: "docker" "start" "-a" "a408332f5f09e8d330708bae64dea104de063b7aedeb5cf4c29702ac9408f56e", kill_on_drop: false }`
[INFO] [stderr] warning: elided lifetime has a name
[INFO] [stderr]    --> src/random.rs:117:67
[INFO] [stderr]     |
[INFO] [stderr] 117 |     pub fn choose<'a, T>(&'a mut self, values: &'a [T]) -> Option<&T> {
[INFO] [stderr]     |                   -- lifetime `'a` declared here                  ^ this elided lifetime gets resolved as `'a`
[INFO] [stderr]     |
[INFO] [stderr]     = note: `#[warn(elided_named_lifetimes)]` on by default
[INFO] [stderr] 
[INFO] [stderr] warning: elided lifetime has a name
[INFO] [stderr]    --> src/random.rs:712:14
[INFO] [stderr]     |
[INFO] [stderr] 708 |     pub fn sample<'a, T>(
[INFO] [stderr]     |                   -- lifetime `'a` declared here
[INFO] [stderr] ...
[INFO] [stderr] 712 |     ) -> Vec<&T> {
[INFO] [stderr]     |              ^ this elided lifetime gets resolved as `'a`
[INFO] [stderr] 
[INFO] [stderr] warning: elided lifetime has a name
[INFO] [stderr]    --> src/random.rs:745:14
[INFO] [stderr]     |
[INFO] [stderr] 741 |     pub fn sample_with_replacement<'a, T>(
[INFO] [stderr]     |                                    -- lifetime `'a` declared here
[INFO] [stderr] ...
[INFO] [stderr] 745 |     ) -> Vec<&T> {
[INFO] [stderr]     |              ^ this elided lifetime gets resolved as `'a`
[INFO] [stderr] 
[INFO] [stderr] warning: `vrd` (lib) generated 3 warnings
[INFO] [stderr] warning: missing documentation for the crate
[INFO] [stderr]    --> tests/test_mersenne_twister.rs:1:1
[INFO] [stderr]     |
[INFO] [stderr] 1   | / #[cfg(test)]
[INFO] [stderr] 2   | | mod tests {
[INFO] [stderr] 3   | |     use vrd::mersenne_twister::{
[INFO] [stderr] 4   | |         MersenneTwisterConfig, MersenneTwisterParams,
[INFO] [stderr] ...   |
[INFO] [stderr] 265 | |     }
[INFO] [stderr] 266 | | }
[INFO] [stderr]     | |_^
[INFO] [stderr]     |
[INFO] [stderr]     = note: requested on the command line with `-W missing-docs`
[INFO] [stderr] 
[INFO] [stderr] warning: missing documentation for the crate
[INFO] [stderr]    --> tests/test_random.rs:6:1
[INFO] [stderr]     |
[INFO] [stderr] 6   | / #[cfg(test)]
[INFO] [stderr] 7   | | mod tests {
[INFO] [stderr] 8   | |     use rand::{RngCore, SeedableRng};
[INFO] [stderr] 9   | |     use vrd::random::Random;
[INFO] [stderr] ...   |
[INFO] [stderr] 714 | |     }
[INFO] [stderr] 715 | | }
[INFO] [stderr]     | |_^
[INFO] [stderr]     |
[INFO] [stderr]     = note: requested on the command line with `-W missing-docs`
[INFO] [stderr] 
[INFO] [stderr] warning: missing documentation for the crate
[INFO] [stderr]    --> tests/test_macros.rs:6:1
[INFO] [stderr]     |
[INFO] [stderr] 6   | / #[cfg(test)]
[INFO] [stderr] 7   | | mod tests {
[INFO] [stderr] 8   | |
[INFO] [stderr] 9   | |     use vrd::{random::Random, *};
[INFO] [stderr] ...   |
[INFO] [stderr] 430 | |     }
[INFO] [stderr] 431 | | }
[INFO] [stderr]     | |_^
[INFO] [stderr]     |
[INFO] [stderr]     = note: requested on the command line with `-W missing-docs`
[INFO] [stderr] 
[INFO] [stderr] warning: missing documentation for the crate
[INFO] [stderr]    --> tests/test_lib.rs:6:1
[INFO] [stderr]     |
[INFO] [stderr] 6   | / #[cfg(test)]
[INFO] [stderr] 7   | | mod tests {
[INFO] [stderr] 8   | |
[INFO] [stderr] 9   | |     use vrd::random::Random;
[INFO] [stderr] ...   |
[INFO] [stderr] 278 | |     }
[INFO] [stderr] 279 | | }
[INFO] [stderr]     | |_^
[INFO] [stderr]     |
[INFO] [stderr]     = note: requested on the command line with `-W missing-docs`
[INFO] [stderr] 
[INFO] [stderr] warning: `vrd` (test "test_mersenne_twister") generated 1 warning
[INFO] [stderr] warning: `vrd` (test "test_random") generated 1 warning
[INFO] [stderr] warning: `vrd` (test "test_macros") generated 1 warning
[INFO] [stderr] warning: `vrd` (test "test_lib") generated 1 warning
[INFO] [stderr] warning: `vrd` (lib test) generated 3 warnings (3 duplicates)
[INFO] [stderr] warning: missing documentation for the crate
[INFO] [stderr]    --> tests/test_main.rs:6:1
[INFO] [stderr]     |
[INFO] [stderr] 6   | / #[cfg(test)]
[INFO] [stderr] 7   | | mod tests {
[INFO] [stderr] 8   | |     use dtt::DateTime;
[INFO] [stderr] 9   | |     use rlg::{log_format::LogFormat, log_level::LogLevel};
[INFO] [stderr] ...   |
[INFO] [stderr] 218 | |     // }
[INFO] [stderr] 219 | | }
[INFO] [stderr]     | |_^
[INFO] [stderr]     |
[INFO] [stderr]     = note: requested on the command line with `-W missing-docs`
[INFO] [stderr] 
[INFO] [stderr] warning: `vrd` (test "test_main") generated 1 warning
[INFO] [stderr]     Finished `test` profile [unoptimized + debuginfo] target(s) in 0.13s
[INFO] [stderr]      Running unittests src/lib.rs (/opt/rustwide/target/debug/deps/vrd-e313637aba8df009)
[INFO] [stdout] 
[INFO] [stdout] running 0 tests
[INFO] [stdout] 
[INFO] [stdout] test result: ok. 0 passed; 0 failed; 0 ignored; 0 measured; 0 filtered out; finished in 0.00s
[INFO] [stdout] 
[INFO] [stderr]      Running unittests src/main.rs (/opt/rustwide/target/debug/deps/vrd-e832d18579a45818)
[INFO] [stdout] 
[INFO] [stdout] running 0 tests
[INFO] [stdout] 
[INFO] [stdout] test result: ok. 0 passed; 0 failed; 0 ignored; 0 measured; 0 filtered out; finished in 0.00s
[INFO] [stdout] 
[INFO] [stderr]      Running tests/test_lib.rs (/opt/rustwide/target/debug/deps/test_lib-f67ec46524d6d633)
[INFO] [stdout] 
[INFO] [stdout] running 26 tests
[INFO] [stdout] test tests::test_bytes ... ok
[INFO] [stdout] test tests::test_bool ... ok
[INFO] [stdout] test tests::test_choose ... ok
[INFO] [stdout] test tests::test_double ... ok
[INFO] [stdout] test tests::test_default ... ok
[INFO] [stdout] test tests::test_char ... ok
[INFO] [stdout] test tests::test_float ... ok
[INFO] [stdout] test tests::test_new ... ok
[INFO] [stdout] test tests::test_f64 ... ok
[INFO] [stdout] test tests::test_mti ... ok
[INFO] [stdout] test tests::test_fmt ... ok
[INFO] [stdout] test tests::test_int ... ok
[INFO] [stdout] test tests::test_pseudo ... ok
[INFO] [stdout] test tests::test_random_range ... ok
[INFO] [stdout] test tests::test_rand ... ok
[INFO] [stdout] test tests::test_i64 ... ok
[INFO] [stdout] test tests::test_range ... ok
[INFO] [stdout] test tests::test_string ... ok
[INFO] [stdout] test tests::test_u64 ... ok
[INFO] [stdout] test tests::test_twist ... ok
[INFO] [stdout] test tests::test_vrd ... ok
[INFO] [stdout] test tests::test_seed ... ok
[INFO] [stdout] test tests::test_uint ... ok
[INFO] [stdout] test tests::test_exponential ... ok
[INFO] [stdout] test tests::test_normal ... ok
[INFO] [stdout] test tests::test_poisson ... ok
[INFO] [stdout] 
[INFO] [stdout] test result: ok. 26 passed; 0 failed; 0 ignored; 0 measured; 0 filtered out; finished in 0.35s
[INFO] [stdout] 
[INFO] [stderr]      Running tests/test_macros.rs (/opt/rustwide/target/debug/deps/test_macros-c165c6e4d2a8db14)
[INFO] [stdout] 
[INFO] [stdout] running 30 tests
[INFO] [stdout] test tests::test_rand_alphanumeric ... ok
[INFO] [stdout] test tests::test_rand_bool_macro_always_true ... ok
[INFO] [stdout] test tests::test_rand_bool_macro_false ... ok
[INFO] [stdout] test tests::test_rand_bool ... ok
[INFO] [stdout] test tests::test_rand_bool_macro_true ... ok
[INFO] [stdout] test tests::test_rand_bytes_macro ... ok
[INFO] [stdout] test tests::test_rand_bool_macro_always_false ... ok
[INFO] [stdout] test tests::test_rand_char_macro_ascii_check ... ok
[INFO] [stdout] test tests::test_rand_int_macro_valid_range ... ok
[INFO] [stdout] test tests::test_rand_float ... ok
[INFO] [stdout] test tests::test_rand_choose_macro_value_in_slice ... ok
[INFO] [stdout] test tests::test_rand_bytes ... ok
[INFO] [stdout] test tests::test_rand_int_macro_within_range ... ok
[INFO] [stdout] test tests::test_rand_exponential ... ok
[INFO] [stdout] test tests::test_rand_float_macro_within_bounds ... ok
[INFO] [stdout] test tests::test_rand_double ... ok
[INFO] [stdout] test tests::test_rand_pseudo ... ok
[INFO] [stdout] test tests::test_rand_pseudo_macro_upper_bound ... ok
[INFO] [stdout] test tests::test_rand_range ... ok
[INFO] [stdout] test tests::test_rand_seed_macro ... ok
[INFO] [stdout] test tests::test_rand_range_macro ... ok
[INFO] [stdout] test tests::test_rand_range_macro_valid_range ... ok
[INFO] [stdout] test tests::test_rand_shuffle ... ok
[INFO] [stdout] test tests::test_rand_twist ... ok
[INFO] [stdout] test tests::test_rand_twist_macro ... ok
[INFO] [stdout] test tests::test_rand_string ... ok
[INFO] [stdout] test tests::test_rand_normal ... ok
[INFO] [stdout] test tests::test_random_range_macro_within_bounds ... ok
[INFO] [stdout] test tests::test_rand_weighted_choice ... ok
[INFO] [stdout] test tests::test_rand_poisson ... ok
[INFO] [stdout] 
[INFO] [stdout] test result: ok. 30 passed; 0 failed; 0 ignored; 0 measured; 0 filtered out; finished in 0.02s
[INFO] [stdout] 
[INFO] [stderr]      Running tests/test_main.rs (/opt/rustwide/target/debug/deps/test_main-2e30c7aa15a524fb)
[INFO] [stdout] 
[INFO] [stdout] running 8 tests
[INFO] [stdout] test tests::test_create_log_entry ... ok
[INFO] [stdout] test tests::test_create_log_entry_different_levels ... ok
[INFO] [stdout] test tests::test_datetime_creation ... ok
[INFO] [stdout] test tests::test_tokio_runtime_creation ... ok
[INFO] [stdout] test tests::test_uuid_generation ... ok
[INFO] [stdout] test tests::test_vrd_run_success ... ok
[INFO] [stdout] test tests::test_async_logging_with_runtime ... FAILED
[INFO] [stdout] test tests::test_log_entry_async ... FAILED
[INFO] [stdout] 
[INFO] [stdout] failures:
[INFO] [stdout] 
[INFO] [stdout] ---- tests::test_async_logging_with_runtime stdout ----
[INFO] [stdout] thread 'tests::test_async_logging_with_runtime' panicked at tests/test_main.rs:92:9:
[INFO] [stdout] assertion failed: result.is_ok()
[INFO] [stdout] stack backtrace:
[INFO] [stdout]    0:     0x5bf9b2a6372a - std::backtrace_rs::backtrace::libunwind::trace::h207520d6e9873551
[INFO] [stdout]                                at /rustc/df4ca44d3fbc9301ee17f30f4d474e6ae4b05252/library/std/src/../../backtrace/src/backtrace/libunwind.rs:116:5
[INFO] [stdout]    1:     0x5bf9b2a6372a - std::backtrace_rs::backtrace::trace_unsynchronized::h2ed7433f370e3eca
[INFO] [stdout]                                at /rustc/df4ca44d3fbc9301ee17f30f4d474e6ae4b05252/library/std/src/../../backtrace/src/backtrace/mod.rs:66:5
[INFO] [stdout]    2:     0x5bf9b2a6372a - std::sys::backtrace::_print_fmt::h916fac51166b18d7
[INFO] [stdout]                                at /rustc/df4ca44d3fbc9301ee17f30f4d474e6ae4b05252/library/std/src/sys/backtrace.rs:66:9
[INFO] [stdout]    3:     0x5bf9b2a6372a - <std::sys::backtrace::BacktraceLock::print::DisplayBacktrace as core::fmt::Display>::fmt::ha0a4c9b8ce3802e6
[INFO] [stdout]                                at /rustc/df4ca44d3fbc9301ee17f30f4d474e6ae4b05252/library/std/src/sys/backtrace.rs:39:26
[INFO] [stdout]    4:     0x5bf9b2a8b6e3 - core::fmt::rt::Argument::fmt::h4cfc8587d52b3eb5
[INFO] [stdout]                                at /rustc/df4ca44d3fbc9301ee17f30f4d474e6ae4b05252/library/core/src/fmt/rt.rs:177:76
[INFO] [stdout]    5:     0x5bf9b2a8b6e3 - core::fmt::write::h522cc39e5b36ae9f
[INFO] [stdout]                                at /rustc/df4ca44d3fbc9301ee17f30f4d474e6ae4b05252/library/core/src/fmt/mod.rs:1190:21
[INFO] [stdout]    6:     0x5bf9b2a601b3 - std::io::Write::write_fmt::h7d3c26752da97734
[INFO] [stdout]                                at /rustc/df4ca44d3fbc9301ee17f30f4d474e6ae4b05252/library/std/src/io/mod.rs:1839:15
[INFO] [stdout]    7:     0x5bf9b2a63572 - std::sys::backtrace::BacktraceLock::print::h4b9e00b29e9c0942
[INFO] [stdout]                                at /rustc/df4ca44d3fbc9301ee17f30f4d474e6ae4b05252/library/std/src/sys/backtrace.rs:42:9
[INFO] [stdout]    8:     0x5bf9b2a64bba - std::panicking::default_hook::{{closure}}::hb59b88280d0324d9
[INFO] [stdout]                                at /rustc/df4ca44d3fbc9301ee17f30f4d474e6ae4b05252/library/std/src/panicking.rs:268:22
[INFO] [stdout]    9:     0x5bf9b2a649c4 - std::panicking::default_hook::he1dd496665be4a29
[INFO] [stdout]                                at /rustc/df4ca44d3fbc9301ee17f30f4d474e6ae4b05252/library/std/src/panicking.rs:292:9
[INFO] [stdout]   10:     0x5bf9b2970859 - <alloc::boxed::Box<F,A> as core::ops::function::Fn<Args>>::call::h4ff71de18744e1dc
[INFO] [stdout]                                at /rustc/df4ca44d3fbc9301ee17f30f4d474e6ae4b05252/library/alloc/src/boxed.rs:2468:9
[INFO] [stdout]   11:     0x5bf9b2970859 - test::test_main::{{closure}}::hcf7c055ce117aa81
[INFO] [stdout]                                at /rustc/df4ca44d3fbc9301ee17f30f4d474e6ae4b05252/library/test/src/lib.rs:133:21
[INFO] [stdout]   12:     0x5bf9b2a652b8 - <alloc::boxed::Box<F,A> as core::ops::function::Fn<Args>>::call::h1d66c6bbd60c9692
[INFO] [stdout]                                at /rustc/df4ca44d3fbc9301ee17f30f4d474e6ae4b05252/library/alloc/src/boxed.rs:2468:9
[INFO] [stdout]   13:     0x5bf9b2a652b8 - std::panicking::rust_panic_with_hook::h2ff17fe8f26dfcf8
[INFO] [stdout]                                at /rustc/df4ca44d3fbc9301ee17f30f4d474e6ae4b05252/library/std/src/panicking.rs:809:13
[INFO] [stdout]   14:     0x5bf9b2a65046 - std::panicking::begin_panic_handler::{{closure}}::h4fad77951c07e101
[INFO] [stdout]                                at /rustc/df4ca44d3fbc9301ee17f30f4d474e6ae4b05252/library/std/src/panicking.rs:667:13
[INFO] [stdout]   15:     0x5bf9b2a63c09 - std::sys::backtrace::__rust_end_short_backtrace::hb1a25b3da5d0ea08
[INFO] [stdout]                                at /rustc/df4ca44d3fbc9301ee17f30f4d474e6ae4b05252/library/std/src/sys/backtrace.rs:170:18
[INFO] [stdout]   16:     0x5bf9b2a64d0c - rust_begin_unwind
[INFO] [stdout]                                at /rustc/df4ca44d3fbc9301ee17f30f4d474e6ae4b05252/library/std/src/panicking.rs:665:5
[INFO] [stdout]   17:     0x5bf9b2a8a080 - core::panicking::panic_fmt::ha9db07b529f9b256
[INFO] [stdout]                                at /rustc/df4ca44d3fbc9301ee17f30f4d474e6ae4b05252/library/core/src/panicking.rs:75:14
[INFO] [stdout]   18:     0x5bf9b2a8a10c - core::panicking::panic::h993086813d94accc
[INFO] [stdout]                                at /rustc/df4ca44d3fbc9301ee17f30f4d474e6ae4b05252/library/core/src/panicking.rs:152:5
[INFO] [stdout]   19:     0x5bf9b292d318 - test_main::tests::test_async_logging_with_runtime::{{closure}}::hfce324106d06157f
[INFO] [stdout]                                at /opt/rustwide/workdir/tests/test_main.rs:92:9
[INFO] [stdout]   20:     0x5bf9b2932812 - <core::pin::Pin<P> as core::future::future::Future>::poll::ha5218ee95127abd4
[INFO] [stdout]                                at /rustc/df4ca44d3fbc9301ee17f30f4d474e6ae4b05252/library/core/src/future/future.rs:123:9
[INFO] [stdout]   21:     0x5bf9b293284d - <core::pin::Pin<P> as core::future::future::Future>::poll::hb8014170df57078b
[INFO] [stdout]                                at /rustc/df4ca44d3fbc9301ee17f30f4d474e6ae4b05252/library/core/src/future/future.rs:123:9
[INFO] [stdout]   22:     0x5bf9b2923b4f - tokio::runtime::scheduler::current_thread::CoreGuard::block_on::{{closure}}::{{closure}}::{{closure}}::hca9a7f5bb773466c
[INFO] [stdout]                                at /opt/rustwide/cargo-home/registry/src/index.crates.io-6f17d22bba15001f/tokio-1.39.3/src/runtime/scheduler/current_thread/mod.rs:673:57
[INFO] [stdout]   23:     0x5bf9b29238b5 - tokio::runtime::coop::with_budget::h68dcf9fa576715b7
[INFO] [stdout]                                at /opt/rustwide/cargo-home/registry/src/index.crates.io-6f17d22bba15001f/tokio-1.39.3/src/runtime/coop.rs:107:5
[INFO] [stdout]   24:     0x5bf9b29238b5 - tokio::runtime::coop::budget::h3a069be726a4e6e8
[INFO] [stdout]                                at /opt/rustwide/cargo-home/registry/src/index.crates.io-6f17d22bba15001f/tokio-1.39.3/src/runtime/coop.rs:73:5
[INFO] [stdout]   25:     0x5bf9b29238b5 - tokio::runtime::scheduler::current_thread::CoreGuard::block_on::{{closure}}::{{closure}}::h69537a9a31851081
[INFO] [stdout]                                at /opt/rustwide/cargo-home/registry/src/index.crates.io-6f17d22bba15001f/tokio-1.39.3/src/runtime/scheduler/current_thread/mod.rs:673:25
[INFO] [stdout]   26:     0x5bf9b29210b0 - tokio::runtime::scheduler::current_thread::Context::enter::hb93ba6a0bba06192
[INFO] [stdout]                                at /opt/rustwide/cargo-home/registry/src/index.crates.io-6f17d22bba15001f/tokio-1.39.3/src/runtime/scheduler/current_thread/mod.rs:412:19
[INFO] [stdout]   27:     0x5bf9b29230fe - tokio::runtime::scheduler::current_thread::CoreGuard::block_on::{{closure}}::hf37128fe4e140283
[INFO] [stdout]                                at /opt/rustwide/cargo-home/registry/src/index.crates.io-6f17d22bba15001f/tokio-1.39.3/src/runtime/scheduler/current_thread/mod.rs:672:36
[INFO] [stdout]   28:     0x5bf9b2922574 - tokio::runtime::scheduler::current_thread::CoreGuard::enter::{{closure}}::h9fb91fd461681bc5
[INFO] [stdout]                                at /opt/rustwide/cargo-home/registry/src/index.crates.io-6f17d22bba15001f/tokio-1.39.3/src/runtime/scheduler/current_thread/mod.rs:751:68
[INFO] [stdout]   29:     0x5bf9b2935b3b - tokio::runtime::context::scoped::Scoped<T>::set::h81052898710bd9bf
[INFO] [stdout]                                at /opt/rustwide/cargo-home/registry/src/index.crates.io-6f17d22bba15001f/tokio-1.39.3/src/runtime/context/scoped.rs:40:9
[INFO] [stdout]   30:     0x5bf9b29335e9 - tokio::runtime::context::set_scheduler::{{closure}}::ha19748780a039182
[INFO] [stdout]                                at /opt/rustwide/cargo-home/registry/src/index.crates.io-6f17d22bba15001f/tokio-1.39.3/src/runtime/context.rs:180:26
[INFO] [stdout]   31:     0x5bf9b292407d - std::thread::local::LocalKey<T>::try_with::h26d0a2ba72d64024
[INFO] [stdout]                                at /rustc/df4ca44d3fbc9301ee17f30f4d474e6ae4b05252/library/std/src/thread/local.rs:283:12
[INFO] [stdout]   32:     0x5bf9b2923d1a - std::thread::local::LocalKey<T>::with::hbf46b09558462c53
[INFO] [stdout]                                at /rustc/df4ca44d3fbc9301ee17f30f4d474e6ae4b05252/library/std/src/thread/local.rs:260:9
[INFO] [stdout]   33:     0x5bf9b293355d - tokio::runtime::context::set_scheduler::h116fa85c33ec4a23
[INFO] [stdout]                                at /opt/rustwide/cargo-home/registry/src/index.crates.io-6f17d22bba15001f/tokio-1.39.3/src/runtime/context.rs:180:9
[INFO] [stdout]   34:     0x5bf9b2922300 - tokio::runtime::scheduler::current_thread::CoreGuard::enter::ha98a75c050694a3e
[INFO] [stdout]                                at /opt/rustwide/cargo-home/registry/src/index.crates.io-6f17d22bba15001f/tokio-1.39.3/src/runtime/scheduler/current_thread/mod.rs:751:27
[INFO] [stdout]   35:     0x5bf9b2922593 - tokio::runtime::scheduler::current_thread::CoreGuard::block_on::hc5c2756003b50fc1
[INFO] [stdout]                                at /opt/rustwide/cargo-home/registry/src/index.crates.io-6f17d22bba15001f/tokio-1.39.3/src/runtime/scheduler/current_thread/mod.rs:660:19
[INFO] [stdout]   36:     0x5bf9b29207ff - tokio::runtime::scheduler::current_thread::CurrentThread::block_on::{{closure}}::h636861645ee1fab9
[INFO] [stdout]                                at /opt/rustwide/cargo-home/registry/src/index.crates.io-6f17d22bba15001f/tokio-1.39.3/src/runtime/scheduler/current_thread/mod.rs:180:28
[INFO] [stdout]   37:     0x5bf9b292f6e6 - tokio::runtime::context::runtime::enter_runtime::h839c90df81fec8e5
[INFO] [stdout]                                at /opt/rustwide/cargo-home/registry/src/index.crates.io-6f17d22bba15001f/tokio-1.39.3/src/runtime/context/runtime.rs:65:16
[INFO] [stdout]   38:     0x5bf9b29200f1 - tokio::runtime::scheduler::current_thread::CurrentThread::block_on::h941997d91f17b185
[INFO] [stdout]                                at /opt/rustwide/cargo-home/registry/src/index.crates.io-6f17d22bba15001f/tokio-1.39.3/src/runtime/scheduler/current_thread/mod.rs:168:9
[INFO] [stdout]   39:     0x5bf9b2933e9d - tokio::runtime::runtime::Runtime::block_on_inner::h5d25053d945a5b0c
[INFO] [stdout]                                at /opt/rustwide/cargo-home/registry/src/index.crates.io-6f17d22bba15001f/tokio-1.39.3/src/runtime/runtime.rs:361:47
[INFO] [stdout]   40:     0x5bf9b2933fb5 - tokio::runtime::runtime::Runtime::block_on::h1f63ba42d2d07a91
[INFO] [stdout]                                at /opt/rustwide/cargo-home/registry/src/index.crates.io-6f17d22bba15001f/tokio-1.39.3/src/runtime/runtime.rs:335:13
[INFO] [stdout]   41:     0x5bf9b292cf31 - test_main::tests::test_async_logging_with_runtime::h1fac0be4e657d88c
[INFO] [stdout]                                at /opt/rustwide/workdir/tests/test_main.rs:92:9
[INFO] [stdout]   42:     0x5bf9b292cdd7 - test_main::tests::test_async_logging_with_runtime::{{closure}}::h0263d1a93948d198
[INFO] [stdout]                                at /opt/rustwide/workdir/tests/test_main.rs:77:47
[INFO] [stdout]   43:     0x5bf9b2929006 - core::ops::function::FnOnce::call_once::h2d2c365003f6f4da
[INFO] [stdout]                                at /rustc/df4ca44d3fbc9301ee17f30f4d474e6ae4b05252/library/core/src/ops/function.rs:250:5
[INFO] [stdout]   44:     0x5bf9b297512b - core::ops::function::FnOnce::call_once::h22c3ba5715e93f05
[INFO] [stdout]                                at /rustc/df4ca44d3fbc9301ee17f30f4d474e6ae4b05252/library/core/src/ops/function.rs:250:5
[INFO] [stdout]   45:     0x5bf9b297512b - test::__rust_begin_short_backtrace::h8e82d8113d0da17f
[INFO] [stdout]                                at /rustc/df4ca44d3fbc9301ee17f30f4d474e6ae4b05252/library/test/src/lib.rs:621:18
[INFO] [stdout]   46:     0x5bf9b2974aa7 - test::run_test_in_process::{{closure}}::h33235f4f20b7b7c7
[INFO] [stdout]                                at /rustc/df4ca44d3fbc9301ee17f30f4d474e6ae4b05252/library/test/src/lib.rs:644:60
[INFO] [stdout]   47:     0x5bf9b2974aa7 - <core::panic::unwind_safe::AssertUnwindSafe<F> as core::ops::function::FnOnce<()>>::call_once::hb5043206310c586f
[INFO] [stdout]                                at /rustc/df4ca44d3fbc9301ee17f30f4d474e6ae4b05252/library/core/src/panic/unwind_safe.rs:272:9
[INFO] [stdout]   48:     0x5bf9b2974aa7 - std::panicking::try::do_call::h9ad4731a60ab23e2
[INFO] [stdout]                                at /rustc/df4ca44d3fbc9301ee17f30f4d474e6ae4b05252/library/std/src/panicking.rs:557:40
[INFO] [stdout]   49:     0x5bf9b2974aa7 - std::panicking::try::h3824d23db772a716
[INFO] [stdout]                                at /rustc/df4ca44d3fbc9301ee17f30f4d474e6ae4b05252/library/std/src/panicking.rs:520:19
[INFO] [stdout]   50:     0x5bf9b2974aa7 - std::panic::catch_unwind::h5afd514605fde46b
[INFO] [stdout]                                at /rustc/df4ca44d3fbc9301ee17f30f4d474e6ae4b05252/library/std/src/panic.rs:358:14
[INFO] [stdout]   51:     0x5bf9b2974aa7 - test::run_test_in_process::h0d5cbfa7067d1720
[INFO] [stdout]                                at /rustc/df4ca44d3fbc9301ee17f30f4d474e6ae4b05252/library/test/src/lib.rs:644:27
[INFO] [stdout]   52:     0x5bf9b2974aa7 - test::run_test::{{closure}}::h708eb8872708115d
[INFO] [stdout]                                at /rustc/df4ca44d3fbc9301ee17f30f4d474e6ae4b05252/library/test/src/lib.rs:565:43
[INFO] [stdout]   53:     0x5bf9b29381c4 - test::run_test::{{closure}}::h392c51cee94713ab
[INFO] [stdout]                                at /rustc/df4ca44d3fbc9301ee17f30f4d474e6ae4b05252/library/test/src/lib.rs:595:41
[INFO] [stdout]   54:     0x5bf9b29381c4 - std::sys::backtrace::__rust_begin_short_backtrace::h2f40290710935a8b
[INFO] [stdout]                                at /rustc/df4ca44d3fbc9301ee17f30f4d474e6ae4b05252/library/std/src/sys/backtrace.rs:154:18
[INFO] [stdout]   55:     0x5bf9b293b96e - std::thread::Builder::spawn_unchecked_::{{closure}}::{{closure}}::h3fd968d89053a903
[INFO] [stdout]                                at /rustc/df4ca44d3fbc9301ee17f30f4d474e6ae4b05252/library/std/src/thread/mod.rs:541:17
[INFO] [stdout]   56:     0x5bf9b293b96e - <core::panic::unwind_safe::AssertUnwindSafe<F> as core::ops::function::FnOnce<()>>::call_once::h743f637ba4229880
[INFO] [stdout]                                at /rustc/df4ca44d3fbc9301ee17f30f4d474e6ae4b05252/library/core/src/panic/unwind_safe.rs:272:9
[INFO] [stdout]   57:     0x5bf9b293b96e - std::panicking::try::do_call::h07440897322525a6
[INFO] [stdout]                                at /rustc/df4ca44d3fbc9301ee17f30f4d474e6ae4b05252/library/std/src/panicking.rs:557:40
[INFO] [stdout]   58:     0x5bf9b293b96e - std::panicking::try::he5a2e00188156637
[INFO] [stdout]                                at /rustc/df4ca44d3fbc9301ee17f30f4d474e6ae4b05252/library/std/src/panicking.rs:520:19
[INFO] [stdout]   59:     0x5bf9b293b96e - std::panic::catch_unwind::hbaf3cae49b3c6433
[INFO] [stdout]                                at /rustc/df4ca44d3fbc9301ee17f30f4d474e6ae4b05252/library/std/src/panic.rs:358:14
[INFO] [stdout]   60:     0x5bf9b293b96e - std::thread::Builder::spawn_unchecked_::{{closure}}::h8e141ea224820bce
[INFO] [stdout]                                at /rustc/df4ca44d3fbc9301ee17f30f4d474e6ae4b05252/library/std/src/thread/mod.rs:540:30
[INFO] [stdout]   61:     0x5bf9b293b96e - core::ops::function::FnOnce::call_once{{vtable.shim}}::h90d312fedd7b8ea8
[INFO] [stdout]                                at /rustc/df4ca44d3fbc9301ee17f30f4d474e6ae4b05252/library/core/src/ops/function.rs:250:5
[INFO] [stdout]   62:     0x5bf9b2a693cb - <alloc::boxed::Box<F,A> as core::ops::function::FnOnce<Args>>::call_once::h69aa08ddb6adb8b6
[INFO] [stdout]                                at /rustc/df4ca44d3fbc9301ee17f30f4d474e6ae4b05252/library/alloc/src/boxed.rs:2454:9
[INFO] [stdout]   63:     0x5bf9b2a693cb - <alloc::boxed::Box<F,A> as core::ops::function::FnOnce<Args>>::call_once::h5aa36efdb79c806f
[INFO] [stdout]                                at /rustc/df4ca44d3fbc9301ee17f30f4d474e6ae4b05252/library/alloc/src/boxed.rs:2454:9
[INFO] [stdout]   64:     0x5bf9b2a693cb - std::sys::pal::unix::thread::Thread::new::thread_start::h6cd80a1b4be5158d
[INFO] [stdout]                                at /rustc/df4ca44d3fbc9301ee17f30f4d474e6ae4b05252/library/std/src/sys/pal/unix/thread.rs:105:17
[INFO] [stdout]   65:     0x7ed2acdf9ac3 - <unknown>
[INFO] [stdout]   66:     0x7ed2ace8aa04 - clone
[INFO] [stdout]   67:                0x0 - <unknown>
[INFO] [stdout] 
[INFO] [stdout] ---- tests::test_log_entry_async stdout ----
[INFO] [stdout] thread 'tests::test_log_entry_async' panicked at tests/test_main.rs:72:9:
[INFO] [stdout] assertion failed: result.is_ok()
[INFO] [stdout] stack backtrace:
[INFO] [stdout]    0:     0x5bf9b2a6372a - std::backtrace_rs::backtrace::libunwind::trace::h207520d6e9873551
[INFO] [stdout]                                at /rustc/df4ca44d3fbc9301ee17f30f4d474e6ae4b05252/library/std/src/../../backtrace/src/backtrace/libunwind.rs:116:5
[INFO] [stdout]    1:     0x5bf9b2a6372a - std::backtrace_rs::backtrace::trace_unsynchronized::h2ed7433f370e3eca
[INFO] [stdout]                                at /rustc/df4ca44d3fbc9301ee17f30f4d474e6ae4b05252/library/std/src/../../backtrace/src/backtrace/mod.rs:66:5
[INFO] [stdout]    2:     0x5bf9b2a6372a - std::sys::backtrace::_print_fmt::h916fac51166b18d7
[INFO] [stdout]                                at /rustc/df4ca44d3fbc9301ee17f30f4d474e6ae4b05252/library/std/src/sys/backtrace.rs:66:9
[INFO] [stdout]    3:     0x5bf9b2a6372a - <std::sys::backtrace::BacktraceLock::print::DisplayBacktrace as core::fmt::Display>::fmt::ha0a4c9b8ce3802e6
[INFO] [stdout]                                at /rustc/df4ca44d3fbc9301ee17f30f4d474e6ae4b05252/library/std/src/sys/backtrace.rs:39:26
[INFO] [stdout]    4:     0x5bf9b2a8b6e3 - core::fmt::rt::Argument::fmt::h4cfc8587d52b3eb5
[INFO] [stdout]                                at /rustc/df4ca44d3fbc9301ee17f30f4d474e6ae4b05252/library/core/src/fmt/rt.rs:177:76
[INFO] [stdout]    5:     0x5bf9b2a8b6e3 - core::fmt::write::h522cc39e5b36ae9f
[INFO] [stdout]                                at /rustc/df4ca44d3fbc9301ee17f30f4d474e6ae4b05252/library/core/src/fmt/mod.rs:1190:21
[INFO] [stdout]    6:     0x5bf9b2a601b3 - std::io::Write::write_fmt::h7d3c26752da97734
[INFO] [stdout]                                at /rustc/df4ca44d3fbc9301ee17f30f4d474e6ae4b05252/library/std/src/io/mod.rs:1839:15
[INFO] [stdout]    7:     0x5bf9b2a63572 - std::sys::backtrace::BacktraceLock::print::h4b9e00b29e9c0942
[INFO] [stdout]                                at /rustc/df4ca44d3fbc9301ee17f30f4d474e6ae4b05252/library/std/src/sys/backtrace.rs:42:9
[INFO] [stdout]    8:     0x5bf9b2a64bba - std::panicking::default_hook::{{closure}}::hb59b88280d0324d9
[INFO] [stdout]                                at /rustc/df4ca44d3fbc9301ee17f30f4d474e6ae4b05252/library/std/src/panicking.rs:268:22
[INFO] [stdout]    9:     0x5bf9b2a649c4 - std::panicking::default_hook::he1dd496665be4a29
[INFO] [stdout]                                at /rustc/df4ca44d3fbc9301ee17f30f4d474e6ae4b05252/library/std/src/panicking.rs:292:9
[INFO] [stdout]   10:     0x5bf9b2970859 - <alloc::boxed::Box<F,A> as core::ops::function::Fn<Args>>::call::h4ff71de18744e1dc
[INFO] [stdout]                                at /rustc/df4ca44d3fbc9301ee17f30f4d474e6ae4b05252/library/alloc/src/boxed.rs:2468:9
[INFO] [stdout]   11:     0x5bf9b2970859 - test::test_main::{{closure}}::hcf7c055ce117aa81
[INFO] [stdout]                                at /rustc/df4ca44d3fbc9301ee17f30f4d474e6ae4b05252/library/test/src/lib.rs:133:21
[INFO] [stdout]   12:     0x5bf9b2a652b8 - <alloc::boxed::Box<F,A> as core::ops::function::Fn<Args>>::call::h1d66c6bbd60c9692
[INFO] [stdout]                                at /rustc/df4ca44d3fbc9301ee17f30f4d474e6ae4b05252/library/alloc/src/boxed.rs:2468:9
[INFO] [stdout]   13:     0x5bf9b2a652b8 - std::panicking::rust_panic_with_hook::h2ff17fe8f26dfcf8
[INFO] [stdout]                                at /rustc/df4ca44d3fbc9301ee17f30f4d474e6ae4b05252/library/std/src/panicking.rs:809:13
[INFO] [stdout]   14:     0x5bf9b2a65046 - std::panicking::begin_panic_handler::{{closure}}::h4fad77951c07e101
[INFO] [stdout]                                at /rustc/df4ca44d3fbc9301ee17f30f4d474e6ae4b05252/library/std/src/panicking.rs:667:13
[INFO] [stdout]   15:     0x5bf9b2a63c09 - std::sys::backtrace::__rust_end_short_backtrace::hb1a25b3da5d0ea08
[INFO] [stdout]                                at /rustc/df4ca44d3fbc9301ee17f30f4d474e6ae4b05252/library/std/src/sys/backtrace.rs:170:18
[INFO] [stdout]   16:     0x5bf9b2a64d0c - rust_begin_unwind
[INFO] [stdout]                                at /rustc/df4ca44d3fbc9301ee17f30f4d474e6ae4b05252/library/std/src/panicking.rs:665:5
[INFO] [stdout]   17:     0x5bf9b2a8a080 - core::panicking::panic_fmt::ha9db07b529f9b256
[INFO] [stdout]                                at /rustc/df4ca44d3fbc9301ee17f30f4d474e6ae4b05252/library/core/src/panicking.rs:75:14
[INFO] [stdout]   18:     0x5bf9b2a8a10c - core::panicking::panic::h993086813d94accc
[INFO] [stdout]                                at /rustc/df4ca44d3fbc9301ee17f30f4d474e6ae4b05252/library/core/src/panicking.rs:152:5
[INFO] [stdout]   19:     0x5bf9b292cd7e - test_main::tests::test_log_entry_async::{{closure}}::hf9ffaac644e06298
[INFO] [stdout]                                at /opt/rustwide/workdir/tests/test_main.rs:72:9
[INFO] [stdout]   20:     0x5bf9b2932812 - <core::pin::Pin<P> as core::future::future::Future>::poll::ha5218ee95127abd4
[INFO] [stdout]                                at /rustc/df4ca44d3fbc9301ee17f30f4d474e6ae4b05252/library/core/src/future/future.rs:123:9
[INFO] [stdout]   21:     0x5bf9b293284d - <core::pin::Pin<P> as core::future::future::Future>::poll::hb8014170df57078b
[INFO] [stdout]                                at /rustc/df4ca44d3fbc9301ee17f30f4d474e6ae4b05252/library/core/src/future/future.rs:123:9
[INFO] [stdout]   22:     0x5bf9b2923b4f - tokio::runtime::scheduler::current_thread::CoreGuard::block_on::{{closure}}::{{closure}}::{{closure}}::hca9a7f5bb773466c
[INFO] [stdout]                                at /opt/rustwide/cargo-home/registry/src/index.crates.io-6f17d22bba15001f/tokio-1.39.3/src/runtime/scheduler/current_thread/mod.rs:673:57
[INFO] [stdout]   23:     0x5bf9b29238b5 - tokio::runtime::coop::with_budget::h68dcf9fa576715b7
[INFO] [stdout]                                at /opt/rustwide/cargo-home/registry/src/index.crates.io-6f17d22bba15001f/tokio-1.39.3/src/runtime/coop.rs:107:5
[INFO] [stdout]   24:     0x5bf9b29238b5 - tokio::runtime::coop::budget::h3a069be726a4e6e8
[INFO] [stdout]                                at /opt/rustwide/cargo-home/registry/src/index.crates.io-6f17d22bba15001f/tokio-1.39.3/src/runtime/coop.rs:73:5
[INFO] [stdout]   25:     0x5bf9b29238b5 - tokio::runtime::scheduler::current_thread::CoreGuard::block_on::{{closure}}::{{closure}}::h69537a9a31851081
[INFO] [stdout]                                at /opt/rustwide/cargo-home/registry/src/index.crates.io-6f17d22bba15001f/tokio-1.39.3/src/runtime/scheduler/current_thread/mod.rs:673:25
[INFO] [stdout]   26:     0x5bf9b29210b0 - tokio::runtime::scheduler::current_thread::Context::enter::hb93ba6a0bba06192
[INFO] [stdout]                                at /opt/rustwide/cargo-home/registry/src/index.crates.io-6f17d22bba15001f/tokio-1.39.3/src/runtime/scheduler/current_thread/mod.rs:412:19
[INFO] [stdout]   27:     0x5bf9b29230fe - tokio::runtime::scheduler::current_thread::CoreGuard::block_on::{{closure}}::hf37128fe4e140283
[INFO] [stdout]                                at /opt/rustwide/cargo-home/registry/src/index.crates.io-6f17d22bba15001f/tokio-1.39.3/src/runtime/scheduler/current_thread/mod.rs:672:36
[INFO] [stdout]   28:     0x5bf9b2922574 - tokio::runtime::scheduler::current_thread::CoreGuard::enter::{{closure}}::h9fb91fd461681bc5
[INFO] [stdout]                                at /opt/rustwide/cargo-home/registry/src/index.crates.io-6f17d22bba15001f/tokio-1.39.3/src/runtime/scheduler/current_thread/mod.rs:751:68
[INFO] [stdout]   29:     0x5bf9b2935b3b - tokio::runtime::context::scoped::Scoped<T>::set::h81052898710bd9bf
[INFO] [stdout]                                at /opt/rustwide/cargo-home/registry/src/index.crates.io-6f17d22bba15001f/tokio-1.39.3/src/runtime/context/scoped.rs:40:9
[INFO] [stdout]   30:     0x5bf9b29335e9 - tokio::runtime::context::set_scheduler::{{closure}}::ha19748780a039182
[INFO] [stdout]                                at /opt/rustwide/cargo-home/registry/src/index.crates.io-6f17d22bba15001f/tokio-1.39.3/src/runtime/context.rs:180:26
[INFO] [stdout]   31:     0x5bf9b292407d - std::thread::local::LocalKey<T>::try_with::h26d0a2ba72d64024
[INFO] [stdout]                                at /rustc/df4ca44d3fbc9301ee17f30f4d474e6ae4b05252/library/std/src/thread/local.rs:283:12
[INFO] [stdout]   32:     0x5bf9b2923d1a - std::thread::local::LocalKey<T>::with::hbf46b09558462c53
[INFO] [stdout]                                at /rustc/df4ca44d3fbc9301ee17f30f4d474e6ae4b05252/library/std/src/thread/local.rs:260:9
[INFO] [stdout]   33:     0x5bf9b293355d - tokio::runtime::context::set_scheduler::h116fa85c33ec4a23
[INFO] [stdout]                                at /opt/rustwide/cargo-home/registry/src/index.crates.io-6f17d22bba15001f/tokio-1.39.3/src/runtime/context.rs:180:9
[INFO] [stdout]   34:     0x5bf9b2922300 - tokio::runtime::scheduler::current_thread::CoreGuard::enter::ha98a75c050694a3e
[INFO] [stdout]                                at /opt/rustwide/cargo-home/registry/src/index.crates.io-6f17d22bba15001f/tokio-1.39.3/src/runtime/scheduler/current_thread/mod.rs:751:27
[INFO] [stdout]   35:     0x5bf9b2922593 - tokio::runtime::scheduler::current_thread::CoreGuard::block_on::hc5c2756003b50fc1
[INFO] [stdout]                                at /opt/rustwide/cargo-home/registry/src/index.crates.io-6f17d22bba15001f/tokio-1.39.3/src/runtime/scheduler/current_thread/mod.rs:660:19
[INFO] [stdout]   36:     0x5bf9b29207ff - tokio::runtime::scheduler::current_thread::CurrentThread::block_on::{{closure}}::h636861645ee1fab9
[INFO] [stdout]                                at /opt/rustwide/cargo-home/registry/src/index.crates.io-6f17d22bba15001f/tokio-1.39.3/src/runtime/scheduler/current_thread/mod.rs:180:28
[INFO] [stdout]   37:     0x5bf9b292f6e6 - tokio::runtime::context::runtime::enter_runtime::h839c90df81fec8e5
[INFO] [stdout]                                at /opt/rustwide/cargo-home/registry/src/index.crates.io-6f17d22bba15001f/tokio-1.39.3/src/runtime/context/runtime.rs:65:16
[INFO] [stdout]   38:     0x5bf9b29200f1 - tokio::runtime::scheduler::current_thread::CurrentThread::block_on::h941997d91f17b185
[INFO] [stdout]                                at /opt/rustwide/cargo-home/registry/src/index.crates.io-6f17d22bba15001f/tokio-1.39.3/src/runtime/scheduler/current_thread/mod.rs:168:9
[INFO] [stdout]   39:     0x5bf9b2933e9d - tokio::runtime::runtime::Runtime::block_on_inner::h5d25053d945a5b0c
[INFO] [stdout]                                at /opt/rustwide/cargo-home/registry/src/index.crates.io-6f17d22bba15001f/tokio-1.39.3/src/runtime/runtime.rs:361:47
[INFO] [stdout]   40:     0x5bf9b2933fb5 - tokio::runtime::runtime::Runtime::block_on::h1f63ba42d2d07a91
[INFO] [stdout]                                at /opt/rustwide/cargo-home/registry/src/index.crates.io-6f17d22bba15001f/tokio-1.39.3/src/runtime/runtime.rs:335:13
[INFO] [stdout]   41:     0x5bf9b292ca41 - test_main::tests::test_log_entry_async::hb0cc0274970c6ed7
[INFO] [stdout]                                at /opt/rustwide/workdir/tests/test_main.rs:72:9
[INFO] [stdout]   42:     0x5bf9b292c8e7 - test_main::tests::test_log_entry_async::{{closure}}::hec4868ee051c3d83
[INFO] [stdout]                                at /opt/rustwide/workdir/tests/test_main.rs:58:36
[INFO] [stdout]   43:     0x5bf9b2929106 - core::ops::function::FnOnce::call_once::h4b41e446c05a45bf
[INFO] [stdout]                                at /rustc/df4ca44d3fbc9301ee17f30f4d474e6ae4b05252/library/core/src/ops/function.rs:250:5
[INFO] [stdout]   44:     0x5bf9b297512b - core::ops::function::FnOnce::call_once::h22c3ba5715e93f05
[INFO] [stdout]                                at /rustc/df4ca44d3fbc9301ee17f30f4d474e6ae4b05252/library/core/src/ops/function.rs:250:5
[INFO] [stdout]   45:     0x5bf9b297512b - test::__rust_begin_short_backtrace::h8e82d8113d0da17f
[INFO] [stdout]                                at /rustc/df4ca44d3fbc9301ee17f30f4d474e6ae4b05252/library/test/src/lib.rs:621:18
[INFO] [stdout]   46:     0x5bf9b2974aa7 - test::run_test_in_process::{{closure}}::h33235f4f20b7b7c7
[INFO] [stdout]                                at /rustc/df4ca44d3fbc9301ee17f30f4d474e6ae4b05252/library/test/src/lib.rs:644:60
[INFO] [stdout]   47:     0x5bf9b2974aa7 - <core::panic::unwind_safe::AssertUnwindSafe<F> as core::ops::function::FnOnce<()>>::call_once::hb5043206310c586f
[INFO] [stdout]                                at /rustc/df4ca44d3fbc9301ee17f30f4d474e6ae4b05252/library/core/src/panic/unwind_safe.rs:272:9
[INFO] [stdout]   48:     0x5bf9b2974aa7 - std::panicking::try::do_call::h9ad4731a60ab23e2
[INFO] [stdout]                                at /rustc/df4ca44d3fbc9301ee17f30f4d474e6ae4b05252/library/std/src/panicking.rs:557:40
[INFO] [stdout]   49:     0x5bf9b2974aa7 - std::panicking::try::h3824d23db772a716
[INFO] [stdout]                                at /rustc/df4ca44d3fbc9301ee17f30f4d474e6ae4b05252/library/std/src/panicking.rs:520:19
[INFO] [stdout]   50:     0x5bf9b2974aa7 - std::panic::catch_unwind::h5afd514605fde46b
[INFO] [stdout]                                at /rustc/df4ca44d3fbc9301ee17f30f4d474e6ae4b05252/library/std/src/panic.rs:358:14
[INFO] [stdout]   51:     0x5bf9b2974aa7 - test::run_test_in_process::h0d5cbfa7067d1720
[INFO] [stdout]                                at /rustc/df4ca44d3fbc9301ee17f30f4d474e6ae4b05252/library/test/src/lib.rs:644:27
[INFO] [stdout]   52:     0x5bf9b2974aa7 - test::run_test::{{closure}}::h708eb8872708115d
[INFO] [stdout]                                at /rustc/df4ca44d3fbc9301ee17f30f4d474e6ae4b05252/library/test/src/lib.rs:565:43
[INFO] [stdout]   53:     0x5bf9b29381c4 - test::run_test::{{closure}}::h392c51cee94713ab
[INFO] [stdout]                                at /rustc/df4ca44d3fbc9301ee17f30f4d474e6ae4b05252/library/test/src/lib.rs:595:41
[INFO] [stdout]   54:     0x5bf9b29381c4 - std::sys::backtrace::__rust_begin_short_backtrace::h2f40290710935a8b
[INFO] [stdout]                                at /rustc/df4ca44d3fbc9301ee17f30f4d474e6ae4b05252/library/std/src/sys/backtrace.rs:154:18
[INFO] [stdout]   55:     0x5bf9b293b96e - std::thread::Builder::spawn_unchecked_::{{closure}}::{{closure}}::h3fd968d89053a903
[INFO] [stdout]                                at /rustc/df4ca44d3fbc9301ee17f30f4d474e6ae4b05252/library/std/src/thread/mod.rs:541:17
[INFO] [stdout]   56:     0x5bf9b293b96e - <core::panic::unwind_safe::AssertUnwindSafe<F> as core::ops::function::FnOnce<()>>::call_once::h743f637ba4229880
[INFO] [stdout]                                at /rustc/df4ca44d3fbc9301ee17f30f4d474e6ae4b05252/library/core/src/panic/unwind_safe.rs:272:9
[INFO] [stdout]   57:     0x5bf9b293b96e - std::panicking::try::do_call::h07440897322525a6
[INFO] [stdout]                                at /rustc/df4ca44d3fbc9301ee17f30f4d474e6ae4b05252/library/std/src/panicking.rs:557:40
[INFO] [stdout]   58:     0x5bf9b293b96e - std::panicking::try::he5a2e00188156637
[INFO] [stdout]                                at /rustc/df4ca44d3fbc9301ee17f30f4d474e6ae4b05252/library/std/src/panicking.rs:520:19
[INFO] [stdout]   59:     0x5bf9b293b96e - std::panic::catch_unwind::hbaf3cae49b3c6433
[INFO] [stdout]                                at /rustc/df4ca44d3fbc9301ee17f30f4d474e6ae4b05252/library/std/src/panic.rs:358:14
[INFO] [stdout]   60:     0x5bf9b293b96e - std::thread::Builder::spawn_unchecked_::{{closure}}::h8e141ea224820bce
[INFO] [stdout]                                at /rustc/df4ca44d3fbc9301ee17f30f4d474e6ae4b05252/library/std/src/thread/mod.rs:540:30
[INFO] [stdout]   61:     0x5bf9b293b96e - core::ops::function::FnOnce::call_once{{vtable.shim}}::h90d312fedd7b8ea8
[INFO] [stdout]                                at /rustc/df4ca44d3fbc9301ee17f30f4d474e6ae4b05252/library/core/src/ops/function.rs:250:5
[INFO] [stdout]   62:     0x5bf9b2a693cb - <alloc::boxed::Box<F,A> as core::ops::function::FnOnce<Args>>::call_once::h69aa08ddb6adb8b6
[INFO] [stdout]                                at /rustc/df4ca44d3fbc9301ee17f30f4d474e6ae4b05252/library/alloc/src/boxed.rs:2454:9
[INFO] [stdout]   63:     0x5bf9b2a693cb - <alloc::boxed::Box<F,A> as core::ops::function::FnOnce<Args>>::call_once::h5aa36efdb79c806f
[INFO] [stdout]                                at /rustc/df4ca44d3fbc9301ee17f30f4d474e6ae4b05252/library/alloc/src/boxed.rs:2454:9
[INFO] [stdout]   64:     0x5bf9b2a693cb - std::sys::pal::unix::thread::Thread::new::thread_start::h6cd80a1b4be5158d
[INFO] [stdout]                                at /rustc/df4ca44d3fbc9301ee17f30f4d474e6ae4b05252/library/std/src/sys/pal/unix/thread.rs:105:17
[INFO] [stdout]   65:     0x7ed2acdf9ac3 - <unknown>
[INFO] [stdout]   66:     0x7ed2ace8aa04 - clone
[INFO] [stdout]   67:                0x0 - <unknown>
[INFO] [stdout] 
[INFO] [stdout] 
[INFO] [stdout] failures:
[INFO] [stdout]     tests::test_async_logging_with_runtime
[INFO] [stdout]     tests::test_log_entry_async
[INFO] [stdout] 
[INFO] [stdout] test result: FAILED. 6 passed; 2 failed; 0 ignored; 0 measured; 0 filtered out; finished in 0.09s
[INFO] [stdout] 
[INFO] [stderr] error: test failed, to rerun pass `--test test_main`
[INFO] running `Command { std: "docker" "inspect" "a408332f5f09e8d330708bae64dea104de063b7aedeb5cf4c29702ac9408f56e", kill_on_drop: false }`
[INFO] running `Command { std: "docker" "rm" "-f" "a408332f5f09e8d330708bae64dea104de063b7aedeb5cf4c29702ac9408f56e", kill_on_drop: false }`
[INFO] [stdout] a408332f5f09e8d330708bae64dea104de063b7aedeb5cf4c29702ac9408f56e
