[INFO] fetching crate vrc 0.5.0...
[INFO] testing vrc-0.5.0 against nightly-2024-10-28 for randomize-layout
[INFO] extracting crate vrc 0.5.0 into /workspace/builds/worker-7-tc1/source
[INFO] validating manifest of crates.io crate vrc 0.5.0 on toolchain nightly-2024-10-28
[INFO] running `Command { std: CARGO_HOME="/workspace/cargo-home" RUSTUP_HOME="/workspace/rustup-home" "/workspace/cargo-home/bin/cargo" "+nightly-2024-10-28" "metadata" "--manifest-path" "Cargo.toml" "--no-deps", kill_on_drop: false }`
[INFO] started tweaking crates.io crate vrc 0.5.0
[INFO] finished tweaking crates.io crate vrc 0.5.0
[INFO] tweaked toml for crates.io crate vrc 0.5.0 written to /workspace/builds/worker-7-tc1/source/Cargo.toml
[INFO] running `Command { std: CARGO_HOME="/workspace/cargo-home" RUSTUP_HOME="/workspace/rustup-home" "/workspace/cargo-home/bin/cargo" "+nightly-2024-10-28" "generate-lockfile" "--manifest-path" "Cargo.toml", kill_on_drop: false }`
[INFO] [stderr]     Updating crates.io index
[INFO] [stderr]      Locking 178 packages to latest compatible versions
[INFO] [stderr]       Adding governor v0.6.3 (available: v0.7.0)
[INFO] running `Command { std: CARGO_HOME="/workspace/cargo-home" RUSTUP_HOME="/workspace/rustup-home" "/workspace/cargo-home/bin/cargo" "+nightly-2024-10-28" "fetch" "--manifest-path" "Cargo.toml", kill_on_drop: false }`
[INFO] [stderr]  Downloading crates ...
[INFO] [stderr]   Downloaded racal v0.4.0
[INFO] running `Command { std: "docker" "create" "-v" "/var/lib/crater-agent-workspace/builds/worker-7-tc1/target:/opt/rustwide/target:rw,Z" "-v" "/var/lib/crater-agent-workspace/builds/worker-7-tc1/source:/opt/rustwide/workdir:ro,Z" "-v" "/var/lib/crater-agent-workspace/cargo-home:/opt/rustwide/cargo-home:ro,Z" "-v" "/var/lib/crater-agent-workspace/rustup-home:/opt/rustwide/rustup-home:ro,Z" "-e" "SOURCE_DIR=/opt/rustwide/workdir" "-e" "CARGO_TARGET_DIR=/opt/rustwide/target" "-e" "CARGO_HOME=/opt/rustwide/cargo-home" "-e" "RUSTUP_HOME=/opt/rustwide/rustup-home" "-w" "/opt/rustwide/workdir" "-m" "1610612736" "--user" "0:0" "--network" "none" "ghcr.io/rust-lang/crates-build-env/linux@sha256:4a844ea9eb2546a2d2c7022eacef16ef2e8229c7fbb2c7d4d55a9ceca922f72d" "/opt/rustwide/cargo-home/bin/cargo" "+nightly-2024-10-28" "metadata" "--no-deps" "--format-version=1", kill_on_drop: false }`
[INFO] [stdout] db4c538957f521a3834a873d2fd2a2a0b0924d60d8a219444ea27640b91c5c3e
[INFO] running `Command { std: "docker" "start" "-a" "db4c538957f521a3834a873d2fd2a2a0b0924d60d8a219444ea27640b91c5c3e", kill_on_drop: false }`
[INFO] running `Command { std: "docker" "inspect" "db4c538957f521a3834a873d2fd2a2a0b0924d60d8a219444ea27640b91c5c3e", kill_on_drop: false }`
[INFO] running `Command { std: "docker" "rm" "-f" "db4c538957f521a3834a873d2fd2a2a0b0924d60d8a219444ea27640b91c5c3e", kill_on_drop: false }`
[INFO] [stdout] db4c538957f521a3834a873d2fd2a2a0b0924d60d8a219444ea27640b91c5c3e
[INFO] running `Command { std: "docker" "create" "-v" "/var/lib/crater-agent-workspace/builds/worker-7-tc1/target:/opt/rustwide/target:rw,Z" "-v" "/var/lib/crater-agent-workspace/builds/worker-7-tc1/source:/opt/rustwide/workdir:ro,Z" "-v" "/var/lib/crater-agent-workspace/cargo-home:/opt/rustwide/cargo-home:ro,Z" "-v" "/var/lib/crater-agent-workspace/rustup-home:/opt/rustwide/rustup-home:ro,Z" "-e" "SOURCE_DIR=/opt/rustwide/workdir" "-e" "CARGO_TARGET_DIR=/opt/rustwide/target" "-e" "CARGO_INCREMENTAL=0" "-e" "RUST_BACKTRACE=full" "-e" "RUSTFLAGS=--cap-lints=forbid" "-e" "RUSTDOCFLAGS=--cap-lints=forbid" "-e" "CARGO_HOME=/opt/rustwide/cargo-home" "-e" "RUSTUP_HOME=/opt/rustwide/rustup-home" "-w" "/opt/rustwide/workdir" "-m" "1610612736" "--user" "0:0" "--network" "none" "ghcr.io/rust-lang/crates-build-env/linux@sha256:4a844ea9eb2546a2d2c7022eacef16ef2e8229c7fbb2c7d4d55a9ceca922f72d" "/opt/rustwide/cargo-home/bin/cargo" "+nightly-2024-10-28" "build" "--frozen" "--message-format=json", kill_on_drop: false }`
[INFO] [stdout] ea23c2c466d9b05350d26531f1b475d72c2c0ee8a2c1b97b9ed3914ec210744e
[INFO] running `Command { std: "docker" "start" "-a" "ea23c2c466d9b05350d26531f1b475d72c2c0ee8a2c1b97b9ed3914ec210744e", kill_on_drop: false }`
[INFO] [stderr]    Compiling fnv v1.0.7
[INFO] [stderr]    Compiling num-conv v0.1.0
[INFO] [stderr]    Compiling powerfmt v0.2.0
[INFO] [stderr]    Compiling time-core v0.1.2
[INFO] [stderr]    Compiling syn v2.0.86
[INFO] [stderr]    Compiling time-macros v0.2.18
[INFO] [stderr]    Compiling darling_core v0.20.10
[INFO] [stderr]    Compiling serde_derive v1.0.214
[INFO] [stderr]    Compiling thiserror-impl v1.0.66
[INFO] [stderr]    Compiling strum_macros v0.26.4
[INFO] [stderr]    Compiling thiserror v1.0.66
[INFO] [stderr]    Compiling darling_macro v0.20.10
[INFO] [stderr]    Compiling darling v0.20.10
[INFO] [stderr]    Compiling serde_with_macros v3.11.0
[INFO] [stderr]    Compiling strum v0.26.3
[INFO] [stderr]    Compiling serde v1.0.214
[INFO] [stderr]    Compiling deranged v0.3.11
[INFO] [stderr]    Compiling serde_json v1.0.132
[INFO] [stderr]    Compiling url v2.5.2
[INFO] [stderr]    Compiling either v1.13.0
[INFO] [stderr]    Compiling racal v0.4.0
[INFO] [stderr]    Compiling time v0.3.36
[INFO] [stderr]    Compiling serde_with v3.11.0
[INFO] [stderr]    Compiling vrc v0.5.0 (/opt/rustwide/workdir)
[INFO] [stderr]     Finished `dev` profile [unoptimized + debuginfo] target(s) in 26.48s
[INFO] running `Command { std: "docker" "inspect" "ea23c2c466d9b05350d26531f1b475d72c2c0ee8a2c1b97b9ed3914ec210744e", kill_on_drop: false }`
[INFO] running `Command { std: "docker" "rm" "-f" "ea23c2c466d9b05350d26531f1b475d72c2c0ee8a2c1b97b9ed3914ec210744e", kill_on_drop: false }`
[INFO] [stdout] ea23c2c466d9b05350d26531f1b475d72c2c0ee8a2c1b97b9ed3914ec210744e
[INFO] running `Command { std: "docker" "create" "-v" "/var/lib/crater-agent-workspace/builds/worker-7-tc1/target:/opt/rustwide/target:rw,Z" "-v" "/var/lib/crater-agent-workspace/builds/worker-7-tc1/source:/opt/rustwide/workdir:ro,Z" "-v" "/var/lib/crater-agent-workspace/cargo-home:/opt/rustwide/cargo-home:ro,Z" "-v" "/var/lib/crater-agent-workspace/rustup-home:/opt/rustwide/rustup-home:ro,Z" "-e" "SOURCE_DIR=/opt/rustwide/workdir" "-e" "CARGO_TARGET_DIR=/opt/rustwide/target" "-e" "CARGO_INCREMENTAL=0" "-e" "RUST_BACKTRACE=full" "-e" "RUSTFLAGS=--cap-lints=forbid" "-e" "RUSTDOCFLAGS=--cap-lints=forbid" "-e" "CARGO_HOME=/opt/rustwide/cargo-home" "-e" "RUSTUP_HOME=/opt/rustwide/rustup-home" "-w" "/opt/rustwide/workdir" "-m" "1610612736" "--user" "0:0" "--network" "none" "ghcr.io/rust-lang/crates-build-env/linux@sha256:4a844ea9eb2546a2d2c7022eacef16ef2e8229c7fbb2c7d4d55a9ceca922f72d" "/opt/rustwide/cargo-home/bin/cargo" "+nightly-2024-10-28" "test" "--frozen" "--no-run" "--message-format=json", kill_on_drop: false }`
[INFO] [stdout] 200a4fb5a0daaefd795c5f5242a08cd845cea77a0a79d7c2b0f4155bde39b1c3
[INFO] running `Command { std: "docker" "start" "-a" "200a4fb5a0daaefd795c5f5242a08cd845cea77a0a79d7c2b0f4155bde39b1c3", kill_on_drop: false }`
[INFO] [stderr]    Compiling darling_core v0.20.10
[INFO] [stderr]    Compiling strum_macros v0.26.4
[INFO] [stderr]    Compiling tokio v1.41.0
[INFO] [stderr]    Compiling deranged v0.3.11
[INFO] [stderr]    Compiling serde_json v1.0.132
[INFO] [stderr]    Compiling either v1.13.0
[INFO] [stderr]    Compiling time v0.3.36
[INFO] [stderr]    Compiling racal v0.4.0
[INFO] [stderr]    Compiling strum v0.26.3
[INFO] [stderr]    Compiling tokio-stream v0.1.16
[INFO] [stderr]    Compiling darling_macro v0.20.10
[INFO] [stderr]    Compiling tokio-test v0.4.4
[INFO] [stderr]    Compiling darling v0.20.10
[INFO] [stderr]    Compiling serde_with_macros v3.11.0
[INFO] [stderr]    Compiling serde_with v3.11.0
[INFO] [stderr]    Compiling vrc v0.5.0 (/opt/rustwide/workdir)
[INFO] [stderr]     Finished `test` profile [unoptimized + debuginfo] target(s) in 12.77s
[INFO] running `Command { std: "docker" "inspect" "200a4fb5a0daaefd795c5f5242a08cd845cea77a0a79d7c2b0f4155bde39b1c3", kill_on_drop: false }`
[INFO] running `Command { std: "docker" "rm" "-f" "200a4fb5a0daaefd795c5f5242a08cd845cea77a0a79d7c2b0f4155bde39b1c3", kill_on_drop: false }`
[INFO] [stdout] 200a4fb5a0daaefd795c5f5242a08cd845cea77a0a79d7c2b0f4155bde39b1c3
[INFO] running `Command { std: "docker" "create" "-v" "/var/lib/crater-agent-workspace/builds/worker-7-tc1/target:/opt/rustwide/target:rw,Z" "-v" "/var/lib/crater-agent-workspace/builds/worker-7-tc1/source:/opt/rustwide/workdir:ro,Z" "-v" "/var/lib/crater-agent-workspace/cargo-home:/opt/rustwide/cargo-home:ro,Z" "-v" "/var/lib/crater-agent-workspace/rustup-home:/opt/rustwide/rustup-home:ro,Z" "-e" "SOURCE_DIR=/opt/rustwide/workdir" "-e" "CARGO_TARGET_DIR=/opt/rustwide/target" "-e" "CARGO_INCREMENTAL=0" "-e" "RUST_BACKTRACE=full" "-e" "RUSTFLAGS=--cap-lints=forbid" "-e" "RUSTDOCFLAGS=--cap-lints=forbid" "-e" "CARGO_HOME=/opt/rustwide/cargo-home" "-e" "RUSTUP_HOME=/opt/rustwide/rustup-home" "-w" "/opt/rustwide/workdir" "-m" "1610612736" "--user" "0:0" "--network" "none" "ghcr.io/rust-lang/crates-build-env/linux@sha256:4a844ea9eb2546a2d2c7022eacef16ef2e8229c7fbb2c7d4d55a9ceca922f72d" "/opt/rustwide/cargo-home/bin/cargo" "+nightly-2024-10-28" "test" "--frozen", kill_on_drop: false }`
[INFO] [stdout] 63fd39d73fc349f0e4801349a65f59c67fc760d92ca48801261adac4ea8a500c
[INFO] running `Command { std: "docker" "start" "-a" "63fd39d73fc349f0e4801349a65f59c67fc760d92ca48801261adac4ea8a500c", kill_on_drop: false }`
[INFO] [stderr]     Finished `test` profile [unoptimized + debuginfo] target(s) in 0.11s
[INFO] [stderr]      Running unittests src/lib.rs (/opt/rustwide/target/debug/deps/vrc-902d3381b7a286d4)
[INFO] [stdout] 
[INFO] [stdout] running 6 tests
[INFO] [stdout] test id::instance_id ... ok
[INFO] [stdout] test id::user_id_parsing ... ok
[INFO] [stdout] test id::offline_or_id ... ok
[INFO] [stdout] test id::offline_or_private_or_id ... ok
[INFO] [stdout] test id::world_and_instance ... ok
[INFO] [stdout] test id::strict_from_string ... ok
[INFO] [stderr]    Doc-tests vrc
[INFO] [stdout] 
[INFO] [stdout] test result: ok. 6 passed; 0 failed; 0 ignored; 0 measured; 0 filtered out; finished in 0.01s
[INFO] [stdout] 
[INFO] [stdout] 
[INFO] [stdout] running 16 tests
[INFO] [stdout] test src/id.rs - id::Group (line 31) - compile ... ok
[INFO] [stdout] test src/id.rs - id::Instance (line 32) - compile ... ok
[INFO] [stdout] test src/id.rs - id::Avatar (line 31) - compile ... ok
[INFO] [stdout] test src/id.rs - id::GroupMember (line 31) - compile ... ok
[INFO] [stdout] test src/id.rs - id (line 6) - compile fail ... FAILED
[INFO] [stdout] test src/id.rs - id::UnityPackage (line 31) - compile ... ok
[INFO] [stdout] test src/id.rs - id::User (line 31) - compile ... ok
[INFO] [stdout] test src/id.rs - id::Avatar (line 39) ... ok
[INFO] [stdout] test src/id.rs - id::Group (line 39) ... ok
[INFO] [stdout] test src/id.rs - id::GroupMember (line 39) ... ok
[INFO] [stdout] test src/id.rs - id::World (line 31) - compile ... ok
[INFO] [stdout] test src/id.rs - id::Any (line 278) ... ok
[INFO] [stdout] test src/id.rs - id::Instance (line 40) ... ok
[INFO] [stdout] test src/id.rs - id::UnityPackage (line 39) ... ok
[INFO] [stdout] test src/id.rs - id::World (line 39) ... ok
[INFO] [stdout] test src/id.rs - id::User (line 39) ... ok
[INFO] [stdout] 
[INFO] [stdout] failures:
[INFO] [stdout] 
[INFO] [stdout] ---- src/id.rs - id (line 6) stdout ----
[INFO] [stdout] error[E0425]: cannot find value `record_id` in this scope
[INFO] [stdout]  --> src/id.rs:10:20
[INFO] [stdout]   |
[INFO] [stdout] 7 | assert!(user_id != record_id, "can't compare different types of IDs")
[INFO] [stdout]   |                    ^^^^^^^^^ not found in this scope
[INFO] [stdout] 
[INFO] [stdout] error: aborting due to 1 previous error
[INFO] [stdout] 
[INFO] [stdout] For more information about this error, try `rustc --explain E0425`.
[INFO] [stdout] Some expected error codes were not found: ["E0308"]
[INFO] [stdout] 
[INFO] [stdout] failures:
[INFO] [stdout]     src/id.rs - id (line 6)
[INFO] [stdout] 
[INFO] [stdout] test result: FAILED. 15 passed; 1 failed; 0 ignored; 0 measured; 0 filtered out; finished in 1.35s
[INFO] [stdout] 
[INFO] [stderr] error: doctest failed, to rerun pass `--doc`
[INFO] running `Command { std: "docker" "inspect" "63fd39d73fc349f0e4801349a65f59c67fc760d92ca48801261adac4ea8a500c", kill_on_drop: false }`
[INFO] running `Command { std: "docker" "rm" "-f" "63fd39d73fc349f0e4801349a65f59c67fc760d92ca48801261adac4ea8a500c", kill_on_drop: false }`
[INFO] [stdout] 63fd39d73fc349f0e4801349a65f59c67fc760d92ca48801261adac4ea8a500c
