[INFO] fetching crate vorm 0.2.1...
[INFO] testing vorm-0.2.1 against nightly-2024-10-28+rustflags=-Zrandomize-layout for randomize-layout
[INFO] extracting crate vorm 0.2.1 into /workspace/builds/worker-4-tc2/source
[INFO] validating manifest of crates.io crate vorm 0.2.1 on toolchain nightly-2024-10-28
[INFO] running `Command { std: CARGO_HOME="/workspace/cargo-home" RUSTUP_HOME="/workspace/rustup-home" "/workspace/cargo-home/bin/cargo" "+nightly-2024-10-28" "metadata" "--manifest-path" "Cargo.toml" "--no-deps", kill_on_drop: false }`
[INFO] started tweaking crates.io crate vorm 0.2.1
[INFO] finished tweaking crates.io crate vorm 0.2.1
[INFO] tweaked toml for crates.io crate vorm 0.2.1 written to /workspace/builds/worker-4-tc2/source/Cargo.toml
[INFO] running `Command { std: CARGO_HOME="/workspace/cargo-home" RUSTUP_HOME="/workspace/rustup-home" "/workspace/cargo-home/bin/cargo" "+nightly-2024-10-28" "generate-lockfile" "--manifest-path" "Cargo.toml", kill_on_drop: false }`
[INFO] [stderr]     Updating crates.io index
[INFO] [stderr]      Locking 195 packages to latest compatible versions
[INFO] [stderr]       Adding mongodb v2.8.2 (available: v3.1.0)
[INFO] running `Command { std: CARGO_HOME="/workspace/cargo-home" RUSTUP_HOME="/workspace/rustup-home" "/workspace/cargo-home/bin/cargo" "+nightly-2024-10-28" "fetch" "--manifest-path" "Cargo.toml", kill_on_drop: false }`
[INFO] running `Command { std: "docker" "create" "-v" "/var/lib/crater-agent-workspace/builds/worker-4-tc2/target:/opt/rustwide/target:rw,Z" "-v" "/var/lib/crater-agent-workspace/builds/worker-4-tc2/source:/opt/rustwide/workdir:ro,Z" "-v" "/var/lib/crater-agent-workspace/cargo-home:/opt/rustwide/cargo-home:ro,Z" "-v" "/var/lib/crater-agent-workspace/rustup-home:/opt/rustwide/rustup-home:ro,Z" "-e" "SOURCE_DIR=/opt/rustwide/workdir" "-e" "CARGO_TARGET_DIR=/opt/rustwide/target" "-e" "CARGO_HOME=/opt/rustwide/cargo-home" "-e" "RUSTUP_HOME=/opt/rustwide/rustup-home" "-w" "/opt/rustwide/workdir" "-m" "1610612736" "--user" "0:0" "--network" "none" "ghcr.io/rust-lang/crates-build-env/linux@sha256:4a844ea9eb2546a2d2c7022eacef16ef2e8229c7fbb2c7d4d55a9ceca922f72d" "/opt/rustwide/cargo-home/bin/cargo" "+nightly-2024-10-28" "metadata" "--no-deps" "--format-version=1", kill_on_drop: false }`
[INFO] [stdout] e815e78a33917cd57c618074ff2d92d61994118b44d3c65443504566faa9bcca
[INFO] running `Command { std: "docker" "start" "-a" "e815e78a33917cd57c618074ff2d92d61994118b44d3c65443504566faa9bcca", kill_on_drop: false }`
[INFO] running `Command { std: "docker" "inspect" "e815e78a33917cd57c618074ff2d92d61994118b44d3c65443504566faa9bcca", kill_on_drop: false }`
[INFO] running `Command { std: "docker" "rm" "-f" "e815e78a33917cd57c618074ff2d92d61994118b44d3c65443504566faa9bcca", kill_on_drop: false }`
[INFO] [stdout] e815e78a33917cd57c618074ff2d92d61994118b44d3c65443504566faa9bcca
[INFO] running `Command { std: "docker" "create" "-v" "/var/lib/crater-agent-workspace/builds/worker-4-tc2/target:/opt/rustwide/target:rw,Z" "-v" "/var/lib/crater-agent-workspace/builds/worker-4-tc2/source:/opt/rustwide/workdir:ro,Z" "-v" "/var/lib/crater-agent-workspace/cargo-home:/opt/rustwide/cargo-home:ro,Z" "-v" "/var/lib/crater-agent-workspace/rustup-home:/opt/rustwide/rustup-home:ro,Z" "-e" "SOURCE_DIR=/opt/rustwide/workdir" "-e" "CARGO_TARGET_DIR=/opt/rustwide/target" "-e" "CARGO_INCREMENTAL=0" "-e" "RUST_BACKTRACE=full" "-e" "RUSTFLAGS=--cap-lints=forbid -Zrandomize-layout" "-e" "RUSTDOCFLAGS=--cap-lints=forbid" "-e" "CARGO_HOME=/opt/rustwide/cargo-home" "-e" "RUSTUP_HOME=/opt/rustwide/rustup-home" "-w" "/opt/rustwide/workdir" "-m" "1610612736" "--user" "0:0" "--network" "none" "ghcr.io/rust-lang/crates-build-env/linux@sha256:4a844ea9eb2546a2d2c7022eacef16ef2e8229c7fbb2c7d4d55a9ceca922f72d" "/opt/rustwide/cargo-home/bin/cargo" "+nightly-2024-10-28" "build" "--frozen" "--message-format=json", kill_on_drop: false }`
[INFO] [stdout] 6bcb5d2377096776147a32d03733b142223460bb8f566409a40609a80a725d21
[INFO] running `Command { std: "docker" "start" "-a" "6bcb5d2377096776147a32d03733b142223460bb8f566409a40609a80a725d21", kill_on_drop: false }`
[INFO] [stderr]    Compiling version_check v0.9.5
[INFO] [stderr]    Compiling syn v1.0.109
[INFO] [stderr]    Compiling typenum v1.17.0
[INFO] [stderr]    Compiling futures-core v0.3.31
[INFO] [stderr]    Compiling unicode-bidi v0.3.17
[INFO] [stderr]    Compiling cc v1.1.31
[INFO] [stderr]    Compiling slab v0.4.9
[INFO] [stderr]    Compiling subtle v2.6.1
[INFO] [stderr]    Compiling spin v0.9.8
[INFO] [stderr]    Compiling bytes v1.8.0
[INFO] [stderr]    Compiling futures-io v0.3.31
[INFO] [stderr]    Compiling unicode-normalization v0.1.24
[INFO] [stderr]    Compiling untrusted v0.9.0
[INFO] [stderr]    Compiling semver-parser v0.7.0
[INFO] [stderr]    Compiling syn v2.0.86
[INFO] [stderr]    Compiling getrandom v0.2.15
[INFO] [stderr]    Compiling mio v1.0.2
[INFO] [stderr]    Compiling signal-hook-registry v1.4.2
[INFO] [stderr]    Compiling socket2 v0.5.7
[INFO] [stderr]    Compiling fnv v1.0.7
[INFO] [stderr]    Compiling ident_case v1.0.1
[INFO] [stderr]    Compiling rand_core v0.6.4
[INFO] [stderr]    Compiling semver v0.9.0
[INFO] [stderr]    Compiling futures-task v0.3.31
[INFO] [stderr]    Compiling pin-utils v0.1.0
[INFO] [stderr]    Compiling generic-array v0.14.7
[INFO] [stderr]    Compiling log v0.4.22
[INFO] [stderr]    Compiling radium v0.7.0
[INFO] [stderr]    Compiling ahash v0.8.11
[INFO] [stderr]    Compiling rustc_version v0.2.3
[INFO] [stderr]    Compiling serde_json v1.0.132
[INFO] [stderr]    Compiling num-conv v0.1.0
[INFO] [stderr]    Compiling powerfmt v0.2.0
[INFO] [stderr]    Compiling time-core v0.1.2
[INFO] [stderr]    Compiling rustls v0.21.12
[INFO] [stderr]    Compiling matches v0.1.10
[INFO] [stderr]    Compiling heck v0.4.1
[INFO] [stderr]    Compiling match_cfg v0.1.0
[INFO] [stderr]    Compiling tap v1.0.1
[INFO] [stderr]    Compiling rustc_version_runtime v0.2.1
[INFO] [stderr]    Compiling time-macros v0.2.18
[INFO] [stderr]    Compiling deranged v0.3.11
[INFO] [stderr]    Compiling hostname v0.3.1
[INFO] [stderr]    Compiling wyz v0.5.1
[INFO] [stderr]    Compiling parking_lot_core v0.9.10
[INFO] [stderr]    Compiling futures-channel v0.3.31
[INFO] [stderr]    Compiling data-encoding v2.6.0
[INFO] [stderr]    Compiling ipnet v2.10.1
[INFO] [stderr]    Compiling idna v0.5.0
[INFO] [stderr]    Compiling idna v0.2.3
[INFO] [stderr]    Compiling quick-error v1.2.3
[INFO] [stderr]    Compiling funty v2.0.0
[INFO] [stderr]    Compiling cpufeatures v0.2.14
[INFO] [stderr]    Compiling linked-hash-map v0.5.6
[INFO] [stderr]    Compiling resolv-conf v0.7.0
[INFO] [stderr]    Compiling parking_lot v0.12.3
[INFO] [stderr]    Compiling base64 v0.13.1
[INFO] [stderr]    Compiling convert_case v0.4.0
[INFO] [stderr]    Compiling lru-cache v0.1.2
[INFO] [stderr]    Compiling base64 v0.21.7
[INFO] [stderr]    Compiling futures-sink v0.3.31
[INFO] [stderr]    Compiling unicode-properties v0.1.3
[INFO] [stderr]    Compiling bitvec v1.0.1
[INFO] [stderr]    Compiling chrono v0.4.38
[INFO] [stderr]    Compiling rustls-pemfile v1.0.4
[INFO] [stderr]    Compiling socket2 v0.4.10
[INFO] [stderr]    Compiling ring v0.17.8
[INFO] [stderr]    Compiling webpki-roots v0.25.4
[INFO] [stderr]    Compiling url v2.5.2
[INFO] [stderr]    Compiling stringprep v0.1.5
[INFO] [stderr]    Compiling take_mut v0.2.2
[INFO] [stderr]    Compiling block-buffer v0.10.4
[INFO] [stderr]    Compiling crypto-common v0.1.6
[INFO] [stderr]    Compiling digest v0.10.7
[INFO] [stderr]    Compiling time v0.3.36
[INFO] [stderr]    Compiling md-5 v0.10.6
[INFO] [stderr]    Compiling pbkdf2 v0.11.0
[INFO] [stderr]    Compiling sha2 v0.10.8
[INFO] [stderr]    Compiling sha-1 v0.10.1
[INFO] [stderr]    Compiling hmac v0.12.1
[INFO] [stderr]    Compiling darling_core v0.13.4
[INFO] [stderr]    Compiling zerocopy-derive v0.7.35
[INFO] [stderr]    Compiling serde_derive v1.0.214
[INFO] [stderr]    Compiling tokio-macros v2.4.0
[INFO] [stderr]    Compiling futures-macro v0.3.31
[INFO] [stderr]    Compiling thiserror-impl v1.0.66
[INFO] [stderr]    Compiling async-trait v0.1.83
[INFO] [stderr]    Compiling derive_more v0.99.18
[INFO] [stderr]    Compiling enum-as-inner v0.4.0
[INFO] [stderr]    Compiling typed-builder v0.10.0
[INFO] [stderr]    Compiling derivative v2.2.0
[INFO] [stderr]    Compiling zerocopy v0.7.35
[INFO] [stderr]    Compiling tokio v1.41.0
[INFO] [stderr]    Compiling futures-util v0.3.31
[INFO] [stderr]    Compiling thiserror v1.0.66
[INFO] [stderr]    Compiling ppv-lite86 v0.2.20
[INFO] [stderr]    Compiling darling_macro v0.13.4
[INFO] [stderr]    Compiling rustls-webpki v0.101.7
[INFO] [stderr]    Compiling sct v0.7.1
[INFO] [stderr]    Compiling rand_chacha v0.3.1
[INFO] [stderr]    Compiling darling v0.13.4
[INFO] [stderr]    Compiling serde_with_macros v1.5.2
[INFO] [stderr]    Compiling rand v0.8.5
[INFO] [stderr]    Compiling serde v1.0.214
[INFO] [stderr]    Compiling futures-executor v0.3.31
[INFO] [stderr]    Compiling trust-dns-proto v0.21.2
[INFO] [stderr]    Compiling tokio-rustls v0.24.1
[INFO] [stderr]    Compiling tokio-util v0.7.12
[INFO] [stderr]    Compiling uuid v1.11.0
[INFO] [stderr]    Compiling serde_bytes v0.11.15
[INFO] [stderr]    Compiling serde_with v1.14.0
[INFO] [stderr]    Compiling bson v2.13.0
[INFO] [stderr]    Compiling trust-dns-resolver v0.21.2
[INFO] [stderr]    Compiling mongodb v2.8.2
[INFO] [stderr]    Compiling vorm v0.2.1 (/opt/rustwide/workdir)
[INFO] [stderr]     Finished `dev` profile [unoptimized + debuginfo] target(s) in 38.73s
[INFO] running `Command { std: "docker" "inspect" "6bcb5d2377096776147a32d03733b142223460bb8f566409a40609a80a725d21", kill_on_drop: false }`
[INFO] running `Command { std: "docker" "rm" "-f" "6bcb5d2377096776147a32d03733b142223460bb8f566409a40609a80a725d21", kill_on_drop: false }`
[INFO] [stdout] 6bcb5d2377096776147a32d03733b142223460bb8f566409a40609a80a725d21
[INFO] running `Command { std: "docker" "create" "-v" "/var/lib/crater-agent-workspace/builds/worker-4-tc2/target:/opt/rustwide/target:rw,Z" "-v" "/var/lib/crater-agent-workspace/builds/worker-4-tc2/source:/opt/rustwide/workdir:ro,Z" "-v" "/var/lib/crater-agent-workspace/cargo-home:/opt/rustwide/cargo-home:ro,Z" "-v" "/var/lib/crater-agent-workspace/rustup-home:/opt/rustwide/rustup-home:ro,Z" "-e" "SOURCE_DIR=/opt/rustwide/workdir" "-e" "CARGO_TARGET_DIR=/opt/rustwide/target" "-e" "CARGO_INCREMENTAL=0" "-e" "RUST_BACKTRACE=full" "-e" "RUSTFLAGS=--cap-lints=forbid -Zrandomize-layout" "-e" "RUSTDOCFLAGS=--cap-lints=forbid" "-e" "CARGO_HOME=/opt/rustwide/cargo-home" "-e" "RUSTUP_HOME=/opt/rustwide/rustup-home" "-w" "/opt/rustwide/workdir" "-m" "1610612736" "--user" "0:0" "--network" "none" "ghcr.io/rust-lang/crates-build-env/linux@sha256:4a844ea9eb2546a2d2c7022eacef16ef2e8229c7fbb2c7d4d55a9ceca922f72d" "/opt/rustwide/cargo-home/bin/cargo" "+nightly-2024-10-28" "test" "--frozen" "--no-run" "--message-format=json", kill_on_drop: false }`
[INFO] [stdout] 8b17e940e7dcacd3c36c24af021d8b46b3519308f72e020193a37e64c3025ebf
[INFO] running `Command { std: "docker" "start" "-a" "8b17e940e7dcacd3c36c24af021d8b46b3519308f72e020193a37e64c3025ebf", kill_on_drop: false }`
[INFO] [stderr]    Compiling vorm v0.2.1 (/opt/rustwide/workdir)
[INFO] [stderr]     Finished `test` profile [unoptimized + debuginfo] target(s) in 2.74s
[INFO] running `Command { std: "docker" "inspect" "8b17e940e7dcacd3c36c24af021d8b46b3519308f72e020193a37e64c3025ebf", kill_on_drop: false }`
[INFO] running `Command { std: "docker" "rm" "-f" "8b17e940e7dcacd3c36c24af021d8b46b3519308f72e020193a37e64c3025ebf", kill_on_drop: false }`
[INFO] [stdout] 8b17e940e7dcacd3c36c24af021d8b46b3519308f72e020193a37e64c3025ebf
[INFO] running `Command { std: "docker" "create" "-v" "/var/lib/crater-agent-workspace/builds/worker-4-tc2/target:/opt/rustwide/target:rw,Z" "-v" "/var/lib/crater-agent-workspace/builds/worker-4-tc2/source:/opt/rustwide/workdir:ro,Z" "-v" "/var/lib/crater-agent-workspace/cargo-home:/opt/rustwide/cargo-home:ro,Z" "-v" "/var/lib/crater-agent-workspace/rustup-home:/opt/rustwide/rustup-home:ro,Z" "-e" "SOURCE_DIR=/opt/rustwide/workdir" "-e" "CARGO_TARGET_DIR=/opt/rustwide/target" "-e" "CARGO_INCREMENTAL=0" "-e" "RUST_BACKTRACE=full" "-e" "RUSTFLAGS=--cap-lints=forbid -Zrandomize-layout" "-e" "RUSTDOCFLAGS=--cap-lints=forbid" "-e" "CARGO_HOME=/opt/rustwide/cargo-home" "-e" "RUSTUP_HOME=/opt/rustwide/rustup-home" "-w" "/opt/rustwide/workdir" "-m" "1610612736" "--user" "0:0" "--network" "none" "ghcr.io/rust-lang/crates-build-env/linux@sha256:4a844ea9eb2546a2d2c7022eacef16ef2e8229c7fbb2c7d4d55a9ceca922f72d" "/opt/rustwide/cargo-home/bin/cargo" "+nightly-2024-10-28" "test" "--frozen", kill_on_drop: false }`
[INFO] [stdout] 2eed28ba8e07828251cc0c4cf968477b4375bb74935cc6e03ae9fd50de31f3cd
[INFO] running `Command { std: "docker" "start" "-a" "2eed28ba8e07828251cc0c4cf968477b4375bb74935cc6e03ae9fd50de31f3cd", kill_on_drop: false }`
[INFO] [stderr]     Finished `test` profile [unoptimized + debuginfo] target(s) in 0.13s
[INFO] [stderr]      Running unittests src/lib.rs (/opt/rustwide/target/debug/deps/vorm-7f27b6879ad3dd06)
[INFO] [stdout] 
[INFO] [stdout] running 0 tests
[INFO] [stdout] 
[INFO] [stdout] test result: ok. 0 passed; 0 failed; 0 ignored; 0 measured; 0 filtered out; finished in 0.00s
[INFO] [stdout] 
[INFO] [stderr]      Running tests/asplusfrom.rs (/opt/rustwide/target/debug/deps/asplusfrom-41a7b48a0a59b800)
[INFO] [stdout] 
[INFO] [stdout] running 1 test
[INFO] [stdout] test asplusfrom ... ok
[INFO] [stdout] 
[INFO] [stdout] test result: ok. 1 passed; 0 failed; 0 ignored; 0 measured; 0 filtered out; finished in 0.00s
[INFO] [stdout] 
[INFO] [stderr]      Running tests/bulk.rs (/opt/rustwide/target/debug/deps/bulk-ff0aa0a504afee3b)
[INFO] [stdout] 
[INFO] [stdout] running 1 test
[INFO] [stdout] test bulk ... FAILED
[INFO] [stdout] 
[INFO] [stdout] failures:
[INFO] [stdout] 
[INFO] [stdout] ---- bulk stdout ----
[INFO] [stdout] thread 'bulk' panicked at tests/bulk.rs:47:14:
[INFO] [stdout] called `Result::unwrap()` on an `Err` value: Kind: Server selection timeout: No available servers. Topology: { Type: Unknown, Servers: [ { Address: 127.0.0.1:27017, Type: Unknown, Error: Kind: I/O error: Connection refused (os error 111), labels: {} } ] }, labels: {}
[INFO] [stdout] 
[INFO] [stdout] Stack backtrace:
[INFO] [stdout]    0: anyhow::error::<impl core::convert::From<E> for anyhow::Error>::from
[INFO] [stdout]              at /opt/rustwide/cargo-home/registry/src/index.crates.io-6f17d22bba15001f/anyhow-1.0.92/src/backtrace.rs:27:14
[INFO] [stdout]    1: <core::result::Result<T,F> as core::ops::try_trait::FromResidual<core::result::Result<core::convert::Infallible,E>>>::from_residual
[INFO] [stdout]              at /rustc/df4ca44d3fbc9301ee17f30f4d474e6ae4b05252/library/core/src/result.rs:2008:27
[INFO] [stdout]    2: vorm::Records<T>::put::{{closure}}
[INFO] [stdout]              at ./src/lib.rs:61:9
[INFO] [stdout]    3: bulk::bulk::{{closure}}
[INFO] [stdout]              at ./tests/bulk.rs:46:14
[INFO] [stdout]    4: <core::pin::Pin<P> as core::future::future::Future>::poll
[INFO] [stdout]              at /rustc/df4ca44d3fbc9301ee17f30f4d474e6ae4b05252/library/core/src/future/future.rs:123:9
[INFO] [stdout]    5: <core::pin::Pin<P> as core::future::future::Future>::poll
[INFO] [stdout]              at /rustc/df4ca44d3fbc9301ee17f30f4d474e6ae4b05252/library/core/src/future/future.rs:123:9
[INFO] [stdout]    6: tokio::runtime::scheduler::current_thread::CoreGuard::block_on::{{closure}}::{{closure}}::{{closure}}
[INFO] [stdout]              at /opt/rustwide/cargo-home/registry/src/index.crates.io-6f17d22bba15001f/tokio-1.41.0/src/runtime/scheduler/current_thread/mod.rs:729:57
[INFO] [stdout]    7: tokio::runtime::coop::with_budget
[INFO] [stdout]              at /opt/rustwide/cargo-home/registry/src/index.crates.io-6f17d22bba15001f/tokio-1.41.0/src/runtime/coop.rs:107:5
[INFO] [stdout]    8: tokio::runtime::coop::budget
[INFO] [stdout]              at /opt/rustwide/cargo-home/registry/src/index.crates.io-6f17d22bba15001f/tokio-1.41.0/src/runtime/coop.rs:73:5
[INFO] [stdout]    9: tokio::runtime::scheduler::current_thread::CoreGuard::block_on::{{closure}}::{{closure}}
[INFO] [stdout]              at /opt/rustwide/cargo-home/registry/src/index.crates.io-6f17d22bba15001f/tokio-1.41.0/src/runtime/scheduler/current_thread/mod.rs:729:25
[INFO] [stdout]   10: tokio::runtime::scheduler::current_thread::Context::enter
[INFO] [stdout]              at /opt/rustwide/cargo-home/registry/src/index.crates.io-6f17d22bba15001f/tokio-1.41.0/src/runtime/scheduler/current_thread/mod.rs:428:19
[INFO] [stdout]   11: tokio::runtime::scheduler::current_thread::CoreGuard::block_on::{{closure}}
[INFO] [stdout]              at /opt/rustwide/cargo-home/registry/src/index.crates.io-6f17d22bba15001f/tokio-1.41.0/src/runtime/scheduler/current_thread/mod.rs:728:36
[INFO] [stdout]   12: tokio::runtime::scheduler::current_thread::CoreGuard::enter::{{closure}}
[INFO] [stdout]              at /opt/rustwide/cargo-home/registry/src/index.crates.io-6f17d22bba15001f/tokio-1.41.0/src/runtime/scheduler/current_thread/mod.rs:807:68
[INFO] [stdout]   13: tokio::runtime::context::scoped::Scoped<T>::set
[INFO] [stdout]              at /opt/rustwide/cargo-home/registry/src/index.crates.io-6f17d22bba15001f/tokio-1.41.0/src/runtime/context/scoped.rs:40:9
[INFO] [stdout]   14: tokio::runtime::context::set_scheduler::{{closure}}
[INFO] [stdout]              at /opt/rustwide/cargo-home/registry/src/index.crates.io-6f17d22bba15001f/tokio-1.41.0/src/runtime/context.rs:180:26
[INFO] [stdout]   15: std::thread::local::LocalKey<T>::try_with
[INFO] [stdout]              at /rustc/df4ca44d3fbc9301ee17f30f4d474e6ae4b05252/library/std/src/thread/local.rs:283:12
[INFO] [stdout]   16: std::thread::local::LocalKey<T>::with
[INFO] [stdout]              at /rustc/df4ca44d3fbc9301ee17f30f4d474e6ae4b05252/library/std/src/thread/local.rs:260:9
[INFO] [stdout]   17: tokio::runtime::context::set_scheduler
[INFO] [stdout]              at /opt/rustwide/cargo-home/registry/src/index.crates.io-6f17d22bba15001f/tokio-1.41.0/src/runtime/context.rs:180:9
[INFO] [stdout]   18: tokio::runtime::scheduler::current_thread::CoreGuard::enter
[INFO] [stdout]              at /opt/rustwide/cargo-home/registry/src/index.crates.io-6f17d22bba15001f/tokio-1.41.0/src/runtime/scheduler/current_thread/mod.rs:807:27
[INFO] [stdout]   19: tokio::runtime::scheduler::current_thread::CoreGuard::block_on
[INFO] [stdout]              at /opt/rustwide/cargo-home/registry/src/index.crates.io-6f17d22bba15001f/tokio-1.41.0/src/runtime/scheduler/current_thread/mod.rs:716:19
[INFO] [stdout]   20: tokio::runtime::scheduler::current_thread::CurrentThread::block_on::{{closure}}
[INFO] [stdout]              at /opt/rustwide/cargo-home/registry/src/index.crates.io-6f17d22bba15001f/tokio-1.41.0/src/runtime/scheduler/current_thread/mod.rs:196:28
[INFO] [stdout]   21: tokio::runtime::context::runtime::enter_runtime
[INFO] [stdout]              at /opt/rustwide/cargo-home/registry/src/index.crates.io-6f17d22bba15001f/tokio-1.41.0/src/runtime/context/runtime.rs:65:16
[INFO] [stdout]   22: tokio::runtime::scheduler::current_thread::CurrentThread::block_on
[INFO] [stdout]              at /opt/rustwide/cargo-home/registry/src/index.crates.io-6f17d22bba15001f/tokio-1.41.0/src/runtime/scheduler/current_thread/mod.rs:184:9
[INFO] [stdout]   23: tokio::runtime::runtime::Runtime::block_on_inner
[INFO] [stdout]              at /opt/rustwide/cargo-home/registry/src/index.crates.io-6f17d22bba15001f/tokio-1.41.0/src/runtime/runtime.rs:368:47
[INFO] [stdout]   24: tokio::runtime::runtime::Runtime::block_on
[INFO] [stdout]              at /opt/rustwide/cargo-home/registry/src/index.crates.io-6f17d22bba15001f/tokio-1.41.0/src/runtime/runtime.rs:342:13
[INFO] [stdout]   25: bulk::bulk
[INFO] [stdout]              at ./tests/bulk.rs:71:5
[INFO] [stdout]   26: bulk::bulk::{{closure}}
[INFO] [stdout]              at ./tests/bulk.rs:16:16
[INFO] [stdout]   27: core::ops::function::FnOnce::call_once
[INFO] [stdout]              at /rustc/df4ca44d3fbc9301ee17f30f4d474e6ae4b05252/library/core/src/ops/function.rs:250:5
[INFO] [stdout]   28: core::ops::function::FnOnce::call_once
[INFO] [stdout]              at /rustc/df4ca44d3fbc9301ee17f30f4d474e6ae4b05252/library/core/src/ops/function.rs:250:5
[INFO] [stdout]   29: test::__rust_begin_short_backtrace
[INFO] [stdout]              at /rustc/df4ca44d3fbc9301ee17f30f4d474e6ae4b05252/library/test/src/lib.rs:621:18
[INFO] [stdout]   30: test::run_test_in_process::{{closure}}
[INFO] [stdout]              at /rustc/df4ca44d3fbc9301ee17f30f4d474e6ae4b05252/library/test/src/lib.rs:644:60
[INFO] [stdout]   31: <core::panic::unwind_safe::AssertUnwindSafe<F> as core::ops::function::FnOnce<()>>::call_once
[INFO] [stdout]              at /rustc/df4ca44d3fbc9301ee17f30f4d474e6ae4b05252/library/core/src/panic/unwind_safe.rs:272:9
[INFO] [stdout]   32: std::panicking::try::do_call
[INFO] [stdout]              at /rustc/df4ca44d3fbc9301ee17f30f4d474e6ae4b05252/library/std/src/panicking.rs:557:40
[INFO] [stdout]   33: std::panicking::try
[INFO] [stdout]              at /rustc/df4ca44d3fbc9301ee17f30f4d474e6ae4b05252/library/std/src/panicking.rs:520:19
[INFO] [stdout]   34: std::panic::catch_unwind
[INFO] [stdout]              at /rustc/df4ca44d3fbc9301ee17f30f4d474e6ae4b05252/library/std/src/panic.rs:358:14
[INFO] [stdout]   35: test::run_test_in_process
[INFO] [stdout]              at /rustc/df4ca44d3fbc9301ee17f30f4d474e6ae4b05252/library/test/src/lib.rs:644:27
[INFO] [stdout]   36: test::run_test::{{closure}}
[INFO] [stdout]              at /rustc/df4ca44d3fbc9301ee17f30f4d474e6ae4b05252/library/test/src/lib.rs:565:43
[INFO] [stdout]   37: test::run_test::{{closure}}
[INFO] [stdout]              at /rustc/df4ca44d3fbc9301ee17f30f4d474e6ae4b05252/library/test/src/lib.rs:595:41
[INFO] [stdout]   38: std::sys::backtrace::__rust_begin_short_backtrace
[INFO] [stdout]              at /rustc/df4ca44d3fbc9301ee17f30f4d474e6ae4b05252/library/std/src/sys/backtrace.rs:154:18
[INFO] [stdout]   39: std::thread::Builder::spawn_unchecked_::{{closure}}::{{closure}}
[INFO] [stdout]              at /rustc/df4ca44d3fbc9301ee17f30f4d474e6ae4b05252/library/std/src/thread/mod.rs:541:17
[INFO] [stdout]   40: <core::panic::unwind_safe::AssertUnwindSafe<F> as core::ops::function::FnOnce<()>>::call_once
[INFO] [stdout]              at /rustc/df4ca44d3fbc9301ee17f30f4d474e6ae4b05252/library/core/src/panic/unwind_safe.rs:272:9
[INFO] [stdout]   41: std::panicking::try::do_call
[INFO] [stdout]              at /rustc/df4ca44d3fbc9301ee17f30f4d474e6ae4b05252/library/std/src/panicking.rs:557:40
[INFO] [stdout]   42: std::panicking::try
[INFO] [stdout]              at /rustc/df4ca44d3fbc9301ee17f30f4d474e6ae4b05252/library/std/src/panicking.rs:520:19
[INFO] [stdout]   43: std::panic::catch_unwind
[INFO] [stdout]              at /rustc/df4ca44d3fbc9301ee17f30f4d474e6ae4b05252/library/std/src/panic.rs:358:14
[INFO] [stdout]   44: std::thread::Builder::spawn_unchecked_::{{closure}}
[INFO] [stdout]              at /rustc/df4ca44d3fbc9301ee17f30f4d474e6ae4b05252/library/std/src/thread/mod.rs:540:30
[INFO] [stdout]   45: core::ops::function::FnOnce::call_once{{vtable.shim}}
[INFO] [stdout]              at /rustc/df4ca44d3fbc9301ee17f30f4d474e6ae4b05252/library/core/src/ops/function.rs:250:5
[INFO] [stdout]   46: <alloc::boxed::Box<F,A> as core::ops::function::FnOnce<Args>>::call_once
[INFO] [stdout]              at /rustc/df4ca44d3fbc9301ee17f30f4d474e6ae4b05252/library/alloc/src/boxed.rs:2454:9
[INFO] [stdout]   47: <alloc::boxed::Box<F,A> as core::ops::function::FnOnce<Args>>::call_once
[INFO] [stdout]              at /rustc/df4ca44d3fbc9301ee17f30f4d474e6ae4b05252/library/alloc/src/boxed.rs:2454:9
[INFO] [stdout]   48: std::sys::pal::unix::thread::Thread::new::thread_start
[INFO] [stdout]              at /rustc/df4ca44d3fbc9301ee17f30f4d474e6ae4b05252/library/std/src/sys/pal/unix/thread.rs:105:17
[INFO] [stdout]   49: <unknown>
[INFO] [stdout]   50: clone
[INFO] [stdout] stack backtrace:
[INFO] [stdout]    0:     0x5cce0336858a - std::backtrace_rs::backtrace::libunwind::trace::h207520d6e9873551
[INFO] [stdout]                                at /rustc/df4ca44d3fbc9301ee17f30f4d474e6ae4b05252/library/std/src/../../backtrace/src/backtrace/libunwind.rs:116:5
[INFO] [stdout]    1:     0x5cce0336858a - std::backtrace_rs::backtrace::trace_unsynchronized::h2ed7433f370e3eca
[INFO] [stdout]                                at /rustc/df4ca44d3fbc9301ee17f30f4d474e6ae4b05252/library/std/src/../../backtrace/src/backtrace/mod.rs:66:5
[INFO] [stdout]    2:     0x5cce0336858a - std::sys::backtrace::_print_fmt::h916fac51166b18d7
[INFO] [stdout]                                at /rustc/df4ca44d3fbc9301ee17f30f4d474e6ae4b05252/library/std/src/sys/backtrace.rs:66:9
[INFO] [stdout]    3:     0x5cce0336858a - <std::sys::backtrace::BacktraceLock::print::DisplayBacktrace as core::fmt::Display>::fmt::ha0a4c9b8ce3802e6
[INFO] [stdout]                                at /rustc/df4ca44d3fbc9301ee17f30f4d474e6ae4b05252/library/std/src/sys/backtrace.rs:39:26
[INFO] [stdout]    4:     0x5cce033953a3 - core::fmt::rt::Argument::fmt::h4cfc8587d52b3eb5
[INFO] [stdout]                                at /rustc/df4ca44d3fbc9301ee17f30f4d474e6ae4b05252/library/core/src/fmt/rt.rs:177:76
[INFO] [stdout]    5:     0x5cce033953a3 - core::fmt::write::h522cc39e5b36ae9f
[INFO] [stdout]                                at /rustc/df4ca44d3fbc9301ee17f30f4d474e6ae4b05252/library/core/src/fmt/mod.rs:1190:21
[INFO] [stdout]    6:     0x5cce03363e13 - std::io::Write::write_fmt::h7d3c26752da97734
[INFO] [stdout]                                at /rustc/df4ca44d3fbc9301ee17f30f4d474e6ae4b05252/library/std/src/io/mod.rs:1839:15
[INFO] [stdout]    7:     0x5cce033683d2 - std::sys::backtrace::BacktraceLock::print::h4b9e00b29e9c0942
[INFO] [stdout]                                at /rustc/df4ca44d3fbc9301ee17f30f4d474e6ae4b05252/library/std/src/sys/backtrace.rs:42:9
[INFO] [stdout]    8:     0x5cce03369a1a - std::panicking::default_hook::{{closure}}::hb59b88280d0324d9
[INFO] [stdout]                                at /rustc/df4ca44d3fbc9301ee17f30f4d474e6ae4b05252/library/std/src/panicking.rs:268:22
[INFO] [stdout]    9:     0x5cce03369824 - std::panicking::default_hook::he1dd496665be4a29
[INFO] [stdout]                                at /rustc/df4ca44d3fbc9301ee17f30f4d474e6ae4b05252/library/std/src/panicking.rs:292:9
[INFO] [stdout]   10:     0x5cce02806e39 - <alloc::boxed::Box<F,A> as core::ops::function::Fn<Args>>::call::h4ff71de18744e1dc
[INFO] [stdout]                                at /rustc/df4ca44d3fbc9301ee17f30f4d474e6ae4b05252/library/alloc/src/boxed.rs:2468:9
[INFO] [stdout]   11:     0x5cce02806e39 - test::test_main::{{closure}}::hcf7c055ce117aa81
[INFO] [stdout]                                at /rustc/df4ca44d3fbc9301ee17f30f4d474e6ae4b05252/library/test/src/lib.rs:133:21
[INFO] [stdout]   12:     0x5cce0336a118 - <alloc::boxed::Box<F,A> as core::ops::function::Fn<Args>>::call::h1d66c6bbd60c9692
[INFO] [stdout]                                at /rustc/df4ca44d3fbc9301ee17f30f4d474e6ae4b05252/library/alloc/src/boxed.rs:2468:9
[INFO] [stdout]   13:     0x5cce0336a118 - std::panicking::rust_panic_with_hook::h2ff17fe8f26dfcf8
[INFO] [stdout]                                at /rustc/df4ca44d3fbc9301ee17f30f4d474e6ae4b05252/library/std/src/panicking.rs:809:13
[INFO] [stdout]   14:     0x5cce03369eda - std::panicking::begin_panic_handler::{{closure}}::h4fad77951c07e101
[INFO] [stdout]                                at /rustc/df4ca44d3fbc9301ee17f30f4d474e6ae4b05252/library/std/src/panicking.rs:674:13
[INFO] [stdout]   15:     0x5cce03368a69 - std::sys::backtrace::__rust_end_short_backtrace::hb1a25b3da5d0ea08
[INFO] [stdout]                                at /rustc/df4ca44d3fbc9301ee17f30f4d474e6ae4b05252/library/std/src/sys/backtrace.rs:170:18
[INFO] [stdout]   16:     0x5cce03369b6c - rust_begin_unwind
[INFO] [stdout]                                at /rustc/df4ca44d3fbc9301ee17f30f4d474e6ae4b05252/library/std/src/panicking.rs:665:5
[INFO] [stdout]   17:     0x5cce03392d10 - core::panicking::panic_fmt::ha9db07b529f9b256
[INFO] [stdout]                                at /rustc/df4ca44d3fbc9301ee17f30f4d474e6ae4b05252/library/core/src/panicking.rs:75:14
[INFO] [stdout]   18:     0x5cce033931f6 - core::result::unwrap_failed::h5e8218e4d4338b8a
[INFO] [stdout]                                at /rustc/df4ca44d3fbc9301ee17f30f4d474e6ae4b05252/library/core/src/result.rs:1698:5
[INFO] [stdout]   19:     0x5cce0279f03d - core::result::Result<T,E>::unwrap::h11f010bbd347b465
[INFO] [stdout]                                at /rustc/df4ca44d3fbc9301ee17f30f4d474e6ae4b05252/library/core/src/result.rs:1103:23
[INFO] [stdout]   20:     0x5cce0279f03d - bulk::bulk::{{closure}}::h21b554aa4e0f1aa6
[INFO] [stdout]                                at /opt/rustwide/workdir/tests/bulk.rs:36:9
[INFO] [stdout]   21:     0x5cce027a5622 - <core::pin::Pin<P> as core::future::future::Future>::poll::h24b26fb4ca38a694
[INFO] [stdout]                                at /rustc/df4ca44d3fbc9301ee17f30f4d474e6ae4b05252/library/core/src/future/future.rs:123:9
[INFO] [stdout]   22:     0x5cce027a579d - <core::pin::Pin<P> as core::future::future::Future>::poll::h781e9220a5cdd50b
[INFO] [stdout]                                at /rustc/df4ca44d3fbc9301ee17f30f4d474e6ae4b05252/library/core/src/future/future.rs:123:9
[INFO] [stdout]   23:     0x5cce027be69f - tokio::runtime::scheduler::current_thread::CoreGuard::block_on::{{closure}}::{{closure}}::{{closure}}::ha88bc0da87aef64b
[INFO] [stdout]                                at /opt/rustwide/cargo-home/registry/src/index.crates.io-6f17d22bba15001f/tokio-1.41.0/src/runtime/scheduler/current_thread/mod.rs:729:57
[INFO] [stdout]   24:     0x5cce027be3e5 - tokio::runtime::coop::with_budget::h08936020f322b454
[INFO] [stdout]                                at /opt/rustwide/cargo-home/registry/src/index.crates.io-6f17d22bba15001f/tokio-1.41.0/src/runtime/coop.rs:107:5
[INFO] [stdout]   25:     0x5cce027be3e5 - tokio::runtime::coop::budget::hff6d798b9767c1f1
[INFO] [stdout]                                at /opt/rustwide/cargo-home/registry/src/index.crates.io-6f17d22bba15001f/tokio-1.41.0/src/runtime/coop.rs:73:5
[INFO] [stdout]   26:     0x5cce027be3e5 - tokio::runtime::scheduler::current_thread::CoreGuard::block_on::{{closure}}::{{closure}}::h32748480d069b6b2
[INFO] [stdout]                                at /opt/rustwide/cargo-home/registry/src/index.crates.io-6f17d22bba15001f/tokio-1.41.0/src/runtime/scheduler/current_thread/mod.rs:729:25
[INFO] [stdout]   27:     0x5cce027bc200 - tokio::runtime::scheduler::current_thread::Context::enter::hf127b071d13e7294
[INFO] [stdout]                                at /opt/rustwide/cargo-home/registry/src/index.crates.io-6f17d22bba15001f/tokio-1.41.0/src/runtime/scheduler/current_thread/mod.rs:428:19
[INFO] [stdout]   28:     0x5cce027bd3db - tokio::runtime::scheduler::current_thread::CoreGuard::block_on::{{closure}}::ha8b0497a617882a2
[INFO] [stdout]                                at /opt/rustwide/cargo-home/registry/src/index.crates.io-6f17d22bba15001f/tokio-1.41.0/src/runtime/scheduler/current_thread/mod.rs:728:36
[INFO] [stdout]   29:     0x5cce027bd0c4 - tokio::runtime::scheduler::current_thread::CoreGuard::enter::{{closure}}::h4a6d76bdd753e33c
[INFO] [stdout]                                at /opt/rustwide/cargo-home/registry/src/index.crates.io-6f17d22bba15001f/tokio-1.41.0/src/runtime/scheduler/current_thread/mod.rs:807:68
[INFO] [stdout]   30:     0x5cce027c1d8b - tokio::runtime::context::scoped::Scoped<T>::set::h1180d51147e81c9a
[INFO] [stdout]                                at /opt/rustwide/cargo-home/registry/src/index.crates.io-6f17d22bba15001f/tokio-1.41.0/src/runtime/context/scoped.rs:40:9
[INFO] [stdout]   31:     0x5cce027c86b9 - tokio::runtime::context::set_scheduler::{{closure}}::h71e74eb2280a2fef
[INFO] [stdout]                                at /opt/rustwide/cargo-home/registry/src/index.crates.io-6f17d22bba15001f/tokio-1.41.0/src/runtime/context.rs:180:26
[INFO] [stdout]   32:     0x5cce027acb6d - std::thread::local::LocalKey<T>::try_with::h1f079dbda6df74a8
[INFO] [stdout]                                at /rustc/df4ca44d3fbc9301ee17f30f4d474e6ae4b05252/library/std/src/thread/local.rs:283:12
[INFO] [stdout]   33:     0x5cce027ac80a - std::thread::local::LocalKey<T>::with::h3a8205c258946ad3
[INFO] [stdout]                                at /rustc/df4ca44d3fbc9301ee17f30f4d474e6ae4b05252/library/std/src/thread/local.rs:260:9
[INFO] [stdout]   34:     0x5cce027c866d - tokio::runtime::context::set_scheduler::h8acd83ad41eb707b
[INFO] [stdout]                                at /opt/rustwide/cargo-home/registry/src/index.crates.io-6f17d22bba15001f/tokio-1.41.0/src/runtime/context.rs:180:9
[INFO] [stdout]   35:     0x5cce027bce70 - tokio::runtime::scheduler::current_thread::CoreGuard::enter::h598b587e9a366668
[INFO] [stdout]                                at /opt/rustwide/cargo-home/registry/src/index.crates.io-6f17d22bba15001f/tokio-1.41.0/src/runtime/scheduler/current_thread/mod.rs:807:27
[INFO] [stdout]   36:     0x5cce027bd163 - tokio::runtime::scheduler::current_thread::CoreGuard::block_on::hf82c2f3d38cd5197
[INFO] [stdout]                                at /opt/rustwide/cargo-home/registry/src/index.crates.io-6f17d22bba15001f/tokio-1.41.0/src/runtime/scheduler/current_thread/mod.rs:716:19
[INFO] [stdout]   37:     0x5cce027bb36d - tokio::runtime::scheduler::current_thread::CurrentThread::block_on::{{closure}}::hac89217f4a4eb302
[INFO] [stdout]                                at /opt/rustwide/cargo-home/registry/src/index.crates.io-6f17d22bba15001f/tokio-1.41.0/src/runtime/scheduler/current_thread/mod.rs:196:28
[INFO] [stdout]   38:     0x5cce027a3fa6 - tokio::runtime::context::runtime::enter_runtime::hf4e023a29a661bdd
[INFO] [stdout]                                at /opt/rustwide/cargo-home/registry/src/index.crates.io-6f17d22bba15001f/tokio-1.41.0/src/runtime/context/runtime.rs:65:16
[INFO] [stdout]   39:     0x5cce027bac61 - tokio::runtime::scheduler::current_thread::CurrentThread::block_on::hf494ea11894fc319
[INFO] [stdout]                                at /opt/rustwide/cargo-home/registry/src/index.crates.io-6f17d22bba15001f/tokio-1.41.0/src/runtime/scheduler/current_thread/mod.rs:184:9
[INFO] [stdout]   40:     0x5cce027c2140 - tokio::runtime::runtime::Runtime::block_on_inner::h97ba8044f6396574
[INFO] [stdout]                                at /opt/rustwide/cargo-home/registry/src/index.crates.io-6f17d22bba15001f/tokio-1.41.0/src/runtime/runtime.rs:368:47
[INFO] [stdout]   41:     0x5cce027c2337 - tokio::runtime::runtime::Runtime::block_on::hd7c70b4551793f5f
[INFO] [stdout]                                at /opt/rustwide/cargo-home/registry/src/index.crates.io-6f17d22bba15001f/tokio-1.41.0/src/runtime/runtime.rs:342:13
[INFO] [stdout]   42:     0x5cce0279e6d0 - bulk::bulk::hc90a602132f6d6a6
[INFO] [stdout]                                at /opt/rustwide/workdir/tests/bulk.rs:71:5
[INFO] [stdout]   43:     0x5cce0279e557 - bulk::bulk::{{closure}}::hc8f1b7cebe695f83
[INFO] [stdout]                                at /opt/rustwide/workdir/tests/bulk.rs:16:16
[INFO] [stdout]   44:     0x5cce0278b8b6 - core::ops::function::FnOnce::call_once::hdcb12bbdf1c2d54e
[INFO] [stdout]                                at /rustc/df4ca44d3fbc9301ee17f30f4d474e6ae4b05252/library/core/src/ops/function.rs:250:5
[INFO] [stdout]   45:     0x5cce0280b70b - core::ops::function::FnOnce::call_once::h22c3ba5715e93f05
[INFO] [stdout]                                at /rustc/df4ca44d3fbc9301ee17f30f4d474e6ae4b05252/library/core/src/ops/function.rs:250:5
[INFO] [stdout]   46:     0x5cce0280b70b - test::__rust_begin_short_backtrace::h8e82d8113d0da17f
[INFO] [stdout]                                at /rustc/df4ca44d3fbc9301ee17f30f4d474e6ae4b05252/library/test/src/lib.rs:621:18
[INFO] [stdout]   47:     0x5cce0280b087 - test::run_test_in_process::{{closure}}::h33235f4f20b7b7c7
[INFO] [stdout]                                at /rustc/df4ca44d3fbc9301ee17f30f4d474e6ae4b05252/library/test/src/lib.rs:644:60
[INFO] [stdout]   48:     0x5cce0280b087 - <core::panic::unwind_safe::AssertUnwindSafe<F> as core::ops::function::FnOnce<()>>::call_once::hb5043206310c586f
[INFO] [stdout]                                at /rustc/df4ca44d3fbc9301ee17f30f4d474e6ae4b05252/library/core/src/panic/unwind_safe.rs:272:9
[INFO] [stdout]   49:     0x5cce0280b087 - std::panicking::try::do_call::h9ad4731a60ab23e2
[INFO] [stdout]                                at /rustc/df4ca44d3fbc9301ee17f30f4d474e6ae4b05252/library/std/src/panicking.rs:557:40
[INFO] [stdout]   50:     0x5cce0280b087 - std::panicking::try::h3824d23db772a716
[INFO] [stdout]                                at /rustc/df4ca44d3fbc9301ee17f30f4d474e6ae4b05252/library/std/src/panicking.rs:520:19
[INFO] [stdout]   51:     0x5cce0280b087 - std::panic::catch_unwind::h5afd514605fde46b
[INFO] [stdout]                                at /rustc/df4ca44d3fbc9301ee17f30f4d474e6ae4b05252/library/std/src/panic.rs:358:14
[INFO] [stdout]   52:     0x5cce0280b087 - test::run_test_in_process::h0d5cbfa7067d1720
[INFO] [stdout]                                at /rustc/df4ca44d3fbc9301ee17f30f4d474e6ae4b05252/library/test/src/lib.rs:644:27
[INFO] [stdout]   53:     0x5cce0280b087 - test::run_test::{{closure}}::h708eb8872708115d
[INFO] [stdout]                                at /rustc/df4ca44d3fbc9301ee17f30f4d474e6ae4b05252/library/test/src/lib.rs:565:43
[INFO] [stdout]   54:     0x5cce027ce7a4 - test::run_test::{{closure}}::h392c51cee94713ab
[INFO] [stdout]                                at /rustc/df4ca44d3fbc9301ee17f30f4d474e6ae4b05252/library/test/src/lib.rs:595:41
[INFO] [stdout]   55:     0x5cce027ce7a4 - std::sys::backtrace::__rust_begin_short_backtrace::h2f40290710935a8b
[INFO] [stdout]                                at /rustc/df4ca44d3fbc9301ee17f30f4d474e6ae4b05252/library/std/src/sys/backtrace.rs:154:18
[INFO] [stdout]   56:     0x5cce027d1f4e - std::thread::Builder::spawn_unchecked_::{{closure}}::{{closure}}::h3fd968d89053a903
[INFO] [stdout]                                at /rustc/df4ca44d3fbc9301ee17f30f4d474e6ae4b05252/library/std/src/thread/mod.rs:541:17
[INFO] [stdout]   57:     0x5cce027d1f4e - <core::panic::unwind_safe::AssertUnwindSafe<F> as core::ops::function::FnOnce<()>>::call_once::h743f637ba4229880
[INFO] [stdout]                                at /rustc/df4ca44d3fbc9301ee17f30f4d474e6ae4b05252/library/core/src/panic/unwind_safe.rs:272:9
[INFO] [stdout]   58:     0x5cce027d1f4e - std::panicking::try::do_call::h07440897322525a6
[INFO] [stdout]                                at /rustc/df4ca44d3fbc9301ee17f30f4d474e6ae4b05252/library/std/src/panicking.rs:557:40
[INFO] [stdout]   59:     0x5cce027d1f4e - std::panicking::try::he5a2e00188156637
[INFO] [stdout]                                at /rustc/df4ca44d3fbc9301ee17f30f4d474e6ae4b05252/library/std/src/panicking.rs:520:19
[INFO] [stdout]   60:     0x5cce027d1f4e - std::panic::catch_unwind::hbaf3cae49b3c6433
[INFO] [stdout]                                at /rustc/df4ca44d3fbc9301ee17f30f4d474e6ae4b05252/library/std/src/panic.rs:358:14
[INFO] [stdout]   61:     0x5cce027d1f4e - std::thread::Builder::spawn_unchecked_::{{closure}}::h8e141ea224820bce
[INFO] [stdout]                                at /rustc/df4ca44d3fbc9301ee17f30f4d474e6ae4b05252/library/std/src/thread/mod.rs:540:30
[INFO] [stdout]   62:     0x5cce027d1f4e - core::ops::function::FnOnce::call_once{{vtable.shim}}::h90d312fedd7b8ea8
[INFO] [stdout]                                at /rustc/df4ca44d3fbc9301ee17f30f4d474e6ae4b05252/library/core/src/ops/function.rs:250:5
[INFO] [stdout]   63:     0x5cce0336e30b - <alloc::boxed::Box<F,A> as core::ops::function::FnOnce<Args>>::call_once::h69aa08ddb6adb8b6
[INFO] [stdout]                                at /rustc/df4ca44d3fbc9301ee17f30f4d474e6ae4b05252/library/alloc/src/boxed.rs:2454:9
[INFO] [stdout]   64:     0x5cce0336e30b - <alloc::boxed::Box<F,A> as core::ops::function::FnOnce<Args>>::call_once::h5aa36efdb79c806f
[INFO] [stdout]                                at /rustc/df4ca44d3fbc9301ee17f30f4d474e6ae4b05252/library/alloc/src/boxed.rs:2454:9
[INFO] [stdout]   65:     0x5cce0336e30b - std::sys::pal::unix::thread::Thread::new::thread_start::h6cd80a1b4be5158d
[INFO] [stdout]                                at /rustc/df4ca44d3fbc9301ee17f30f4d474e6ae4b05252/library/std/src/sys/pal/unix/thread.rs:105:17
[INFO] [stdout]   66:     0x7d717fe36ac3 - <unknown>
[INFO] [stdout]   67:     0x7d717fec7a04 - clone
[INFO] [stdout]   68:                0x0 - <unknown>
[INFO] [stdout] 
[INFO] [stdout] 
[INFO] [stdout] failures:
[INFO] [stdout]     bulk
[INFO] [stdout] 
[INFO] [stdout] test result: FAILED. 0 passed; 1 failed; 0 ignored; 0 measured; 0 filtered out; finished in 30.07s
[INFO] [stdout] 
[INFO] [stderr] error: test failed, to rerun pass `--test bulk`
[INFO] running `Command { std: "docker" "inspect" "2eed28ba8e07828251cc0c4cf968477b4375bb74935cc6e03ae9fd50de31f3cd", kill_on_drop: false }`
[INFO] running `Command { std: "docker" "rm" "-f" "2eed28ba8e07828251cc0c4cf968477b4375bb74935cc6e03ae9fd50de31f3cd", kill_on_drop: false }`
[INFO] [stdout] 2eed28ba8e07828251cc0c4cf968477b4375bb74935cc6e03ae9fd50de31f3cd
