[INFO] fetching crate vobsub 0.2.3...
[INFO] testing vobsub-0.2.3 against nightly-2024-10-28+rustflags=-Zrandomize-layout for randomize-layout
[INFO] extracting crate vobsub 0.2.3 into /workspace/builds/worker-6-tc2/source
[INFO] validating manifest of crates.io crate vobsub 0.2.3 on toolchain nightly-2024-10-28
[INFO] running `Command { std: CARGO_HOME="/workspace/cargo-home" RUSTUP_HOME="/workspace/rustup-home" "/workspace/cargo-home/bin/cargo" "+nightly-2024-10-28" "metadata" "--manifest-path" "Cargo.toml" "--no-deps", kill_on_drop: false }`
[INFO] started tweaking crates.io crate vobsub 0.2.3
[INFO] finished tweaking crates.io crate vobsub 0.2.3
[INFO] tweaked toml for crates.io crate vobsub 0.2.3 written to /workspace/builds/worker-6-tc2/source/Cargo.toml
[INFO] running `Command { std: CARGO_HOME="/workspace/cargo-home" RUSTUP_HOME="/workspace/rustup-home" "/workspace/cargo-home/bin/cargo" "+nightly-2024-10-28" "generate-lockfile" "--manifest-path" "Cargo.toml", kill_on_drop: false }`
[INFO] [stderr]     Updating crates.io index
[INFO] [stderr]      Locking 46 packages to latest compatible versions
[INFO] [stderr]       Adding cast v0.2.7 (available: v0.3.0)
[INFO] [stderr]       Adding env_logger v0.4.3 (available: v0.11.5)
[INFO] [stderr]       Adding error-chain v0.10.0 (available: v0.12.4)
[INFO] [stderr]       Adding glob v0.2.11 (available: v0.3.1)
[INFO] [stderr]       Adding image v0.13.0 (available: v0.25.4)
[INFO] [stderr]       Adding lazy_static v0.2.11 (available: v1.5.0)
[INFO] [stderr]       Adding log v0.3.9 (available: v0.4.22)
[INFO] [stderr]       Adding nom v2.1.0 (available: v2.2.1)
[INFO] [stderr]       Adding regex v0.2.11 (available: v1.11.1)
[INFO] [stderr]       Adding safemem v0.2.0 (available: v0.3.3)
[INFO] running `Command { std: CARGO_HOME="/workspace/cargo-home" RUSTUP_HOME="/workspace/rustup-home" "/workspace/cargo-home/bin/cargo" "+nightly-2024-10-28" "fetch" "--manifest-path" "Cargo.toml", kill_on_drop: false }`
[INFO] [stderr] warning: no edition set: defaulting to the 2015 edition while the latest is 2021
[INFO] running `Command { std: "docker" "create" "-v" "/var/lib/crater-agent-workspace/builds/worker-6-tc2/target:/opt/rustwide/target:rw,Z" "-v" "/var/lib/crater-agent-workspace/builds/worker-6-tc2/source:/opt/rustwide/workdir:ro,Z" "-v" "/var/lib/crater-agent-workspace/cargo-home:/opt/rustwide/cargo-home:ro,Z" "-v" "/var/lib/crater-agent-workspace/rustup-home:/opt/rustwide/rustup-home:ro,Z" "-e" "SOURCE_DIR=/opt/rustwide/workdir" "-e" "CARGO_TARGET_DIR=/opt/rustwide/target" "-e" "CARGO_HOME=/opt/rustwide/cargo-home" "-e" "RUSTUP_HOME=/opt/rustwide/rustup-home" "-w" "/opt/rustwide/workdir" "-m" "1610612736" "--user" "0:0" "--network" "none" "ghcr.io/rust-lang/crates-build-env/linux@sha256:4a844ea9eb2546a2d2c7022eacef16ef2e8229c7fbb2c7d4d55a9ceca922f72d" "/opt/rustwide/cargo-home/bin/cargo" "+nightly-2024-10-28" "metadata" "--no-deps" "--format-version=1", kill_on_drop: false }`
[INFO] [stdout] 7bacbce719ad4c6c3ec372b198dc060a5cfb815632a7f4aba824999dba8d0ad7
[INFO] running `Command { std: "docker" "start" "-a" "7bacbce719ad4c6c3ec372b198dc060a5cfb815632a7f4aba824999dba8d0ad7", kill_on_drop: false }`
[INFO] running `Command { std: "docker" "inspect" "7bacbce719ad4c6c3ec372b198dc060a5cfb815632a7f4aba824999dba8d0ad7", kill_on_drop: false }`
[INFO] running `Command { std: "docker" "rm" "-f" "7bacbce719ad4c6c3ec372b198dc060a5cfb815632a7f4aba824999dba8d0ad7", kill_on_drop: false }`
[INFO] [stdout] 7bacbce719ad4c6c3ec372b198dc060a5cfb815632a7f4aba824999dba8d0ad7
[INFO] running `Command { std: "docker" "create" "-v" "/var/lib/crater-agent-workspace/builds/worker-6-tc2/target:/opt/rustwide/target:rw,Z" "-v" "/var/lib/crater-agent-workspace/builds/worker-6-tc2/source:/opt/rustwide/workdir:ro,Z" "-v" "/var/lib/crater-agent-workspace/cargo-home:/opt/rustwide/cargo-home:ro,Z" "-v" "/var/lib/crater-agent-workspace/rustup-home:/opt/rustwide/rustup-home:ro,Z" "-e" "SOURCE_DIR=/opt/rustwide/workdir" "-e" "CARGO_TARGET_DIR=/opt/rustwide/target" "-e" "CARGO_INCREMENTAL=0" "-e" "RUST_BACKTRACE=full" "-e" "RUSTFLAGS=--cap-lints=forbid -Zrandomize-layout" "-e" "RUSTDOCFLAGS=--cap-lints=forbid" "-e" "CARGO_HOME=/opt/rustwide/cargo-home" "-e" "RUSTUP_HOME=/opt/rustwide/rustup-home" "-w" "/opt/rustwide/workdir" "-m" "1610612736" "--user" "0:0" "--network" "none" "ghcr.io/rust-lang/crates-build-env/linux@sha256:4a844ea9eb2546a2d2c7022eacef16ef2e8229c7fbb2c7d4d55a9ceca922f72d" "/opt/rustwide/cargo-home/bin/cargo" "+nightly-2024-10-28" "build" "--frozen" "--message-format=json", kill_on_drop: false }`
[INFO] [stdout] 84e4eb6e260658c60669f1689ddcdbd1c174479421c3bebab9346da956787e9c
[INFO] running `Command { std: "docker" "start" "-a" "84e4eb6e260658c60669f1689ddcdbd1c174479421c3bebab9346da956787e9c", kill_on_drop: false }`
[INFO] [stderr] warning: no edition set: defaulting to the 2015 edition while the latest is 2021
[INFO] [stderr]    Compiling num-traits v0.2.19
[INFO] [stderr]    Compiling semver v1.0.23
[INFO] [stderr]    Compiling adler2 v2.0.0
[INFO] [stderr]    Compiling gimli v0.31.1
[INFO] [stderr]    Compiling ucd-util v0.1.10
[INFO] [stderr]    Compiling regex v0.2.11
[INFO] [stderr]    Compiling rustc-demangle v0.1.24
[INFO] [stderr]    Compiling lazy_static v1.5.0
[INFO] [stderr]    Compiling utf8-ranges v1.0.5
[INFO] [stderr]    Compiling safemem v0.2.0
[INFO] [stderr]    Compiling nom v2.1.0
[INFO] [stderr]    Compiling object v0.36.5
[INFO] [stderr]    Compiling aho-corasick v0.6.10
[INFO] [stderr]    Compiling log v0.3.9
[INFO] [stderr]    Compiling lazy_static v0.2.11
[INFO] [stderr]    Compiling thread_local v0.3.6
[INFO] [stderr]    Compiling miniz_oxide v0.8.0
[INFO] [stderr]    Compiling regex-syntax v0.5.6
[INFO] [stderr]    Compiling rustc_version v0.4.1
[INFO] [stderr]    Compiling cast v0.2.7
[INFO] [stderr]    Compiling num-integer v0.1.46
[INFO] [stderr]    Compiling num-traits v0.1.43
[INFO] [stderr]    Compiling enum_primitive v0.1.1
[INFO] [stderr]    Compiling num-rational v0.1.42
[INFO] [stderr]    Compiling num-iter v0.1.45
[INFO] [stderr]    Compiling image v0.13.0
[INFO] [stderr]    Compiling addr2line v0.24.2
[INFO] [stderr]    Compiling backtrace v0.3.74
[INFO] [stderr]    Compiling error-chain v0.10.0
[INFO] [stderr]    Compiling vobsub v0.2.3 (/opt/rustwide/workdir)
[INFO] [stdout] warning: unused doc comment
[INFO] [stdout]   --> src/idx.rs:14:1
[INFO] [stdout]    |
[INFO] [stdout] 14 | /// Parse a single hexadecimal digit.
[INFO] [stdout]    | ^^^^^^^^^^^^^^^^^^^^^^^^^^^^^^^^^^^^^ rustdoc does not generate documentation for macro invocations
[INFO] [stdout]    |
[INFO] [stdout]    = help: to document an item produced by a macro, the macro must produce the documentation as part of its expansion
[INFO] [stdout]    = note: `#[warn(unused_doc_comments)]` on by default
[INFO] [stdout] 
[INFO] [stdout] 
[INFO] [stdout] warning: unused doc comment
[INFO] [stdout]   --> src/idx.rs:21:1
[INFO] [stdout]    |
[INFO] [stdout] 21 | /// Parse a single byte hexadecimal byte.
[INFO] [stdout]    | ^^^^^^^^^^^^^^^^^^^^^^^^^^^^^^^^^^^^^^^^^ rustdoc does not generate documentation for macro invocations
[INFO] [stdout]    |
[INFO] [stdout]    = help: to document an item produced by a macro, the macro must produce the documentation as part of its expansion
[INFO] [stdout] 
[INFO] [stdout] 
[INFO] [stdout] warning: unused doc comment
[INFO] [stdout]   --> src/idx.rs:30:1
[INFO] [stdout]    |
[INFO] [stdout] 30 | /// Parse a 3-byte hexadecimal RGB color.
[INFO] [stdout]    | ^^^^^^^^^^^^^^^^^^^^^^^^^^^^^^^^^^^^^^^^^ rustdoc does not generate documentation for macro invocations
[INFO] [stdout]    |
[INFO] [stdout]    = help: to document an item produced by a macro, the macro must produce the documentation as part of its expansion
[INFO] [stdout] 
[INFO] [stdout] 
[INFO] [stdout] warning: unused doc comment
[INFO] [stdout]   --> src/img.rs:29:1
[INFO] [stdout]    |
[INFO] [stdout] 29 | /// Parse the count for a `Rle`.
[INFO] [stdout]    | ^^^^^^^^^^^^^^^^^^^^^^^^^^^^^^^^ rustdoc does not generate documentation for macro invocations
[INFO] [stdout]    |
[INFO] [stdout]    = help: to document an item produced by a macro, the macro must produce the documentation as part of its expansion
[INFO] [stdout] 
[INFO] [stdout] 
[INFO] [stdout] warning: unused doc comment
[INFO] [stdout]   --> src/img.rs:45:1
[INFO] [stdout]    |
[INFO] [stdout] 45 | /// Parse an `Rle`.
[INFO] [stdout]    | ^^^^^^^^^^^^^^^^^^^ rustdoc does not generate documentation for macro invocations
[INFO] [stdout]    |
[INFO] [stdout]    = help: to document an item produced by a macro, the macro must produce the documentation as part of its expansion
[INFO] [stdout] 
[INFO] [stdout] 
[INFO] [stdout] warning: unused doc comment
[INFO] [stdout]   --> src/mpeg2/clock.rs:44:1
[INFO] [stdout]    |
[INFO] [stdout] 44 | /// Parse a 33-bit `Clock` value with 3 marker bits, consuming 36 bits.
[INFO] [stdout]    | ^^^^^^^^^^^^^^^^^^^^^^^^^^^^^^^^^^^^^^^^^^^^^^^^^^^^^^^^^^^^^^^^^^^^^^^ rustdoc does not generate documentation for macro invocations
[INFO] [stdout]    |
[INFO] [stdout]    = help: to document an item produced by a macro, the macro must produce the documentation as part of its expansion
[INFO] [stdout] 
[INFO] [stdout] 
[INFO] [stdout] warning: unused doc comment
[INFO] [stdout]   --> src/mpeg2/clock.rs:63:1
[INFO] [stdout]    |
[INFO] [stdout] 63 | / /// Parse a 33-bit `Clock` value plus a 9-bit extension and 4 marker bits,
[INFO] [stdout] 64 | | /// consuming 46 bits.
[INFO] [stdout]    | |_---------------------^
[INFO] [stdout]    |   |
[INFO] [stdout]    |   rustdoc does not generate documentation for macro invocations
[INFO] [stdout]    |
[INFO] [stdout]    = help: to document an item produced by a macro, the macro must produce the documentation as part of its expansion
[INFO] [stdout] 
[INFO] [stdout] 
[INFO] [stdout] warning: unused doc comment
[INFO] [stdout]   --> src/mpeg2/pes.rs:34:1
[INFO] [stdout]    |
[INFO] [stdout] 34 | /// Parse PTS & DTS flags in a PES packet header.  Consumes two bits.
[INFO] [stdout]    | ^^^^^^^^^^^^^^^^^^^^^^^^^^^^^^^^^^^^^^^^^^^^^^^^^^^^^^^^^^^^^^^^^^^^^ rustdoc does not generate documentation for macro invocations
[INFO] [stdout]    |
[INFO] [stdout]    = help: to document an item produced by a macro, the macro must produce the documentation as part of its expansion
[INFO] [stdout] 
[INFO] [stdout] 
[INFO] [stdout] warning: unused doc comment
[INFO] [stdout]   --> src/mpeg2/pes.rs:60:1
[INFO] [stdout]    |
[INFO] [stdout] 60 | /// Helper for `pts_dts`.  Parses the PTS-only case.
[INFO] [stdout]    | ^^^^^^^^^^^^^^^^^^^^^^^^^^^^^^^^^^^^^^^^^^^^^^^^^^^^ rustdoc does not generate documentation for macro invocations
[INFO] [stdout]    |
[INFO] [stdout]    = help: to document an item produced by a macro, the macro must produce the documentation as part of its expansion
[INFO] [stdout] 
[INFO] [stdout] 
[INFO] [stdout] warning: unused doc comment
[INFO] [stdout]   --> src/mpeg2/pes.rs:71:1
[INFO] [stdout]    |
[INFO] [stdout] 71 | /// Helper for `pts_dts`.  Parses the PTS and DTS case.
[INFO] [stdout]    | ^^^^^^^^^^^^^^^^^^^^^^^^^^^^^^^^^^^^^^^^^^^^^^^^^^^^^^^ rustdoc does not generate documentation for macro invocations
[INFO] [stdout]    |
[INFO] [stdout]    = help: to document an item produced by a macro, the macro must produce the documentation as part of its expansion
[INFO] [stdout] 
[INFO] [stdout] 
[INFO] [stdout] warning: unused doc comment
[INFO] [stdout]    --> src/mpeg2/pes.rs:117:1
[INFO] [stdout]     |
[INFO] [stdout] 117 | /// Deserialize a single Boolean flag bit.
[INFO] [stdout]     | ^^^^^^^^^^^^^^^^^^^^^^^^^^^^^^^^^^^^^^^^^^ rustdoc does not generate documentation for macro invocations
[INFO] [stdout]     |
[INFO] [stdout]     = help: to document an item produced by a macro, the macro must produce the documentation as part of its expansion
[INFO] [stdout] 
[INFO] [stdout] 
[INFO] [stdout] warning: unused doc comment
[INFO] [stdout]    --> src/mpeg2/pes.rs:181:1
[INFO] [stdout]     |
[INFO] [stdout] 181 | /// Parse PES header data, including the predecing flags and length bytes.
[INFO] [stdout]     | ^^^^^^^^^^^^^^^^^^^^^^^^^^^^^^^^^^^^^^^^^^^^^^^^^^^^^^^^^^^^^^^^^^^^^^^^^^ rustdoc does not generate documentation for macro invocations
[INFO] [stdout]     |
[INFO] [stdout]     = help: to document an item produced by a macro, the macro must produce the documentation as part of its expansion
[INFO] [stdout] 
[INFO] [stdout] 
[INFO] [stdout] warning: unused doc comment
[INFO] [stdout]    --> src/mpeg2/pes.rs:227:1
[INFO] [stdout]     |
[INFO] [stdout] 227 | /// Parse the first PES header byte after the length.
[INFO] [stdout]     | ^^^^^^^^^^^^^^^^^^^^^^^^^^^^^^^^^^^^^^^^^^^^^^^^^^^^^ rustdoc does not generate documentation for macro invocations
[INFO] [stdout]     |
[INFO] [stdout]     = help: to document an item produced by a macro, the macro must produce the documentation as part of its expansion
[INFO] [stdout] 
[INFO] [stdout] 
[INFO] [stdout] warning: elided lifetime has a name
[INFO] [stdout]    --> src/mpeg2/pes.rs:270:22
[INFO] [stdout]     |
[INFO] [stdout] 270 |   named!(packet_helper<Packet>,
[INFO] [stdout]     |   -                    ^^^^^^ this elided lifetime gets resolved as `'a`
[INFO] [stdout]     |  _|
[INFO] [stdout]     | |
[INFO] [stdout] 271 | |     do_parse!(
[INFO] [stdout] 272 | |         header: call!(header) >>
[INFO] [stdout] 273 | |         header_data: call!(header_data) >>
[INFO] [stdout] ...   |
[INFO] [stdout] 282 | |     )
[INFO] [stdout] 283 | | );
[INFO] [stdout]     | |_- lifetime `'a` declared here
[INFO] [stdout]     |
[INFO] [stdout]     = note: `#[warn(elided_named_lifetimes)]` on by default
[INFO] [stdout] 
[INFO] [stdout] 
[INFO] [stdout] warning: unused doc comment
[INFO] [stdout]   --> src/mpeg2/ps.rs:29:1
[INFO] [stdout]    |
[INFO] [stdout] 29 | /// Parse a Program Stream header.
[INFO] [stdout]    | ^^^^^^^^^^^^^^^^^^^^^^^^^^^^^^^^^^ rustdoc does not generate documentation for macro invocations
[INFO] [stdout]    |
[INFO] [stdout]    = help: to document an item produced by a macro, the macro must produce the documentation as part of its expansion
[INFO] [stdout] 
[INFO] [stdout] 
[INFO] [stdout] warning: unused doc comment
[INFO] [stdout]   --> src/mpeg2/ps.rs:73:1
[INFO] [stdout]    |
[INFO] [stdout] 73 | /// Parse a Program Stream packet and the following PES packet.
[INFO] [stdout]    | ^^^^^^^^^^^^^^^^^^^^^^^^^^^^^^^^^^^^^^^^^^^^^^^^^^^^^^^^^^^^^^^ rustdoc does not generate documentation for macro invocations
[INFO] [stdout]    |
[INFO] [stdout]    = help: to document an item produced by a macro, the macro must produce the documentation as part of its expansion
[INFO] [stdout] 
[INFO] [stdout] 
[INFO] [stdout] warning: unused import: `self::clock::*`
[INFO] [stdout]  --> src/mpeg2/mod.rs:8:9
[INFO] [stdout]   |
[INFO] [stdout] 8 | pub use self::clock::*;
[INFO] [stdout]   |         ^^^^^^^^^^^^^^
[INFO] [stdout]   |
[INFO] [stdout]   = note: `#[warn(unused_imports)]` on by default
[INFO] [stdout] 
[INFO] [stdout] 
[INFO] [stdout] warning: unused doc comment
[INFO] [stdout]   --> src/sub.rs:27:1
[INFO] [stdout]    |
[INFO] [stdout] 27 | /// Parse four 4-bit palette entries.
[INFO] [stdout]    | ^^^^^^^^^^^^^^^^^^^^^^^^^^^^^^^^^^^^^ rustdoc does not generate documentation for macro invocations
[INFO] [stdout]    |
[INFO] [stdout]    = help: to document an item produced by a macro, the macro must produce the documentation as part of its expansion
[INFO] [stdout] 
[INFO] [stdout] 
[INFO] [stdout] warning: unused doc comment
[INFO] [stdout]   --> src/sub.rs:75:1
[INFO] [stdout]    |
[INFO] [stdout] 75 | /// Parse a 12-bit coordinate value.
[INFO] [stdout]    | ^^^^^^^^^^^^^^^^^^^^^^^^^^^^^^^^^^^^ rustdoc does not generate documentation for macro invocations
[INFO] [stdout]    |
[INFO] [stdout]    = help: to document an item produced by a macro, the macro must produce the documentation as part of its expansion
[INFO] [stdout] 
[INFO] [stdout] 
[INFO] [stdout] warning: unused doc comment
[INFO] [stdout]   --> src/sub.rs:78:1
[INFO] [stdout]    |
[INFO] [stdout] 78 | / /// Parse four 12-bit coordinate values as a rectangle (with right and
[INFO] [stdout] 79 | | /// bottom coordinates inclusive).
[INFO] [stdout]    | |_---------------------------------^
[INFO] [stdout]    |   |
[INFO] [stdout]    |   rustdoc does not generate documentation for macro invocations
[INFO] [stdout]    |
[INFO] [stdout]    = help: to document an item produced by a macro, the macro must produce the documentation as part of its expansion
[INFO] [stdout] 
[INFO] [stdout] 
[INFO] [stdout] warning: unused doc comment
[INFO] [stdout]   --> src/sub.rs:97:1
[INFO] [stdout]    |
[INFO] [stdout] 97 | /// Parse a pair of 16-bit RLE offsets.
[INFO] [stdout]    | ^^^^^^^^^^^^^^^^^^^^^^^^^^^^^^^^^^^^^^^ rustdoc does not generate documentation for macro invocations
[INFO] [stdout]    |
[INFO] [stdout]    = help: to document an item produced by a macro, the macro must produce the documentation as part of its expansion
[INFO] [stdout] 
[INFO] [stdout] 
[INFO] [stdout] warning: unused doc comment
[INFO] [stdout]    --> src/sub.rs:126:1
[INFO] [stdout]     |
[INFO] [stdout] 126 | /// Parse a single command in a control sequence.
[INFO] [stdout]     | ^^^^^^^^^^^^^^^^^^^^^^^^^^^^^^^^^^^^^^^^^^^^^^^^^ rustdoc does not generate documentation for macro invocations
[INFO] [stdout]     |
[INFO] [stdout]     = help: to document an item produced by a macro, the macro must produce the documentation as part of its expansion
[INFO] [stdout] 
[INFO] [stdout] 
[INFO] [stdout] warning: unused doc comment
[INFO] [stdout]    --> src/sub.rs:148:1
[INFO] [stdout]     |
[INFO] [stdout] 148 | /// The end of a control sequence.
[INFO] [stdout]     | ^^^^^^^^^^^^^^^^^^^^^^^^^^^^^^^^^^ rustdoc does not generate documentation for macro invocations
[INFO] [stdout]     |
[INFO] [stdout]     = help: to document an item produced by a macro, the macro must produce the documentation as part of its expansion
[INFO] [stdout] 
[INFO] [stdout] 
[INFO] [stdout] warning: unused doc comment
[INFO] [stdout]    --> src/sub.rs:166:1
[INFO] [stdout]     |
[INFO] [stdout] 166 | /// Parse a single control sequence.
[INFO] [stdout]     | ^^^^^^^^^^^^^^^^^^^^^^^^^^^^^^^^^^^^ rustdoc does not generate documentation for macro invocations
[INFO] [stdout]     |
[INFO] [stdout]     = help: to document an item produced by a macro, the macro must produce the documentation as part of its expansion
[INFO] [stdout] 
[INFO] [stdout] 
[INFO] [stdout] warning: elided lifetime has a name
[INFO] [stdout]    --> src/sub.rs:127:24
[INFO] [stdout]     |
[INFO] [stdout] 127 |   named!(control_command<ControlCommand>,
[INFO] [stdout]     |   -                      ^^^^^^^^^^^^^^ this elided lifetime gets resolved as `'a`
[INFO] [stdout]     |  _|
[INFO] [stdout]     | |
[INFO] [stdout] 128 | |     alt!(
[INFO] [stdout] 129 | |         value!(ControlCommand::Force, tag!(&[0x00])) |
[INFO] [stdout] 130 | |         value!(ControlCommand::StartDate, tag!(&[0x01])) |
[INFO] [stdout] ...   |
[INFO] [stdout] 145 | |     )
[INFO] [stdout] 146 | | );
[INFO] [stdout]     | |_- lifetime `'a` declared here
[INFO] [stdout] 
[INFO] [stdout] 
[INFO] [stdout] warning: elided lifetime has a name
[INFO] [stdout]    --> src/sub.rs:167:25
[INFO] [stdout]     |
[INFO] [stdout] 167 |   named!(control_sequence<ControlSequence>,
[INFO] [stdout]     |   -                       ^^^^^^^^^^^^^^^ this elided lifetime gets resolved as `'a`
[INFO] [stdout]     |  _|
[INFO] [stdout]     | |
[INFO] [stdout] 168 | |     do_parse!(
[INFO] [stdout] 169 | |         date: call!(be_u16) >>
[INFO] [stdout] 170 | |         next: call!(be_u16) >>
[INFO] [stdout] ...   |
[INFO] [stdout] 178 | |     )
[INFO] [stdout] 179 | | );
[INFO] [stdout]     | |_- lifetime `'a` declared here
[INFO] [stdout] 
[INFO] [stdout] 
[INFO] [stdout] warning: use of deprecated method `std::error::Error::description`: use the Display impl or to_string()
[INFO] [stdout]   --> src/errors.rs:12:1
[INFO] [stdout]    |
[INFO] [stdout] 12 | / error_chain! {
[INFO] [stdout] 13 | |     foreign_links {
[INFO] [stdout] 14 | |         Io(io::Error);
[INFO] [stdout] 15 | |     }
[INFO] [stdout] ...  |
[INFO] [stdout] 47 | |     }
[INFO] [stdout] 48 | | }
[INFO] [stdout]    | |_^
[INFO] [stdout]    |
[INFO] [stdout]    = note: `#[warn(deprecated)]` on by default
[INFO] [stdout]    = note: this warning originates in the macro `error_chain_processed` which comes from the expansion of the macro `error_chain` (in Nightly builds, run with -Z macro-backtrace for more info)
[INFO] [stdout] 
[INFO] [stdout] 
[INFO] [stdout] warning: use of deprecated function `std::mem::uninitialized`: use `mem::MaybeUninit` instead
[INFO] [stdout]   --> src/idx.rs:31:1
[INFO] [stdout]    |
[INFO] [stdout] 31 | / named!(rgb<Rgb<u8>>,
[INFO] [stdout] 32 | |     map!(count_fixed!(u8, call!(hex_u8), 3), |rgb| { Rgb { data: rgb } })
[INFO] [stdout] 33 | | );
[INFO] [stdout]    | |_^
[INFO] [stdout]    |
[INFO] [stdout]    = note: this warning originates in the macro `count_fixed` which comes from the expansion of the macro `named` (in Nightly builds, run with -Z macro-backtrace for more info)
[INFO] [stdout] 
[INFO] [stdout] 
[INFO] [stdout] warning: use of deprecated constant `std::sync::ONCE_INIT`: the `Once::new()` function is now preferred
[INFO] [stdout]    --> src/idx.rs:102:9
[INFO] [stdout]     |
[INFO] [stdout] 102 | /         lazy_static! {
[INFO] [stdout] 103 | |             static ref KEY_VALUE: Regex =
[INFO] [stdout] 104 | |                 Regex::new("^([A-Za-z/ ]+): (.*)").unwrap();
[INFO] [stdout] 105 | |         }
[INFO] [stdout]     | |_________^
[INFO] [stdout]     |
[INFO] [stdout]     = note: this warning originates in the macro `__lazy_static_create` which comes from the expansion of the macro `lazy_static` (in Nightly builds, run with -Z macro-backtrace for more info)
[INFO] [stdout] 
[INFO] [stdout] 
[INFO] [stdout] warning: use of deprecated function `std::mem::uninitialized`: use `mem::MaybeUninit` instead
[INFO] [stdout]   --> src/sub.rs:28:1
[INFO] [stdout]    |
[INFO] [stdout] 28 | named!(palette_entries<[u8; 4]>, bits!(count_fixed!(u8, take_bits!(u8, 4), 4)));
[INFO] [stdout]    | ^^^^^^^^^^^^^^^^^^^^^^^^^^^^^^^^^^^^^^^^^^^^^^^^^^^^^^^^^^^^^^^^^^^^^^^^^^^^^^^
[INFO] [stdout]    |
[INFO] [stdout]    = note: this warning originates in the macro `count_fixed` which comes from the expansion of the macro `named` (in Nightly builds, run with -Z macro-backtrace for more info)
[INFO] [stdout] 
[INFO] [stdout] 
[INFO] [stdout] warning: use of deprecated function `std::mem::uninitialized`: use `mem::MaybeUninit` instead
[INFO] [stdout]   --> src/sub.rs:98:1
[INFO] [stdout]    |
[INFO] [stdout] 98 | named!(rle_offsets<[u16; 2]>, bits!(count_fixed!(u16, take_bits!(u16, 16), 2)));
[INFO] [stdout]    | ^^^^^^^^^^^^^^^^^^^^^^^^^^^^^^^^^^^^^^^^^^^^^^^^^^^^^^^^^^^^^^^^^^^^^^^^^^^^^^^
[INFO] [stdout]    |
[INFO] [stdout]    = note: this warning originates in the macro `count_fixed` which comes from the expansion of the macro `named` (in Nightly builds, run with -Z macro-backtrace for more info)
[INFO] [stdout] 
[INFO] [stdout] 
[INFO] [stdout] warning: use of deprecated method `std::error::Error::cause`: replaced by Error::source, which can support downcasting
[INFO] [stdout]   --> src/errors.rs:12:1
[INFO] [stdout]    |
[INFO] [stdout] 12 | / error_chain! {
[INFO] [stdout] 13 | |     foreign_links {
[INFO] [stdout] 14 | |         Io(io::Error);
[INFO] [stdout] 15 | |     }
[INFO] [stdout] ...  |
[INFO] [stdout] 47 | |     }
[INFO] [stdout] 48 | | }
[INFO] [stdout]    | |_^
[INFO] [stdout]    |
[INFO] [stdout]    = note: this warning originates in the macro `error_chain_processed` which comes from the expansion of the macro `error_chain` (in Nightly builds, run with -Z macro-backtrace for more info)
[INFO] [stdout] 
[INFO] [stdout] 
[INFO] [stdout] warning: method `ignore_trailing_data` is never used
[INFO] [stdout]   --> src/errors.rs:51:8
[INFO] [stdout]    |
[INFO] [stdout] 50 | pub trait IResultExt<I, O, E> {
[INFO] [stdout]    |           ---------- method in this trait
[INFO] [stdout] 51 |     fn ignore_trailing_data(self) -> IResult<I, O, E>;
[INFO] [stdout]    |        ^^^^^^^^^^^^^^^^^^^^
[INFO] [stdout]    |
[INFO] [stdout]    = note: `#[warn(dead_code)]` on by default
[INFO] [stdout] 
[INFO] [stdout] 
[INFO] [stderr]     Finished `dev` profile [unoptimized + debuginfo] target(s) in 3.95s
[INFO] [stderr] warning: the following packages contain code that will be rejected by a future version of Rust: nom v2.1.0
[INFO] [stderr] note: to see what the problems were, use the option `--future-incompat-report`, or run `cargo report future-incompatibilities --id 1`
[INFO] running `Command { std: "docker" "inspect" "84e4eb6e260658c60669f1689ddcdbd1c174479421c3bebab9346da956787e9c", kill_on_drop: false }`
[INFO] running `Command { std: "docker" "rm" "-f" "84e4eb6e260658c60669f1689ddcdbd1c174479421c3bebab9346da956787e9c", kill_on_drop: false }`
[INFO] [stdout] 84e4eb6e260658c60669f1689ddcdbd1c174479421c3bebab9346da956787e9c
[INFO] running `Command { std: "docker" "create" "-v" "/var/lib/crater-agent-workspace/builds/worker-6-tc2/target:/opt/rustwide/target:rw,Z" "-v" "/var/lib/crater-agent-workspace/builds/worker-6-tc2/source:/opt/rustwide/workdir:ro,Z" "-v" "/var/lib/crater-agent-workspace/cargo-home:/opt/rustwide/cargo-home:ro,Z" "-v" "/var/lib/crater-agent-workspace/rustup-home:/opt/rustwide/rustup-home:ro,Z" "-e" "SOURCE_DIR=/opt/rustwide/workdir" "-e" "CARGO_TARGET_DIR=/opt/rustwide/target" "-e" "CARGO_INCREMENTAL=0" "-e" "RUST_BACKTRACE=full" "-e" "RUSTFLAGS=--cap-lints=forbid -Zrandomize-layout" "-e" "RUSTDOCFLAGS=--cap-lints=forbid" "-e" "CARGO_HOME=/opt/rustwide/cargo-home" "-e" "RUSTUP_HOME=/opt/rustwide/rustup-home" "-w" "/opt/rustwide/workdir" "-m" "1610612736" "--user" "0:0" "--network" "none" "ghcr.io/rust-lang/crates-build-env/linux@sha256:4a844ea9eb2546a2d2c7022eacef16ef2e8229c7fbb2c7d4d55a9ceca922f72d" "/opt/rustwide/cargo-home/bin/cargo" "+nightly-2024-10-28" "test" "--frozen" "--no-run" "--message-format=json", kill_on_drop: false }`
[INFO] [stdout] 0368763427d142a52a6ebdc99871ea4bc3a93a2257290ffdaddb10e008daae3e
[INFO] running `Command { std: "docker" "start" "-a" "0368763427d142a52a6ebdc99871ea4bc3a93a2257290ffdaddb10e008daae3e", kill_on_drop: false }`
[INFO] [stderr] warning: no edition set: defaulting to the 2015 edition while the latest is 2021
[INFO] [stderr]    Compiling glob v0.2.11
[INFO] [stderr]    Compiling env_logger v0.4.3
[INFO] [stdout] warning: unused doc comment
[INFO] [stdout]   --> src/idx.rs:14:1
[INFO] [stdout]    |
[INFO] [stdout] 14 | /// Parse a single hexadecimal digit.
[INFO] [stdout]    | ^^^^^^^^^^^^^^^^^^^^^^^^^^^^^^^^^^^^^ rustdoc does not generate documentation for macro invocations
[INFO] [stdout]    |
[INFO] [stdout]    = help: to document an item produced by a macro, the macro must produce the documentation as part of its expansion
[INFO] [stdout]    = note: `#[warn(unused_doc_comments)]` on by default
[INFO] [stdout] 
[INFO] [stdout] 
[INFO] [stdout] warning: unused doc comment
[INFO] [stdout]   --> src/idx.rs:21:1
[INFO] [stdout]    |
[INFO] [stdout] 21 | /// Parse a single byte hexadecimal byte.
[INFO] [stdout]    | ^^^^^^^^^^^^^^^^^^^^^^^^^^^^^^^^^^^^^^^^^ rustdoc does not generate documentation for macro invocations
[INFO] [stdout]    |
[INFO] [stdout]    = help: to document an item produced by a macro, the macro must produce the documentation as part of its expansion
[INFO] [stdout] 
[INFO] [stdout] 
[INFO] [stdout] warning: unused doc comment
[INFO] [stdout]   --> src/idx.rs:30:1
[INFO] [stdout]    |
[INFO] [stdout] 30 | /// Parse a 3-byte hexadecimal RGB color.
[INFO] [stdout]    | ^^^^^^^^^^^^^^^^^^^^^^^^^^^^^^^^^^^^^^^^^ rustdoc does not generate documentation for macro invocations
[INFO] [stdout]    |
[INFO] [stdout]    = help: to document an item produced by a macro, the macro must produce the documentation as part of its expansion
[INFO] [stdout] 
[INFO] [stdout] 
[INFO] [stdout] warning: unused doc comment
[INFO] [stdout]   --> src/img.rs:29:1
[INFO] [stdout]    |
[INFO] [stdout] 29 | /// Parse the count for a `Rle`.
[INFO] [stdout]    | ^^^^^^^^^^^^^^^^^^^^^^^^^^^^^^^^ rustdoc does not generate documentation for macro invocations
[INFO] [stdout]    |
[INFO] [stdout]    = help: to document an item produced by a macro, the macro must produce the documentation as part of its expansion
[INFO] [stdout] 
[INFO] [stdout] 
[INFO] [stdout] warning: unused doc comment
[INFO] [stdout]   --> src/img.rs:45:1
[INFO] [stdout]    |
[INFO] [stdout] 45 | /// Parse an `Rle`.
[INFO] [stdout]    | ^^^^^^^^^^^^^^^^^^^ rustdoc does not generate documentation for macro invocations
[INFO] [stdout]    |
[INFO] [stdout]    = help: to document an item produced by a macro, the macro must produce the documentation as part of its expansion
[INFO] [stdout] 
[INFO] [stdout] 
[INFO] [stdout] warning: unused doc comment
[INFO] [stdout]   --> src/mpeg2/clock.rs:44:1
[INFO] [stdout]    |
[INFO] [stdout] 44 | /// Parse a 33-bit `Clock` value with 3 marker bits, consuming 36 bits.
[INFO] [stdout]    | ^^^^^^^^^^^^^^^^^^^^^^^^^^^^^^^^^^^^^^^^^^^^^^^^^^^^^^^^^^^^^^^^^^^^^^^ rustdoc does not generate documentation for macro invocations
[INFO] [stdout]    |
[INFO] [stdout]    = help: to document an item produced by a macro, the macro must produce the documentation as part of its expansion
[INFO] [stdout] 
[INFO] [stdout] 
[INFO] [stdout] warning: unused doc comment
[INFO] [stdout]   --> src/mpeg2/clock.rs:63:1
[INFO] [stdout]    |
[INFO] [stdout] 63 | / /// Parse a 33-bit `Clock` value plus a 9-bit extension and 4 marker bits,
[INFO] [stdout] 64 | | /// consuming 46 bits.
[INFO] [stdout]    | |_---------------------^
[INFO] [stdout]    |   |
[INFO] [stdout]    |   rustdoc does not generate documentation for macro invocations
[INFO] [stdout]    |
[INFO] [stdout]    = help: to document an item produced by a macro, the macro must produce the documentation as part of its expansion
[INFO] [stdout] 
[INFO] [stdout] 
[INFO] [stdout] warning: unused doc comment
[INFO] [stdout]   --> src/mpeg2/pes.rs:34:1
[INFO] [stdout]    |
[INFO] [stdout] 34 | /// Parse PTS & DTS flags in a PES packet header.  Consumes two bits.
[INFO] [stdout]    | ^^^^^^^^^^^^^^^^^^^^^^^^^^^^^^^^^^^^^^^^^^^^^^^^^^^^^^^^^^^^^^^^^^^^^ rustdoc does not generate documentation for macro invocations
[INFO] [stdout]    |
[INFO] [stdout]    = help: to document an item produced by a macro, the macro must produce the documentation as part of its expansion
[INFO] [stdout] 
[INFO] [stdout] 
[INFO] [stdout] warning: unused doc comment
[INFO] [stdout]   --> src/mpeg2/pes.rs:60:1
[INFO] [stdout]    |
[INFO] [stdout] 60 | /// Helper for `pts_dts`.  Parses the PTS-only case.
[INFO] [stdout]    | ^^^^^^^^^^^^^^^^^^^^^^^^^^^^^^^^^^^^^^^^^^^^^^^^^^^^ rustdoc does not generate documentation for macro invocations
[INFO] [stdout]    |
[INFO] [stdout]    = help: to document an item produced by a macro, the macro must produce the documentation as part of its expansion
[INFO] [stdout] 
[INFO] [stdout] 
[INFO] [stdout] warning: unused doc comment
[INFO] [stdout]   --> src/mpeg2/pes.rs:71:1
[INFO] [stdout]    |
[INFO] [stdout] 71 | /// Helper for `pts_dts`.  Parses the PTS and DTS case.
[INFO] [stdout]    | ^^^^^^^^^^^^^^^^^^^^^^^^^^^^^^^^^^^^^^^^^^^^^^^^^^^^^^^ rustdoc does not generate documentation for macro invocations
[INFO] [stdout]    |
[INFO] [stdout]    = help: to document an item produced by a macro, the macro must produce the documentation as part of its expansion
[INFO] [stdout] 
[INFO] [stdout] 
[INFO] [stdout] warning: unused doc comment
[INFO] [stdout]    --> src/mpeg2/pes.rs:117:1
[INFO] [stdout]     |
[INFO] [stdout] 117 | /// Deserialize a single Boolean flag bit.
[INFO] [stdout]     | ^^^^^^^^^^^^^^^^^^^^^^^^^^^^^^^^^^^^^^^^^^ rustdoc does not generate documentation for macro invocations
[INFO] [stdout]     |
[INFO] [stdout]     = help: to document an item produced by a macro, the macro must produce the documentation as part of its expansion
[INFO] [stdout] 
[INFO] [stdout] 
[INFO] [stdout] warning: unused doc comment
[INFO] [stdout]    --> src/mpeg2/pes.rs:181:1
[INFO] [stdout]     |
[INFO] [stdout] 181 | /// Parse PES header data, including the predecing flags and length bytes.
[INFO] [stdout]     | ^^^^^^^^^^^^^^^^^^^^^^^^^^^^^^^^^^^^^^^^^^^^^^^^^^^^^^^^^^^^^^^^^^^^^^^^^^ rustdoc does not generate documentation for macro invocations
[INFO] [stdout]     |
[INFO] [stdout]     = help: to document an item produced by a macro, the macro must produce the documentation as part of its expansion
[INFO] [stdout] 
[INFO] [stdout] 
[INFO] [stdout] warning: unused doc comment
[INFO] [stdout]    --> src/mpeg2/pes.rs:227:1
[INFO] [stdout]     |
[INFO] [stdout] 227 | /// Parse the first PES header byte after the length.
[INFO] [stdout]     | ^^^^^^^^^^^^^^^^^^^^^^^^^^^^^^^^^^^^^^^^^^^^^^^^^^^^^ rustdoc does not generate documentation for macro invocations
[INFO] [stdout]     |
[INFO] [stdout]     = help: to document an item produced by a macro, the macro must produce the documentation as part of its expansion
[INFO] [stdout] 
[INFO] [stdout] 
[INFO] [stdout] warning: elided lifetime has a name
[INFO] [stdout]    --> src/mpeg2/pes.rs:270:22
[INFO] [stdout]     |
[INFO] [stdout] 270 |   named!(packet_helper<Packet>,
[INFO] [stdout]     |   -                    ^^^^^^ this elided lifetime gets resolved as `'a`
[INFO] [stdout]     |  _|
[INFO] [stdout]     | |
[INFO] [stdout] 271 | |     do_parse!(
[INFO] [stdout] 272 | |         header: call!(header) >>
[INFO] [stdout] 273 | |         header_data: call!(header_data) >>
[INFO] [stdout] ...   |
[INFO] [stdout] 282 | |     )
[INFO] [stdout] 283 | | );
[INFO] [stdout]     | |_- lifetime `'a` declared here
[INFO] [stdout]     |
[INFO] [stdout]     = note: `#[warn(elided_named_lifetimes)]` on by default
[INFO] [stdout] 
[INFO] [stdout] 
[INFO] [stdout] warning: unused doc comment
[INFO] [stdout]   --> src/mpeg2/ps.rs:29:1
[INFO] [stdout]    |
[INFO] [stdout] 29 | /// Parse a Program Stream header.
[INFO] [stdout]    | ^^^^^^^^^^^^^^^^^^^^^^^^^^^^^^^^^^ rustdoc does not generate documentation for macro invocations
[INFO] [stdout]    |
[INFO] [stdout]    = help: to document an item produced by a macro, the macro must produce the documentation as part of its expansion
[INFO] [stdout] 
[INFO] [stdout] 
[INFO] [stdout] warning: unused doc comment
[INFO] [stdout]   --> src/mpeg2/ps.rs:73:1
[INFO] [stdout]    |
[INFO] [stdout] 73 | /// Parse a Program Stream packet and the following PES packet.
[INFO] [stdout]    | ^^^^^^^^^^^^^^^^^^^^^^^^^^^^^^^^^^^^^^^^^^^^^^^^^^^^^^^^^^^^^^^ rustdoc does not generate documentation for macro invocations
[INFO] [stdout]    |
[INFO] [stdout]    = help: to document an item produced by a macro, the macro must produce the documentation as part of its expansion
[INFO] [stdout] 
[INFO] [stdout] 
[INFO] [stdout] warning: unused import: `self::clock::*`
[INFO] [stdout]  --> src/mpeg2/mod.rs:8:9
[INFO] [stdout]   |
[INFO] [stdout] 8 | pub use self::clock::*;
[INFO] [stdout]   |         ^^^^^^^^^^^^^^
[INFO] [stdout]   |
[INFO] [stdout]   = note: `#[warn(unused_imports)]` on by default
[INFO] [stdout] 
[INFO] [stdout] 
[INFO] [stdout] warning: unused doc comment
[INFO] [stdout]   --> src/sub.rs:27:1
[INFO] [stdout]    |
[INFO] [stdout] 27 | /// Parse four 4-bit palette entries.
[INFO] [stdout]    | ^^^^^^^^^^^^^^^^^^^^^^^^^^^^^^^^^^^^^ rustdoc does not generate documentation for macro invocations
[INFO] [stdout]    |
[INFO] [stdout]    = help: to document an item produced by a macro, the macro must produce the documentation as part of its expansion
[INFO] [stdout] 
[INFO] [stdout] 
[INFO] [stdout] warning: unused doc comment
[INFO] [stdout]   --> src/sub.rs:75:1
[INFO] [stdout]    |
[INFO] [stdout] 75 | /// Parse a 12-bit coordinate value.
[INFO] [stdout]    | ^^^^^^^^^^^^^^^^^^^^^^^^^^^^^^^^^^^^ rustdoc does not generate documentation for macro invocations
[INFO] [stdout]    |
[INFO] [stdout]    = help: to document an item produced by a macro, the macro must produce the documentation as part of its expansion
[INFO] [stdout] 
[INFO] [stdout] 
[INFO] [stdout] warning: unused doc comment
[INFO] [stdout]   --> src/sub.rs:78:1
[INFO] [stdout]    |
[INFO] [stdout] 78 | / /// Parse four 12-bit coordinate values as a rectangle (with right and
[INFO] [stdout] 79 | | /// bottom coordinates inclusive).
[INFO] [stdout]    | |_---------------------------------^
[INFO] [stdout]    |   |
[INFO] [stdout]    |   rustdoc does not generate documentation for macro invocations
[INFO] [stdout]    |
[INFO] [stdout]    = help: to document an item produced by a macro, the macro must produce the documentation as part of its expansion
[INFO] [stdout] 
[INFO] [stdout] 
[INFO] [stdout] warning: unused doc comment
[INFO] [stdout]   --> src/sub.rs:97:1
[INFO] [stdout]    |
[INFO] [stdout] 97 | /// Parse a pair of 16-bit RLE offsets.
[INFO] [stdout]    | ^^^^^^^^^^^^^^^^^^^^^^^^^^^^^^^^^^^^^^^ rustdoc does not generate documentation for macro invocations
[INFO] [stdout]    |
[INFO] [stdout]    = help: to document an item produced by a macro, the macro must produce the documentation as part of its expansion
[INFO] [stdout] 
[INFO] [stdout] 
[INFO] [stdout] warning: unused doc comment
[INFO] [stdout]    --> src/sub.rs:126:1
[INFO] [stdout]     |
[INFO] [stdout] 126 | /// Parse a single command in a control sequence.
[INFO] [stdout]     | ^^^^^^^^^^^^^^^^^^^^^^^^^^^^^^^^^^^^^^^^^^^^^^^^^ rustdoc does not generate documentation for macro invocations
[INFO] [stdout]     |
[INFO] [stdout]     = help: to document an item produced by a macro, the macro must produce the documentation as part of its expansion
[INFO] [stdout] 
[INFO] [stdout] 
[INFO] [stdout] warning: unused doc comment
[INFO] [stdout]    --> src/sub.rs:148:1
[INFO] [stdout]     |
[INFO] [stdout] 148 | /// The end of a control sequence.
[INFO] [stdout]     | ^^^^^^^^^^^^^^^^^^^^^^^^^^^^^^^^^^ rustdoc does not generate documentation for macro invocations
[INFO] [stdout]     |
[INFO] [stdout]     = help: to document an item produced by a macro, the macro must produce the documentation as part of its expansion
[INFO] [stdout] 
[INFO] [stdout] 
[INFO] [stdout] warning: unused doc comment
[INFO] [stdout]    --> src/sub.rs:166:1
[INFO] [stdout]     |
[INFO] [stdout] 166 | /// Parse a single control sequence.
[INFO] [stdout]     | ^^^^^^^^^^^^^^^^^^^^^^^^^^^^^^^^^^^^ rustdoc does not generate documentation for macro invocations
[INFO] [stdout]     |
[INFO] [stdout]     = help: to document an item produced by a macro, the macro must produce the documentation as part of its expansion
[INFO] [stdout] 
[INFO] [stdout] 
[INFO] [stdout] warning: elided lifetime has a name
[INFO] [stdout]    --> src/sub.rs:127:24
[INFO] [stdout]     |
[INFO] [stdout] 127 |   named!(control_command<ControlCommand>,
[INFO] [stdout]     |   -                      ^^^^^^^^^^^^^^ this elided lifetime gets resolved as `'a`
[INFO] [stdout]     |  _|
[INFO] [stdout]     | |
[INFO] [stdout] 128 | |     alt!(
[INFO] [stdout] 129 | |         value!(ControlCommand::Force, tag!(&[0x00])) |
[INFO] [stdout] 130 | |         value!(ControlCommand::StartDate, tag!(&[0x01])) |
[INFO] [stdout] ...   |
[INFO] [stdout] 145 | |     )
[INFO] [stdout] 146 | | );
[INFO] [stdout]     | |_- lifetime `'a` declared here
[INFO] [stdout] 
[INFO] [stdout] 
[INFO] [stdout] warning: elided lifetime has a name
[INFO] [stdout]    --> src/sub.rs:167:25
[INFO] [stdout]     |
[INFO] [stdout] 167 |   named!(control_sequence<ControlSequence>,
[INFO] [stdout]     |   -                       ^^^^^^^^^^^^^^^ this elided lifetime gets resolved as `'a`
[INFO] [stdout]     |  _|
[INFO] [stdout]     | |
[INFO] [stdout] 168 | |     do_parse!(
[INFO] [stdout] 169 | |         date: call!(be_u16) >>
[INFO] [stdout] 170 | |         next: call!(be_u16) >>
[INFO] [stdout] ...   |
[INFO] [stdout] 178 | |     )
[INFO] [stdout] 179 | | );
[INFO] [stdout]     | |_- lifetime `'a` declared here
[INFO] [stdout] 
[INFO] [stdout] 
[INFO] [stdout] warning: use of deprecated method `std::error::Error::description`: use the Display impl or to_string()
[INFO] [stdout]   --> src/errors.rs:12:1
[INFO] [stdout]    |
[INFO] [stdout] 12 | / error_chain! {
[INFO] [stdout] 13 | |     foreign_links {
[INFO] [stdout] 14 | |         Io(io::Error);
[INFO] [stdout] 15 | |     }
[INFO] [stdout] ...  |
[INFO] [stdout] 47 | |     }
[INFO] [stdout] 48 | | }
[INFO] [stdout]    | |_^
[INFO] [stdout]    |
[INFO] [stdout]    = note: `#[warn(deprecated)]` on by default
[INFO] [stdout]    = note: this warning originates in the macro `error_chain_processed` which comes from the expansion of the macro `error_chain` (in Nightly builds, run with -Z macro-backtrace for more info)
[INFO] [stdout] 
[INFO] [stdout] 
[INFO] [stdout] warning: use of deprecated function `std::mem::uninitialized`: use `mem::MaybeUninit` instead
[INFO] [stdout]   --> src/idx.rs:31:1
[INFO] [stdout]    |
[INFO] [stdout] 31 | / named!(rgb<Rgb<u8>>,
[INFO] [stdout] 32 | |     map!(count_fixed!(u8, call!(hex_u8), 3), |rgb| { Rgb { data: rgb } })
[INFO] [stdout] 33 | | );
[INFO] [stdout]    | |_^
[INFO] [stdout]    |
[INFO] [stdout]    = note: this warning originates in the macro `count_fixed` which comes from the expansion of the macro `named` (in Nightly builds, run with -Z macro-backtrace for more info)
[INFO] [stdout] 
[INFO] [stdout] 
[INFO] [stdout] warning: use of deprecated constant `std::sync::ONCE_INIT`: the `Once::new()` function is now preferred
[INFO] [stdout]    --> src/idx.rs:102:9
[INFO] [stdout]     |
[INFO] [stdout] 102 | /         lazy_static! {
[INFO] [stdout] 103 | |             static ref KEY_VALUE: Regex =
[INFO] [stdout] 104 | |                 Regex::new("^([A-Za-z/ ]+): (.*)").unwrap();
[INFO] [stdout] 105 | |         }
[INFO] [stdout]     | |_________^
[INFO] [stdout]     |
[INFO] [stdout]     = note: this warning originates in the macro `__lazy_static_create` which comes from the expansion of the macro `lazy_static` (in Nightly builds, run with -Z macro-backtrace for more info)
[INFO] [stdout] 
[INFO] [stdout] 
[INFO] [stdout] warning: use of deprecated function `std::mem::uninitialized`: use `mem::MaybeUninit` instead
[INFO] [stdout]   --> src/sub.rs:28:1
[INFO] [stdout]    |
[INFO] [stdout] 28 | named!(palette_entries<[u8; 4]>, bits!(count_fixed!(u8, take_bits!(u8, 4), 4)));
[INFO] [stdout]    | ^^^^^^^^^^^^^^^^^^^^^^^^^^^^^^^^^^^^^^^^^^^^^^^^^^^^^^^^^^^^^^^^^^^^^^^^^^^^^^^
[INFO] [stdout]    |
[INFO] [stdout]    = note: this warning originates in the macro `count_fixed` which comes from the expansion of the macro `named` (in Nightly builds, run with -Z macro-backtrace for more info)
[INFO] [stdout] 
[INFO] [stdout] 
[INFO] [stdout] warning: use of deprecated function `std::mem::uninitialized`: use `mem::MaybeUninit` instead
[INFO] [stdout]   --> src/sub.rs:98:1
[INFO] [stdout]    |
[INFO] [stdout] 98 | named!(rle_offsets<[u16; 2]>, bits!(count_fixed!(u16, take_bits!(u16, 16), 2)));
[INFO] [stdout]    | ^^^^^^^^^^^^^^^^^^^^^^^^^^^^^^^^^^^^^^^^^^^^^^^^^^^^^^^^^^^^^^^^^^^^^^^^^^^^^^^
[INFO] [stdout]    |
[INFO] [stdout]    = note: this warning originates in the macro `count_fixed` which comes from the expansion of the macro `named` (in Nightly builds, run with -Z macro-backtrace for more info)
[INFO] [stdout] 
[INFO] [stdout] 
[INFO] [stdout] warning: use of deprecated method `std::error::Error::cause`: replaced by Error::source, which can support downcasting
[INFO] [stdout]   --> src/errors.rs:12:1
[INFO] [stdout]    |
[INFO] [stdout] 12 | / error_chain! {
[INFO] [stdout] 13 | |     foreign_links {
[INFO] [stdout] 14 | |         Io(io::Error);
[INFO] [stdout] 15 | |     }
[INFO] [stdout] ...  |
[INFO] [stdout] 47 | |     }
[INFO] [stdout] 48 | | }
[INFO] [stdout]    | |_^
[INFO] [stdout]    |
[INFO] [stdout]    = note: this warning originates in the macro `error_chain_processed` which comes from the expansion of the macro `error_chain` (in Nightly builds, run with -Z macro-backtrace for more info)
[INFO] [stdout] 
[INFO] [stdout] 
[INFO] [stdout] warning: method `ignore_trailing_data` is never used
[INFO] [stdout]   --> src/errors.rs:51:8
[INFO] [stdout]    |
[INFO] [stdout] 50 | pub trait IResultExt<I, O, E> {
[INFO] [stdout]    |           ---------- method in this trait
[INFO] [stdout] 51 |     fn ignore_trailing_data(self) -> IResult<I, O, E>;
[INFO] [stdout]    |        ^^^^^^^^^^^^^^^^^^^^
[INFO] [stdout]    |
[INFO] [stdout]    = note: `#[warn(dead_code)]` on by default
[INFO] [stdout] 
[INFO] [stdout] 
[INFO] [stderr]    Compiling vobsub v0.2.3 (/opt/rustwide/workdir)
[INFO] [stdout] warning: unused doc comment
[INFO] [stdout]   --> src/idx.rs:14:1
[INFO] [stdout]    |
[INFO] [stdout] 14 | /// Parse a single hexadecimal digit.
[INFO] [stdout]    | ^^^^^^^^^^^^^^^^^^^^^^^^^^^^^^^^^^^^^ rustdoc does not generate documentation for macro invocations
[INFO] [stdout]    |
[INFO] [stdout]    = help: to document an item produced by a macro, the macro must produce the documentation as part of its expansion
[INFO] [stdout]    = note: `#[warn(unused_doc_comments)]` on by default
[INFO] [stdout] 
[INFO] [stdout] 
[INFO] [stdout] warning: unused doc comment
[INFO] [stdout]   --> src/idx.rs:21:1
[INFO] [stdout]    |
[INFO] [stdout] 21 | /// Parse a single byte hexadecimal byte.
[INFO] [stdout]    | ^^^^^^^^^^^^^^^^^^^^^^^^^^^^^^^^^^^^^^^^^ rustdoc does not generate documentation for macro invocations
[INFO] [stdout]    |
[INFO] [stdout]    = help: to document an item produced by a macro, the macro must produce the documentation as part of its expansion
[INFO] [stdout] 
[INFO] [stdout] 
[INFO] [stdout] warning: unused doc comment
[INFO] [stdout]   --> src/idx.rs:30:1
[INFO] [stdout]    |
[INFO] [stdout] 30 | /// Parse a 3-byte hexadecimal RGB color.
[INFO] [stdout]    | ^^^^^^^^^^^^^^^^^^^^^^^^^^^^^^^^^^^^^^^^^ rustdoc does not generate documentation for macro invocations
[INFO] [stdout]    |
[INFO] [stdout]    = help: to document an item produced by a macro, the macro must produce the documentation as part of its expansion
[INFO] [stdout] 
[INFO] [stdout] 
[INFO] [stdout] warning: unused doc comment
[INFO] [stdout]   --> src/img.rs:29:1
[INFO] [stdout]    |
[INFO] [stdout] 29 | /// Parse the count for a `Rle`.
[INFO] [stdout]    | ^^^^^^^^^^^^^^^^^^^^^^^^^^^^^^^^ rustdoc does not generate documentation for macro invocations
[INFO] [stdout]    |
[INFO] [stdout]    = help: to document an item produced by a macro, the macro must produce the documentation as part of its expansion
[INFO] [stdout] 
[INFO] [stdout] 
[INFO] [stdout] warning: unused doc comment
[INFO] [stdout]   --> src/img.rs:45:1
[INFO] [stdout]    |
[INFO] [stdout] 45 | /// Parse an `Rle`.
[INFO] [stdout]    | ^^^^^^^^^^^^^^^^^^^ rustdoc does not generate documentation for macro invocations
[INFO] [stdout]    |
[INFO] [stdout]    = help: to document an item produced by a macro, the macro must produce the documentation as part of its expansion
[INFO] [stdout] 
[INFO] [stdout] 
[INFO] [stdout] warning: unused doc comment
[INFO] [stdout]   --> src/mpeg2/clock.rs:44:1
[INFO] [stdout]    |
[INFO] [stdout] 44 | /// Parse a 33-bit `Clock` value with 3 marker bits, consuming 36 bits.
[INFO] [stdout]    | ^^^^^^^^^^^^^^^^^^^^^^^^^^^^^^^^^^^^^^^^^^^^^^^^^^^^^^^^^^^^^^^^^^^^^^^ rustdoc does not generate documentation for macro invocations
[INFO] [stdout]    |
[INFO] [stdout]    = help: to document an item produced by a macro, the macro must produce the documentation as part of its expansion
[INFO] [stdout] 
[INFO] [stdout] 
[INFO] [stdout] warning: unused doc comment
[INFO] [stdout]   --> src/mpeg2/clock.rs:63:1
[INFO] [stdout]    |
[INFO] [stdout] 63 | / /// Parse a 33-bit `Clock` value plus a 9-bit extension and 4 marker bits,
[INFO] [stdout] 64 | | /// consuming 46 bits.
[INFO] [stdout]    | |_---------------------^
[INFO] [stdout]    |   |
[INFO] [stdout]    |   rustdoc does not generate documentation for macro invocations
[INFO] [stdout]    |
[INFO] [stdout]    = help: to document an item produced by a macro, the macro must produce the documentation as part of its expansion
[INFO] [stdout] 
[INFO] [stdout] 
[INFO] [stdout] warning: unused doc comment
[INFO] [stdout]   --> src/mpeg2/pes.rs:34:1
[INFO] [stdout]    |
[INFO] [stdout] 34 | /// Parse PTS & DTS flags in a PES packet header.  Consumes two bits.
[INFO] [stdout]    | ^^^^^^^^^^^^^^^^^^^^^^^^^^^^^^^^^^^^^^^^^^^^^^^^^^^^^^^^^^^^^^^^^^^^^ rustdoc does not generate documentation for macro invocations
[INFO] [stdout]    |
[INFO] [stdout]    = help: to document an item produced by a macro, the macro must produce the documentation as part of its expansion
[INFO] [stdout] 
[INFO] [stdout] 
[INFO] [stdout] warning: unused doc comment
[INFO] [stdout]   --> src/mpeg2/pes.rs:60:1
[INFO] [stdout]    |
[INFO] [stdout] 60 | /// Helper for `pts_dts`.  Parses the PTS-only case.
[INFO] [stdout]    | ^^^^^^^^^^^^^^^^^^^^^^^^^^^^^^^^^^^^^^^^^^^^^^^^^^^^ rustdoc does not generate documentation for macro invocations
[INFO] [stdout]    |
[INFO] [stdout]    = help: to document an item produced by a macro, the macro must produce the documentation as part of its expansion
[INFO] [stdout] 
[INFO] [stdout] 
[INFO] [stdout] warning: unused doc comment
[INFO] [stdout]   --> src/mpeg2/pes.rs:71:1
[INFO] [stdout]    |
[INFO] [stdout] 71 | /// Helper for `pts_dts`.  Parses the PTS and DTS case.
[INFO] [stdout]    | ^^^^^^^^^^^^^^^^^^^^^^^^^^^^^^^^^^^^^^^^^^^^^^^^^^^^^^^ rustdoc does not generate documentation for macro invocations
[INFO] [stdout]    |
[INFO] [stdout]    = help: to document an item produced by a macro, the macro must produce the documentation as part of its expansion
[INFO] [stdout] 
[INFO] [stdout] 
[INFO] [stdout] warning: unused doc comment
[INFO] [stdout]    --> src/mpeg2/pes.rs:117:1
[INFO] [stdout]     |
[INFO] [stdout] 117 | /// Deserialize a single Boolean flag bit.
[INFO] [stdout]     | ^^^^^^^^^^^^^^^^^^^^^^^^^^^^^^^^^^^^^^^^^^ rustdoc does not generate documentation for macro invocations
[INFO] [stdout]     |
[INFO] [stdout]     = help: to document an item produced by a macro, the macro must produce the documentation as part of its expansion
[INFO] [stdout] 
[INFO] [stdout] 
[INFO] [stdout] warning: unused doc comment
[INFO] [stdout]    --> src/mpeg2/pes.rs:181:1
[INFO] [stdout]     |
[INFO] [stdout] 181 | /// Parse PES header data, including the predecing flags and length bytes.
[INFO] [stdout]     | ^^^^^^^^^^^^^^^^^^^^^^^^^^^^^^^^^^^^^^^^^^^^^^^^^^^^^^^^^^^^^^^^^^^^^^^^^^ rustdoc does not generate documentation for macro invocations
[INFO] [stdout]     |
[INFO] [stdout]     = help: to document an item produced by a macro, the macro must produce the documentation as part of its expansion
[INFO] [stdout] 
[INFO] [stdout] 
[INFO] [stdout] warning: unused doc comment
[INFO] [stdout]    --> src/mpeg2/pes.rs:227:1
[INFO] [stdout]     |
[INFO] [stdout] 227 | /// Parse the first PES header byte after the length.
[INFO] [stdout]     | ^^^^^^^^^^^^^^^^^^^^^^^^^^^^^^^^^^^^^^^^^^^^^^^^^^^^^ rustdoc does not generate documentation for macro invocations
[INFO] [stdout]     |
[INFO] [stdout]     = help: to document an item produced by a macro, the macro must produce the documentation as part of its expansion
[INFO] [stdout] 
[INFO] [stdout] 
[INFO] [stdout] warning: elided lifetime has a name
[INFO] [stdout]    --> src/mpeg2/pes.rs:270:22
[INFO] [stdout]     |
[INFO] [stdout] 270 |   named!(packet_helper<Packet>,
[INFO] [stdout]     |   -                    ^^^^^^ this elided lifetime gets resolved as `'a`
[INFO] [stdout]     |  _|
[INFO] [stdout]     | |
[INFO] [stdout] 271 | |     do_parse!(
[INFO] [stdout] 272 | |         header: call!(header) >>
[INFO] [stdout] 273 | |         header_data: call!(header_data) >>
[INFO] [stdout] ...   |
[INFO] [stdout] 282 | |     )
[INFO] [stdout] 283 | | );
[INFO] [stdout]     | |_- lifetime `'a` declared here
[INFO] [stdout]     |
[INFO] [stdout]     = note: `#[warn(elided_named_lifetimes)]` on by default
[INFO] [stdout] 
[INFO] [stdout] 
[INFO] [stdout] warning: unused doc comment
[INFO] [stdout]   --> src/mpeg2/ps.rs:29:1
[INFO] [stdout]    |
[INFO] [stdout] 29 | /// Parse a Program Stream header.
[INFO] [stdout]    | ^^^^^^^^^^^^^^^^^^^^^^^^^^^^^^^^^^ rustdoc does not generate documentation for macro invocations
[INFO] [stdout]    |
[INFO] [stdout]    = help: to document an item produced by a macro, the macro must produce the documentation as part of its expansion
[INFO] [stdout] 
[INFO] [stdout] 
[INFO] [stdout] warning: unused doc comment
[INFO] [stdout]   --> src/mpeg2/ps.rs:73:1
[INFO] [stdout]    |
[INFO] [stdout] 73 | /// Parse a Program Stream packet and the following PES packet.
[INFO] [stdout]    | ^^^^^^^^^^^^^^^^^^^^^^^^^^^^^^^^^^^^^^^^^^^^^^^^^^^^^^^^^^^^^^^ rustdoc does not generate documentation for macro invocations
[INFO] [stdout]    |
[INFO] [stdout]    = help: to document an item produced by a macro, the macro must produce the documentation as part of its expansion
[INFO] [stdout] 
[INFO] [stdout] 
[INFO] [stdout] warning: unused import: `self::clock::*`
[INFO] [stdout]  --> src/mpeg2/mod.rs:8:9
[INFO] [stdout]   |
[INFO] [stdout] 8 | pub use self::clock::*;
[INFO] [stdout]   |         ^^^^^^^^^^^^^^
[INFO] [stdout]   |
[INFO] [stdout]   = note: `#[warn(unused_imports)]` on by default
[INFO] [stdout] 
[INFO] [stdout] 
[INFO] [stdout] warning: unused doc comment
[INFO] [stdout]   --> src/sub.rs:27:1
[INFO] [stdout]    |
[INFO] [stdout] 27 | /// Parse four 4-bit palette entries.
[INFO] [stdout]    | ^^^^^^^^^^^^^^^^^^^^^^^^^^^^^^^^^^^^^ rustdoc does not generate documentation for macro invocations
[INFO] [stdout]    |
[INFO] [stdout]    = help: to document an item produced by a macro, the macro must produce the documentation as part of its expansion
[INFO] [stdout] 
[INFO] [stdout] 
[INFO] [stdout] warning: unused doc comment
[INFO] [stdout]   --> src/sub.rs:75:1
[INFO] [stdout]    |
[INFO] [stdout] 75 | /// Parse a 12-bit coordinate value.
[INFO] [stdout]    | ^^^^^^^^^^^^^^^^^^^^^^^^^^^^^^^^^^^^ rustdoc does not generate documentation for macro invocations
[INFO] [stdout]    |
[INFO] [stdout]    = help: to document an item produced by a macro, the macro must produce the documentation as part of its expansion
[INFO] [stdout] 
[INFO] [stdout] 
[INFO] [stdout] warning: unused doc comment
[INFO] [stdout]   --> src/sub.rs:78:1
[INFO] [stdout]    |
[INFO] [stdout] 78 | / /// Parse four 12-bit coordinate values as a rectangle (with right and
[INFO] [stdout] 79 | | /// bottom coordinates inclusive).
[INFO] [stdout]    | |_---------------------------------^
[INFO] [stdout]    |   |
[INFO] [stdout]    |   rustdoc does not generate documentation for macro invocations
[INFO] [stdout]    |
[INFO] [stdout]    = help: to document an item produced by a macro, the macro must produce the documentation as part of its expansion
[INFO] [stdout] 
[INFO] [stdout] 
[INFO] [stdout] warning: unused doc comment
[INFO] [stdout]   --> src/sub.rs:97:1
[INFO] [stdout]    |
[INFO] [stdout] 97 | /// Parse a pair of 16-bit RLE offsets.
[INFO] [stdout]    | ^^^^^^^^^^^^^^^^^^^^^^^^^^^^^^^^^^^^^^^ rustdoc does not generate documentation for macro invocations
[INFO] [stdout]    |
[INFO] [stdout]    = help: to document an item produced by a macro, the macro must produce the documentation as part of its expansion
[INFO] [stdout] 
[INFO] [stdout] 
[INFO] [stdout] warning: unused doc comment
[INFO] [stdout]    --> src/sub.rs:126:1
[INFO] [stdout]     |
[INFO] [stdout] 126 | /// Parse a single command in a control sequence.
[INFO] [stdout]     | ^^^^^^^^^^^^^^^^^^^^^^^^^^^^^^^^^^^^^^^^^^^^^^^^^ rustdoc does not generate documentation for macro invocations
[INFO] [stdout]     |
[INFO] [stdout]     = help: to document an item produced by a macro, the macro must produce the documentation as part of its expansion
[INFO] [stdout] 
[INFO] [stdout] 
[INFO] [stdout] warning: unused doc comment
[INFO] [stdout]    --> src/sub.rs:148:1
[INFO] [stdout]     |
[INFO] [stdout] 148 | /// The end of a control sequence.
[INFO] [stdout]     | ^^^^^^^^^^^^^^^^^^^^^^^^^^^^^^^^^^ rustdoc does not generate documentation for macro invocations
[INFO] [stdout]     |
[INFO] [stdout]     = help: to document an item produced by a macro, the macro must produce the documentation as part of its expansion
[INFO] [stdout] 
[INFO] [stdout] 
[INFO] [stdout] warning: unused doc comment
[INFO] [stdout]    --> src/sub.rs:166:1
[INFO] [stdout]     |
[INFO] [stdout] 166 | /// Parse a single control sequence.
[INFO] [stdout]     | ^^^^^^^^^^^^^^^^^^^^^^^^^^^^^^^^^^^^ rustdoc does not generate documentation for macro invocations
[INFO] [stdout]     |
[INFO] [stdout]     = help: to document an item produced by a macro, the macro must produce the documentation as part of its expansion
[INFO] [stdout] 
[INFO] [stdout] 
[INFO] [stdout] warning: elided lifetime has a name
[INFO] [stdout]    --> src/sub.rs:127:24
[INFO] [stdout]     |
[INFO] [stdout] 127 |   named!(control_command<ControlCommand>,
[INFO] [stdout]     |   -                      ^^^^^^^^^^^^^^ this elided lifetime gets resolved as `'a`
[INFO] [stdout]     |  _|
[INFO] [stdout]     | |
[INFO] [stdout] 128 | |     alt!(
[INFO] [stdout] 129 | |         value!(ControlCommand::Force, tag!(&[0x00])) |
[INFO] [stdout] 130 | |         value!(ControlCommand::StartDate, tag!(&[0x01])) |
[INFO] [stdout] ...   |
[INFO] [stdout] 145 | |     )
[INFO] [stdout] 146 | | );
[INFO] [stdout]     | |_- lifetime `'a` declared here
[INFO] [stdout] 
[INFO] [stdout] 
[INFO] [stdout] warning: elided lifetime has a name
[INFO] [stdout]    --> src/sub.rs:167:25
[INFO] [stdout]     |
[INFO] [stdout] 167 |   named!(control_sequence<ControlSequence>,
[INFO] [stdout]     |   -                       ^^^^^^^^^^^^^^^ this elided lifetime gets resolved as `'a`
[INFO] [stdout]     |  _|
[INFO] [stdout]     | |
[INFO] [stdout] 168 | |     do_parse!(
[INFO] [stdout] 169 | |         date: call!(be_u16) >>
[INFO] [stdout] 170 | |         next: call!(be_u16) >>
[INFO] [stdout] ...   |
[INFO] [stdout] 178 | |     )
[INFO] [stdout] 179 | | );
[INFO] [stdout]     | |_- lifetime `'a` declared here
[INFO] [stdout] 
[INFO] [stdout] 
[INFO] [stdout] warning: use of deprecated method `std::error::Error::description`: use the Display impl or to_string()
[INFO] [stdout]   --> src/errors.rs:12:1
[INFO] [stdout]    |
[INFO] [stdout] 12 | / error_chain! {
[INFO] [stdout] 13 | |     foreign_links {
[INFO] [stdout] 14 | |         Io(io::Error);
[INFO] [stdout] 15 | |     }
[INFO] [stdout] ...  |
[INFO] [stdout] 47 | |     }
[INFO] [stdout] 48 | | }
[INFO] [stdout]    | |_^
[INFO] [stdout]    |
[INFO] [stdout]    = note: `#[warn(deprecated)]` on by default
[INFO] [stdout]    = note: this warning originates in the macro `error_chain_processed` which comes from the expansion of the macro `error_chain` (in Nightly builds, run with -Z macro-backtrace for more info)
[INFO] [stdout] 
[INFO] [stdout] 
[INFO] [stdout] warning: use of deprecated function `std::mem::uninitialized`: use `mem::MaybeUninit` instead
[INFO] [stdout]   --> src/idx.rs:31:1
[INFO] [stdout]    |
[INFO] [stdout] 31 | / named!(rgb<Rgb<u8>>,
[INFO] [stdout] 32 | |     map!(count_fixed!(u8, call!(hex_u8), 3), |rgb| { Rgb { data: rgb } })
[INFO] [stdout] 33 | | );
[INFO] [stdout]    | |_^
[INFO] [stdout]    |
[INFO] [stdout]    = note: this warning originates in the macro `count_fixed` which comes from the expansion of the macro `named` (in Nightly builds, run with -Z macro-backtrace for more info)
[INFO] [stdout] 
[INFO] [stdout] 
[INFO] [stdout] warning: use of deprecated constant `std::sync::ONCE_INIT`: the `Once::new()` function is now preferred
[INFO] [stdout]    --> src/idx.rs:102:9
[INFO] [stdout]     |
[INFO] [stdout] 102 | /         lazy_static! {
[INFO] [stdout] 103 | |             static ref KEY_VALUE: Regex =
[INFO] [stdout] 104 | |                 Regex::new("^([A-Za-z/ ]+): (.*)").unwrap();
[INFO] [stdout] 105 | |         }
[INFO] [stdout]     | |_________^
[INFO] [stdout]     |
[INFO] [stdout]     = note: this warning originates in the macro `__lazy_static_create` which comes from the expansion of the macro `lazy_static` (in Nightly builds, run with -Z macro-backtrace for more info)
[INFO] [stdout] 
[INFO] [stdout] 
[INFO] [stdout] warning: use of deprecated function `std::mem::uninitialized`: use `mem::MaybeUninit` instead
[INFO] [stdout]   --> src/sub.rs:28:1
[INFO] [stdout]    |
[INFO] [stdout] 28 | named!(palette_entries<[u8; 4]>, bits!(count_fixed!(u8, take_bits!(u8, 4), 4)));
[INFO] [stdout]    | ^^^^^^^^^^^^^^^^^^^^^^^^^^^^^^^^^^^^^^^^^^^^^^^^^^^^^^^^^^^^^^^^^^^^^^^^^^^^^^^
[INFO] [stdout]    |
[INFO] [stdout]    = note: this warning originates in the macro `count_fixed` which comes from the expansion of the macro `named` (in Nightly builds, run with -Z macro-backtrace for more info)
[INFO] [stdout] 
[INFO] [stdout] 
[INFO] [stdout] warning: use of deprecated function `std::mem::uninitialized`: use `mem::MaybeUninit` instead
[INFO] [stdout]   --> src/sub.rs:98:1
[INFO] [stdout]    |
[INFO] [stdout] 98 | named!(rle_offsets<[u16; 2]>, bits!(count_fixed!(u16, take_bits!(u16, 16), 2)));
[INFO] [stdout]    | ^^^^^^^^^^^^^^^^^^^^^^^^^^^^^^^^^^^^^^^^^^^^^^^^^^^^^^^^^^^^^^^^^^^^^^^^^^^^^^^
[INFO] [stdout]    |
[INFO] [stdout]    = note: this warning originates in the macro `count_fixed` which comes from the expansion of the macro `named` (in Nightly builds, run with -Z macro-backtrace for more info)
[INFO] [stdout] 
[INFO] [stdout] 
[INFO] [stdout] warning: use of deprecated method `std::error::Error::cause`: replaced by Error::source, which can support downcasting
[INFO] [stdout]   --> src/errors.rs:12:1
[INFO] [stdout]    |
[INFO] [stdout] 12 | / error_chain! {
[INFO] [stdout] 13 | |     foreign_links {
[INFO] [stdout] 14 | |         Io(io::Error);
[INFO] [stdout] 15 | |     }
[INFO] [stdout] ...  |
[INFO] [stdout] 47 | |     }
[INFO] [stdout] 48 | | }
[INFO] [stdout]    | |_^
[INFO] [stdout]    |
[INFO] [stdout]    = note: this warning originates in the macro `error_chain_processed` which comes from the expansion of the macro `error_chain` (in Nightly builds, run with -Z macro-backtrace for more info)
[INFO] [stdout] 
[INFO] [stdout] 
[INFO] [stdout] warning: method `ignore_trailing_data` is never used
[INFO] [stdout]   --> src/errors.rs:51:8
[INFO] [stdout]    |
[INFO] [stdout] 50 | pub trait IResultExt<I, O, E> {
[INFO] [stdout]    |           ---------- method in this trait
[INFO] [stdout] 51 |     fn ignore_trailing_data(self) -> IResult<I, O, E>;
[INFO] [stdout]    |        ^^^^^^^^^^^^^^^^^^^^
[INFO] [stdout]    |
[INFO] [stdout]    = note: `#[warn(dead_code)]` on by default
[INFO] [stdout] 
[INFO] [stdout] 
[INFO] [stderr]     Finished `test` profile [unoptimized + debuginfo] target(s) in 0.94s
[INFO] [stderr] warning: the following packages contain code that will be rejected by a future version of Rust: nom v2.1.0
[INFO] [stderr] note: to see what the problems were, use the option `--future-incompat-report`, or run `cargo report future-incompatibilities --id 1`
[INFO] running `Command { std: "docker" "inspect" "0368763427d142a52a6ebdc99871ea4bc3a93a2257290ffdaddb10e008daae3e", kill_on_drop: false }`
[INFO] running `Command { std: "docker" "rm" "-f" "0368763427d142a52a6ebdc99871ea4bc3a93a2257290ffdaddb10e008daae3e", kill_on_drop: false }`
[INFO] [stdout] 0368763427d142a52a6ebdc99871ea4bc3a93a2257290ffdaddb10e008daae3e
[INFO] running `Command { std: "docker" "create" "-v" "/var/lib/crater-agent-workspace/builds/worker-6-tc2/target:/opt/rustwide/target:rw,Z" "-v" "/var/lib/crater-agent-workspace/builds/worker-6-tc2/source:/opt/rustwide/workdir:ro,Z" "-v" "/var/lib/crater-agent-workspace/cargo-home:/opt/rustwide/cargo-home:ro,Z" "-v" "/var/lib/crater-agent-workspace/rustup-home:/opt/rustwide/rustup-home:ro,Z" "-e" "SOURCE_DIR=/opt/rustwide/workdir" "-e" "CARGO_TARGET_DIR=/opt/rustwide/target" "-e" "CARGO_INCREMENTAL=0" "-e" "RUST_BACKTRACE=full" "-e" "RUSTFLAGS=--cap-lints=forbid -Zrandomize-layout" "-e" "RUSTDOCFLAGS=--cap-lints=forbid" "-e" "CARGO_HOME=/opt/rustwide/cargo-home" "-e" "RUSTUP_HOME=/opt/rustwide/rustup-home" "-w" "/opt/rustwide/workdir" "-m" "1610612736" "--user" "0:0" "--network" "none" "ghcr.io/rust-lang/crates-build-env/linux@sha256:4a844ea9eb2546a2d2c7022eacef16ef2e8229c7fbb2c7d4d55a9ceca922f72d" "/opt/rustwide/cargo-home/bin/cargo" "+nightly-2024-10-28" "test" "--frozen", kill_on_drop: false }`
[INFO] [stdout] f516523903770323d66080852e637ba35803acda66ae9085ed6d08cea6e79218
[INFO] running `Command { std: "docker" "start" "-a" "f516523903770323d66080852e637ba35803acda66ae9085ed6d08cea6e79218", kill_on_drop: false }`
[INFO] [stderr] warning: no edition set: defaulting to the 2015 edition while the latest is 2021
[INFO] [stderr] warning: unused doc comment
[INFO] [stderr]   --> src/idx.rs:14:1
[INFO] [stderr]    |
[INFO] [stderr] 14 | /// Parse a single hexadecimal digit.
[INFO] [stderr]    | ^^^^^^^^^^^^^^^^^^^^^^^^^^^^^^^^^^^^^ rustdoc does not generate documentation for macro invocations
[INFO] [stderr]    |
[INFO] [stderr]    = help: to document an item produced by a macro, the macro must produce the documentation as part of its expansion
[INFO] [stderr]    = note: `#[warn(unused_doc_comments)]` on by default
[INFO] [stderr] 
[INFO] [stderr] warning: unused doc comment
[INFO] [stderr]   --> src/idx.rs:21:1
[INFO] [stderr]    |
[INFO] [stderr] 21 | /// Parse a single byte hexadecimal byte.
[INFO] [stderr]    | ^^^^^^^^^^^^^^^^^^^^^^^^^^^^^^^^^^^^^^^^^ rustdoc does not generate documentation for macro invocations
[INFO] [stderr]    |
[INFO] [stderr]    = help: to document an item produced by a macro, the macro must produce the documentation as part of its expansion
[INFO] [stderr] 
[INFO] [stderr] warning: unused doc comment
[INFO] [stderr]   --> src/idx.rs:30:1
[INFO] [stderr]    |
[INFO] [stderr] 30 | /// Parse a 3-byte hexadecimal RGB color.
[INFO] [stderr]    | ^^^^^^^^^^^^^^^^^^^^^^^^^^^^^^^^^^^^^^^^^ rustdoc does not generate documentation for macro invocations
[INFO] [stderr]    |
[INFO] [stderr]    = help: to document an item produced by a macro, the macro must produce the documentation as part of its expansion
[INFO] [stderr] 
[INFO] [stderr] warning: unused doc comment
[INFO] [stderr]   --> src/img.rs:29:1
[INFO] [stderr]    |
[INFO] [stderr] 29 | /// Parse the count for a `Rle`.
[INFO] [stderr]    | ^^^^^^^^^^^^^^^^^^^^^^^^^^^^^^^^ rustdoc does not generate documentation for macro invocations
[INFO] [stderr]    |
[INFO] [stderr]    = help: to document an item produced by a macro, the macro must produce the documentation as part of its expansion
[INFO] [stderr] 
[INFO] [stderr] warning: unused doc comment
[INFO] [stderr]   --> src/img.rs:45:1
[INFO] [stderr]    |
[INFO] [stderr] 45 | /// Parse an `Rle`.
[INFO] [stderr]    | ^^^^^^^^^^^^^^^^^^^ rustdoc does not generate documentation for macro invocations
[INFO] [stderr]    |
[INFO] [stderr]    = help: to document an item produced by a macro, the macro must produce the documentation as part of its expansion
[INFO] [stderr] 
[INFO] [stderr] warning: unused doc comment
[INFO] [stderr]   --> src/mpeg2/clock.rs:44:1
[INFO] [stderr]    |
[INFO] [stderr] 44 | /// Parse a 33-bit `Clock` value with 3 marker bits, consuming 36 bits.
[INFO] [stderr]    | ^^^^^^^^^^^^^^^^^^^^^^^^^^^^^^^^^^^^^^^^^^^^^^^^^^^^^^^^^^^^^^^^^^^^^^^ rustdoc does not generate documentation for macro invocations
[INFO] [stderr]    |
[INFO] [stderr]    = help: to document an item produced by a macro, the macro must produce the documentation as part of its expansion
[INFO] [stderr] 
[INFO] [stderr] warning: unused doc comment
[INFO] [stderr]   --> src/mpeg2/clock.rs:63:1
[INFO] [stderr]    |
[INFO] [stderr] 63 | / /// Parse a 33-bit `Clock` value plus a 9-bit extension and 4 marker bits,
[INFO] [stderr] 64 | | /// consuming 46 bits.
[INFO] [stderr]    | |_---------------------^
[INFO] [stderr]    |   |
[INFO] [stderr]    |   rustdoc does not generate documentation for macro invocations
[INFO] [stderr]    |
[INFO] [stderr]    = help: to document an item produced by a macro, the macro must produce the documentation as part of its expansion
[INFO] [stderr] 
[INFO] [stderr] warning: unused doc comment
[INFO] [stderr]   --> src/mpeg2/pes.rs:34:1
[INFO] [stderr]    |
[INFO] [stderr] 34 | /// Parse PTS & DTS flags in a PES packet header.  Consumes two bits.
[INFO] [stderr]    | ^^^^^^^^^^^^^^^^^^^^^^^^^^^^^^^^^^^^^^^^^^^^^^^^^^^^^^^^^^^^^^^^^^^^^ rustdoc does not generate documentation for macro invocations
[INFO] [stderr]    |
[INFO] [stderr]    = help: to document an item produced by a macro, the macro must produce the documentation as part of its expansion
[INFO] [stderr] 
[INFO] [stderr] warning: unused doc comment
[INFO] [stderr]   --> src/mpeg2/pes.rs:60:1
[INFO] [stderr]    |
[INFO] [stderr] 60 | /// Helper for `pts_dts`.  Parses the PTS-only case.
[INFO] [stderr]    | ^^^^^^^^^^^^^^^^^^^^^^^^^^^^^^^^^^^^^^^^^^^^^^^^^^^^ rustdoc does not generate documentation for macro invocations
[INFO] [stderr]    |
[INFO] [stderr]    = help: to document an item produced by a macro, the macro must produce the documentation as part of its expansion
[INFO] [stderr] 
[INFO] [stderr] warning: unused doc comment
[INFO] [stderr]   --> src/mpeg2/pes.rs:71:1
[INFO] [stderr]    |
[INFO] [stderr] 71 | /// Helper for `pts_dts`.  Parses the PTS and DTS case.
[INFO] [stderr]    | ^^^^^^^^^^^^^^^^^^^^^^^^^^^^^^^^^^^^^^^^^^^^^^^^^^^^^^^ rustdoc does not generate documentation for macro invocations
[INFO] [stderr]    |
[INFO] [stderr]    = help: to document an item produced by a macro, the macro must produce the documentation as part of its expansion
[INFO] [stderr] 
[INFO] [stderr] warning: unused doc comment
[INFO] [stderr]    --> src/mpeg2/pes.rs:117:1
[INFO] [stderr]     |
[INFO] [stderr] 117 | /// Deserialize a single Boolean flag bit.
[INFO] [stderr]     | ^^^^^^^^^^^^^^^^^^^^^^^^^^^^^^^^^^^^^^^^^^ rustdoc does not generate documentation for macro invocations
[INFO] [stderr]     |
[INFO] [stderr]     = help: to document an item produced by a macro, the macro must produce the documentation as part of its expansion
[INFO] [stderr] 
[INFO] [stderr] warning: unused doc comment
[INFO] [stderr]    --> src/mpeg2/pes.rs:181:1
[INFO] [stderr]     |
[INFO] [stderr] 181 | /// Parse PES header data, including the predecing flags and length bytes.
[INFO] [stderr]     | ^^^^^^^^^^^^^^^^^^^^^^^^^^^^^^^^^^^^^^^^^^^^^^^^^^^^^^^^^^^^^^^^^^^^^^^^^^ rustdoc does not generate documentation for macro invocations
[INFO] [stderr]     |
[INFO] [stderr]     = help: to document an item produced by a macro, the macro must produce the documentation as part of its expansion
[INFO] [stderr] 
[INFO] [stderr] warning: unused doc comment
[INFO] [stderr]    --> src/mpeg2/pes.rs:227:1
[INFO] [stderr]     |
[INFO] [stderr] 227 | /// Parse the first PES header byte after the length.
[INFO] [stderr]     | ^^^^^^^^^^^^^^^^^^^^^^^^^^^^^^^^^^^^^^^^^^^^^^^^^^^^^ rustdoc does not generate documentation for macro invocations
[INFO] [stderr]     |
[INFO] [stderr]     = help: to document an item produced by a macro, the macro must produce the documentation as part of its expansion
[INFO] [stderr] 
[INFO] [stderr] warning: elided lifetime has a name
[INFO] [stderr]    --> src/mpeg2/pes.rs:270:22
[INFO] [stderr]     |
[INFO] [stderr] 270 |   named!(packet_helper<Packet>,
[INFO] [stderr]     |   -                    ^^^^^^ this elided lifetime gets resolved as `'a`
[INFO] [stderr]     |  _|
[INFO] [stderr]     | |
[INFO] [stderr] 271 | |     do_parse!(
[INFO] [stderr] 272 | |         header: call!(header) >>
[INFO] [stderr] 273 | |         header_data: call!(header_data) >>
[INFO] [stderr] ...   |
[INFO] [stderr] 282 | |     )
[INFO] [stderr] 283 | | );
[INFO] [stderr]     | |_- lifetime `'a` declared here
[INFO] [stderr]     |
[INFO] [stderr]     = note: `#[warn(elided_named_lifetimes)]` on by default
[INFO] [stderr] 
[INFO] [stderr] warning: unused doc comment
[INFO] [stderr]   --> src/mpeg2/ps.rs:29:1
[INFO] [stderr]    |
[INFO] [stderr] 29 | /// Parse a Program Stream header.
[INFO] [stderr]    | ^^^^^^^^^^^^^^^^^^^^^^^^^^^^^^^^^^ rustdoc does not generate documentation for macro invocations
[INFO] [stderr]    |
[INFO] [stderr]    = help: to document an item produced by a macro, the macro must produce the documentation as part of its expansion
[INFO] [stderr] 
[INFO] [stderr] warning: unused doc comment
[INFO] [stderr]   --> src/mpeg2/ps.rs:73:1
[INFO] [stderr]    |
[INFO] [stderr] 73 | /// Parse a Program Stream packet and the following PES packet.
[INFO] [stderr]    | ^^^^^^^^^^^^^^^^^^^^^^^^^^^^^^^^^^^^^^^^^^^^^^^^^^^^^^^^^^^^^^^ rustdoc does not generate documentation for macro invocations
[INFO] [stderr]    |
[INFO] [stderr]    = help: to document an item produced by a macro, the macro must produce the documentation as part of its expansion
[INFO] [stderr] 
[INFO] [stderr] warning: unused import: `self::clock::*`
[INFO] [stderr]  --> src/mpeg2/mod.rs:8:9
[INFO] [stderr]   |
[INFO] [stderr] 8 | pub use self::clock::*;
[INFO] [stderr]   |         ^^^^^^^^^^^^^^
[INFO] [stderr]   |
[INFO] [stderr]   = note: `#[warn(unused_imports)]` on by default
[INFO] [stderr] 
[INFO] [stderr] warning: unused doc comment
[INFO] [stderr]   --> src/sub.rs:27:1
[INFO] [stderr]    |
[INFO] [stderr] 27 | /// Parse four 4-bit palette entries.
[INFO] [stderr]    | ^^^^^^^^^^^^^^^^^^^^^^^^^^^^^^^^^^^^^ rustdoc does not generate documentation for macro invocations
[INFO] [stderr]    |
[INFO] [stderr]    = help: to document an item produced by a macro, the macro must produce the documentation as part of its expansion
[INFO] [stderr] 
[INFO] [stderr] warning: unused doc comment
[INFO] [stderr]   --> src/sub.rs:75:1
[INFO] [stderr]    |
[INFO] [stderr] 75 | /// Parse a 12-bit coordinate value.
[INFO] [stderr]    | ^^^^^^^^^^^^^^^^^^^^^^^^^^^^^^^^^^^^ rustdoc does not generate documentation for macro invocations
[INFO] [stderr]    |
[INFO] [stderr]    = help: to document an item produced by a macro, the macro must produce the documentation as part of its expansion
[INFO] [stderr] 
[INFO] [stderr] warning: unused doc comment
[INFO] [stderr]   --> src/sub.rs:78:1
[INFO] [stderr]    |
[INFO] [stderr] 78 | / /// Parse four 12-bit coordinate values as a rectangle (with right and
[INFO] [stderr] 79 | | /// bottom coordinates inclusive).
[INFO] [stderr]    | |_---------------------------------^
[INFO] [stderr]    |   |
[INFO] [stderr]    |   rustdoc does not generate documentation for macro invocations
[INFO] [stderr]    |
[INFO] [stderr]    = help: to document an item produced by a macro, the macro must produce the documentation as part of its expansion
[INFO] [stderr] 
[INFO] [stderr] warning: unused doc comment
[INFO] [stderr]   --> src/sub.rs:97:1
[INFO] [stderr]    |
[INFO] [stderr] 97 | /// Parse a pair of 16-bit RLE offsets.
[INFO] [stderr]    | ^^^^^^^^^^^^^^^^^^^^^^^^^^^^^^^^^^^^^^^ rustdoc does not generate documentation for macro invocations
[INFO] [stderr]    |
[INFO] [stderr]    = help: to document an item produced by a macro, the macro must produce the documentation as part of its expansion
[INFO] [stderr] 
[INFO] [stderr] warning: unused doc comment
[INFO] [stderr]    --> src/sub.rs:126:1
[INFO] [stderr]     |
[INFO] [stderr] 126 | /// Parse a single command in a control sequence.
[INFO] [stderr]     | ^^^^^^^^^^^^^^^^^^^^^^^^^^^^^^^^^^^^^^^^^^^^^^^^^ rustdoc does not generate documentation for macro invocations
[INFO] [stderr]     |
[INFO] [stderr]     = help: to document an item produced by a macro, the macro must produce the documentation as part of its expansion
[INFO] [stderr] 
[INFO] [stderr] warning: unused doc comment
[INFO] [stderr]    --> src/sub.rs:148:1
[INFO] [stderr]     |
[INFO] [stderr] 148 | /// The end of a control sequence.
[INFO] [stderr]     | ^^^^^^^^^^^^^^^^^^^^^^^^^^^^^^^^^^ rustdoc does not generate documentation for macro invocations
[INFO] [stderr]     |
[INFO] [stderr]     = help: to document an item produced by a macro, the macro must produce the documentation as part of its expansion
[INFO] [stderr] 
[INFO] [stderr] warning: unused doc comment
[INFO] [stderr]    --> src/sub.rs:166:1
[INFO] [stderr]     |
[INFO] [stderr] 166 | /// Parse a single control sequence.
[INFO] [stderr]     | ^^^^^^^^^^^^^^^^^^^^^^^^^^^^^^^^^^^^ rustdoc does not generate documentation for macro invocations
[INFO] [stderr]     |
[INFO] [stderr]     = help: to document an item produced by a macro, the macro must produce the documentation as part of its expansion
[INFO] [stderr] 
[INFO] [stderr] warning: elided lifetime has a name
[INFO] [stderr]    --> src/sub.rs:127:24
[INFO] [stderr]     |
[INFO] [stderr] 127 |   named!(control_command<ControlCommand>,
[INFO] [stderr]     |   -                      ^^^^^^^^^^^^^^ this elided lifetime gets resolved as `'a`
[INFO] [stderr]     |  _|
[INFO] [stderr]     | |
[INFO] [stderr] 128 | |     alt!(
[INFO] [stderr] 129 | |         value!(ControlCommand::Force, tag!(&[0x00])) |
[INFO] [stderr] 130 | |         value!(ControlCommand::StartDate, tag!(&[0x01])) |
[INFO] [stderr] ...   |
[INFO] [stderr] 145 | |     )
[INFO] [stderr] 146 | | );
[INFO] [stderr]     | |_- lifetime `'a` declared here
[INFO] [stderr] 
[INFO] [stderr] warning: elided lifetime has a name
[INFO] [stderr]    --> src/sub.rs:167:25
[INFO] [stderr]     |
[INFO] [stderr] 167 |   named!(control_sequence<ControlSequence>,
[INFO] [stderr]     |   -                       ^^^^^^^^^^^^^^^ this elided lifetime gets resolved as `'a`
[INFO] [stderr]     |  _|
[INFO] [stderr]     | |
[INFO] [stderr] 168 | |     do_parse!(
[INFO] [stderr] 169 | |         date: call!(be_u16) >>
[INFO] [stderr] 170 | |         next: call!(be_u16) >>
[INFO] [stderr] ...   |
[INFO] [stderr] 178 | |     )
[INFO] [stderr] 179 | | );
[INFO] [stderr]     | |_- lifetime `'a` declared here
[INFO] [stderr] 
[INFO] [stderr] warning: use of deprecated method `std::error::Error::description`: use the Display impl or to_string()
[INFO] [stderr]   --> src/errors.rs:12:1
[INFO] [stderr]    |
[INFO] [stderr] 12 | / error_chain! {
[INFO] [stderr] 13 | |     foreign_links {
[INFO] [stderr] 14 | |         Io(io::Error);
[INFO] [stderr] 15 | |     }
[INFO] [stderr] ...  |
[INFO] [stderr] 47 | |     }
[INFO] [stderr] 48 | | }
[INFO] [stderr]    | |_^
[INFO] [stderr]    |
[INFO] [stderr]    = note: `#[warn(deprecated)]` on by default
[INFO] [stderr]    = note: this warning originates in the macro `error_chain_processed` which comes from the expansion of the macro `error_chain` (in Nightly builds, run with -Z macro-backtrace for more info)
[INFO] [stderr] 
[INFO] [stderr] warning: use of deprecated function `std::mem::uninitialized`: use `mem::MaybeUninit` instead
[INFO] [stderr]   --> src/idx.rs:31:1
[INFO] [stderr]    |
[INFO] [stderr] 31 | / named!(rgb<Rgb<u8>>,
[INFO] [stderr] 32 | |     map!(count_fixed!(u8, call!(hex_u8), 3), |rgb| { Rgb { data: rgb } })
[INFO] [stderr] 33 | | );
[INFO] [stderr]    | |_^
[INFO] [stderr]    |
[INFO] [stderr]    = note: this warning originates in the macro `count_fixed` which comes from the expansion of the macro `named` (in Nightly builds, run with -Z macro-backtrace for more info)
[INFO] [stderr] 
[INFO] [stderr] warning: use of deprecated constant `std::sync::ONCE_INIT`: the `Once::new()` function is now preferred
[INFO] [stderr]    --> src/idx.rs:102:9
[INFO] [stderr]     |
[INFO] [stderr] 102 | /         lazy_static! {
[INFO] [stderr] 103 | |             static ref KEY_VALUE: Regex =
[INFO] [stderr] 104 | |                 Regex::new("^([A-Za-z/ ]+): (.*)").unwrap();
[INFO] [stderr] 105 | |         }
[INFO] [stderr]     | |_________^
[INFO] [stderr]     |
[INFO] [stderr]     = note: this warning originates in the macro `__lazy_static_create` which comes from the expansion of the macro `lazy_static` (in Nightly builds, run with -Z macro-backtrace for more info)
[INFO] [stderr] 
[INFO] [stderr] warning: use of deprecated function `std::mem::uninitialized`: use `mem::MaybeUninit` instead
[INFO] [stderr]   --> src/sub.rs:28:1
[INFO] [stderr]    |
[INFO] [stderr] 28 | named!(palette_entries<[u8; 4]>, bits!(count_fixed!(u8, take_bits!(u8, 4), 4)));
[INFO] [stderr]    | ^^^^^^^^^^^^^^^^^^^^^^^^^^^^^^^^^^^^^^^^^^^^^^^^^^^^^^^^^^^^^^^^^^^^^^^^^^^^^^^
[INFO] [stderr]    |
[INFO] [stderr]    = note: this warning originates in the macro `count_fixed` which comes from the expansion of the macro `named` (in Nightly builds, run with -Z macro-backtrace for more info)
[INFO] [stderr] 
[INFO] [stderr] warning: use of deprecated function `std::mem::uninitialized`: use `mem::MaybeUninit` instead
[INFO] [stderr]   --> src/sub.rs:98:1
[INFO] [stderr]    |
[INFO] [stderr] 98 | named!(rle_offsets<[u16; 2]>, bits!(count_fixed!(u16, take_bits!(u16, 16), 2)));
[INFO] [stderr]    | ^^^^^^^^^^^^^^^^^^^^^^^^^^^^^^^^^^^^^^^^^^^^^^^^^^^^^^^^^^^^^^^^^^^^^^^^^^^^^^^
[INFO] [stderr]    |
[INFO] [stderr]    = note: this warning originates in the macro `count_fixed` which comes from the expansion of the macro `named` (in Nightly builds, run with -Z macro-backtrace for more info)
[INFO] [stderr] 
[INFO] [stderr] warning: use of deprecated method `std::error::Error::cause`: replaced by Error::source, which can support downcasting
[INFO] [stderr]   --> src/errors.rs:12:1
[INFO] [stderr]    |
[INFO] [stderr] 12 | / error_chain! {
[INFO] [stderr] 13 | |     foreign_links {
[INFO] [stderr] 14 | |         Io(io::Error);
[INFO] [stderr] 15 | |     }
[INFO] [stderr] ...  |
[INFO] [stderr] 47 | |     }
[INFO] [stderr] 48 | | }
[INFO] [stderr]    | |_^
[INFO] [stderr]    |
[INFO] [stderr]    = note: this warning originates in the macro `error_chain_processed` which comes from the expansion of the macro `error_chain` (in Nightly builds, run with -Z macro-backtrace for more info)
[INFO] [stderr] 
[INFO] [stderr] warning: method `ignore_trailing_data` is never used
[INFO] [stderr]   --> src/errors.rs:51:8
[INFO] [stderr]    |
[INFO] [stderr] 50 | pub trait IResultExt<I, O, E> {
[INFO] [stderr]    |           ---------- method in this trait
[INFO] [stderr] 51 |     fn ignore_trailing_data(self) -> IResult<I, O, E>;
[INFO] [stderr]    |        ^^^^^^^^^^^^^^^^^^^^
[INFO] [stderr]    |
[INFO] [stderr]    = note: `#[warn(dead_code)]` on by default
[INFO] [stderr] 
[INFO] [stderr] warning: `vobsub` (lib) generated 33 warnings (run `cargo fix --lib -p vobsub` to apply 1 suggestion)
[INFO] [stderr] warning: `vobsub` (lib test) generated 33 warnings (33 duplicates)
[INFO] [stderr]     Finished `test` profile [unoptimized + debuginfo] target(s) in 0.03s
[INFO] [stderr] warning: the following packages contain code that will be rejected by a future version of Rust: nom v2.1.0
[INFO] [stderr] note: to see what the problems were, use the option `--future-incompat-report`, or run `cargo report future-incompatibilities --id 1`
[INFO] [stderr]      Running unittests src/lib.rs (/opt/rustwide/target/debug/deps/vobsub-29eafe44def4baf6)
[INFO] [stdout] 
[INFO] [stdout] running 16 tests
[INFO] [stdout] test idx::parse_palette ... ok
[INFO] [stdout] test idx::parse_rgb ... ok
[INFO] [stdout] test mpeg2::pes::parse_header_data ... ok
[INFO] [stdout] test mpeg2::pes::parse_header_data_flags ... ok
[INFO] [stdout] test mpeg2::pes::parse_packet ... ok
[INFO] [stdout] test mpeg2::clock::parse_clock ... ok
[INFO] [stdout] test mpeg2::pes::parse_pts_dts ... ok
[INFO] [stdout] test mpeg2::pes::parse_pts_dts_flags ... ok
[INFO] [stdout] test sub::parse_control_sequence ... ok
[INFO] [stdout] test sub::parse_palette_entries ... ok
[INFO] [stdout] test sub::parse_subtitles ... FAILED
[INFO] [stdout] test probe::probe_sub_files ... FAILED
[INFO] [stdout] test idx::parse_index ... FAILED
[INFO] [stdout] test sub::parse_fuzz_corpus_seeds ... FAILED
[INFO] [stdout] test probe::probe_idx_files ... FAILED
[INFO] [stdout] test sub::parse_subtitles_from_subtitle_edit ... FAILED
[INFO] [stdout] 
[INFO] [stdout] failures:
[INFO] [stdout] 
[INFO] [stdout] ---- sub::parse_subtitles stdout ----
[INFO] [stdout] thread 'sub::parse_subtitles' panicked at src/sub.rs:651:59:
[INFO] [stdout] called `Result::unwrap()` on an `Err` value: Os { code: 2, kind: NotFound, message: "No such file or directory" }
[INFO] [stdout] stack backtrace:
[INFO] [stdout]    0:     0x6471a2f4743a - std::backtrace_rs::backtrace::libunwind::trace::h207520d6e9873551
[INFO] [stdout]                                at /rustc/df4ca44d3fbc9301ee17f30f4d474e6ae4b05252/library/std/src/../../backtrace/src/backtrace/libunwind.rs:116:5
[INFO] [stdout]    1:     0x6471a2f4743a - std::backtrace_rs::backtrace::trace_unsynchronized::h2ed7433f370e3eca
[INFO] [stdout]                                at /rustc/df4ca44d3fbc9301ee17f30f4d474e6ae4b05252/library/std/src/../../backtrace/src/backtrace/mod.rs:66:5
[INFO] [stdout]    2:     0x6471a2f4743a - std::sys::backtrace::_print_fmt::h916fac51166b18d7
[INFO] [stdout]                                at /rustc/df4ca44d3fbc9301ee17f30f4d474e6ae4b05252/library/std/src/sys/backtrace.rs:66:9
[INFO] [stdout]    3:     0x6471a2f4743a - <std::sys::backtrace::BacktraceLock::print::DisplayBacktrace as core::fmt::Display>::fmt::ha0a4c9b8ce3802e6
[INFO] [stdout]                                at /rustc/df4ca44d3fbc9301ee17f30f4d474e6ae4b05252/library/std/src/sys/backtrace.rs:39:26
[INFO] [stdout]    4:     0x6471a2f6e653 - core::fmt::rt::Argument::fmt::h4cfc8587d52b3eb5
[INFO] [stdout]                                at /rustc/df4ca44d3fbc9301ee17f30f4d474e6ae4b05252/library/core/src/fmt/rt.rs:177:76
[INFO] [stdout]    5:     0x6471a2f6e653 - core::fmt::write::h522cc39e5b36ae9f
[INFO] [stdout]                                at /rustc/df4ca44d3fbc9301ee17f30f4d474e6ae4b05252/library/core/src/fmt/mod.rs:1190:21
[INFO] [stdout]    6:     0x6471a2f43ef3 - std::io::Write::write_fmt::h7d3c26752da97734
[INFO] [stdout]                                at /rustc/df4ca44d3fbc9301ee17f30f4d474e6ae4b05252/library/std/src/io/mod.rs:1839:15
[INFO] [stdout]    7:     0x6471a2f47282 - std::sys::backtrace::BacktraceLock::print::h4b9e00b29e9c0942
[INFO] [stdout]                                at /rustc/df4ca44d3fbc9301ee17f30f4d474e6ae4b05252/library/std/src/sys/backtrace.rs:42:9
[INFO] [stdout]    8:     0x6471a2f488ca - std::panicking::default_hook::{{closure}}::hb59b88280d0324d9
[INFO] [stdout]                                at /rustc/df4ca44d3fbc9301ee17f30f4d474e6ae4b05252/library/std/src/panicking.rs:268:22
[INFO] [stdout]    9:     0x6471a2f486d4 - std::panicking::default_hook::he1dd496665be4a29
[INFO] [stdout]                                at /rustc/df4ca44d3fbc9301ee17f30f4d474e6ae4b05252/library/std/src/panicking.rs:292:9
[INFO] [stdout]   10:     0x6471a2d1e099 - <alloc::boxed::Box<F,A> as core::ops::function::Fn<Args>>::call::h4ff71de18744e1dc
[INFO] [stdout]                                at /rustc/df4ca44d3fbc9301ee17f30f4d474e6ae4b05252/library/alloc/src/boxed.rs:2468:9
[INFO] [stdout]   11:     0x6471a2d1e099 - test::test_main::{{closure}}::hcf7c055ce117aa81
[INFO] [stdout]                                at /rustc/df4ca44d3fbc9301ee17f30f4d474e6ae4b05252/library/test/src/lib.rs:133:21
[INFO] [stdout]   12:     0x6471a2f48fc8 - <alloc::boxed::Box<F,A> as core::ops::function::Fn<Args>>::call::h1d66c6bbd60c9692
[INFO] [stdout]                                at /rustc/df4ca44d3fbc9301ee17f30f4d474e6ae4b05252/library/alloc/src/boxed.rs:2468:9
[INFO] [stdout]   13:     0x6471a2f48fc8 - std::panicking::rust_panic_with_hook::h2ff17fe8f26dfcf8
[INFO] [stdout]                                at /rustc/df4ca44d3fbc9301ee17f30f4d474e6ae4b05252/library/std/src/panicking.rs:809:13
[INFO] [stdout]   14:     0x6471a2f48d8a - std::panicking::begin_panic_handler::{{closure}}::h4fad77951c07e101
[INFO] [stdout]                                at /rustc/df4ca44d3fbc9301ee17f30f4d474e6ae4b05252/library/std/src/panicking.rs:674:13
[INFO] [stdout]   15:     0x6471a2f47919 - std::sys::backtrace::__rust_end_short_backtrace::hb1a25b3da5d0ea08
[INFO] [stdout]                                at /rustc/df4ca44d3fbc9301ee17f30f4d474e6ae4b05252/library/std/src/sys/backtrace.rs:170:18
[INFO] [stdout]   16:     0x6471a2f48a1c - rust_begin_unwind
[INFO] [stdout]                                at /rustc/df4ca44d3fbc9301ee17f30f4d474e6ae4b05252/library/std/src/panicking.rs:665:5
[INFO] [stdout]   17:     0x6471a2f6cd50 - core::panicking::panic_fmt::ha9db07b529f9b256
[INFO] [stdout]                                at /rustc/df4ca44d3fbc9301ee17f30f4d474e6ae4b05252/library/core/src/panicking.rs:75:14
[INFO] [stdout]   18:     0x6471a2f6d1d6 - core::result::unwrap_failed::h5e8218e4d4338b8a
[INFO] [stdout]                                at /rustc/df4ca44d3fbc9301ee17f30f4d474e6ae4b05252/library/core/src/result.rs:1698:5
[INFO] [stdout]   19:     0x6471a2cb169d - core::result::Result<T,E>::unwrap::h15834b2cda56f9d8
[INFO] [stdout]                                at /rustc/df4ca44d3fbc9301ee17f30f4d474e6ae4b05252/library/core/src/result.rs:1103:23
[INFO] [stdout]   20:     0x6471a2cb169d - vobsub::sub::parse_subtitles::h17e2add77e180849
[INFO] [stdout]                                at /opt/rustwide/workdir/src/sub.rs:651:17
[INFO] [stdout]   21:     0x6471a2cb1617 - vobsub::sub::parse_subtitles::{{closure}}::h40148987308bb7a0
[INFO] [stdout]                                at /opt/rustwide/workdir/src/sub.rs:644:21
[INFO] [stdout]   22:     0x6471a2cd63d6 - core::ops::function::FnOnce::call_once::h8b2ac44d2900c491
[INFO] [stdout]                                at /rustc/df4ca44d3fbc9301ee17f30f4d474e6ae4b05252/library/core/src/ops/function.rs:250:5
[INFO] [stdout]   23:     0x6471a2d2296b - core::ops::function::FnOnce::call_once::h22c3ba5715e93f05
[INFO] [stdout]                                at /rustc/df4ca44d3fbc9301ee17f30f4d474e6ae4b05252/library/core/src/ops/function.rs:250:5
[INFO] [stdout]   24:     0x6471a2d2296b - test::__rust_begin_short_backtrace::h8e82d8113d0da17f
[INFO] [stdout]                                at /rustc/df4ca44d3fbc9301ee17f30f4d474e6ae4b05252/library/test/src/lib.rs:621:18
[INFO] [stdout]   25:     0x6471a2d222e7 - test::run_test_in_process::{{closure}}::h33235f4f20b7b7c7
[INFO] [stdout]                                at /rustc/df4ca44d3fbc9301ee17f30f4d474e6ae4b05252/library/test/src/lib.rs:644:60
[INFO] [stdout]   26:     0x6471a2d222e7 - <core::panic::unwind_safe::AssertUnwindSafe<F> as core::ops::function::FnOnce<()>>::call_once::hb5043206310c586f
[INFO] [stdout]                                at /rustc/df4ca44d3fbc9301ee17f30f4d474e6ae4b05252/library/core/src/panic/unwind_safe.rs:272:9
[INFO] [stdout]   27:     0x6471a2d222e7 - std::panicking::try::do_call::h9ad4731a60ab23e2
[INFO] [stdout]                                at /rustc/df4ca44d3fbc9301ee17f30f4d474e6ae4b05252/library/std/src/panicking.rs:557:40
[INFO] [stdout]   28:     0x6471a2d222e7 - std::panicking::try::h3824d23db772a716
[INFO] [stdout]                                at /rustc/df4ca44d3fbc9301ee17f30f4d474e6ae4b05252/library/std/src/panicking.rs:520:19
[INFO] [stdout]   29:     0x6471a2d222e7 - std::panic::catch_unwind::h5afd514605fde46b
[INFO] [stdout]                                at /rustc/df4ca44d3fbc9301ee17f30f4d474e6ae4b05252/library/std/src/panic.rs:358:14
[INFO] [stdout]   30:     0x6471a2d222e7 - test::run_test_in_process::h0d5cbfa7067d1720
[INFO] [stdout]                                at /rustc/df4ca44d3fbc9301ee17f30f4d474e6ae4b05252/library/test/src/lib.rs:644:27
[INFO] [stdout]   31:     0x6471a2d222e7 - test::run_test::{{closure}}::h708eb8872708115d
[INFO] [stdout]                                at /rustc/df4ca44d3fbc9301ee17f30f4d474e6ae4b05252/library/test/src/lib.rs:565:43
[INFO] [stdout]   32:     0x6471a2ce5a04 - test::run_test::{{closure}}::h392c51cee94713ab
[INFO] [stdout]                                at /rustc/df4ca44d3fbc9301ee17f30f4d474e6ae4b05252/library/test/src/lib.rs:595:41
[INFO] [stdout]   33:     0x6471a2ce5a04 - std::sys::backtrace::__rust_begin_short_backtrace::h2f40290710935a8b
[INFO] [stdout]                                at /rustc/df4ca44d3fbc9301ee17f30f4d474e6ae4b05252/library/std/src/sys/backtrace.rs:154:18
[INFO] [stdout]   34:     0x6471a2ce91ae - std::thread::Builder::spawn_unchecked_::{{closure}}::{{closure}}::h3fd968d89053a903
[INFO] [stdout]                                at /rustc/df4ca44d3fbc9301ee17f30f4d474e6ae4b05252/library/std/src/thread/mod.rs:541:17
[INFO] [stdout]   35:     0x6471a2ce91ae - <core::panic::unwind_safe::AssertUnwindSafe<F> as core::ops::function::FnOnce<()>>::call_once::h743f637ba4229880
[INFO] [stdout]                                at /rustc/df4ca44d3fbc9301ee17f30f4d474e6ae4b05252/library/core/src/panic/unwind_safe.rs:272:9
[INFO] [stdout]   36:     0x6471a2ce91ae - std::panicking::try::do_call::h07440897322525a6
[INFO] [stdout]                                at /rustc/df4ca44d3fbc9301ee17f30f4d474e6ae4b05252/library/std/src/panicking.rs:557:40
[INFO] [stdout]   37:     0x6471a2ce91ae - std::panicking::try::he5a2e00188156637
[INFO] [stdout]                                at /rustc/df4ca44d3fbc9301ee17f30f4d474e6ae4b05252/library/std/src/panicking.rs:520:19
[INFO] [stdout]   38:     0x6471a2ce91ae - std::panic::catch_unwind::hbaf3cae49b3c6433
[INFO] [stdout]                                at /rustc/df4ca44d3fbc9301ee17f30f4d474e6ae4b05252/library/std/src/panic.rs:358:14
[INFO] [stdout]   39:     0x6471a2ce91ae - std::thread::Builder::spawn_unchecked_::{{closure}}::h8e141ea224820bce
[INFO] [stdout]                                at /rustc/df4ca44d3fbc9301ee17f30f4d474e6ae4b05252/library/std/src/thread/mod.rs:540:30
[INFO] [stdout]   40:     0x6471a2ce91ae - core::ops::function::FnOnce::call_once{{vtable.shim}}::h90d312fedd7b8ea8
[INFO] [stdout]                                at /rustc/df4ca44d3fbc9301ee17f30f4d474e6ae4b05252/library/core/src/ops/function.rs:250:5
[INFO] [stdout]   41:     0x6471a2f4ce5b - <alloc::boxed::Box<F,A> as core::ops::function::FnOnce<Args>>::call_once::h69aa08ddb6adb8b6
[INFO] [stdout]                                at /rustc/df4ca44d3fbc9301ee17f30f4d474e6ae4b05252/library/alloc/src/boxed.rs:2454:9
[INFO] [stdout]   42:     0x6471a2f4ce5b - <alloc::boxed::Box<F,A> as core::ops::function::FnOnce<Args>>::call_once::h5aa36efdb79c806f
[INFO] [stdout]                                at /rustc/df4ca44d3fbc9301ee17f30f4d474e6ae4b05252/library/alloc/src/boxed.rs:2454:9
[INFO] [stdout]   43:     0x6471a2f4ce5b - std::sys::pal::unix::thread::Thread::new::thread_start::h6cd80a1b4be5158d
[INFO] [stdout]                                at /rustc/df4ca44d3fbc9301ee17f30f4d474e6ae4b05252/library/std/src/sys/pal/unix/thread.rs:105:17
[INFO] [stdout]   44:     0x7e982e347ac3 - <unknown>
[INFO] [stdout]   45:     0x7e982e3d8a04 - clone
[INFO] [stdout]   46:                0x0 - <unknown>
[INFO] [stdout] 
[INFO] [stdout] ---- probe::probe_sub_files stdout ----
[INFO] [stdout] thread 'probe::probe_sub_files' panicked at src/probe.rs:42:49:
[INFO] [stdout] called `Result::unwrap()` on an `Err` value: Error(ReadFile("../fixtures/tiny.sub"), State { next_error: Some(Os { code: 2, kind: NotFound, message: "No such file or directory" }), backtrace: Some(   0: error_chain::make_backtrace
[INFO] [stdout]              at /opt/rustwide/cargo-home/registry/src/index.crates.io-6f17d22bba15001f/error-chain-0.10.0/src/lib.rs:417:54
[INFO] [stdout]    1: core::ops::function::FnOnce::call_once
[INFO] [stdout]              at /rustc/df4ca44d3fbc9301ee17f30f4d474e6ae4b05252/library/core/src/ops/function.rs:250:5
[INFO] [stdout]    2: core::option::Option<T>::or_else
[INFO] [stdout]              at /rustc/df4ca44d3fbc9301ee17f30f4d474e6ae4b05252/library/core/src/option.rs:1545:21
[INFO] [stdout]    3: error_chain::State::new
[INFO] [stdout]              at /opt/rustwide/cargo-home/registry/src/index.crates.io-6f17d22bba15001f/error-chain-0.10.0/src/lib.rs:518:25
[INFO] [stdout]    4: <core::result::Result<T,E> as vobsub::errors::ResultExt<T,E>>::chain_err::{{closure}}
[INFO] [stdout]              at /opt/rustwide/cargo-home/registry/src/index.crates.io-6f17d22bba15001f/error-chain-0.10.0/src/error_chain.rs:308:33
[INFO] [stdout]    5: core::result::Result<T,E>::map_err
[INFO] [stdout]              at /rustc/df4ca44d3fbc9301ee17f30f4d474e6ae4b05252/library/core/src/result.rs:855:27
[INFO] [stdout]    6: <core::result::Result<T,E> as vobsub::errors::ResultExt<T,E>>::chain_err
[INFO] [stdout]              at /opt/rustwide/cargo-home/registry/src/index.crates.io-6f17d22bba15001f/error-chain-0.10.0/src/error_chain.rs:307:17
[INFO] [stdout]    7: vobsub::probe::has_magic
[INFO] [stdout]              at /opt/rustwide/workdir/src/probe.rs:13:17
[INFO] [stdout]    8: vobsub::probe::is_sub_file
[INFO] [stdout]              at /opt/rustwide/workdir/src/probe.rs:36:5
[INFO] [stdout]    9: vobsub::probe::probe_sub_files
[INFO] [stdout]              at /opt/rustwide/workdir/src/probe.rs:42:13
[INFO] [stdout]   10: vobsub::probe::probe_sub_files::{{closure}}
[INFO] [stdout]              at /opt/rustwide/workdir/src/probe.rs:41:21
[INFO] [stdout]   11: core::ops::function::FnOnce::call_once
[INFO] [stdout]              at /rustc/df4ca44d3fbc9301ee17f30f4d474e6ae4b05252/library/core/src/ops/function.rs:250:5
[INFO] [stdout]   12: core::ops::function::FnOnce::call_once
[INFO] [stdout]              at /rustc/df4ca44d3fbc9301ee17f30f4d474e6ae4b05252/library/core/src/ops/function.rs:250:5
[INFO] [stdout]       test::__rust_begin_short_backtrace
[INFO] [stdout]              at /rustc/df4ca44d3fbc9301ee17f30f4d474e6ae4b05252/library/test/src/lib.rs:621:18
[INFO] [stdout]   13: test::run_test_in_process::{{closure}}
[INFO] [stdout]              at /rustc/df4ca44d3fbc9301ee17f30f4d474e6ae4b05252/library/test/src/lib.rs:644:60
[INFO] [stdout]       <core::panic::unwind_safe::AssertUnwindSafe<F> as core::ops::function::FnOnce<()>>::call_once
[INFO] [stdout]              at /rustc/df4ca44d3fbc9301ee17f30f4d474e6ae4b05252/library/core/src/panic/unwind_safe.rs:272:9
[INFO] [stdout]       std::panicking::try::do_call
[INFO] [stdout]              at /rustc/df4ca44d3fbc9301ee17f30f4d474e6ae4b05252/library/std/src/panicking.rs:557:40
[INFO] [stdout]       std::panicking::try
[INFO] [stdout]              at /rustc/df4ca44d3fbc9301ee17f30f4d474e6ae4b05252/library/std/src/panicking.rs:520:19
[INFO] [stdout]       std::panic::catch_unwind
[INFO] [stdout]              at /rustc/df4ca44d3fbc9301ee17f30f4d474e6ae4b05252/library/std/src/panic.rs:358:14
[INFO] [stdout]       test::run_test_in_process
[INFO] [stdout]              at /rustc/df4ca44d3fbc9301ee17f30f4d474e6ae4b05252/library/test/src/lib.rs:644:27
[INFO] [stdout]       test::run_test::{{closure}}
[INFO] [stdout]              at /rustc/df4ca44d3fbc9301ee17f30f4d474e6ae4b05252/library/test/src/lib.rs:565:43
[INFO] [stdout]   14: test::run_test::{{closure}}
[INFO] [stdout]              at /rustc/df4ca44d3fbc9301ee17f30f4d474e6ae4b05252/library/test/src/lib.rs:595:41
[INFO] [stdout]       std::sys::backtrace::__rust_begin_short_backtrace
[INFO] [stdout]              at /rustc/df4ca44d3fbc9301ee17f30f4d474e6ae4b05252/library/std/src/sys/backtrace.rs:154:18
[INFO] [stdout]   15: std::thread::Builder::spawn_unchecked_::{{closure}}::{{closure}}
[INFO] [stdout]              at /rustc/df4ca44d3fbc9301ee17f30f4d474e6ae4b05252/library/std/src/thread/mod.rs:541:17
[INFO] [stdout]       <core::panic::unwind_safe::AssertUnwindSafe<F> as core::ops::function::FnOnce<()>>::call_once
[INFO] [stdout]              at /rustc/df4ca44d3fbc9301ee17f30f4d474e6ae4b05252/library/core/src/panic/unwind_safe.rs:272:9
[INFO] [stdout]       std::panicking::try::do_call
[INFO] [stdout]              at /rustc/df4ca44d3fbc9301ee17f30f4d474e6ae4b05252/library/std/src/panicking.rs:557:40
[INFO] [stdout]       std::panicking::try
[INFO] [stdout]              at /rustc/df4ca44d3fbc9301ee17f30f4d474e6ae4b05252/library/std/src/panicking.rs:520:19
[INFO] [stdout]       std::panic::catch_unwind
[INFO] [stdout]              at /rustc/df4ca44d3fbc9301ee17f30f4d474e6ae4b05252/library/std/src/panic.rs:358:14
[INFO] [stdout]       std::thread::Builder::spawn_unchecked_::{{closure}}
[INFO] [stdout]              at /rustc/df4ca44d3fbc9301ee17f30f4d474e6ae4b05252/library/std/src/thread/mod.rs:540:30
[INFO] [stdout]       core::ops::function::FnOnce::call_once{{vtable.shim}}
[INFO] [stdout]              at /rustc/df4ca44d3fbc9301ee17f30f4d474e6ae4b05252/library/core/src/ops/function.rs:250:5
[INFO] [stdout]   16: <alloc::boxed::Box<F,A> as core::ops::function::FnOnce<Args>>::call_once
[INFO] [stdout]              at /rustc/df4ca44d3fbc9301ee17f30f4d474e6ae4b05252/library/alloc/src/boxed.rs:2454:9
[INFO] [stdout]       <alloc::boxed::Box<F,A> as core::ops::function::FnOnce<Args>>::call_once
[INFO] [stdout]              at /rustc/df4ca44d3fbc9301ee17f30f4d474e6ae4b05252/library/alloc/src/boxed.rs:2454:9
[INFO] [stdout]       std::sys::pal::unix::thread::Thread::new::thread_start
[INFO] [stdout]              at /rustc/df4ca44d3fbc9301ee17f30f4d474e6ae4b05252/library/std/src/sys/pal/unix/thread.rs:105:17
[INFO] [stdout]   17: <unknown>
[INFO] [stdout]   18: clone
[INFO] [stdout] ) })
[INFO] [stdout] stack backtrace:
[INFO] [stdout]    0:     0x6471a2f4743a - std::backtrace_rs::backtrace::libunwind::trace::h207520d6e9873551
[INFO] [stdout]                                at /rustc/df4ca44d3fbc9301ee17f30f4d474e6ae4b05252/library/std/src/../../backtrace/src/backtrace/libunwind.rs:116:5
[INFO] [stdout]    1:     0x6471a2f4743a - std::backtrace_rs::backtrace::trace_unsynchronized::h2ed7433f370e3eca
[INFO] [stdout]                                at /rustc/df4ca44d3fbc9301ee17f30f4d474e6ae4b05252/library/std/src/../../backtrace/src/backtrace/mod.rs:66:5
[INFO] [stdout]    2:     0x6471a2f4743a - std::sys::backtrace::_print_fmt::h916fac51166b18d7
[INFO] [stdout]                                at /rustc/df4ca44d3fbc9301ee17f30f4d474e6ae4b05252/library/std/src/sys/backtrace.rs:66:9
[INFO] [stdout]    3:     0x6471a2f4743a - <std::sys::backtrace::BacktraceLock::print::DisplayBacktrace as core::fmt::Display>::fmt::ha0a4c9b8ce3802e6
[INFO] [stdout]                                at /rustc/df4ca44d3fbc9301ee17f30f4d474e6ae4b05252/library/std/src/sys/backtrace.rs:39:26
[INFO] [stdout]    4:     0x6471a2f6e653 - core::fmt::rt::Argument::fmt::h4cfc8587d52b3eb5
[INFO] [stdout]                                at /rustc/df4ca44d3fbc9301ee17f30f4d474e6ae4b05252/library/core/src/fmt/rt.rs:177:76
[INFO] [stdout]    5:     0x6471a2f6e653 - core::fmt::write::h522cc39e5b36ae9f
[INFO] [stdout]                                at /rustc/df4ca44d3fbc9301ee17f30f4d474e6ae4b05252/library/core/src/fmt/mod.rs:1190:21
[INFO] [stdout]    6:     0x6471a2f43ef3 - std::io::Write::write_fmt::h7d3c26752da97734
[INFO] [stdout]                                at /rustc/df4ca44d3fbc9301ee17f30f4d474e6ae4b05252/library/std/src/io/mod.rs:1839:15
[INFO] [stdout]    7:     0x6471a2f47282 - std::sys::backtrace::BacktraceLock::print::h4b9e00b29e9c0942
[INFO] [stdout]                                at /rustc/df4ca44d3fbc9301ee17f30f4d474e6ae4b05252/library/std/src/sys/backtrace.rs:42:9
[INFO] [stdout]    8:     0x6471a2f488ca - std::panicking::default_hook::{{closure}}::hb59b88280d0324d9
[INFO] [stdout]                                at /rustc/df4ca44d3fbc9301ee17f30f4d474e6ae4b05252/library/std/src/panicking.rs:268:22
[INFO] [stdout]    9:     0x6471a2f486d4 - std::panicking::default_hook::he1dd496665be4a29
[INFO] [stdout]                                at /rustc/df4ca44d3fbc9301ee17f30f4d474e6ae4b05252/library/std/src/panicking.rs:292:9
[INFO] [stdout]   10:     0x6471a2d1e099 - <alloc::boxed::Box<F,A> as core::ops::function::Fn<Args>>::call::h4ff71de18744e1dc
[INFO] [stdout]                                at /rustc/df4ca44d3fbc9301ee17f30f4d474e6ae4b05252/library/alloc/src/boxed.rs:2468:9
[INFO] [stdout]   11:     0x6471a2d1e099 - test::test_main::{{closure}}::hcf7c055ce117aa81
[INFO] [stdout]                                at /rustc/df4ca44d3fbc9301ee17f30f4d474e6ae4b05252/library/test/src/lib.rs:133:21
[INFO] [stdout]   12:     0x6471a2f48fc8 - <alloc::boxed::Box<F,A> as core::ops::function::Fn<Args>>::call::h1d66c6bbd60c9692
[INFO] [stdout]                                at /rustc/df4ca44d3fbc9301ee17f30f4d474e6ae4b05252/library/alloc/src/boxed.rs:2468:9
[INFO] [stdout]   13:     0x6471a2f48fc8 - std::panicking::rust_panic_with_hook::h2ff17fe8f26dfcf8
[INFO] [stdout]                                at /rustc/df4ca44d3fbc9301ee17f30f4d474e6ae4b05252/library/std/src/panicking.rs:809:13
[INFO] [stdout]   14:     0x6471a2f48d8a - std::panicking::begin_panic_handler::{{closure}}::h4fad77951c07e101
[INFO] [stdout]                                at /rustc/df4ca44d3fbc9301ee17f30f4d474e6ae4b05252/library/std/src/panicking.rs:674:13
[INFO] [stdout]   15:     0x6471a2f47919 - std::sys::backtrace::__rust_end_short_backtrace::hb1a25b3da5d0ea08
[INFO] [stdout]                                at /rustc/df4ca44d3fbc9301ee17f30f4d474e6ae4b05252/library/std/src/sys/backtrace.rs:170:18
[INFO] [stdout]   16:     0x6471a2f48a1c - rust_begin_unwind
[INFO] [stdout]                                at /rustc/df4ca44d3fbc9301ee17f30f4d474e6ae4b05252/library/std/src/panicking.rs:665:5
[INFO] [stdout]   17:     0x6471a2f6cd50 - core::panicking::panic_fmt::ha9db07b529f9b256
[INFO] [stdout]                                at /rustc/df4ca44d3fbc9301ee17f30f4d474e6ae4b05252/library/core/src/panicking.rs:75:14
[INFO] [stdout]   18:     0x6471a2f6d1d6 - core::result::unwrap_failed::h5e8218e4d4338b8a
[INFO] [stdout]                                at /rustc/df4ca44d3fbc9301ee17f30f4d474e6ae4b05252/library/core/src/result.rs:1698:5
[INFO] [stdout]   19:     0x6471a2cdce1d - core::result::Result<T,E>::unwrap::h3f931e2cc1a4e60d
[INFO] [stdout]                                at /rustc/df4ca44d3fbc9301ee17f30f4d474e6ae4b05252/library/core/src/result.rs:1103:23
[INFO] [stdout]   20:     0x6471a2cdce1d - vobsub::probe::probe_sub_files::h99c91be7c55a1747
[INFO] [stdout]                                at /opt/rustwide/workdir/src/probe.rs:42:13
[INFO] [stdout]   21:     0x6471a2cdcd77 - vobsub::probe::probe_sub_files::{{closure}}::hc32166691aee8b37
[INFO] [stdout]                                at /opt/rustwide/workdir/src/probe.rs:41:21
[INFO] [stdout]   22:     0x6471a2cd6196 - core::ops::function::FnOnce::call_once::h144118975e125b16
[INFO] [stdout]                                at /rustc/df4ca44d3fbc9301ee17f30f4d474e6ae4b05252/library/core/src/ops/function.rs:250:5
[INFO] [stdout]   23:     0x6471a2d2296b - core::ops::function::FnOnce::call_once::h22c3ba5715e93f05
[INFO] [stdout]                                at /rustc/df4ca44d3fbc9301ee17f30f4d474e6ae4b05252/library/core/src/ops/function.rs:250:5
[INFO] [stdout]   24:     0x6471a2d2296b - test::__rust_begin_short_backtrace::h8e82d8113d0da17f
[INFO] [stdout]                                at /rustc/df4ca44d3fbc9301ee17f30f4d474e6ae4b05252/library/test/src/lib.rs:621:18
[INFO] [stdout]   25:     0x6471a2d222e7 - test::run_test_in_process::{{closure}}::h33235f4f20b7b7c7
[INFO] [stdout]                                at /rustc/df4ca44d3fbc9301ee17f30f4d474e6ae4b05252/library/test/src/lib.rs:644:60
[INFO] [stdout]   26:     0x6471a2d222e7 - <core::panic::unwind_safe::AssertUnwindSafe<F> as core::ops::function::FnOnce<()>>::call_once::hb5043206310c586f
[INFO] [stdout]                                at /rustc/df4ca44d3fbc9301ee17f30f4d474e6ae4b05252/library/core/src/panic/unwind_safe.rs:272:9
[INFO] [stdout]   27:     0x6471a2d222e7 - std::panicking::try::do_call::h9ad4731a60ab23e2
[INFO] [stdout]                                at /rustc/df4ca44d3fbc9301ee17f30f4d474e6ae4b05252/library/std/src/panicking.rs:557:40
[INFO] [stdout]   28:     0x6471a2d222e7 - std::panicking::try::h3824d23db772a716
[INFO] [stdout]                                at /rustc/df4ca44d3fbc9301ee17f30f4d474e6ae4b05252/library/std/src/panicking.rs:520:19
[INFO] [stdout]   29:     0x6471a2d222e7 - std::panic::catch_unwind::h5afd514605fde46b
[INFO] [stdout]                                at /rustc/df4ca44d3fbc9301ee17f30f4d474e6ae4b05252/library/std/src/panic.rs:358:14
[INFO] [stdout]   30:     0x6471a2d222e7 - test::run_test_in_process::h0d5cbfa7067d1720
[INFO] [stdout]                                at /rustc/df4ca44d3fbc9301ee17f30f4d474e6ae4b05252/library/test/src/lib.rs:644:27
[INFO] [stdout]   31:     0x6471a2d222e7 - test::run_test::{{closure}}::h708eb8872708115d
[INFO] [stdout]                                at /rustc/df4ca44d3fbc9301ee17f30f4d474e6ae4b05252/library/test/src/lib.rs:565:43
[INFO] [stdout]   32:     0x6471a2ce5a04 - test::run_test::{{closure}}::h392c51cee94713ab
[INFO] [stdout]                                at /rustc/df4ca44d3fbc9301ee17f30f4d474e6ae4b05252/library/test/src/lib.rs:595:41
[INFO] [stdout]   33:     0x6471a2ce5a04 - std::sys::backtrace::__rust_begin_short_backtrace::h2f40290710935a8b
[INFO] [stdout]                                at /rustc/df4ca44d3fbc9301ee17f30f4d474e6ae4b05252/library/std/src/sys/backtrace.rs:154:18
[INFO] [stdout]   34:     0x6471a2ce91ae - std::thread::Builder::spawn_unchecked_::{{closure}}::{{closure}}::h3fd968d89053a903
[INFO] [stdout]                                at /rustc/df4ca44d3fbc9301ee17f30f4d474e6ae4b05252/library/std/src/thread/mod.rs:541:17
[INFO] [stdout]   35:     0x6471a2ce91ae - <core::panic::unwind_safe::AssertUnwindSafe<F> as core::ops::function::FnOnce<()>>::call_once::h743f637ba4229880
[INFO] [stdout]                                at /rustc/df4ca44d3fbc9301ee17f30f4d474e6ae4b05252/library/core/src/panic/unwind_safe.rs:272:9
[INFO] [stdout]   36:     0x6471a2ce91ae - std::panicking::try::do_call::h07440897322525a6
[INFO] [stdout]                                at /rustc/df4ca44d3fbc9301ee17f30f4d474e6ae4b05252/library/std/src/panicking.rs:557:40
[INFO] [stdout]   37:     0x6471a2ce91ae - std::panicking::try::he5a2e00188156637
[INFO] [stdout]                                at /rustc/df4ca44d3fbc9301ee17f30f4d474e6ae4b05252/library/std/src/panicking.rs:520:19
[INFO] [stdout]   38:     0x6471a2ce91ae - std::panic::catch_unwind::hbaf3cae49b3c6433
[INFO] [stdout]                                at /rustc/df4ca44d3fbc9301ee17f30f4d474e6ae4b05252/library/std/src/panic.rs:358:14
[INFO] [stdout]   39:     0x6471a2ce91ae - std::thread::Builder::spawn_unchecked_::{{closure}}::h8e141ea224820bce
[INFO] [stdout]                                at /rustc/df4ca44d3fbc9301ee17f30f4d474e6ae4b05252/library/std/src/thread/mod.rs:540:30
[INFO] [stdout]   40:     0x6471a2ce91ae - core::ops::function::FnOnce::call_once{{vtable.shim}}::h90d312fedd7b8ea8
[INFO] [stdout]                                at /rustc/df4ca44d3fbc9301ee17f30f4d474e6ae4b05252/library/core/src/ops/function.rs:250:5
[INFO] [stdout]   41:     0x6471a2f4ce5b - <alloc::boxed::Box<F,A> as core::ops::function::FnOnce<Args>>::call_once::h69aa08ddb6adb8b6
[INFO] [stdout]                                at /rustc/df4ca44d3fbc9301ee17f30f4d474e6ae4b05252/library/alloc/src/boxed.rs:2454:9
[INFO] [stdout]   42:     0x6471a2f4ce5b - <alloc::boxed::Box<F,A> as core::ops::function::FnOnce<Args>>::call_once::h5aa36efdb79c806f
[INFO] [stdout]                                at /rustc/df4ca44d3fbc9301ee17f30f4d474e6ae4b05252/library/alloc/src/boxed.rs:2454:9
[INFO] [stdout]   43:     0x6471a2f4ce5b - std::sys::pal::unix::thread::Thread::new::thread_start::h6cd80a1b4be5158d
[INFO] [stdout]                                at /rustc/df4ca44d3fbc9301ee17f30f4d474e6ae4b05252/library/std/src/sys/pal/unix/thread.rs:105:17
[INFO] [stdout]   44:     0x7e982e347ac3 - <unknown>
[INFO] [stdout]   45:     0x7e982e3d8a04 - clone
[INFO] [stdout]   46:                0x0 - <unknown>
[INFO] [stdout] 
[INFO] [stdout] ---- idx::parse_index stdout ----
[INFO] [stdout] thread 'idx::parse_index' panicked at src/idx.rs:163:54:
[INFO] [stdout] called `Result::unwrap()` on an `Err` value: Error(Msg("Could not parse ../fixtures/example.idx"), State { next_error: Some(Os { code: 2, kind: NotFound, message: "No such file or directory" }), backtrace: Some(   0: error_chain::make_backtrace
[INFO] [stdout]              at /opt/rustwide/cargo-home/registry/src/index.crates.io-6f17d22bba15001f/error-chain-0.10.0/src/lib.rs:417:54
[INFO] [stdout]    1: core::ops::function::FnOnce::call_once
[INFO] [stdout]              at /rustc/df4ca44d3fbc9301ee17f30f4d474e6ae4b05252/library/core/src/ops/function.rs:250:5
[INFO] [stdout]    2: core::option::Option<T>::or_else
[INFO] [stdout]              at /rustc/df4ca44d3fbc9301ee17f30f4d474e6ae4b05252/library/core/src/option.rs:1545:21
[INFO] [stdout]    3: error_chain::State::new
[INFO] [stdout]              at /opt/rustwide/cargo-home/registry/src/index.crates.io-6f17d22bba15001f/error-chain-0.10.0/src/lib.rs:518:25
[INFO] [stdout]    4: <core::result::Result<T,E> as vobsub::errors::ResultExt<T,E>>::chain_err::{{closure}}
[INFO] [stdout]              at /opt/rustwide/cargo-home/registry/src/index.crates.io-6f17d22bba15001f/error-chain-0.10.0/src/error_chain.rs:308:33
[INFO] [stdout]    5: core::result::Result<T,E>::map_err
[INFO] [stdout]              at /rustc/df4ca44d3fbc9301ee17f30f4d474e6ae4b05252/library/core/src/result.rs:855:27
[INFO] [stdout]    6: <core::result::Result<T,E> as vobsub::errors::ResultExt<T,E>>::chain_err
[INFO] [stdout]              at /opt/rustwide/cargo-home/registry/src/index.crates.io-6f17d22bba15001f/error-chain-0.10.0/src/error_chain.rs:307:17
[INFO] [stdout]    7: vobsub::idx::Index::open
[INFO] [stdout]              at /opt/rustwide/workdir/src/idx.rs:117:17
[INFO] [stdout]    8: vobsub::idx::parse_index
[INFO] [stdout]              at /opt/rustwide/workdir/src/idx.rs:163:15
[INFO] [stdout]    9: vobsub::idx::parse_index::{{closure}}
[INFO] [stdout]              at /opt/rustwide/workdir/src/idx.rs:159:17
[INFO] [stdout]   10: core::ops::function::FnOnce::call_once
[INFO] [stdout]              at /rustc/df4ca44d3fbc9301ee17f30f4d474e6ae4b05252/library/core/src/ops/function.rs:250:5
[INFO] [stdout]   11: core::ops::function::FnOnce::call_once
[INFO] [stdout]              at /rustc/df4ca44d3fbc9301ee17f30f4d474e6ae4b05252/library/core/src/ops/function.rs:250:5
[INFO] [stdout]       test::__rust_begin_short_backtrace
[INFO] [stdout]              at /rustc/df4ca44d3fbc9301ee17f30f4d474e6ae4b05252/library/test/src/lib.rs:621:18
[INFO] [stdout]   12: test::run_test_in_process::{{closure}}
[INFO] [stdout]              at /rustc/df4ca44d3fbc9301ee17f30f4d474e6ae4b05252/library/test/src/lib.rs:644:60
[INFO] [stdout]       <core::panic::unwind_safe::AssertUnwindSafe<F> as core::ops::function::FnOnce<()>>::call_once
[INFO] [stdout]              at /rustc/df4ca44d3fbc9301ee17f30f4d474e6ae4b05252/library/core/src/panic/unwind_safe.rs:272:9
[INFO] [stdout]       std::panicking::try::do_call
[INFO] [stdout]              at /rustc/df4ca44d3fbc9301ee17f30f4d474e6ae4b05252/library/std/src/panicking.rs:557:40
[INFO] [stdout]       std::panicking::try
[INFO] [stdout]              at /rustc/df4ca44d3fbc9301ee17f30f4d474e6ae4b05252/library/std/src/panicking.rs:520:19
[INFO] [stdout]       std::panic::catch_unwind
[INFO] [stdout]              at /rustc/df4ca44d3fbc9301ee17f30f4d474e6ae4b05252/library/std/src/panic.rs:358:14
[INFO] [stdout]       test::run_test_in_process
[INFO] [stdout]              at /rustc/df4ca44d3fbc9301ee17f30f4d474e6ae4b05252/library/test/src/lib.rs:644:27
[INFO] [stdout]       test::run_test::{{closure}}
[INFO] [stdout]              at /rustc/df4ca44d3fbc9301ee17f30f4d474e6ae4b05252/library/test/src/lib.rs:565:43
[INFO] [stdout]   13: test::run_test::{{closure}}
[INFO] [stdout]              at /rustc/df4ca44d3fbc9301ee17f30f4d474e6ae4b05252/library/test/src/lib.rs:595:41
[INFO] [stdout]       std::sys::backtrace::__rust_begin_short_backtrace
[INFO] [stdout]              at /rustc/df4ca44d3fbc9301ee17f30f4d474e6ae4b05252/library/std/src/sys/backtrace.rs:154:18
[INFO] [stdout]   14: std::thread::Builder::spawn_unchecked_::{{closure}}::{{closure}}
[INFO] [stdout]              at /rustc/df4ca44d3fbc9301ee17f30f4d474e6ae4b05252/library/std/src/thread/mod.rs:541:17
[INFO] [stdout]       <core::panic::unwind_safe::AssertUnwindSafe<F> as core::ops::function::FnOnce<()>>::call_once
[INFO] [stdout]              at /rustc/df4ca44d3fbc9301ee17f30f4d474e6ae4b05252/library/core/src/panic/unwind_safe.rs:272:9
[INFO] [stdout]       std::panicking::try::do_call
[INFO] [stdout]              at /rustc/df4ca44d3fbc9301ee17f30f4d474e6ae4b05252/library/std/src/panicking.rs:557:40
[INFO] [stdout]       std::panicking::try
[INFO] [stdout]              at /rustc/df4ca44d3fbc9301ee17f30f4d474e6ae4b05252/library/std/src/panicking.rs:520:19
[INFO] [stdout]       std::panic::catch_unwind
[INFO] [stdout]              at /rustc/df4ca44d3fbc9301ee17f30f4d474e6ae4b05252/library/std/src/panic.rs:358:14
[INFO] [stdout]       std::thread::Builder::spawn_unchecked_::{{closure}}
[INFO] [stdout]              at /rustc/df4ca44d3fbc9301ee17f30f4d474e6ae4b05252/library/std/src/thread/mod.rs:540:30
[INFO] [stdout]       core::ops::function::FnOnce::call_once{{vtable.shim}}
[INFO] [stdout]              at /rustc/df4ca44d3fbc9301ee17f30f4d474e6ae4b05252/library/core/src/ops/function.rs:250:5
[INFO] [stdout]   15: <alloc::boxed::Box<F,A> as core::ops::function::FnOnce<Args>>::call_once
[INFO] [stdout]              at /rustc/df4ca44d3fbc9301ee17f30f4d474e6ae4b05252/library/alloc/src/boxed.rs:2454:9
[INFO] [stdout]       <alloc::boxed::Box<F,A> as core::ops::function::FnOnce<Args>>::call_once
[INFO] [stdout]              at /rustc/df4ca44d3fbc9301ee17f30f4d474e6ae4b05252/library/alloc/src/boxed.rs:2454:9
[INFO] [stdout]       std::sys::pal::unix::thread::Thread::new::thread_start
[INFO] [stdout]              at /rustc/df4ca44d3fbc9301ee17f30f4d474e6ae4b05252/library/std/src/sys/pal/unix/thread.rs:105:17
[INFO] [stdout]   16: <unknown>
[INFO] [stdout]   17: clone
[INFO] [stdout] ) })
[INFO] [stdout] stack backtrace:
[INFO] [stdout]    0:     0x6471a2f4743a - std::backtrace_rs::backtrace::libunwind::trace::h207520d6e9873551
[INFO] [stdout]                                at /rustc/df4ca44d3fbc9301ee17f30f4d474e6ae4b05252/library/std/src/../../backtrace/src/backtrace/libunwind.rs:116:5
[INFO] [stdout]    1:     0x6471a2f4743a - std::backtrace_rs::backtrace::trace_unsynchronized::h2ed7433f370e3eca
[INFO] [stdout]                                at /rustc/df4ca44d3fbc9301ee17f30f4d474e6ae4b05252/library/std/src/../../backtrace/src/backtrace/mod.rs:66:5
[INFO] [stdout]    2:     0x6471a2f4743a - std::sys::backtrace::_print_fmt::h916fac51166b18d7
[INFO] [stdout]                                at /rustc/df4ca44d3fbc9301ee17f30f4d474e6ae4b05252/library/std/src/sys/backtrace.rs:66:9
[INFO] [stdout]    3:     0x6471a2f4743a - <std::sys::backtrace::BacktraceLock::print::DisplayBacktrace as core::fmt::Display>::fmt::ha0a4c9b8ce3802e6
[INFO] [stdout]                                at /rustc/df4ca44d3fbc9301ee17f30f4d474e6ae4b05252/library/std/src/sys/backtrace.rs:39:26
[INFO] [stdout]    4:     0x6471a2f6e653 - core::fmt::rt::Argument::fmt::h4cfc8587d52b3eb5
[INFO] [stdout]                                at /rustc/df4ca44d3fbc9301ee17f30f4d474e6ae4b05252/library/core/src/fmt/rt.rs:177:76
[INFO] [stdout]    5:     0x6471a2f6e653 - core::fmt::write::h522cc39e5b36ae9f
[INFO] [stdout]                                at /rustc/df4ca44d3fbc9301ee17f30f4d474e6ae4b05252/library/core/src/fmt/mod.rs:1190:21
[INFO] [stdout]    6:     0x6471a2f43ef3 - std::io::Write::write_fmt::h7d3c26752da97734
[INFO] [stdout]                                at /rustc/df4ca44d3fbc9301ee17f30f4d474e6ae4b05252/library/std/src/io/mod.rs:1839:15
[INFO] [stdout]    7:     0x6471a2f47282 - std::sys::backtrace::BacktraceLock::print::h4b9e00b29e9c0942
[INFO] [stdout]                                at /rustc/df4ca44d3fbc9301ee17f30f4d474e6ae4b05252/library/std/src/sys/backtrace.rs:42:9
[INFO] [stdout]    8:     0x6471a2f488ca - std::panicking::default_hook::{{closure}}::hb59b88280d0324d9
[INFO] [stdout]                                at /rustc/df4ca44d3fbc9301ee17f30f4d474e6ae4b05252/library/std/src/panicking.rs:268:22
[INFO] [stdout]    9:     0x6471a2f486d4 - std::panicking::default_hook::he1dd496665be4a29
[INFO] [stdout]                                at /rustc/df4ca44d3fbc9301ee17f30f4d474e6ae4b05252/library/std/src/panicking.rs:292:9
[INFO] [stdout]   10:     0x6471a2d1e099 - <alloc::boxed::Box<F,A> as core::ops::function::Fn<Args>>::call::h4ff71de18744e1dc
[INFO] [stdout]                                at /rustc/df4ca44d3fbc9301ee17f30f4d474e6ae4b05252/library/alloc/src/boxed.rs:2468:9
[INFO] [stdout]   11:     0x6471a2d1e099 - test::test_main::{{closure}}::hcf7c055ce117aa81
[INFO] [stdout]                                at /rustc/df4ca44d3fbc9301ee17f30f4d474e6ae4b05252/library/test/src/lib.rs:133:21
[INFO] [stdout]   12:     0x6471a2f48fc8 - <alloc::boxed::Box<F,A> as core::ops::function::Fn<Args>>::call::h1d66c6bbd60c9692
[INFO] [stdout]                                at /rustc/df4ca44d3fbc9301ee17f30f4d474e6ae4b05252/library/alloc/src/boxed.rs:2468:9
[INFO] [stdout]   13:     0x6471a2f48fc8 - std::panicking::rust_panic_with_hook::h2ff17fe8f26dfcf8
[INFO] [stdout]                                at /rustc/df4ca44d3fbc9301ee17f30f4d474e6ae4b05252/library/std/src/panicking.rs:809:13
[INFO] [stdout]   14:     0x6471a2f48d8a - std::panicking::begin_panic_handler::{{closure}}::h4fad77951c07e101
[INFO] [stdout]                                at /rustc/df4ca44d3fbc9301ee17f30f4d474e6ae4b05252/library/std/src/panicking.rs:674:13
[INFO] [stdout]   15:     0x6471a2f47919 - std::sys::backtrace::__rust_end_short_backtrace::hb1a25b3da5d0ea08
[INFO] [stdout]                                at /rustc/df4ca44d3fbc9301ee17f30f4d474e6ae4b05252/library/std/src/sys/backtrace.rs:170:18
[INFO] [stdout]   16:     0x6471a2f48a1c - rust_begin_unwind
[INFO] [stdout]                                at /rustc/df4ca44d3fbc9301ee17f30f4d474e6ae4b05252/library/std/src/panicking.rs:665:5
[INFO] [stdout]   17:     0x6471a2f6cd50 - core::panicking::panic_fmt::ha9db07b529f9b256
[INFO] [stdout]                                at /rustc/df4ca44d3fbc9301ee17f30f4d474e6ae4b05252/library/core/src/panicking.rs:75:14
[INFO] [stdout]   18:     0x6471a2f6d1d6 - core::result::unwrap_failed::h5e8218e4d4338b8a
[INFO] [stdout]                                at /rustc/df4ca44d3fbc9301ee17f30f4d474e6ae4b05252/library/core/src/result.rs:1698:5
[INFO] [stdout]   19:     0x6471a2cdc928 - core::result::Result<T,E>::unwrap::h2db97f767c89a340
[INFO] [stdout]                                at /rustc/df4ca44d3fbc9301ee17f30f4d474e6ae4b05252/library/core/src/result.rs:1103:23
[INFO] [stdout]   20:     0x6471a2cdc928 - vobsub::idx::parse_index::h0e82d89db2b8e313
[INFO] [stdout]                                at /opt/rustwide/workdir/src/idx.rs:163:15
[INFO] [stdout]   21:     0x6471a2cdc857 - vobsub::idx::parse_index::{{closure}}::h850c73d5978a1744
[INFO] [stdout]                                at /opt/rustwide/workdir/src/idx.rs:159:17
[INFO] [stdout]   22:     0x6471a2cd6316 - core::ops::function::FnOnce::call_once::h4f703055cf327c83
[INFO] [stdout]                                at /rustc/df4ca44d3fbc9301ee17f30f4d474e6ae4b05252/library/core/src/ops/function.rs:250:5
[INFO] [stdout]   23:     0x6471a2d2296b - core::ops::function::FnOnce::call_once::h22c3ba5715e93f05
[INFO] [stdout]                                at /rustc/df4ca44d3fbc9301ee17f30f4d474e6ae4b05252/library/core/src/ops/function.rs:250:5
[INFO] [stdout]   24:     0x6471a2d2296b - test::__rust_begin_short_backtrace::h8e82d8113d0da17f
[INFO] [stdout]                                at /rustc/df4ca44d3fbc9301ee17f30f4d474e6ae4b05252/library/test/src/lib.rs:621:18
[INFO] [stdout]   25:     0x6471a2d222e7 - test::run_test_in_process::{{closure}}::h33235f4f20b7b7c7
[INFO] [stdout]                                at /rustc/df4ca44d3fbc9301ee17f30f4d474e6ae4b05252/library/test/src/lib.rs:644:60
[INFO] [stdout]   26:     0x6471a2d222e7 - <core::panic::unwind_safe::AssertUnwindSafe<F> as core::ops::function::FnOnce<()>>::call_once::hb5043206310c586f
[INFO] [stdout]                                at /rustc/df4ca44d3fbc9301ee17f30f4d474e6ae4b05252/library/core/src/panic/unwind_safe.rs:272:9
[INFO] [stdout]   27:     0x6471a2d222e7 - std::panicking::try::do_call::h9ad4731a60ab23e2
[INFO] [stdout]                                at /rustc/df4ca44d3fbc9301ee17f30f4d474e6ae4b05252/library/std/src/panicking.rs:557:40
[INFO] [stdout]   28:     0x6471a2d222e7 - std::panicking::try::h3824d23db772a716
[INFO] [stdout]                                at /rustc/df4ca44d3fbc9301ee17f30f4d474e6ae4b05252/library/std/src/panicking.rs:520:19
[INFO] [stdout]   29:     0x6471a2d222e7 - std::panic::catch_unwind::h5afd514605fde46b
[INFO] [stdout]                                at /rustc/df4ca44d3fbc9301ee17f30f4d474e6ae4b05252/library/std/src/panic.rs:358:14
[INFO] [stdout]   30:     0x6471a2d222e7 - test::run_test_in_process::h0d5cbfa7067d1720
[INFO] [stdout]                                at /rustc/df4ca44d3fbc9301ee17f30f4d474e6ae4b05252/library/test/src/lib.rs:644:27
[INFO] [stdout]   31:     0x6471a2d222e7 - test::run_test::{{closure}}::h708eb8872708115d
[INFO] [stdout]                                at /rustc/df4ca44d3fbc9301ee17f30f4d474e6ae4b05252/library/test/src/lib.rs:565:43
[INFO] [stdout]   32:     0x6471a2ce5a04 - test::run_test::{{closure}}::h392c51cee94713ab
[INFO] [stdout]                                at /rustc/df4ca44d3fbc9301ee17f30f4d474e6ae4b05252/library/test/src/lib.rs:595:41
[INFO] [stdout]   33:     0x6471a2ce5a04 - std::sys::backtrace::__rust_begin_short_backtrace::h2f40290710935a8b
[INFO] [stdout]                                at /rustc/df4ca44d3fbc9301ee17f30f4d474e6ae4b05252/library/std/src/sys/backtrace.rs:154:18
[INFO] [stdout]   34:     0x6471a2ce91ae - std::thread::Builder::spawn_unchecked_::{{closure}}::{{closure}}::h3fd968d89053a903
[INFO] [stdout]                                at /rustc/df4ca44d3fbc9301ee17f30f4d474e6ae4b05252/library/std/src/thread/mod.rs:541:17
[INFO] [stdout]   35:     0x6471a2ce91ae - <core::panic::unwind_safe::AssertUnwindSafe<F> as core::ops::function::FnOnce<()>>::call_once::h743f637ba4229880
[INFO] [stdout]                                at /rustc/df4ca44d3fbc9301ee17f30f4d474e6ae4b05252/library/core/src/panic/unwind_safe.rs:272:9
[INFO] [stdout]   36:     0x6471a2ce91ae - std::panicking::try::do_call::h07440897322525a6
[INFO] [stdout]                                at /rustc/df4ca44d3fbc9301ee17f30f4d474e6ae4b05252/library/std/src/panicking.rs:557:40
[INFO] [stdout]   37:     0x6471a2ce91ae - std::panicking::try::he5a2e00188156637
[INFO] [stdout]                                at /rustc/df4ca44d3fbc9301ee17f30f4d474e6ae4b05252/library/std/src/panicking.rs:520:19
[INFO] [stdout]   38:     0x6471a2ce91ae - std::panic::catch_unwind::hbaf3cae49b3c6433
[INFO] [stdout]                                at /rustc/df4ca44d3fbc9301ee17f30f4d474e6ae4b05252/library/std/src/panic.rs:358:14
[INFO] [stdout]   39:     0x6471a2ce91ae - std::thread::Builder::spawn_unchecked_::{{closure}}::h8e141ea224820bce
[INFO] [stdout]                                at /rustc/df4ca44d3fbc9301ee17f30f4d474e6ae4b05252/library/std/src/thread/mod.rs:540:30
[INFO] [stdout]   40:     0x6471a2ce91ae - core::ops::function::FnOnce::call_once{{vtable.shim}}::h90d312fedd7b8ea8
[INFO] [stdout]                                at /rustc/df4ca44d3fbc9301ee17f30f4d474e6ae4b05252/library/core/src/ops/function.rs:250:5
[INFO] [stdout]   41:     0x6471a2f4ce5b - <alloc::boxed::Box<F,A> as core::ops::function::FnOnce<Args>>::call_once::h69aa08ddb6adb8b6
[INFO] [stdout]                                at /rustc/df4ca44d3fbc9301ee17f30f4d474e6ae4b05252/library/alloc/src/boxed.rs:2454:9
[INFO] [stdout]   42:     0x6471a2f4ce5b - <alloc::boxed::Box<F,A> as core::ops::function::FnOnce<Args>>::call_once::h5aa36efdb79c806f
[INFO] [stdout]                                at /rustc/df4ca44d3fbc9301ee17f30f4d474e6ae4b05252/library/alloc/src/boxed.rs:2454:9
[INFO] [stdout]   43:     0x6471a2f4ce5b - std::sys::pal::unix::thread::Thread::new::thread_start::h6cd80a1b4be5158d
[INFO] [stdout]                                at /rustc/df4ca44d3fbc9301ee17f30f4d474e6ae4b05252/library/std/src/sys/pal/unix/thread.rs:105:17
[INFO] [stdout]   44:     0x7e982e347ac3 - <unknown>
[INFO] [stdout]   45:     0x7e982e3d8a04 - clone
[INFO] [stdout]   46:                0x0 - <unknown>
[INFO] [stdout] 
[INFO] [stdout] ---- sub::parse_fuzz_corpus_seeds stdout ----
[INFO] [stdout] thread 'sub::parse_fuzz_corpus_seeds' panicked at src/sub.rs:686:52:
[INFO] [stdout] called `Result::unwrap()` on an `Err` value: Error(Msg("Could not parse ../fixtures/tiny.idx"), State { next_error: Some(Os { code: 2, kind: NotFound, message: "No such file or directory" }), backtrace: Some(   0: error_chain::make_backtrace
[INFO] [stdout]              at /opt/rustwide/cargo-home/registry/src/index.crates.io-6f17d22bba15001f/error-chain-0.10.0/src/lib.rs:417:54
[INFO] [stdout]    1: core::ops::function::FnOnce::call_once
[INFO] [stdout]              at /rustc/df4ca44d3fbc9301ee17f30f4d474e6ae4b05252/library/core/src/ops/function.rs:250:5
[INFO] [stdout]    2: core::option::Option<T>::or_else
[INFO] [stdout]              at /rustc/df4ca44d3fbc9301ee17f30f4d474e6ae4b05252/library/core/src/option.rs:1545:21
[INFO] [stdout]    3: error_chain::State::new
[INFO] [stdout]              at /opt/rustwide/cargo-home/registry/src/index.crates.io-6f17d22bba15001f/error-chain-0.10.0/src/lib.rs:518:25
[INFO] [stdout]    4: <core::result::Result<T,E> as vobsub::errors::ResultExt<T,E>>::chain_err::{{closure}}
[INFO] [stdout]              at /opt/rustwide/cargo-home/registry/src/index.crates.io-6f17d22bba15001f/error-chain-0.10.0/src/error_chain.rs:308:33
[INFO] [stdout]    5: core::result::Result<T,E>::map_err
[INFO] [stdout]              at /rustc/df4ca44d3fbc9301ee17f30f4d474e6ae4b05252/library/core/src/result.rs:855:27
[INFO] [stdout]    6: <core::result::Result<T,E> as vobsub::errors::ResultExt<T,E>>::chain_err
[INFO] [stdout]              at /opt/rustwide/cargo-home/registry/src/index.crates.io-6f17d22bba15001f/error-chain-0.10.0/src/error_chain.rs:307:17
[INFO] [stdout]    7: vobsub::idx::Index::open
[INFO] [stdout]              at /opt/rustwide/workdir/src/idx.rs:117:17
[INFO] [stdout]    8: vobsub::sub::parse_fuzz_corpus_seeds
[INFO] [stdout]              at /opt/rustwide/workdir/src/sub.rs:686:16
[INFO] [stdout]    9: vobsub::sub::parse_fuzz_corpus_seeds::{{closure}}
[INFO] [stdout]              at /opt/rustwide/workdir/src/sub.rs:679:29
[INFO] [stdout]   10: core::ops::function::FnOnce::call_once
[INFO] [stdout]              at /rustc/df4ca44d3fbc9301ee17f30f4d474e6ae4b05252/library/core/src/ops/function.rs:250:5
[INFO] [stdout]   11: core::ops::function::FnOnce::call_once
[INFO] [stdout]              at /rustc/df4ca44d3fbc9301ee17f30f4d474e6ae4b05252/library/core/src/ops/function.rs:250:5
[INFO] [stdout]       test::__rust_begin_short_backtrace
[INFO] [stdout]              at /rustc/df4ca44d3fbc9301ee17f30f4d474e6ae4b05252/library/test/src/lib.rs:621:18
[INFO] [stdout]   12: test::run_test_in_process::{{closure}}
[INFO] [stdout]              at /rustc/df4ca44d3fbc9301ee17f30f4d474e6ae4b05252/library/test/src/lib.rs:644:60
[INFO] [stdout]       <core::panic::unwind_safe::AssertUnwindSafe<F> as core::ops::function::FnOnce<()>>::call_once
[INFO] [stdout]              at /rustc/df4ca44d3fbc9301ee17f30f4d474e6ae4b05252/library/core/src/panic/unwind_safe.rs:272:9
[INFO] [stdout]       std::panicking::try::do_call
[INFO] [stdout]              at /rustc/df4ca44d3fbc9301ee17f30f4d474e6ae4b05252/library/std/src/panicking.rs:557:40
[INFO] [stdout]       std::panicking::try
[INFO] [stdout]              at /rustc/df4ca44d3fbc9301ee17f30f4d474e6ae4b05252/library/std/src/panicking.rs:520:19
[INFO] [stdout]       std::panic::catch_unwind
[INFO] [stdout]              at /rustc/df4ca44d3fbc9301ee17f30f4d474e6ae4b05252/library/std/src/panic.rs:358:14
[INFO] [stdout]       test::run_test_in_process
[INFO] [stdout]              at /rustc/df4ca44d3fbc9301ee17f30f4d474e6ae4b05252/library/test/src/lib.rs:644:27
[INFO] [stdout]       test::run_test::{{closure}}
[INFO] [stdout]              at /rustc/df4ca44d3fbc9301ee17f30f4d474e6ae4b05252/library/test/src/lib.rs:565:43
[INFO] [stdout]   13: test::run_test::{{closure}}
[INFO] [stdout]              at /rustc/df4ca44d3fbc9301ee17f30f4d474e6ae4b05252/library/test/src/lib.rs:595:41
[INFO] [stdout]       std::sys::backtrace::__rust_begin_short_backtrace
[INFO] [stdout]              at /rustc/df4ca44d3fbc9301ee17f30f4d474e6ae4b05252/library/std/src/sys/backtrace.rs:154:18
[INFO] [stdout]   14: std::thread::Builder::spawn_unchecked_::{{closure}}::{{closure}}
[INFO] [stdout]              at /rustc/df4ca44d3fbc9301ee17f30f4d474e6ae4b05252/library/std/src/thread/mod.rs:541:17
[INFO] [stdout]       <core::panic::unwind_safe::AssertUnwindSafe<F> as core::ops::function::FnOnce<()>>::call_once
[INFO] [stdout]              at /rustc/df4ca44d3fbc9301ee17f30f4d474e6ae4b05252/library/core/src/panic/unwind_safe.rs:272:9
[INFO] [stdout]       std::panicking::try::do_call
[INFO] [stdout]              at /rustc/df4ca44d3fbc9301ee17f30f4d474e6ae4b05252/library/std/src/panicking.rs:557:40
[INFO] [stdout]       std::panicking::try
[INFO] [stdout]              at /rustc/df4ca44d3fbc9301ee17f30f4d474e6ae4b05252/library/std/src/panicking.rs:520:19
[INFO] [stdout]       std::panic::catch_unwind
[INFO] [stdout]              at /rustc/df4ca44d3fbc9301ee17f30f4d474e6ae4b05252/library/std/src/panic.rs:358:14
[INFO] [stdout]       std::thread::Builder::spawn_unchecked_::{{closure}}
[INFO] [stdout]              at /rustc/df4ca44d3fbc9301ee17f30f4d474e6ae4b05252/library/std/src/thread/mod.rs:540:30
[INFO] [stdout]       core::ops::function::FnOnce::call_once{{vtable.shim}}
[INFO] [stdout]              at /rustc/df4ca44d3fbc9301ee17f30f4d474e6ae4b05252/library/core/src/ops/function.rs:250:5
[INFO] [stdout]   15: <alloc::boxed::Box<F,A> as core::ops::function::FnOnce<Args>>::call_once
[INFO] [stdout]              at /rustc/df4ca44d3fbc9301ee17f30f4d474e6ae4b05252/library/alloc/src/boxed.rs:2454:9
[INFO] [stdout]       <alloc::boxed::Box<F,A> as core::ops::function::FnOnce<Args>>::call_once
[INFO] [stdout]              at /rustc/df4ca44d3fbc9301ee17f30f4d474e6ae4b05252/library/alloc/src/boxed.rs:2454:9
[INFO] [stdout]       std::sys::pal::unix::thread::Thread::new::thread_start
[INFO] [stdout]              at /rustc/df4ca44d3fbc9301ee17f30f4d474e6ae4b05252/library/std/src/sys/pal/unix/thread.rs:105:17
[INFO] [stdout]   16: <unknown>
[INFO] [stdout]   17: clone
[INFO] [stdout] ) })
[INFO] [stdout] stack backtrace:
[INFO] [stdout]    0:     0x6471a2f4743a - std::backtrace_rs::backtrace::libunwind::trace::h207520d6e9873551
[INFO] [stdout]                                at /rustc/df4ca44d3fbc9301ee17f30f4d474e6ae4b05252/library/std/src/../../backtrace/src/backtrace/libunwind.rs:116:5
[INFO] [stdout]    1:     0x6471a2f4743a - std::backtrace_rs::backtrace::trace_unsynchronized::h2ed7433f370e3eca
[INFO] [stdout]                                at /rustc/df4ca44d3fbc9301ee17f30f4d474e6ae4b05252/library/std/src/../../backtrace/src/backtrace/mod.rs:66:5
[INFO] [stdout]    2:     0x6471a2f4743a - std::sys::backtrace::_print_fmt::h916fac51166b18d7
[INFO] [stdout]                                at /rustc/df4ca44d3fbc9301ee17f30f4d474e6ae4b05252/library/std/src/sys/backtrace.rs:66:9
[INFO] [stdout]    3:     0x6471a2f4743a - <std::sys::backtrace::BacktraceLock::print::DisplayBacktrace as core::fmt::Display>::fmt::ha0a4c9b8ce3802e6
[INFO] [stdout]                                at /rustc/df4ca44d3fbc9301ee17f30f4d474e6ae4b05252/library/std/src/sys/backtrace.rs:39:26
[INFO] [stdout]    4:     0x6471a2f6e653 - core::fmt::rt::Argument::fmt::h4cfc8587d52b3eb5
[INFO] [stdout]                                at /rustc/df4ca44d3fbc9301ee17f30f4d474e6ae4b05252/library/core/src/fmt/rt.rs:177:76
[INFO] [stdout]    5:     0x6471a2f6e653 - core::fmt::write::h522cc39e5b36ae9f
[INFO] [stdout]                                at /rustc/df4ca44d3fbc9301ee17f30f4d474e6ae4b05252/library/core/src/fmt/mod.rs:1190:21
[INFO] [stdout]    6:     0x6471a2f43ef3 - std::io::Write::write_fmt::h7d3c26752da97734
[INFO] [stdout]                                at /rustc/df4ca44d3fbc9301ee17f30f4d474e6ae4b05252/library/std/src/io/mod.rs:1839:15
[INFO] [stdout]    7:     0x6471a2f47282 - std::sys::backtrace::BacktraceLock::print::h4b9e00b29e9c0942
[INFO] [stdout]                                at /rustc/df4ca44d3fbc9301ee17f30f4d474e6ae4b05252/library/std/src/sys/backtrace.rs:42:9
[INFO] [stdout]    8:     0x6471a2f488ca - std::panicking::default_hook::{{closure}}::hb59b88280d0324d9
[INFO] [stdout]                                at /rustc/df4ca44d3fbc9301ee17f30f4d474e6ae4b05252/library/std/src/panicking.rs:268:22
[INFO] [stdout]    9:     0x6471a2f486d4 - std::panicking::default_hook::he1dd496665be4a29
[INFO] [stdout]                                at /rustc/df4ca44d3fbc9301ee17f30f4d474e6ae4b05252/library/std/src/panicking.rs:292:9
[INFO] [stdout]   10:     0x6471a2d1e099 - <alloc::boxed::Box<F,A> as core::ops::function::Fn<Args>>::call::h4ff71de18744e1dc
[INFO] [stdout]                                at /rustc/df4ca44d3fbc9301ee17f30f4d474e6ae4b05252/library/alloc/src/boxed.rs:2468:9
[INFO] [stdout]   11:     0x6471a2d1e099 - test::test_main::{{closure}}::hcf7c055ce117aa81
[INFO] [stdout]                                at /rustc/df4ca44d3fbc9301ee17f30f4d474e6ae4b05252/library/test/src/lib.rs:133:21
[INFO] [stdout]   12:     0x6471a2f48fc8 - <alloc::boxed::Box<F,A> as core::ops::function::Fn<Args>>::call::h1d66c6bbd60c9692
[INFO] [stdout]                                at /rustc/df4ca44d3fbc9301ee17f30f4d474e6ae4b05252/library/alloc/src/boxed.rs:2468:9
[INFO] [stdout]   13:     0x6471a2f48fc8 - std::panicking::rust_panic_with_hook::h2ff17fe8f26dfcf8
[INFO] [stdout]                                at /rustc/df4ca44d3fbc9301ee17f30f4d474e6ae4b05252/library/std/src/panicking.rs:809:13
[INFO] [stdout]   14:     0x6471a2f48d8a - std::panicking::begin_panic_handler::{{closure}}::h4fad77951c07e101
[INFO] [stdout]                                at /rustc/df4ca44d3fbc9301ee17f30f4d474e6ae4b05252/library/std/src/panicking.rs:674:13
[INFO] [stdout]   15:     0x6471a2f47919 - std::sys::backtrace::__rust_end_short_backtrace::hb1a25b3da5d0ea08
[INFO] [stdout]                                at /rustc/df4ca44d3fbc9301ee17f30f4d474e6ae4b05252/library/std/src/sys/backtrace.rs:170:18
[INFO] [stdout]   16:     0x6471a2f48a1c - rust_begin_unwind
[INFO] [stdout]                                at /rustc/df4ca44d3fbc9301ee17f30f4d474e6ae4b05252/library/std/src/panicking.rs:665:5
[INFO] [stdout]   17:     0x6471a2f6cd50 - core::panicking::panic_fmt::ha9db07b529f9b256
[INFO] [stdout]                                at /rustc/df4ca44d3fbc9301ee17f30f4d474e6ae4b05252/library/core/src/panicking.rs:75:14
[INFO] [stdout]   18:     0x6471a2f6d1d6 - core::result::unwrap_failed::h5e8218e4d4338b8a
[INFO] [stdout]                                at /rustc/df4ca44d3fbc9301ee17f30f4d474e6ae4b05252/library/core/src/result.rs:1698:5
[INFO] [stdout]   19:     0x6471a2cb2422 - core::result::Result<T,E>::unwrap::h2db97f767c89a340
[INFO] [stdout]                                at /rustc/df4ca44d3fbc9301ee17f30f4d474e6ae4b05252/library/core/src/result.rs:1103:23
[INFO] [stdout]   20:     0x6471a2cb2422 - vobsub::sub::parse_fuzz_corpus_seeds::hcf5259a4303ec6b8
[INFO] [stdout]                                at /opt/rustwide/workdir/src/sub.rs:686:16
[INFO] [stdout]   21:     0x6471a2cb2357 - vobsub::sub::parse_fuzz_corpus_seeds::{{closure}}::h8387d764302aa881
[INFO] [stdout]                                at /opt/rustwide/workdir/src/sub.rs:679:29
[INFO] [stdout]   22:     0x6471a2cd6676 - core::ops::function::FnOnce::call_once::hf48188749a85ac7c
[INFO] [stdout]                                at /rustc/df4ca44d3fbc9301ee17f30f4d474e6ae4b05252/library/core/src/ops/function.rs:250:5
[INFO] [stdout]   23:     0x6471a2d2296b - core::ops::function::FnOnce::call_once::h22c3ba5715e93f05
[INFO] [stdout]                                at /rustc/df4ca44d3fbc9301ee17f30f4d474e6ae4b05252/library/core/src/ops/function.rs:250:5
[INFO] [stdout]   24:     0x6471a2d2296b - test::__rust_begin_short_backtrace::h8e82d8113d0da17f
[INFO] [stdout]                                at /rustc/df4ca44d3fbc9301ee17f30f4d474e6ae4b05252/library/test/src/lib.rs:621:18
[INFO] [stdout]   25:     0x6471a2d222e7 - test::run_test_in_process::{{closure}}::h33235f4f20b7b7c7
[INFO] [stdout]                                at /rustc/df4ca44d3fbc9301ee17f30f4d474e6ae4b05252/library/test/src/lib.rs:644:60
[INFO] [stdout]   26:     0x6471a2d222e7 - <core::panic::unwind_safe::AssertUnwindSafe<F> as core::ops::function::FnOnce<()>>::call_once::hb5043206310c586f
[INFO] [stdout]                                at /rustc/df4ca44d3fbc9301ee17f30f4d474e6ae4b05252/library/core/src/panic/unwind_safe.rs:272:9
[INFO] [stdout]   27:     0x6471a2d222e7 - std::panicking::try::do_call::h9ad4731a60ab23e2
[INFO] [stdout]                                at /rustc/df4ca44d3fbc9301ee17f30f4d474e6ae4b05252/library/std/src/panicking.rs:557:40
[INFO] [stdout]   28:     0x6471a2d222e7 - std::panicking::try::h3824d23db772a716
[INFO] [stdout]                                at /rustc/df4ca44d3fbc9301ee17f30f4d474e6ae4b05252/library/std/src/panicking.rs:520:19
[INFO] [stdout]   29:     0x6471a2d222e7 - std::panic::catch_unwind::h5afd514605fde46b
[INFO] [stdout]                                at /rustc/df4ca44d3fbc9301ee17f30f4d474e6ae4b05252/library/std/src/panic.rs:358:14
[INFO] [stdout]   30:     0x6471a2d222e7 - test::run_test_in_process::h0d5cbfa7067d1720
[INFO] [stdout]                                at /rustc/df4ca44d3fbc9301ee17f30f4d474e6ae4b05252/library/test/src/lib.rs:644:27
[INFO] [stdout]   31:     0x6471a2d222e7 - test::run_test::{{closure}}::h708eb8872708115d
[INFO] [stdout]                                at /rustc/df4ca44d3fbc9301ee17f30f4d474e6ae4b05252/library/test/src/lib.rs:565:43
[INFO] [stdout]   32:     0x6471a2ce5a04 - test::run_test::{{closure}}::h392c51cee94713ab
[INFO] [stdout]                                at /rustc/df4ca44d3fbc9301ee17f30f4d474e6ae4b05252/library/test/src/lib.rs:595:41
[INFO] [stdout]   33:     0x6471a2ce5a04 - std::sys::backtrace::__rust_begin_short_backtrace::h2f40290710935a8b
[INFO] [stdout]                                at /rustc/df4ca44d3fbc9301ee17f30f4d474e6ae4b05252/library/std/src/sys/backtrace.rs:154:18
[INFO] [stdout]   34:     0x6471a2ce91ae - std::thread::Builder::spawn_unchecked_::{{closure}}::{{closure}}::h3fd968d89053a903
[INFO] [stdout]                                at /rustc/df4ca44d3fbc9301ee17f30f4d474e6ae4b05252/library/std/src/thread/mod.rs:541:17
[INFO] [stdout]   35:     0x6471a2ce91ae - <core::panic::unwind_safe::AssertUnwindSafe<F> as core::ops::function::FnOnce<()>>::call_once::h743f637ba4229880
[INFO] [stdout]                                at /rustc/df4ca44d3fbc9301ee17f30f4d474e6ae4b05252/library/core/src/panic/unwind_safe.rs:272:9
[INFO] [stdout]   36:     0x6471a2ce91ae - std::panicking::try::do_call::h07440897322525a6
[INFO] [stdout]                                at /rustc/df4ca44d3fbc9301ee17f30f4d474e6ae4b05252/library/std/src/panicking.rs:557:40
[INFO] [stdout]   37:     0x6471a2ce91ae - std::panicking::try::he5a2e00188156637
[INFO] [stdout]                                at /rustc/df4ca44d3fbc9301ee17f30f4d474e6ae4b05252/library/std/src/panicking.rs:520:19
[INFO] [stdout]   38:     0x6471a2ce91ae - std::panic::catch_unwind::hbaf3cae49b3c6433
[INFO] [stdout]                                at /rustc/df4ca44d3fbc9301ee17f30f4d474e6ae4b05252/library/std/src/panic.rs:358:14
[INFO] [stdout]   39:     0x6471a2ce91ae - std::thread::Builder::spawn_unchecked_::{{closure}}::h8e141ea224820bce
[INFO] [stdout]                                at /rustc/df4ca44d3fbc9301ee17f30f4d474e6ae4b05252/library/std/src/thread/mod.rs:540:30
[INFO] [stdout]   40:     0x6471a2ce91ae - core::ops::function::FnOnce::call_once{{vtable.shim}}::h90d312fedd7b8ea8
[INFO] [stdout]                                at /rustc/df4ca44d3fbc9301ee17f30f4d474e6ae4b05252/library/core/src/ops/function.rs:250:5
[INFO] [stdout]   41:     0x6471a2f4ce5b - <alloc::boxed::Box<F,A> as core::ops::function::FnOnce<Args>>::call_once::h69aa08ddb6adb8b6
[INFO] [stdout]                                at /rustc/df4ca44d3fbc9301ee17f30f4d474e6ae4b05252/library/alloc/src/boxed.rs:2454:9
[INFO] [stdout]   42:     0x6471a2f4ce5b - <alloc::boxed::Box<F,A> as core::ops::function::FnOnce<Args>>::call_once::h5aa36efdb79c806f
[INFO] [stdout]                                at /rustc/df4ca44d3fbc9301ee17f30f4d474e6ae4b05252/library/alloc/src/boxed.rs:2454:9
[INFO] [stdout]   43:     0x6471a2f4ce5b - std::sys::pal::unix::thread::Thread::new::thread_start::h6cd80a1b4be5158d
[INFO] [stdout]                                at /rustc/df4ca44d3fbc9301ee17f30f4d474e6ae4b05252/library/std/src/sys/pal/unix/thread.rs:105:17
[INFO] [stdout]   44:     0x7e982e347ac3 - <unknown>
[INFO] [stdout]   45:     0x7e982e3d8a04 - clone
[INFO] [stdout]   46:                0x0 - <unknown>
[INFO] [stdout] 
[INFO] [stdout] ---- probe::probe_idx_files stdout ----
[INFO] [stdout] thread 'probe::probe_idx_files' panicked at src/probe.rs:27:49:
[INFO] [stdout] called `Result::unwrap()` on an `Err` value: Error(ReadFile("../fixtures/tiny.idx"), State { next_error: Some(Os { code: 2, kind: NotFound, message: "No such file or directory" }), backtrace: Some(   0: error_chain::make_backtrace
[INFO] [stdout]              at /opt/rustwide/cargo-home/registry/src/index.crates.io-6f17d22bba15001f/error-chain-0.10.0/src/lib.rs:417:54
[INFO] [stdout]    1: core::ops::function::FnOnce::call_once
[INFO] [stdout]              at /rustc/df4ca44d3fbc9301ee17f30f4d474e6ae4b05252/library/core/src/ops/function.rs:250:5
[INFO] [stdout]    2: core::option::Option<T>::or_else
[INFO] [stdout]              at /rustc/df4ca44d3fbc9301ee17f30f4d474e6ae4b05252/library/core/src/option.rs:1545:21
[INFO] [stdout]    3: error_chain::State::new
[INFO] [stdout]              at /opt/rustwide/cargo-home/registry/src/index.crates.io-6f17d22bba15001f/error-chain-0.10.0/src/lib.rs:518:25
[INFO] [stdout]    4: <core::result::Result<T,E> as vobsub::errors::ResultExt<T,E>>::chain_err::{{closure}}
[INFO] [stdout]              at /opt/rustwide/cargo-home/registry/src/index.crates.io-6f17d22bba15001f/error-chain-0.10.0/src/error_chain.rs:308:33
[INFO] [stdout]    5: core::result::Result<T,E>::map_err
[INFO] [stdout]              at /rustc/df4ca44d3fbc9301ee17f30f4d474e6ae4b05252/library/core/src/result.rs:855:27
[INFO] [stdout]    6: <core::result::Result<T,E> as vobsub::errors::ResultExt<T,E>>::chain_err
[INFO] [stdout]              at /opt/rustwide/cargo-home/registry/src/index.crates.io-6f17d22bba15001f/error-chain-0.10.0/src/error_chain.rs:307:17
[INFO] [stdout]    7: vobsub::probe::has_magic
[INFO] [stdout]              at /opt/rustwide/workdir/src/probe.rs:13:17
[INFO] [stdout]    8: vobsub::probe::is_idx_file
[INFO] [stdout]              at /opt/rustwide/workdir/src/probe.rs:21:5
[INFO] [stdout]    9: vobsub::probe::probe_idx_files
[INFO] [stdout]              at /opt/rustwide/workdir/src/probe.rs:27:13
[INFO] [stdout]   10: vobsub::probe::probe_idx_files::{{closure}}
[INFO] [stdout]              at /opt/rustwide/workdir/src/probe.rs:26:21
[INFO] [stdout]   11: core::ops::function::FnOnce::call_once
[INFO] [stdout]              at /rustc/df4ca44d3fbc9301ee17f30f4d474e6ae4b05252/library/core/src/ops/function.rs:250:5
[INFO] [stdout]   12: core::ops::function::FnOnce::call_once
[INFO] [stdout]              at /rustc/df4ca44d3fbc9301ee17f30f4d474e6ae4b05252/library/core/src/ops/function.rs:250:5
[INFO] [stdout]       test::__rust_begin_short_backtrace
[INFO] [stdout]              at /rustc/df4ca44d3fbc9301ee17f30f4d474e6ae4b05252/library/test/src/lib.rs:621:18
[INFO] [stdout]   13: test::run_test_in_process::{{closure}}
[INFO] [stdout]              at /rustc/df4ca44d3fbc9301ee17f30f4d474e6ae4b05252/library/test/src/lib.rs:644:60
[INFO] [stdout]       <core::panic::unwind_safe::AssertUnwindSafe<F> as core::ops::function::FnOnce<()>>::call_once
[INFO] [stdout]              at /rustc/df4ca44d3fbc9301ee17f30f4d474e6ae4b05252/library/core/src/panic/unwind_safe.rs:272:9
[INFO] [stdout]       std::panicking::try::do_call
[INFO] [stdout]              at /rustc/df4ca44d3fbc9301ee17f30f4d474e6ae4b05252/library/std/src/panicking.rs:557:40
[INFO] [stdout]       std::panicking::try
[INFO] [stdout]              at /rustc/df4ca44d3fbc9301ee17f30f4d474e6ae4b05252/library/std/src/panicking.rs:520:19
[INFO] [stdout]       std::panic::catch_unwind
[INFO] [stdout]              at /rustc/df4ca44d3fbc9301ee17f30f4d474e6ae4b05252/library/std/src/panic.rs:358:14
[INFO] [stdout]       test::run_test_in_process
[INFO] [stdout]              at /rustc/df4ca44d3fbc9301ee17f30f4d474e6ae4b05252/library/test/src/lib.rs:644:27
[INFO] [stdout]       test::run_test::{{closure}}
[INFO] [stdout]              at /rustc/df4ca44d3fbc9301ee17f30f4d474e6ae4b05252/library/test/src/lib.rs:565:43
[INFO] [stdout]   14: test::run_test::{{closure}}
[INFO] [stdout]              at /rustc/df4ca44d3fbc9301ee17f30f4d474e6ae4b05252/library/test/src/lib.rs:595:41
[INFO] [stdout]       std::sys::backtrace::__rust_begin_short_backtrace
[INFO] [stdout]              at /rustc/df4ca44d3fbc9301ee17f30f4d474e6ae4b05252/library/std/src/sys/backtrace.rs:154:18
[INFO] [stdout]   15: std::thread::Builder::spawn_unchecked_::{{closure}}::{{closure}}
[INFO] [stdout]              at /rustc/df4ca44d3fbc9301ee17f30f4d474e6ae4b05252/library/std/src/thread/mod.rs:541:17
[INFO] [stdout]       <core::panic::unwind_safe::AssertUnwindSafe<F> as core::ops::function::FnOnce<()>>::call_once
[INFO] [stdout]              at /rustc/df4ca44d3fbc9301ee17f30f4d474e6ae4b05252/library/core/src/panic/unwind_safe.rs:272:9
[INFO] [stdout]       std::panicking::try::do_call
[INFO] [stdout]              at /rustc/df4ca44d3fbc9301ee17f30f4d474e6ae4b05252/library/std/src/panicking.rs:557:40
[INFO] [stdout]       std::panicking::try
[INFO] [stdout]              at /rustc/df4ca44d3fbc9301ee17f30f4d474e6ae4b05252/library/std/src/panicking.rs:520:19
[INFO] [stdout]       std::panic::catch_unwind
[INFO] [stdout]              at /rustc/df4ca44d3fbc9301ee17f30f4d474e6ae4b05252/library/std/src/panic.rs:358:14
[INFO] [stdout]       std::thread::Builder::spawn_unchecked_::{{closure}}
[INFO] [stdout]              at /rustc/df4ca44d3fbc9301ee17f30f4d474e6ae4b05252/library/std/src/thread/mod.rs:540:30
[INFO] [stdout]       core::ops::function::FnOnce::call_once{{vtable.shim}}
[INFO] [stdout]              at /rustc/df4ca44d3fbc9301ee17f30f4d474e6ae4b05252/library/core/src/ops/function.rs:250:5
[INFO] [stdout]   16: <alloc::boxed::Box<F,A> as core::ops::function::FnOnce<Args>>::call_once
[INFO] [stdout]              at /rustc/df4ca44d3fbc9301ee17f30f4d474e6ae4b05252/library/alloc/src/boxed.rs:2454:9
[INFO] [stdout]       <alloc::boxed::Box<F,A> as core::ops::function::FnOnce<Args>>::call_once
[INFO] [stdout]              at /rustc/df4ca44d3fbc9301ee17f30f4d474e6ae4b05252/library/alloc/src/boxed.rs:2454:9
[INFO] [stdout]       std::sys::pal::unix::thread::Thread::new::thread_start
[INFO] [stdout]              at /rustc/df4ca44d3fbc9301ee17f30f4d474e6ae4b05252/library/std/src/sys/pal/unix/thread.rs:105:17
[INFO] [stdout]   17: <unknown>
[INFO] [stdout]   18: clone
[INFO] [stdout] ) })
[INFO] [stdout] stack backtrace:
[INFO] [stdout]    0:     0x6471a2f4743a - std::backtrace_rs::backtrace::libunwind::trace::h207520d6e9873551
[INFO] [stdout]                                at /rustc/df4ca44d3fbc9301ee17f30f4d474e6ae4b05252/library/std/src/../../backtrace/src/backtrace/libunwind.rs:116:5
[INFO] [stdout]    1:     0x6471a2f4743a - std::backtrace_rs::backtrace::trace_unsynchronized::h2ed7433f370e3eca
[INFO] [stdout]                                at /rustc/df4ca44d3fbc9301ee17f30f4d474e6ae4b05252/library/std/src/../../backtrace/src/backtrace/mod.rs:66:5
[INFO] [stdout]    2:     0x6471a2f4743a - std::sys::backtrace::_print_fmt::h916fac51166b18d7
[INFO] [stdout]                                at /rustc/df4ca44d3fbc9301ee17f30f4d474e6ae4b05252/library/std/src/sys/backtrace.rs:66:9
[INFO] [stdout]    3:     0x6471a2f4743a - <std::sys::backtrace::BacktraceLock::print::DisplayBacktrace as core::fmt::Display>::fmt::ha0a4c9b8ce3802e6
[INFO] [stdout]                                at /rustc/df4ca44d3fbc9301ee17f30f4d474e6ae4b05252/library/std/src/sys/backtrace.rs:39:26
[INFO] [stdout]    4:     0x6471a2f6e653 - core::fmt::rt::Argument::fmt::h4cfc8587d52b3eb5
[INFO] [stdout]                                at /rustc/df4ca44d3fbc9301ee17f30f4d474e6ae4b05252/library/core/src/fmt/rt.rs:177:76
[INFO] [stdout]    5:     0x6471a2f6e653 - core::fmt::write::h522cc39e5b36ae9f
[INFO] [stdout]                                at /rustc/df4ca44d3fbc9301ee17f30f4d474e6ae4b05252/library/core/src/fmt/mod.rs:1190:21
[INFO] [stdout]    6:     0x6471a2f43ef3 - std::io::Write::write_fmt::h7d3c26752da97734
[INFO] [stdout]                                at /rustc/df4ca44d3fbc9301ee17f30f4d474e6ae4b05252/library/std/src/io/mod.rs:1839:15
[INFO] [stdout]    7:     0x6471a2f47282 - std::sys::backtrace::BacktraceLock::print::h4b9e00b29e9c0942
[INFO] [stdout]                                at /rustc/df4ca44d3fbc9301ee17f30f4d474e6ae4b05252/library/std/src/sys/backtrace.rs:42:9
[INFO] [stdout]    8:     0x6471a2f488ca - std::panicking::default_hook::{{closure}}::hb59b88280d0324d9
[INFO] [stdout]                                at /rustc/df4ca44d3fbc9301ee17f30f4d474e6ae4b05252/library/std/src/panicking.rs:268:22
[INFO] [stdout]    9:     0x6471a2f486d4 - std::panicking::default_hook::he1dd496665be4a29
[INFO] [stdout]                                at /rustc/df4ca44d3fbc9301ee17f30f4d474e6ae4b05252/library/std/src/panicking.rs:292:9
[INFO] [stdout]   10:     0x6471a2d1e099 - <alloc::boxed::Box<F,A> as core::ops::function::Fn<Args>>::call::h4ff71de18744e1dc
[INFO] [stdout]                                at /rustc/df4ca44d3fbc9301ee17f30f4d474e6ae4b05252/library/alloc/src/boxed.rs:2468:9
[INFO] [stdout]   11:     0x6471a2d1e099 - test::test_main::{{closure}}::hcf7c055ce117aa81
[INFO] [stdout]                                at /rustc/df4ca44d3fbc9301ee17f30f4d474e6ae4b05252/library/test/src/lib.rs:133:21
[INFO] [stdout]   12:     0x6471a2f48fc8 - <alloc::boxed::Box<F,A> as core::ops::function::Fn<Args>>::call::h1d66c6bbd60c9692
[INFO] [stdout]                                at /rustc/df4ca44d3fbc9301ee17f30f4d474e6ae4b05252/library/alloc/src/boxed.rs:2468:9
[INFO] [stdout]   13:     0x6471a2f48fc8 - std::panicking::rust_panic_with_hook::h2ff17fe8f26dfcf8
[INFO] [stdout]                                at /rustc/df4ca44d3fbc9301ee17f30f4d474e6ae4b05252/library/std/src/panicking.rs:809:13
[INFO] [stdout]   14:     0x6471a2f48d8a - std::panicking::begin_panic_handler::{{closure}}::h4fad77951c07e101
[INFO] [stdout]                                at /rustc/df4ca44d3fbc9301ee17f30f4d474e6ae4b05252/library/std/src/panicking.rs:674:13
[INFO] [stdout]   15:     0x6471a2f47919 - std::sys::backtrace::__rust_end_short_backtrace::hb1a25b3da5d0ea08
[INFO] [stdout]                                at /rustc/df4ca44d3fbc9301ee17f30f4d474e6ae4b05252/library/std/src/sys/backtrace.rs:170:18
[INFO] [stdout]   16:     0x6471a2f48a1c - rust_begin_unwind
[INFO] [stdout]                                at /rustc/df4ca44d3fbc9301ee17f30f4d474e6ae4b05252/library/std/src/panicking.rs:665:5
[INFO] [stdout]   17:     0x6471a2f6cd50 - core::panicking::panic_fmt::ha9db07b529f9b256
[INFO] [stdout]                                at /rustc/df4ca44d3fbc9301ee17f30f4d474e6ae4b05252/library/core/src/panicking.rs:75:14
[INFO] [stdout]   18:     0x6471a2f6d1d6 - core::result::unwrap_failed::h5e8218e4d4338b8a
[INFO] [stdout]                                at /rustc/df4ca44d3fbc9301ee17f30f4d474e6ae4b05252/library/core/src/result.rs:1698:5
[INFO] [stdout]   19:     0x6471a2cdcbdd - core::result::Result<T,E>::unwrap::h3f931e2cc1a4e60d
[INFO] [stdout]                                at /rustc/df4ca44d3fbc9301ee17f30f4d474e6ae4b05252/library/core/src/result.rs:1103:23
[INFO] [stdout]   20:     0x6471a2cdcbdd - vobsub::probe::probe_idx_files::h16749b6221c1dcba
[INFO] [stdout]                                at /opt/rustwide/workdir/src/probe.rs:27:13
[INFO] [stdout]   21:     0x6471a2cdcb37 - vobsub::probe::probe_idx_files::{{closure}}::h47806765ff172fd6
[INFO] [stdout]                                at /opt/rustwide/workdir/src/probe.rs:26:21
[INFO] [stdout]   22:     0x6471a2cd6156 - core::ops::function::FnOnce::call_once::h0de001163e93e327
[INFO] [stdout]                                at /rustc/df4ca44d3fbc9301ee17f30f4d474e6ae4b05252/library/core/src/ops/function.rs:250:5
[INFO] [stdout]   23:     0x6471a2d2296b - core::ops::function::FnOnce::call_once::h22c3ba5715e93f05
[INFO] [stdout]                                at /rustc/df4ca44d3fbc9301ee17f30f4d474e6ae4b05252/library/core/src/ops/function.rs:250:5
[INFO] [stdout]   24:     0x6471a2d2296b - test::__rust_begin_short_backtrace::h8e82d8113d0da17f
[INFO] [stdout]                                at /rustc/df4ca44d3fbc9301ee17f30f4d474e6ae4b05252/library/test/src/lib.rs:621:18
[INFO] [stdout]   25:     0x6471a2d222e7 - test::run_test_in_process::{{closure}}::h33235f4f20b7b7c7
[INFO] [stdout]                                at /rustc/df4ca44d3fbc9301ee17f30f4d474e6ae4b05252/library/test/src/lib.rs:644:60
[INFO] [stdout]   26:     0x6471a2d222e7 - <core::panic::unwind_safe::AssertUnwindSafe<F> as core::ops::function::FnOnce<()>>::call_once::hb5043206310c586f
[INFO] [stdout]                                at /rustc/df4ca44d3fbc9301ee17f30f4d474e6ae4b05252/library/core/src/panic/unwind_safe.rs:272:9
[INFO] [stdout]   27:     0x6471a2d222e7 - std::panicking::try::do_call::h9ad4731a60ab23e2
[INFO] [stdout]                                at /rustc/df4ca44d3fbc9301ee17f30f4d474e6ae4b05252/library/std/src/panicking.rs:557:40
[INFO] [stdout]   28:     0x6471a2d222e7 - std::panicking::try::h3824d23db772a716
[INFO] [stdout]                                at /rustc/df4ca44d3fbc9301ee17f30f4d474e6ae4b05252/library/std/src/panicking.rs:520:19
[INFO] [stdout]   29:     0x6471a2d222e7 - std::panic::catch_unwind::h5afd514605fde46b
[INFO] [stdout]                                at /rustc/df4ca44d3fbc9301ee17f30f4d474e6ae4b05252/library/std/src/panic.rs:358:14
[INFO] [stdout]   30:     0x6471a2d222e7 - test::run_test_in_process::h0d5cbfa7067d1720
[INFO] [stdout]                                at /rustc/df4ca44d3fbc9301ee17f30f4d474e6ae4b05252/library/test/src/lib.rs:644:27
[INFO] [stdout]   31:     0x6471a2d222e7 - test::run_test::{{closure}}::h708eb8872708115d
[INFO] [stdout]                                at /rustc/df4ca44d3fbc9301ee17f30f4d474e6ae4b05252/library/test/src/lib.rs:565:43
[INFO] [stdout]   32:     0x6471a2ce5a04 - test::run_test::{{closure}}::h392c51cee94713ab
[INFO] [stdout]                                at /rustc/df4ca44d3fbc9301ee17f30f4d474e6ae4b05252/library/test/src/lib.rs:595:41
[INFO] [stdout]   33:     0x6471a2ce5a04 - std::sys::backtrace::__rust_begin_short_backtrace::h2f40290710935a8b
[INFO] [stdout]                                at /rustc/df4ca44d3fbc9301ee17f30f4d474e6ae4b05252/library/std/src/sys/backtrace.rs:154:18
[INFO] [stdout]   34:     0x6471a2ce91ae - std::thread::Builder::spawn_unchecked_::{{closure}}::{{closure}}::h3fd968d89053a903
[INFO] [stdout]                                at /rustc/df4ca44d3fbc9301ee17f30f4d474e6ae4b05252/library/std/src/thread/mod.rs:541:17
[INFO] [stdout]   35:     0x6471a2ce91ae - <core::panic::unwind_safe::AssertUnwindSafe<F> as core::ops::function::FnOnce<()>>::call_once::h743f637ba4229880
[INFO] [stdout]                                at /rustc/df4ca44d3fbc9301ee17f30f4d474e6ae4b05252/library/core/src/panic/unwind_safe.rs:272:9
[INFO] [stdout]   36:     0x6471a2ce91ae - std::panicking::try::do_call::h07440897322525a6
[INFO] [stdout]                                at /rustc/df4ca44d3fbc9301ee17f30f4d474e6ae4b05252/library/std/src/panicking.rs:557:40
[INFO] [stdout]   37:     0x6471a2ce91ae - std::panicking::try::he5a2e00188156637
[INFO] [stdout]                                at /rustc/df4ca44d3fbc9301ee17f30f4d474e6ae4b05252/library/std/src/panicking.rs:520:19
[INFO] [stdout]   38:     0x6471a2ce91ae - std::panic::catch_unwind::hbaf3cae49b3c6433
[INFO] [stdout]                                at /rustc/df4ca44d3fbc9301ee17f30f4d474e6ae4b05252/library/std/src/panic.rs:358:14
[INFO] [stdout]   39:     0x6471a2ce91ae - std::thread::Builder::spawn_unchecked_::{{closure}}::h8e141ea224820bce
[INFO] [stdout]                                at /rustc/df4ca44d3fbc9301ee17f30f4d474e6ae4b05252/library/std/src/thread/mod.rs:540:30
[INFO] [stdout]   40:     0x6471a2ce91ae - core::ops::function::FnOnce::call_once{{vtable.shim}}::h90d312fedd7b8ea8
[INFO] [stdout]                                at /rustc/df4ca44d3fbc9301ee17f30f4d474e6ae4b05252/library/core/src/ops/function.rs:250:5
[INFO] [stdout]   41:     0x6471a2f4ce5b - <alloc::boxed::Box<F,A> as core::ops::function::FnOnce<Args>>::call_once::h69aa08ddb6adb8b6
[INFO] [stdout]                                at /rustc/df4ca44d3fbc9301ee17f30f4d474e6ae4b05252/library/alloc/src/boxed.rs:2454:9
[INFO] [stdout]   42:     0x6471a2f4ce5b - <alloc::boxed::Box<F,A> as core::ops::function::FnOnce<Args>>::call_once::h5aa36efdb79c806f
[INFO] [stdout]                                at /rustc/df4ca44d3fbc9301ee17f30f4d474e6ae4b05252/library/alloc/src/boxed.rs:2454:9
[INFO] [stdout]   43:     0x6471a2f4ce5b - std::sys::pal::unix::thread::Thread::new::thread_start::h6cd80a1b4be5158d
[INFO] [stdout]                                at /rustc/df4ca44d3fbc9301ee17f30f4d474e6ae4b05252/library/std/src/sys/pal/unix/thread.rs:105:17
[INFO] [stdout]   44:     0x7e982e347ac3 - <unknown>
[INFO] [stdout]   45:     0x7e982e3d8a04 - clone
[INFO] [stdout]   46:                0x0 - <unknown>
[INFO] [stdout] 
[INFO] [stdout] ---- sub::parse_subtitles_from_subtitle_edit stdout ----
[INFO] [stdout] thread 'sub::parse_subtitles_from_subtitle_edit' panicked at src/sub.rs:672:51:
[INFO] [stdout] called `Result::unwrap()` on an `Err` value: Error(Msg("Could not parse ../fixtures/tiny.idx"), State { next_error: Some(Os { code: 2, kind: NotFound, message: "No such file or directory" }), backtrace: Some(   0: error_chain::make_backtrace
[INFO] [stdout]              at /opt/rustwide/cargo-home/registry/src/index.crates.io-6f17d22bba15001f/error-chain-0.10.0/src/lib.rs:417:54
[INFO] [stdout]    1: core::ops::function::FnOnce::call_once
[INFO] [stdout]              at /rustc/df4ca44d3fbc9301ee17f30f4d474e6ae4b05252/library/core/src/ops/function.rs:250:5
[INFO] [stdout]    2: core::option::Option<T>::or_else
[INFO] [stdout]              at /rustc/df4ca44d3fbc9301ee17f30f4d474e6ae4b05252/library/core/src/option.rs:1545:21
[INFO] [stdout]    3: error_chain::State::new
[INFO] [stdout]              at /opt/rustwide/cargo-home/registry/src/index.crates.io-6f17d22bba15001f/error-chain-0.10.0/src/lib.rs:518:25
[INFO] [stdout]    4: <core::result::Result<T,E> as vobsub::errors::ResultExt<T,E>>::chain_err::{{closure}}
[INFO] [stdout]              at /opt/rustwide/cargo-home/registry/src/index.crates.io-6f17d22bba15001f/error-chain-0.10.0/src/error_chain.rs:308:33
[INFO] [stdout]    5: core::result::Result<T,E>::map_err
[INFO] [stdout]              at /rustc/df4ca44d3fbc9301ee17f30f4d474e6ae4b05252/library/core/src/result.rs:855:27
[INFO] [stdout]    6: <core::result::Result<T,E> as vobsub::errors::ResultExt<T,E>>::chain_err
[INFO] [stdout]              at /opt/rustwide/cargo-home/registry/src/index.crates.io-6f17d22bba15001f/error-chain-0.10.0/src/error_chain.rs:307:17
[INFO] [stdout]    7: vobsub::idx::Index::open
[INFO] [stdout]              at /opt/rustwide/workdir/src/idx.rs:117:17
[INFO] [stdout]    8: vobsub::sub::parse_subtitles_from_subtitle_edit
[INFO] [stdout]              at /opt/rustwide/workdir/src/sub.rs:672:15
[INFO] [stdout]    9: vobsub::sub::parse_subtitles_from_subtitle_edit::{{closure}}
[INFO] [stdout]              at /opt/rustwide/workdir/src/sub.rs:668:40
[INFO] [stdout]   10: core::ops::function::FnOnce::call_once
[INFO] [stdout]              at /rustc/df4ca44d3fbc9301ee17f30f4d474e6ae4b05252/library/core/src/ops/function.rs:250:5
[INFO] [stdout]   11: core::ops::function::FnOnce::call_once
[INFO] [stdout]              at /rustc/df4ca44d3fbc9301ee17f30f4d474e6ae4b05252/library/core/src/ops/function.rs:250:5
[INFO] [stdout]       test::__rust_begin_short_backtrace
[INFO] [stdout]              at /rustc/df4ca44d3fbc9301ee17f30f4d474e6ae4b05252/library/test/src/lib.rs:621:18
[INFO] [stdout]   12: test::run_test_in_process::{{closure}}
[INFO] [stdout]              at /rustc/df4ca44d3fbc9301ee17f30f4d474e6ae4b05252/library/test/src/lib.rs:644:60
[INFO] [stdout]       <core::panic::unwind_safe::AssertUnwindSafe<F> as core::ops::function::FnOnce<()>>::call_once
[INFO] [stdout]              at /rustc/df4ca44d3fbc9301ee17f30f4d474e6ae4b05252/library/core/src/panic/unwind_safe.rs:272:9
[INFO] [stdout]       std::panicking::try::do_call
[INFO] [stdout]              at /rustc/df4ca44d3fbc9301ee17f30f4d474e6ae4b05252/library/std/src/panicking.rs:557:40
[INFO] [stdout]       std::panicking::try
[INFO] [stdout]              at /rustc/df4ca44d3fbc9301ee17f30f4d474e6ae4b05252/library/std/src/panicking.rs:520:19
[INFO] [stdout]       std::panic::catch_unwind
[INFO] [stdout]              at /rustc/df4ca44d3fbc9301ee17f30f4d474e6ae4b05252/library/std/src/panic.rs:358:14
[INFO] [stdout]       test::run_test_in_process
[INFO] [stdout]              at /rustc/df4ca44d3fbc9301ee17f30f4d474e6ae4b05252/library/test/src/lib.rs:644:27
[INFO] [stdout]       test::run_test::{{closure}}
[INFO] [stdout]              at /rustc/df4ca44d3fbc9301ee17f30f4d474e6ae4b05252/library/test/src/lib.rs:565:43
[INFO] [stdout]   13: test::run_test::{{closure}}
[INFO] [stdout]              at /rustc/df4ca44d3fbc9301ee17f30f4d474e6ae4b05252/library/test/src/lib.rs:595:41
[INFO] [stdout]       std::sys::backtrace::__rust_begin_short_backtrace
[INFO] [stdout]              at /rustc/df4ca44d3fbc9301ee17f30f4d474e6ae4b05252/library/std/src/sys/backtrace.rs:154:18
[INFO] [stdout]   14: std::thread::Builder::spawn_unchecked_::{{closure}}::{{closure}}
[INFO] [stdout]              at /rustc/df4ca44d3fbc9301ee17f30f4d474e6ae4b05252/library/std/src/thread/mod.rs:541:17
[INFO] [stdout]       <core::panic::unwind_safe::AssertUnwindSafe<F> as core::ops::function::FnOnce<()>>::call_once
[INFO] [stdout]              at /rustc/df4ca44d3fbc9301ee17f30f4d474e6ae4b05252/library/core/src/panic/unwind_safe.rs:272:9
[INFO] [stdout]       std::panicking::try::do_call
[INFO] [stdout]              at /rustc/df4ca44d3fbc9301ee17f30f4d474e6ae4b05252/library/std/src/panicking.rs:557:40
[INFO] [stdout]       std::panicking::try
[INFO] [stdout]              at /rustc/df4ca44d3fbc9301ee17f30f4d474e6ae4b05252/library/std/src/panicking.rs:520:19
[INFO] [stdout]       std::panic::catch_unwind
[INFO] [stdout]              at /rustc/df4ca44d3fbc9301ee17f30f4d474e6ae4b05252/library/std/src/panic.rs:358:14
[INFO] [stdout]       std::thread::Builder::spawn_unchecked_::{{closure}}
[INFO] [stdout]              at /rustc/df4ca44d3fbc9301ee17f30f4d474e6ae4b05252/library/std/src/thread/mod.rs:540:30
[INFO] [stdout]       core::ops::function::FnOnce::call_once{{vtable.shim}}
[INFO] [stdout]              at /rustc/df4ca44d3fbc9301ee17f30f4d474e6ae4b05252/library/core/src/ops/function.rs:250:5
[INFO] [stdout]   15: <alloc::boxed::Box<F,A> as core::ops::function::FnOnce<Args>>::call_once
[INFO] [stdout]              at /rustc/df4ca44d3fbc9301ee17f30f4d474e6ae4b05252/library/alloc/src/boxed.rs:2454:9
[INFO] [stdout]       <alloc::boxed::Box<F,A> as core::ops::function::FnOnce<Args>>::call_once
[INFO] [stdout]              at /rustc/df4ca44d3fbc9301ee17f30f4d474e6ae4b05252/library/alloc/src/boxed.rs:2454:9
[INFO] [stdout]       std::sys::pal::unix::thread::Thread::new::thread_start
[INFO] [stdout]              at /rustc/df4ca44d3fbc9301ee17f30f4d474e6ae4b05252/library/std/src/sys/pal/unix/thread.rs:105:17
[INFO] [stdout]   16: <unknown>
[INFO] [stdout]   17: clone
[INFO] [stdout] ) })
[INFO] [stdout] stack backtrace:
[INFO] [stdout]    0:     0x6471a2f4743a - std::backtrace_rs::backtrace::libunwind::trace::h207520d6e9873551
[INFO] [stdout]                                at /rustc/df4ca44d3fbc9301ee17f30f4d474e6ae4b05252/library/std/src/../../backtrace/src/backtrace/libunwind.rs:116:5
[INFO] [stdout]    1:     0x6471a2f4743a - std::backtrace_rs::backtrace::trace_unsynchronized::h2ed7433f370e3eca
[INFO] [stdout]                                at /rustc/df4ca44d3fbc9301ee17f30f4d474e6ae4b05252/library/std/src/../../backtrace/src/backtrace/mod.rs:66:5
[INFO] [stdout]    2:     0x6471a2f4743a - std::sys::backtrace::_print_fmt::h916fac51166b18d7
[INFO] [stdout]                                at /rustc/df4ca44d3fbc9301ee17f30f4d474e6ae4b05252/library/std/src/sys/backtrace.rs:66:9
[INFO] [stdout]    3:     0x6471a2f4743a - <std::sys::backtrace::BacktraceLock::print::DisplayBacktrace as core::fmt::Display>::fmt::ha0a4c9b8ce3802e6
[INFO] [stdout]                                at /rustc/df4ca44d3fbc9301ee17f30f4d474e6ae4b05252/library/std/src/sys/backtrace.rs:39:26
[INFO] [stdout]    4:     0x6471a2f6e653 - core::fmt::rt::Argument::fmt::h4cfc8587d52b3eb5
[INFO] [stdout]                                at /rustc/df4ca44d3fbc9301ee17f30f4d474e6ae4b05252/library/core/src/fmt/rt.rs:177:76
[INFO] [stdout]    5:     0x6471a2f6e653 - core::fmt::write::h522cc39e5b36ae9f
[INFO] [stdout]                                at /rustc/df4ca44d3fbc9301ee17f30f4d474e6ae4b05252/library/core/src/fmt/mod.rs:1190:21
[INFO] [stdout]    6:     0x6471a2f43ef3 - std::io::Write::write_fmt::h7d3c26752da97734
[INFO] [stdout]                                at /rustc/df4ca44d3fbc9301ee17f30f4d474e6ae4b05252/library/std/src/io/mod.rs:1839:15
[INFO] [stdout]    7:     0x6471a2f47282 - std::sys::backtrace::BacktraceLock::print::h4b9e00b29e9c0942
[INFO] [stdout]                                at /rustc/df4ca44d3fbc9301ee17f30f4d474e6ae4b05252/library/std/src/sys/backtrace.rs:42:9
[INFO] [stdout]    8:     0x6471a2f488ca - std::panicking::default_hook::{{closure}}::hb59b88280d0324d9
[INFO] [stdout]                                at /rustc/df4ca44d3fbc9301ee17f30f4d474e6ae4b05252/library/std/src/panicking.rs:268:22
[INFO] [stdout]    9:     0x6471a2f486d4 - std::panicking::default_hook::he1dd496665be4a29
[INFO] [stdout]                                at /rustc/df4ca44d3fbc9301ee17f30f4d474e6ae4b05252/library/std/src/panicking.rs:292:9
[INFO] [stdout]   10:     0x6471a2d1e099 - <alloc::boxed::Box<F,A> as core::ops::function::Fn<Args>>::call::h4ff71de18744e1dc
[INFO] [stdout]                                at /rustc/df4ca44d3fbc9301ee17f30f4d474e6ae4b05252/library/alloc/src/boxed.rs:2468:9
[INFO] [stdout]   11:     0x6471a2d1e099 - test::test_main::{{closure}}::hcf7c055ce117aa81
[INFO] [stdout]                                at /rustc/df4ca44d3fbc9301ee17f30f4d474e6ae4b05252/library/test/src/lib.rs:133:21
[INFO] [stdout]   12:     0x6471a2f48fc8 - <alloc::boxed::Box<F,A> as core::ops::function::Fn<Args>>::call::h1d66c6bbd60c9692
[INFO] [stdout]                                at /rustc/df4ca44d3fbc9301ee17f30f4d474e6ae4b05252/library/alloc/src/boxed.rs:2468:9
[INFO] [stdout]   13:     0x6471a2f48fc8 - std::panicking::rust_panic_with_hook::h2ff17fe8f26dfcf8
[INFO] [stdout]                                at /rustc/df4ca44d3fbc9301ee17f30f4d474e6ae4b05252/library/std/src/panicking.rs:809:13
[INFO] [stdout]   14:     0x6471a2f48d8a - std::panicking::begin_panic_handler::{{closure}}::h4fad77951c07e101
[INFO] [stdout]                                at /rustc/df4ca44d3fbc9301ee17f30f4d474e6ae4b05252/library/std/src/panicking.rs:674:13
[INFO] [stdout]   15:     0x6471a2f47919 - std::sys::backtrace::__rust_end_short_backtrace::hb1a25b3da5d0ea08
[INFO] [stdout]                                at /rustc/df4ca44d3fbc9301ee17f30f4d474e6ae4b05252/library/std/src/sys/backtrace.rs:170:18
[INFO] [stdout]   16:     0x6471a2f48a1c - rust_begin_unwind
[INFO] [stdout]                                at /rustc/df4ca44d3fbc9301ee17f30f4d474e6ae4b05252/library/std/src/panicking.rs:665:5
[INFO] [stdout]   17:     0x6471a2f6cd50 - core::panicking::panic_fmt::ha9db07b529f9b256
[INFO] [stdout]                                at /rustc/df4ca44d3fbc9301ee17f30f4d474e6ae4b05252/library/core/src/panicking.rs:75:14
[INFO] [stdout]   18:     0x6471a2f6d1d6 - core::result::unwrap_failed::h5e8218e4d4338b8a
[INFO] [stdout]                                at /rustc/df4ca44d3fbc9301ee17f30f4d474e6ae4b05252/library/core/src/result.rs:1698:5
[INFO] [stdout]   19:     0x6471a2cb2039 - core::result::Result<T,E>::unwrap::h2db97f767c89a340
[INFO] [stdout]                                at /rustc/df4ca44d3fbc9301ee17f30f4d474e6ae4b05252/library/core/src/result.rs:1103:23
[INFO] [stdout]   20:     0x6471a2cb2039 - vobsub::sub::parse_subtitles_from_subtitle_edit::hf6f6880da5d330da
[INFO] [stdout]                                at /opt/rustwide/workdir/src/sub.rs:672:15
[INFO] [stdout]   21:     0x6471a2cb1f77 - vobsub::sub::parse_subtitles_from_subtitle_edit::{{closure}}::h218ee15679490580
[INFO] [stdout]                                at /opt/rustwide/workdir/src/sub.rs:668:40
[INFO] [stdout]   22:     0x6471a2cd6416 - core::ops::function::FnOnce::call_once::h9936cc8e66e9d1eb
[INFO] [stdout]                                at /rustc/df4ca44d3fbc9301ee17f30f4d474e6ae4b05252/library/core/src/ops/function.rs:250:5
[INFO] [stdout]   23:     0x6471a2d2296b - core::ops::function::FnOnce::call_once::h22c3ba5715e93f05
[INFO] [stdout]                                at /rustc/df4ca44d3fbc9301ee17f30f4d474e6ae4b05252/library/core/src/ops/function.rs:250:5
[INFO] [stdout]   24:     0x6471a2d2296b - test::__rust_begin_short_backtrace::h8e82d8113d0da17f
[INFO] [stdout]                                at /rustc/df4ca44d3fbc9301ee17f30f4d474e6ae4b05252/library/test/src/lib.rs:621:18
[INFO] [stdout]   25:     0x6471a2d222e7 - test::run_test_in_process::{{closure}}::h33235f4f20b7b7c7
[INFO] [stdout]                                at /rustc/df4ca44d3fbc9301ee17f30f4d474e6ae4b05252/library/test/src/lib.rs:644:60
[INFO] [stdout]   26:     0x6471a2d222e7 - <core::panic::unwind_safe::AssertUnwindSafe<F> as core::ops::function::FnOnce<()>>::call_once::hb5043206310c586f
[INFO] [stdout]                                at /rustc/df4ca44d3fbc9301ee17f30f4d474e6ae4b05252/library/core/src/panic/unwind_safe.rs:272:9
[INFO] [stdout]   27:     0x6471a2d222e7 - std::panicking::try::do_call::h9ad4731a60ab23e2
[INFO] [stdout]                                at /rustc/df4ca44d3fbc9301ee17f30f4d474e6ae4b05252/library/std/src/panicking.rs:557:40
[INFO] [stdout]   28:     0x6471a2d222e7 - std::panicking::try::h3824d23db772a716
[INFO] [stdout]                                at /rustc/df4ca44d3fbc9301ee17f30f4d474e6ae4b05252/library/std/src/panicking.rs:520:19
[INFO] [stdout]   29:     0x6471a2d222e7 - std::panic::catch_unwind::h5afd514605fde46b
[INFO] [stdout]                                at /rustc/df4ca44d3fbc9301ee17f30f4d474e6ae4b05252/library/std/src/panic.rs:358:14
[INFO] [stdout]   30:     0x6471a2d222e7 - test::run_test_in_process::h0d5cbfa7067d1720
[INFO] [stdout]                                at /rustc/df4ca44d3fbc9301ee17f30f4d474e6ae4b05252/library/test/src/lib.rs:644:27
[INFO] [stdout]   31:     0x6471a2d222e7 - test::run_test::{{closure}}::h708eb8872708115d
[INFO] [stdout]                                at /rustc/df4ca44d3fbc9301ee17f30f4d474e6ae4b05252/library/test/src/lib.rs:565:43
[INFO] [stdout]   32:     0x6471a2ce5a04 - test::run_test::{{closure}}::h392c51cee94713ab
[INFO] [stdout]                                at /rustc/df4ca44d3fbc9301ee17f30f4d474e6ae4b05252/library/test/src/lib.rs:595:41
[INFO] [stdout]   33:     0x6471a2ce5a04 - std::sys::backtrace::__rust_begin_short_backtrace::h2f40290710935a8b
[INFO] [stdout]                                at /rustc/df4ca44d3fbc9301ee17f30f4d474e6ae4b05252/library/std/src/sys/backtrace.rs:154:18
[INFO] [stdout]   34:     0x6471a2ce91ae - std::thread::Builder::spawn_unchecked_::{{closure}}::{{closure}}::h3fd968d89053a903
[INFO] [stdout]                                at /rustc/df4ca44d3fbc9301ee17f30f4d474e6ae4b05252/library/std/src/thread/mod.rs:541:17
[INFO] [stdout]   35:     0x6471a2ce91ae - <core::panic::unwind_safe::AssertUnwindSafe<F> as core::ops::function::FnOnce<()>>::call_once::h743f637ba4229880
[INFO] [stdout]                                at /rustc/df4ca44d3fbc9301ee17f30f4d474e6ae4b05252/library/core/src/panic/unwind_safe.rs:272:9
[INFO] [stdout]   36:     0x6471a2ce91ae - std::panicking::try::do_call::h07440897322525a6
[INFO] [stdout]                                at /rustc/df4ca44d3fbc9301ee17f30f4d474e6ae4b05252/library/std/src/panicking.rs:557:40
[INFO] [stdout]   37:     0x6471a2ce91ae - std::panicking::try::he5a2e00188156637
[INFO] [stdout]                                at /rustc/df4ca44d3fbc9301ee17f30f4d474e6ae4b05252/library/std/src/panicking.rs:520:19
[INFO] [stdout]   38:     0x6471a2ce91ae - std::panic::catch_unwind::hbaf3cae49b3c6433
[INFO] [stdout]                                at /rustc/df4ca44d3fbc9301ee17f30f4d474e6ae4b05252/library/std/src/panic.rs:358:14
[INFO] [stdout]   39:     0x6471a2ce91ae - std::thread::Builder::spawn_unchecked_::{{closure}}::h8e141ea224820bce
[INFO] [stdout]                                at /rustc/df4ca44d3fbc9301ee17f30f4d474e6ae4b05252/library/std/src/thread/mod.rs:540:30
[INFO] [stdout]   40:     0x6471a2ce91ae - core::ops::function::FnOnce::call_once{{vtable.shim}}::h90d312fedd7b8ea8
[INFO] [stdout]                                at /rustc/df4ca44d3fbc9301ee17f30f4d474e6ae4b05252/library/core/src/ops/function.rs:250:5
[INFO] [stdout]   41:     0x6471a2f4ce5b - <alloc::boxed::Box<F,A> as core::ops::function::FnOnce<Args>>::call_once::h69aa08ddb6adb8b6
[INFO] [stdout]                                at /rustc/df4ca44d3fbc9301ee17f30f4d474e6ae4b05252/library/alloc/src/boxed.rs:2454:9
[INFO] [stdout]   42:     0x6471a2f4ce5b - <alloc::boxed::Box<F,A> as core::ops::function::FnOnce<Args>>::call_once::h5aa36efdb79c806f
[INFO] [stdout]                                at /rustc/df4ca44d3fbc9301ee17f30f4d474e6ae4b05252/library/alloc/src/boxed.rs:2454:9
[INFO] [stdout]   43:     0x6471a2f4ce5b - std::sys::pal::unix::thread::Thread::new::thread_start::h6cd80a1b4be5158d
[INFO] [stdout]                                at /rustc/df4ca44d3fbc9301ee17f30f4d474e6ae4b05252/library/std/src/sys/pal/unix/thread.rs:105:17
[INFO] [stdout]   44:     0x7e982e347ac3 - <unknown>
[INFO] [stdout]   45:     0x7e982e3d8a04 - clone
[INFO] [stdout]   46:                0x0 - <unknown>
[INFO] [stdout] 
[INFO] [stdout] 
[INFO] [stdout] failures:
[INFO] [stdout]     idx::parse_index
[INFO] [stdout]     probe::probe_idx_files
[INFO] [stdout]     probe::probe_sub_files
[INFO] [stdout]     sub::parse_fuzz_corpus_seeds
[INFO] [stdout]     sub::parse_subtitles
[INFO] [stdout]     sub::parse_subtitles_from_subtitle_edit
[INFO] [stdout] 
[INFO] [stdout] test result: FAILED. 10 passed; 6 failed; 0 ignored; 0 measured; 0 filtered out; finished in 0.16s
[INFO] [stdout] 
[INFO] [stderr] error: test failed, to rerun pass `--lib`
[INFO] running `Command { std: "docker" "inspect" "f516523903770323d66080852e637ba35803acda66ae9085ed6d08cea6e79218", kill_on_drop: false }`
[INFO] running `Command { std: "docker" "rm" "-f" "f516523903770323d66080852e637ba35803acda66ae9085ed6d08cea6e79218", kill_on_drop: false }`
[INFO] [stdout] f516523903770323d66080852e637ba35803acda66ae9085ed6d08cea6e79218
