[INFO] fetching crate vnum 0.1.0...
[INFO] testing vnum-0.1.0 against nightly-2024-10-28 for randomize-layout
[INFO] extracting crate vnum 0.1.0 into /workspace/builds/worker-6-tc1/source
[INFO] validating manifest of crates.io crate vnum 0.1.0 on toolchain nightly-2024-10-28
[INFO] running `Command { std: CARGO_HOME="/workspace/cargo-home" RUSTUP_HOME="/workspace/rustup-home" "/workspace/cargo-home/bin/cargo" "+nightly-2024-10-28" "metadata" "--manifest-path" "Cargo.toml" "--no-deps", kill_on_drop: false }`
[INFO] started tweaking crates.io crate vnum 0.1.0
[INFO] finished tweaking crates.io crate vnum 0.1.0
[INFO] tweaked toml for crates.io crate vnum 0.1.0 written to /workspace/builds/worker-6-tc1/source/Cargo.toml
[INFO] crate crates.io crate vnum 0.1.0 already has a lockfile, it will not be regenerated
[INFO] running `Command { std: CARGO_HOME="/workspace/cargo-home" RUSTUP_HOME="/workspace/rustup-home" "/workspace/cargo-home/bin/cargo" "+nightly-2024-10-28" "fetch" "--manifest-path" "Cargo.toml", kill_on_drop: false }`
[INFO] running `Command { std: "docker" "create" "-v" "/var/lib/crater-agent-workspace/builds/worker-6-tc1/target:/opt/rustwide/target:rw,Z" "-v" "/var/lib/crater-agent-workspace/builds/worker-6-tc1/source:/opt/rustwide/workdir:ro,Z" "-v" "/var/lib/crater-agent-workspace/cargo-home:/opt/rustwide/cargo-home:ro,Z" "-v" "/var/lib/crater-agent-workspace/rustup-home:/opt/rustwide/rustup-home:ro,Z" "-e" "SOURCE_DIR=/opt/rustwide/workdir" "-e" "CARGO_TARGET_DIR=/opt/rustwide/target" "-e" "CARGO_HOME=/opt/rustwide/cargo-home" "-e" "RUSTUP_HOME=/opt/rustwide/rustup-home" "-w" "/opt/rustwide/workdir" "-m" "1610612736" "--user" "0:0" "--network" "none" "ghcr.io/rust-lang/crates-build-env/linux@sha256:4a844ea9eb2546a2d2c7022eacef16ef2e8229c7fbb2c7d4d55a9ceca922f72d" "/opt/rustwide/cargo-home/bin/cargo" "+nightly-2024-10-28" "metadata" "--no-deps" "--format-version=1", kill_on_drop: false }`
[INFO] [stdout] 6256907dc95c223d426407a388889e0ebca506fd8885be550f6d6841311030d9
[INFO] running `Command { std: "docker" "start" "-a" "6256907dc95c223d426407a388889e0ebca506fd8885be550f6d6841311030d9", kill_on_drop: false }`
[INFO] running `Command { std: "docker" "inspect" "6256907dc95c223d426407a388889e0ebca506fd8885be550f6d6841311030d9", kill_on_drop: false }`
[INFO] running `Command { std: "docker" "rm" "-f" "6256907dc95c223d426407a388889e0ebca506fd8885be550f6d6841311030d9", kill_on_drop: false }`
[INFO] [stdout] 6256907dc95c223d426407a388889e0ebca506fd8885be550f6d6841311030d9
[INFO] running `Command { std: "docker" "create" "-v" "/var/lib/crater-agent-workspace/builds/worker-6-tc1/target:/opt/rustwide/target:rw,Z" "-v" "/var/lib/crater-agent-workspace/builds/worker-6-tc1/source:/opt/rustwide/workdir:ro,Z" "-v" "/var/lib/crater-agent-workspace/cargo-home:/opt/rustwide/cargo-home:ro,Z" "-v" "/var/lib/crater-agent-workspace/rustup-home:/opt/rustwide/rustup-home:ro,Z" "-e" "SOURCE_DIR=/opt/rustwide/workdir" "-e" "CARGO_TARGET_DIR=/opt/rustwide/target" "-e" "CARGO_INCREMENTAL=0" "-e" "RUST_BACKTRACE=full" "-e" "RUSTFLAGS=--cap-lints=forbid" "-e" "RUSTDOCFLAGS=--cap-lints=forbid" "-e" "CARGO_HOME=/opt/rustwide/cargo-home" "-e" "RUSTUP_HOME=/opt/rustwide/rustup-home" "-w" "/opt/rustwide/workdir" "-m" "1610612736" "--user" "0:0" "--network" "none" "ghcr.io/rust-lang/crates-build-env/linux@sha256:4a844ea9eb2546a2d2c7022eacef16ef2e8229c7fbb2c7d4d55a9ceca922f72d" "/opt/rustwide/cargo-home/bin/cargo" "+nightly-2024-10-28" "build" "--frozen" "--message-format=json", kill_on_drop: false }`
[INFO] [stdout] 5813c2fd54fae321bc61d67d2fc55a1e970d2ab8e9b5ebb392b2c5de757a7e0e
[INFO] running `Command { std: "docker" "start" "-a" "5813c2fd54fae321bc61d67d2fc55a1e970d2ab8e9b5ebb392b2c5de757a7e0e", kill_on_drop: false }`
[INFO] [stderr]    Compiling vnum v0.1.0 (/opt/rustwide/workdir)
[INFO] [stderr]     Finished `dev` profile [unoptimized + debuginfo] target(s) in 0.02s
[INFO] running `Command { std: "docker" "inspect" "5813c2fd54fae321bc61d67d2fc55a1e970d2ab8e9b5ebb392b2c5de757a7e0e", kill_on_drop: false }`
[INFO] running `Command { std: "docker" "rm" "-f" "5813c2fd54fae321bc61d67d2fc55a1e970d2ab8e9b5ebb392b2c5de757a7e0e", kill_on_drop: false }`
[INFO] [stdout] 5813c2fd54fae321bc61d67d2fc55a1e970d2ab8e9b5ebb392b2c5de757a7e0e
[INFO] running `Command { std: "docker" "create" "-v" "/var/lib/crater-agent-workspace/builds/worker-6-tc1/target:/opt/rustwide/target:rw,Z" "-v" "/var/lib/crater-agent-workspace/builds/worker-6-tc1/source:/opt/rustwide/workdir:ro,Z" "-v" "/var/lib/crater-agent-workspace/cargo-home:/opt/rustwide/cargo-home:ro,Z" "-v" "/var/lib/crater-agent-workspace/rustup-home:/opt/rustwide/rustup-home:ro,Z" "-e" "SOURCE_DIR=/opt/rustwide/workdir" "-e" "CARGO_TARGET_DIR=/opt/rustwide/target" "-e" "CARGO_INCREMENTAL=0" "-e" "RUST_BACKTRACE=full" "-e" "RUSTFLAGS=--cap-lints=forbid" "-e" "RUSTDOCFLAGS=--cap-lints=forbid" "-e" "CARGO_HOME=/opt/rustwide/cargo-home" "-e" "RUSTUP_HOME=/opt/rustwide/rustup-home" "-w" "/opt/rustwide/workdir" "-m" "1610612736" "--user" "0:0" "--network" "none" "ghcr.io/rust-lang/crates-build-env/linux@sha256:4a844ea9eb2546a2d2c7022eacef16ef2e8229c7fbb2c7d4d55a9ceca922f72d" "/opt/rustwide/cargo-home/bin/cargo" "+nightly-2024-10-28" "test" "--frozen" "--no-run" "--message-format=json", kill_on_drop: false }`
[INFO] [stdout] caad70d4ff30abb02698e8fd2e046bd5facaa0ee45555dc4a17132c64c628424
[INFO] running `Command { std: "docker" "start" "-a" "caad70d4ff30abb02698e8fd2e046bd5facaa0ee45555dc4a17132c64c628424", kill_on_drop: false }`
[INFO] [stderr]    Compiling vnum v0.1.0 (/opt/rustwide/workdir)
[INFO] [stderr]     Finished `test` profile [unoptimized + debuginfo] target(s) in 0.10s
[INFO] running `Command { std: "docker" "inspect" "caad70d4ff30abb02698e8fd2e046bd5facaa0ee45555dc4a17132c64c628424", kill_on_drop: false }`
[INFO] running `Command { std: "docker" "rm" "-f" "caad70d4ff30abb02698e8fd2e046bd5facaa0ee45555dc4a17132c64c628424", kill_on_drop: false }`
[INFO] [stdout] caad70d4ff30abb02698e8fd2e046bd5facaa0ee45555dc4a17132c64c628424
[INFO] running `Command { std: "docker" "create" "-v" "/var/lib/crater-agent-workspace/builds/worker-6-tc1/target:/opt/rustwide/target:rw,Z" "-v" "/var/lib/crater-agent-workspace/builds/worker-6-tc1/source:/opt/rustwide/workdir:ro,Z" "-v" "/var/lib/crater-agent-workspace/cargo-home:/opt/rustwide/cargo-home:ro,Z" "-v" "/var/lib/crater-agent-workspace/rustup-home:/opt/rustwide/rustup-home:ro,Z" "-e" "SOURCE_DIR=/opt/rustwide/workdir" "-e" "CARGO_TARGET_DIR=/opt/rustwide/target" "-e" "CARGO_INCREMENTAL=0" "-e" "RUST_BACKTRACE=full" "-e" "RUSTFLAGS=--cap-lints=forbid" "-e" "RUSTDOCFLAGS=--cap-lints=forbid" "-e" "CARGO_HOME=/opt/rustwide/cargo-home" "-e" "RUSTUP_HOME=/opt/rustwide/rustup-home" "-w" "/opt/rustwide/workdir" "-m" "1610612736" "--user" "0:0" "--network" "none" "ghcr.io/rust-lang/crates-build-env/linux@sha256:4a844ea9eb2546a2d2c7022eacef16ef2e8229c7fbb2c7d4d55a9ceca922f72d" "/opt/rustwide/cargo-home/bin/cargo" "+nightly-2024-10-28" "test" "--frozen", kill_on_drop: false }`
[INFO] [stdout] 49f8e58d755a61a2c9853e82c893e2a7253a59bb9c7c27957c19bc59b3a6a5cf
[INFO] running `Command { std: "docker" "start" "-a" "49f8e58d755a61a2c9853e82c893e2a7253a59bb9c7c27957c19bc59b3a6a5cf", kill_on_drop: false }`
[INFO] [stderr]     Finished `test` profile [unoptimized + debuginfo] target(s) in 0.00s
[INFO] [stderr]      Running unittests src/lib.rs (/opt/rustwide/target/debug/deps/vnum-13007ea6630a3b61)
[INFO] [stdout] 
[INFO] [stdout] running 1 test
[INFO] [stdout] test tests::correct_values ... ok
[INFO] [stdout] 
[INFO] [stdout] test result: ok. 1 passed; 0 failed; 0 ignored; 0 measured; 0 filtered out; finished in 0.00s
[INFO] [stdout] 
[INFO] [stderr]    Doc-tests vnum
[INFO] [stdout] 
[INFO] [stdout] running 8 tests
[INFO] [stdout] test src/../README.md - (line 108) ... FAILED
[INFO] [stdout] test src/../README.md - (line 160) ... FAILED
[INFO] [stdout] test src/../README.md - (line 141) ... FAILED
[INFO] [stdout] test src/../README.md - (line 24) ... FAILED
[INFO] [stdout] test src/../README.md - (line 52) ... FAILED
[INFO] [stdout] test src/../README.md - (line 179) ... FAILED
[INFO] [stdout] test src/../README.md - (line 89) ... ok
[INFO] [stdout] test src/../README.md - (line 122) ... ok
[INFO] [stdout] 
[INFO] [stdout] failures:
[INFO] [stdout] 
[INFO] [stdout] ---- src/../README.md - (line 108) stdout ----
[INFO] [stdout] error[E0425]: cannot find value `RED` in this scope
[INFO] [stdout]  --> src/../README.md:113:15
[INFO] [stdout]   |
[INFO] [stdout] 7 | display_color(RED);
[INFO] [stdout]   |               ^^^ not found in this scope
[INFO] [stdout] 
[INFO] [stdout] error: aborting due to 1 previous error
[INFO] [stdout] 
[INFO] [stdout] For more information about this error, try `rustc --explain E0425`.
[INFO] [stdout] Couldn't compile the test.
[INFO] [stdout] ---- src/../README.md - (line 160) stdout ----
[INFO] [stdout] error[E0412]: cannot find type `Color` in this scope
[INFO] [stdout]  --> src/../README.md:161:6
[INFO] [stdout]   |
[INFO] [stdout] 3 | impl Color {
[INFO] [stdout]   |      ^^^^^ not found in this scope
[INFO] [stdout] 
[INFO] [stdout] error[E0425]: cannot find value `color` in this scope
[INFO] [stdout]  --> src/../README.md:167:10
[INFO] [stdout]   |
[INFO] [stdout] 9 | takes_u8(color.value())
[INFO] [stdout]   |          ^^^^^ not found in this scope
[INFO] [stdout] 
[INFO] [stdout] error[E0425]: cannot find function `takes_u8` in this scope
[INFO] [stdout]  --> src/../README.md:167:1
[INFO] [stdout]   |
[INFO] [stdout] 9 | takes_u8(color.value())
[INFO] [stdout]   | ^^^^^^^^ not found in this scope
[INFO] [stdout] 
[INFO] [stdout] error: aborting due to 3 previous errors
[INFO] [stdout] 
[INFO] [stdout] Some errors have detailed explanations: E0412, E0425.
[INFO] [stdout] For more information about an error, try `rustc --explain E0412`.
[INFO] [stdout] Couldn't compile the test.
[INFO] [stdout] ---- src/../README.md - (line 141) stdout ----
[INFO] [stdout] error[E0425]: cannot find function `takes_u8` in this scope
[INFO] [stdout]   --> src/../README.md:150:3
[INFO] [stdout]    |
[INFO] [stdout] 11 |   takes_u8(color as u8);
[INFO] [stdout]    |   ^^^^^^^^ not found in this scope
[INFO] [stdout] 
[INFO] [stdout] error[E0425]: cannot find function `takes_i32` in this scope
[INFO] [stdout]   --> src/../README.md:151:3
[INFO] [stdout]    |
[INFO] [stdout] 12 |   takes_i32(color as i32);
[INFO] [stdout]    |   ^^^^^^^^^ not found in this scope
[INFO] [stdout] 
[INFO] [stdout] error: aborting due to 2 previous errors
[INFO] [stdout] 
[INFO] [stdout] For more information about this error, try `rustc --explain E0425`.
[INFO] [stdout] Couldn't compile the test.
[INFO] [stdout] ---- src/../README.md - (line 24) stdout ----
[INFO] [stdout] error: cannot find macro `value_enum` in this scope
[INFO] [stdout]  --> src/../README.md:25:1
[INFO] [stdout]   |
[INFO] [stdout] 3 | value_enum! {
[INFO] [stdout]   | ^^^^^^^^^^
[INFO] [stdout]   |
[INFO] [stdout] help: consider importing this macro
[INFO] [stdout]   |
[INFO] [stdout] 2 + use vnum::value_enum;
[INFO] [stdout]   |
[INFO] [stdout] 
[INFO] [stdout] error[E0433]: failed to resolve: use of undeclared type `Fruit`
[INFO] [stdout]   --> src/../README.md:34:13
[INFO] [stdout]    |
[INFO] [stdout] 12 | let apple = Fruit::Apple;
[INFO] [stdout]    |             ^^^^^ use of undeclared type `Fruit`
[INFO] [stdout] 
[INFO] [stdout] error[E0433]: failed to resolve: use of undeclared type `Fruit`
[INFO] [stdout]   --> src/../README.md:38:12
[INFO] [stdout]    |
[INFO] [stdout] 16 | let pear = Fruit::Pear;
[INFO] [stdout]    |            ^^^^^ use of undeclared type `Fruit`
[INFO] [stdout] 
[INFO] [stdout] error: aborting due to 3 previous errors
[INFO] [stdout] 
[INFO] [stdout] For more information about this error, try `rustc --explain E0433`.
[INFO] [stdout] Couldn't compile the test.
[INFO] [stdout] ---- src/../README.md - (line 52) stdout ----
[INFO] [stdout] error: cannot find macro `value_enum` in this scope
[INFO] [stdout]  --> src/../README.md:53:1
[INFO] [stdout]   |
[INFO] [stdout] 3 | value_enum! {
[INFO] [stdout]   | ^^^^^^^^^^
[INFO] [stdout]   |
[INFO] [stdout] help: consider importing this macro
[INFO] [stdout]   |
[INFO] [stdout] 2 + use vnum::value_enum;
[INFO] [stdout]   |
[INFO] [stdout] 
[INFO] [stdout] error[E0433]: failed to resolve: use of undeclared type `Color`
[INFO] [stdout]   --> src/../README.md:62:11
[INFO] [stdout]    |
[INFO] [stdout] 12 | let red = Color::Red;
[INFO] [stdout]    |           ^^^^^ use of undeclared type `Color`
[INFO] [stdout] 
[INFO] [stdout] error[E0433]: failed to resolve: use of undeclared type `Color`
[INFO] [stdout]   --> src/../README.md:65:14
[INFO] [stdout]    |
[INFO] [stdout] 15 | let yellow = Color::Yellow;
[INFO] [stdout]    |              ^^^^^ use of undeclared type `Color`
[INFO] [stdout] 
[INFO] [stdout] error: aborting due to 3 previous errors
[INFO] [stdout] 
[INFO] [stdout] For more information about this error, try `rustc --explain E0433`.
[INFO] [stdout] Couldn't compile the test.
[INFO] [stdout] ---- src/../README.md - (line 179) stdout ----
[INFO] [stdout] error[E0599]: no variant or associated item named `Yelllow` found for enum `Color` in the current scope
[INFO] [stdout]   --> src/../README.md:194:20
[INFO] [stdout]    |
[INFO] [stdout] 3  | enum Color {
[INFO] [stdout]    | ---------- variant or associated item `Yelllow` not found for this enum
[INFO] [stdout] ...
[INFO] [stdout] 17 |             Color::Yelllow => YELLOW
[INFO] [stdout]    |                    ^^^^^^^ variant or associated item not found in `Color`
[INFO] [stdout]    |
[INFO] [stdout] help: there is a variant with a similar name
[INFO] [stdout]    |
[INFO] [stdout] 17 |             Color::Yellow => YELLOW
[INFO] [stdout]    |                    ~~~~~~
[INFO] [stdout] 
[INFO] [stdout] error[E0425]: cannot find function `takes_u8` in this scope
[INFO] [stdout]   --> src/../README.md:203:3
[INFO] [stdout]    |
[INFO] [stdout] 26 |   takes_u8(color as u8);
[INFO] [stdout]    |   ^^^^^^^^ not found in this scope
[INFO] [stdout] 
[INFO] [stdout] error[E0425]: cannot find function `takes_i32` in this scope
[INFO] [stdout]   --> src/../README.md:204:3
[INFO] [stdout]    |
[INFO] [stdout] 27 |   takes_i32(color as i32);
[INFO] [stdout]    |   ^^^^^^^^^ not found in this scope
[INFO] [stdout] 
[INFO] [stdout] error: aborting due to 3 previous errors
[INFO] [stdout] 
[INFO] [stdout] Some errors have detailed explanations: E0425, E0599.
[INFO] [stdout] For more information about an error, try `rustc --explain E0425`.
[INFO] [stdout] Couldn't compile the test.
[INFO] [stdout] 
[INFO] [stdout] failures:
[INFO] [stdout]     src/../README.md - (line 108)
[INFO] [stdout]     src/../README.md - (line 141)
[INFO] [stdout]     src/../README.md - (line 160)
[INFO] [stdout]     src/../README.md - (line 179)
[INFO] [stdout]     src/../README.md - (line 24)
[INFO] [stdout]     src/../README.md - (line 52)
[INFO] [stdout] 
[INFO] [stdout] test result: FAILED. 2 passed; 6 failed; 0 ignored; 0 measured; 0 filtered out; finished in 0.07s
[INFO] [stdout] 
[INFO] [stderr] error: doctest failed, to rerun pass `--doc`
[INFO] running `Command { std: "docker" "inspect" "49f8e58d755a61a2c9853e82c893e2a7253a59bb9c7c27957c19bc59b3a6a5cf", kill_on_drop: false }`
[INFO] running `Command { std: "docker" "rm" "-f" "49f8e58d755a61a2c9853e82c893e2a7253a59bb9c7c27957c19bc59b3a6a5cf", kill_on_drop: false }`
[INFO] [stdout] 49f8e58d755a61a2c9853e82c893e2a7253a59bb9c7c27957c19bc59b3a6a5cf
