[INFO] fetching crate vish 0.1.0...
[INFO] testing vish-0.1.0 against nightly-2024-10-28 for randomize-layout
[INFO] extracting crate vish 0.1.0 into /workspace/builds/worker-6-tc1/source
[INFO] validating manifest of crates.io crate vish 0.1.0 on toolchain nightly-2024-10-28
[INFO] running `Command { std: CARGO_HOME="/workspace/cargo-home" RUSTUP_HOME="/workspace/rustup-home" "/workspace/cargo-home/bin/cargo" "+nightly-2024-10-28" "metadata" "--manifest-path" "Cargo.toml" "--no-deps", kill_on_drop: false }`
[INFO] started tweaking crates.io crate vish 0.1.0
[INFO] finished tweaking crates.io crate vish 0.1.0
[INFO] tweaked toml for crates.io crate vish 0.1.0 written to /workspace/builds/worker-6-tc1/source/Cargo.toml
[INFO] crate crates.io crate vish 0.1.0 already has a lockfile, it will not be regenerated
[INFO] running `Command { std: CARGO_HOME="/workspace/cargo-home" RUSTUP_HOME="/workspace/rustup-home" "/workspace/cargo-home/bin/cargo" "+nightly-2024-10-28" "fetch" "--manifest-path" "Cargo.toml", kill_on_drop: false }`
[INFO] [stderr]  Downloading crates ...
[INFO] [stderr]   Downloaded sqlite3-sys v0.17.0
[INFO] [stderr]   Downloaded sqlite v0.36.0
[INFO] [stderr]   Downloaded sqlite3-src v0.6.1
[INFO] running `Command { std: "docker" "create" "-v" "/var/lib/crater-agent-workspace/builds/worker-6-tc1/target:/opt/rustwide/target:rw,Z" "-v" "/var/lib/crater-agent-workspace/builds/worker-6-tc1/source:/opt/rustwide/workdir:ro,Z" "-v" "/var/lib/crater-agent-workspace/cargo-home:/opt/rustwide/cargo-home:ro,Z" "-v" "/var/lib/crater-agent-workspace/rustup-home:/opt/rustwide/rustup-home:ro,Z" "-e" "SOURCE_DIR=/opt/rustwide/workdir" "-e" "CARGO_TARGET_DIR=/opt/rustwide/target" "-e" "CARGO_HOME=/opt/rustwide/cargo-home" "-e" "RUSTUP_HOME=/opt/rustwide/rustup-home" "-w" "/opt/rustwide/workdir" "-m" "1610612736" "--user" "0:0" "--network" "none" "ghcr.io/rust-lang/crates-build-env/linux@sha256:4a844ea9eb2546a2d2c7022eacef16ef2e8229c7fbb2c7d4d55a9ceca922f72d" "/opt/rustwide/cargo-home/bin/cargo" "+nightly-2024-10-28" "metadata" "--no-deps" "--format-version=1", kill_on_drop: false }`
[INFO] [stdout] 1a1b2a34e3f7edab869772ac433b12e6e7cb466d1460279207fe53df68621743
[INFO] running `Command { std: "docker" "start" "-a" "1a1b2a34e3f7edab869772ac433b12e6e7cb466d1460279207fe53df68621743", kill_on_drop: false }`
[INFO] running `Command { std: "docker" "inspect" "1a1b2a34e3f7edab869772ac433b12e6e7cb466d1460279207fe53df68621743", kill_on_drop: false }`
[INFO] running `Command { std: "docker" "rm" "-f" "1a1b2a34e3f7edab869772ac433b12e6e7cb466d1460279207fe53df68621743", kill_on_drop: false }`
[INFO] [stdout] 1a1b2a34e3f7edab869772ac433b12e6e7cb466d1460279207fe53df68621743
[INFO] running `Command { std: "docker" "create" "-v" "/var/lib/crater-agent-workspace/builds/worker-6-tc1/target:/opt/rustwide/target:rw,Z" "-v" "/var/lib/crater-agent-workspace/builds/worker-6-tc1/source:/opt/rustwide/workdir:ro,Z" "-v" "/var/lib/crater-agent-workspace/cargo-home:/opt/rustwide/cargo-home:ro,Z" "-v" "/var/lib/crater-agent-workspace/rustup-home:/opt/rustwide/rustup-home:ro,Z" "-e" "SOURCE_DIR=/opt/rustwide/workdir" "-e" "CARGO_TARGET_DIR=/opt/rustwide/target" "-e" "CARGO_INCREMENTAL=0" "-e" "RUST_BACKTRACE=full" "-e" "RUSTFLAGS=--cap-lints=forbid" "-e" "RUSTDOCFLAGS=--cap-lints=forbid" "-e" "CARGO_HOME=/opt/rustwide/cargo-home" "-e" "RUSTUP_HOME=/opt/rustwide/rustup-home" "-w" "/opt/rustwide/workdir" "-m" "1610612736" "--user" "0:0" "--network" "none" "ghcr.io/rust-lang/crates-build-env/linux@sha256:4a844ea9eb2546a2d2c7022eacef16ef2e8229c7fbb2c7d4d55a9ceca922f72d" "/opt/rustwide/cargo-home/bin/cargo" "+nightly-2024-10-28" "build" "--frozen" "--message-format=json", kill_on_drop: false }`
[INFO] [stdout] b4cb68896c1abe0a81105c8bae4651f68087a894e1f63f4f81bb6199e71c9a2b
[INFO] running `Command { std: "docker" "start" "-a" "b4cb68896c1abe0a81105c8bae4651f68087a894e1f63f4f81bb6199e71c9a2b", kill_on_drop: false }`
[INFO] [stderr]    Compiling cc v1.0.97
[INFO] [stderr]    Compiling libc v0.2.155
[INFO] [stderr]    Compiling termios v0.3.3
[INFO] [stderr]    Compiling sqlite3-src v0.6.1
[INFO] [stderr]    Compiling vish v0.1.0 (/opt/rustwide/workdir)
[INFO] [stderr]    Compiling sqlite3-sys v0.17.0
[INFO] [stderr]    Compiling sqlite v0.36.0
[INFO] [stderr]     Finished `dev` profile [unoptimized + debuginfo] target(s) in 1.20s
[INFO] running `Command { std: "docker" "inspect" "b4cb68896c1abe0a81105c8bae4651f68087a894e1f63f4f81bb6199e71c9a2b", kill_on_drop: false }`
[INFO] running `Command { std: "docker" "rm" "-f" "b4cb68896c1abe0a81105c8bae4651f68087a894e1f63f4f81bb6199e71c9a2b", kill_on_drop: false }`
[INFO] [stdout] b4cb68896c1abe0a81105c8bae4651f68087a894e1f63f4f81bb6199e71c9a2b
[INFO] running `Command { std: "docker" "create" "-v" "/var/lib/crater-agent-workspace/builds/worker-6-tc1/target:/opt/rustwide/target:rw,Z" "-v" "/var/lib/crater-agent-workspace/builds/worker-6-tc1/source:/opt/rustwide/workdir:ro,Z" "-v" "/var/lib/crater-agent-workspace/cargo-home:/opt/rustwide/cargo-home:ro,Z" "-v" "/var/lib/crater-agent-workspace/rustup-home:/opt/rustwide/rustup-home:ro,Z" "-e" "SOURCE_DIR=/opt/rustwide/workdir" "-e" "CARGO_TARGET_DIR=/opt/rustwide/target" "-e" "CARGO_INCREMENTAL=0" "-e" "RUST_BACKTRACE=full" "-e" "RUSTFLAGS=--cap-lints=forbid" "-e" "RUSTDOCFLAGS=--cap-lints=forbid" "-e" "CARGO_HOME=/opt/rustwide/cargo-home" "-e" "RUSTUP_HOME=/opt/rustwide/rustup-home" "-w" "/opt/rustwide/workdir" "-m" "1610612736" "--user" "0:0" "--network" "none" "ghcr.io/rust-lang/crates-build-env/linux@sha256:4a844ea9eb2546a2d2c7022eacef16ef2e8229c7fbb2c7d4d55a9ceca922f72d" "/opt/rustwide/cargo-home/bin/cargo" "+nightly-2024-10-28" "test" "--frozen" "--no-run" "--message-format=json", kill_on_drop: false }`
[INFO] [stdout] 8f4695478062aa2608fb7d03e17346c9e28e4f2ead6ccf8d7aed9d58f82e176b
[INFO] running `Command { std: "docker" "start" "-a" "8f4695478062aa2608fb7d03e17346c9e28e4f2ead6ccf8d7aed9d58f82e176b", kill_on_drop: false }`
[INFO] [stderr]    Compiling vish v0.1.0 (/opt/rustwide/workdir)
[INFO] [stderr]     Finished `test` profile [unoptimized + debuginfo] target(s) in 0.35s
[INFO] running `Command { std: "docker" "inspect" "8f4695478062aa2608fb7d03e17346c9e28e4f2ead6ccf8d7aed9d58f82e176b", kill_on_drop: false }`
[INFO] running `Command { std: "docker" "rm" "-f" "8f4695478062aa2608fb7d03e17346c9e28e4f2ead6ccf8d7aed9d58f82e176b", kill_on_drop: false }`
[INFO] [stdout] 8f4695478062aa2608fb7d03e17346c9e28e4f2ead6ccf8d7aed9d58f82e176b
[INFO] running `Command { std: "docker" "create" "-v" "/var/lib/crater-agent-workspace/builds/worker-6-tc1/target:/opt/rustwide/target:rw,Z" "-v" "/var/lib/crater-agent-workspace/builds/worker-6-tc1/source:/opt/rustwide/workdir:ro,Z" "-v" "/var/lib/crater-agent-workspace/cargo-home:/opt/rustwide/cargo-home:ro,Z" "-v" "/var/lib/crater-agent-workspace/rustup-home:/opt/rustwide/rustup-home:ro,Z" "-e" "SOURCE_DIR=/opt/rustwide/workdir" "-e" "CARGO_TARGET_DIR=/opt/rustwide/target" "-e" "CARGO_INCREMENTAL=0" "-e" "RUST_BACKTRACE=full" "-e" "RUSTFLAGS=--cap-lints=forbid" "-e" "RUSTDOCFLAGS=--cap-lints=forbid" "-e" "CARGO_HOME=/opt/rustwide/cargo-home" "-e" "RUSTUP_HOME=/opt/rustwide/rustup-home" "-w" "/opt/rustwide/workdir" "-m" "1610612736" "--user" "0:0" "--network" "none" "ghcr.io/rust-lang/crates-build-env/linux@sha256:4a844ea9eb2546a2d2c7022eacef16ef2e8229c7fbb2c7d4d55a9ceca922f72d" "/opt/rustwide/cargo-home/bin/cargo" "+nightly-2024-10-28" "test" "--frozen", kill_on_drop: false }`
[INFO] [stdout] 450cd5b37ac2a76f13a2a0309d21d5b4d6f23f3448046283ca3990123bf79966
[INFO] running `Command { std: "docker" "start" "-a" "450cd5b37ac2a76f13a2a0309d21d5b4d6f23f3448046283ca3990123bf79966", kill_on_drop: false }`
[INFO] [stderr]     Finished `test` profile [unoptimized + debuginfo] target(s) in 0.01s
[INFO] [stderr]      Running unittests src/main.rs (/opt/rustwide/target/debug/deps/vish-61e6c6ce42377752)
[INFO] [stdout] 
[INFO] [stdout] running 31 tests
[INFO] [stdout] test vish::command::replace_escape_sequence::replace_char_escape ... ok
[INFO] [stdout] test vish::command::replace_escape_sequence::replace_oct_escape ... ok
[INFO] [stdout] test vish::command::replace_escape_sequence::replace_hex_escape ... ok
[INFO] [stdout] test vish::io::reader::handle_werase_byte::do_nothing ... ok
[INFO] [stdout] test vish::io::reader::handle_werase_byte::erase_first_space ... ok
[INFO] [stdout] test vish::io::reader::handle_werase_byte::erase_first_word ... ok
[INFO] [stdout] test vish::io::reader::handle_werase_byte::erase_last_space_and_word ... ok
[INFO] [stdout] test vish::io::string::expand_parameter::test::do_nothing ... ok
[INFO] [stdout] test vish::io::reader::handle_werase_byte::erase_last_word ... ok
[INFO] [stdout] test vish::io::string::expand_parameter::test::expand_home_variable ... ok
[INFO] [stdout] test vish::io::string::field::test::should_pass ... ok
[INFO] [stdout] test vish::io::string::expand_parameter::test::expand_wrong_variable ... ok
[INFO] [stdout] test vish::io::string::expand_parameter::test::expand_home_variable_without_braces ... ok
[INFO] [stdout] test vish::io::string::parse_argv::parse_argv_basic ... ok
[INFO] [stdout] test vish::io::string::expand_parameter::test::expand_home_variable_twice ... ok
[INFO] [stdout] test vish::io::string::parse_argv::parse_argv_with_empty_string ... ok
[INFO] [stdout] test vish::io::string::parse_argv::parse_argv_with_multiple_quoted_strings ... ok
[INFO] [stdout] test vish::io::string::parse_argv::parse_argv_with_single_quotes ... ok
[INFO] [stdout] test vish::io::string::parse_argv::parse_argv_with_quoted_string ... ok
[INFO] [stdout] test vish::io::string::parse_argv::parse_argv_with_tilde ... ok
[INFO] [stdout] test vish::io::string::replace_tilde::replace_single_tilde_with_home ... ok
[INFO] [stdout] test vish::io::string::parse_argv::parse_argv_with_tilde_and_path ... ok
[INFO] [stdout] test vish::io::string::replace_tilde::do_not_replace ... ok
[INFO] [stdout] test vish::io::string::replace_tilde::replace_single_tilde_with_home_subdir ... ok
[INFO] [stdout] test vish::io::string::parse_argv::parse_argv_with_quotes_and_tilde ... ok
[INFO] [stdout] test vish::io::string::replace_tilde::replace_tilde_for_user ... ok
[INFO] [stdout] test vish::io::string::replace_tilde::replace_tilde_for_user_subdir ... ok
[INFO] [stdout] test vish::io::string::replace_tilde::replace_tilde_for_root_subdir ... ok
[INFO] [stdout] test vish::io::string::split_argv::return_single_plain_field ... ok
[INFO] [stdout] test vish::io::string::replace_tilde::replace_tilde_for_root ... ok
[INFO] [stdout] test vish::io::string::split_argv::return_parameter_field ... FAILED
[INFO] [stdout] 
[INFO] [stdout] failures:
[INFO] [stdout] 
[INFO] [stdout] ---- vish::io::string::split_argv::return_parameter_field stdout ----
[INFO] [stdout] thread 'vish::io::string::split_argv::return_parameter_field' panicked at src/vish/io/string/mod.rs:150:9:
[INFO] [stdout] assertion `left == right` failed
[INFO] [stdout]   left: ["echo", "${USER}"]
[INFO] [stdout]  right: ["echo", ""]
[INFO] [stdout] stack backtrace:
[INFO] [stdout]    0:     0x58b48484beaa - std::backtrace_rs::backtrace::libunwind::trace::h207520d6e9873551
[INFO] [stdout]                                at /rustc/df4ca44d3fbc9301ee17f30f4d474e6ae4b05252/library/std/src/../../backtrace/src/backtrace/libunwind.rs:116:5
[INFO] [stdout]    1:     0x58b48484beaa - std::backtrace_rs::backtrace::trace_unsynchronized::h2ed7433f370e3eca
[INFO] [stdout]                                at /rustc/df4ca44d3fbc9301ee17f30f4d474e6ae4b05252/library/std/src/../../backtrace/src/backtrace/mod.rs:66:5
[INFO] [stdout]    2:     0x58b48484beaa - std::sys::backtrace::_print_fmt::h916fac51166b18d7
[INFO] [stdout]                                at /rustc/df4ca44d3fbc9301ee17f30f4d474e6ae4b05252/library/std/src/sys/backtrace.rs:66:9
[INFO] [stdout]    3:     0x58b48484beaa - <std::sys::backtrace::BacktraceLock::print::DisplayBacktrace as core::fmt::Display>::fmt::ha0a4c9b8ce3802e6
[INFO] [stdout]                                at /rustc/df4ca44d3fbc9301ee17f30f4d474e6ae4b05252/library/std/src/sys/backtrace.rs:39:26
[INFO] [stdout]    4:     0x58b484872493 - core::fmt::rt::Argument::fmt::h4cfc8587d52b3eb5
[INFO] [stdout]                                at /rustc/df4ca44d3fbc9301ee17f30f4d474e6ae4b05252/library/core/src/fmt/rt.rs:177:76
[INFO] [stdout]    5:     0x58b484872493 - core::fmt::write::h522cc39e5b36ae9f
[INFO] [stdout]                                at /rustc/df4ca44d3fbc9301ee17f30f4d474e6ae4b05252/library/core/src/fmt/mod.rs:1190:21
[INFO] [stdout]    6:     0x58b484848b13 - std::io::Write::write_fmt::h7d3c26752da97734
[INFO] [stdout]                                at /rustc/df4ca44d3fbc9301ee17f30f4d474e6ae4b05252/library/std/src/io/mod.rs:1839:15
[INFO] [stdout]    7:     0x58b48484bcf2 - std::sys::backtrace::BacktraceLock::print::h4b9e00b29e9c0942
[INFO] [stdout]                                at /rustc/df4ca44d3fbc9301ee17f30f4d474e6ae4b05252/library/std/src/sys/backtrace.rs:42:9
[INFO] [stdout]    8:     0x58b48484d33a - std::panicking::default_hook::{{closure}}::hb59b88280d0324d9
[INFO] [stdout]                                at /rustc/df4ca44d3fbc9301ee17f30f4d474e6ae4b05252/library/std/src/panicking.rs:268:22
[INFO] [stdout]    9:     0x58b48484d144 - std::panicking::default_hook::he1dd496665be4a29
[INFO] [stdout]                                at /rustc/df4ca44d3fbc9301ee17f30f4d474e6ae4b05252/library/std/src/panicking.rs:292:9
[INFO] [stdout]   10:     0x58b484816f39 - <alloc::boxed::Box<F,A> as core::ops::function::Fn<Args>>::call::h4ff71de18744e1dc
[INFO] [stdout]                                at /rustc/df4ca44d3fbc9301ee17f30f4d474e6ae4b05252/library/alloc/src/boxed.rs:2468:9
[INFO] [stdout]   11:     0x58b484816f39 - test::test_main::{{closure}}::hcf7c055ce117aa81
[INFO] [stdout]                                at /rustc/df4ca44d3fbc9301ee17f30f4d474e6ae4b05252/library/test/src/lib.rs:133:21
[INFO] [stdout]   12:     0x58b48484da38 - <alloc::boxed::Box<F,A> as core::ops::function::Fn<Args>>::call::h1d66c6bbd60c9692
[INFO] [stdout]                                at /rustc/df4ca44d3fbc9301ee17f30f4d474e6ae4b05252/library/alloc/src/boxed.rs:2468:9
[INFO] [stdout]   13:     0x58b48484da38 - std::panicking::rust_panic_with_hook::h2ff17fe8f26dfcf8
[INFO] [stdout]                                at /rustc/df4ca44d3fbc9301ee17f30f4d474e6ae4b05252/library/std/src/panicking.rs:809:13
[INFO] [stdout]   14:     0x58b48484d7fa - std::panicking::begin_panic_handler::{{closure}}::h4fad77951c07e101
[INFO] [stdout]                                at /rustc/df4ca44d3fbc9301ee17f30f4d474e6ae4b05252/library/std/src/panicking.rs:674:13
[INFO] [stdout]   15:     0x58b48484c389 - std::sys::backtrace::__rust_end_short_backtrace::hb1a25b3da5d0ea08
[INFO] [stdout]                                at /rustc/df4ca44d3fbc9301ee17f30f4d474e6ae4b05252/library/std/src/sys/backtrace.rs:170:18
[INFO] [stdout]   16:     0x58b48484d48c - rust_begin_unwind
[INFO] [stdout]                                at /rustc/df4ca44d3fbc9301ee17f30f4d474e6ae4b05252/library/std/src/panicking.rs:665:5
[INFO] [stdout]   17:     0x58b484870e90 - core::panicking::panic_fmt::ha9db07b529f9b256
[INFO] [stdout]                                at /rustc/df4ca44d3fbc9301ee17f30f4d474e6ae4b05252/library/core/src/panicking.rs:75:14
[INFO] [stdout]   18:     0x58b48487125b - core::panicking::assert_failed_inner::h04f38944d74a80a8
[INFO] [stdout]   19:     0x58b4847ca0fa - core::panicking::assert_failed::h7fd6ce2aa26db522
[INFO] [stdout]                                at /rustc/df4ca44d3fbc9301ee17f30f4d474e6ae4b05252/library/core/src/panicking.rs:377:5
[INFO] [stdout]   20:     0x58b4847d36b9 - vish::vish::io::string::split_argv::return_parameter_field::ha934b2bd0ec63d50
[INFO] [stdout]                                at /opt/rustwide/workdir/src/vish/io/string/mod.rs:150:9
[INFO] [stdout]   21:     0x58b4847d3407 - vish::vish::io::string::split_argv::return_parameter_field::{{closure}}::h6039bd54db8380cf
[INFO] [stdout]                                at /opt/rustwide/workdir/src/vish/io/string/mod.rs:147:32
[INFO] [stdout]   22:     0x58b4847c8df6 - core::ops::function::FnOnce::call_once::he668352400684b08
[INFO] [stdout]                                at /rustc/df4ca44d3fbc9301ee17f30f4d474e6ae4b05252/library/core/src/ops/function.rs:250:5
[INFO] [stdout]   23:     0x58b48481b80b - core::ops::function::FnOnce::call_once::h22c3ba5715e93f05
[INFO] [stdout]                                at /rustc/df4ca44d3fbc9301ee17f30f4d474e6ae4b05252/library/core/src/ops/function.rs:250:5
[INFO] [stdout]   24:     0x58b48481b80b - test::__rust_begin_short_backtrace::h8e82d8113d0da17f
[INFO] [stdout]                                at /rustc/df4ca44d3fbc9301ee17f30f4d474e6ae4b05252/library/test/src/lib.rs:621:18
[INFO] [stdout]   25:     0x58b48481b187 - test::run_test_in_process::{{closure}}::h33235f4f20b7b7c7
[INFO] [stdout]                                at /rustc/df4ca44d3fbc9301ee17f30f4d474e6ae4b05252/library/test/src/lib.rs:644:60
[INFO] [stdout]   26:     0x58b48481b187 - <core::panic::unwind_safe::AssertUnwindSafe<F> as core::ops::function::FnOnce<()>>::call_once::hb5043206310c586f
[INFO] [stdout]                                at /rustc/df4ca44d3fbc9301ee17f30f4d474e6ae4b05252/library/core/src/panic/unwind_safe.rs:272:9
[INFO] [stdout]   27:     0x58b48481b187 - std::panicking::try::do_call::h9ad4731a60ab23e2
[INFO] [stdout]                                at /rustc/df4ca44d3fbc9301ee17f30f4d474e6ae4b05252/library/std/src/panicking.rs:557:40
[INFO] [stdout]   28:     0x58b48481b187 - std::panicking::try::h3824d23db772a716
[INFO] [stdout]                                at /rustc/df4ca44d3fbc9301ee17f30f4d474e6ae4b05252/library/std/src/panicking.rs:520:19
[INFO] [stdout]   29:     0x58b48481b187 - std::panic::catch_unwind::h5afd514605fde46b
[INFO] [stdout]                                at /rustc/df4ca44d3fbc9301ee17f30f4d474e6ae4b05252/library/std/src/panic.rs:358:14
[INFO] [stdout]   30:     0x58b48481b187 - test::run_test_in_process::h0d5cbfa7067d1720
[INFO] [stdout]                                at /rustc/df4ca44d3fbc9301ee17f30f4d474e6ae4b05252/library/test/src/lib.rs:644:27
[INFO] [stdout]   31:     0x58b48481b187 - test::run_test::{{closure}}::h708eb8872708115d
[INFO] [stdout]                                at /rustc/df4ca44d3fbc9301ee17f30f4d474e6ae4b05252/library/test/src/lib.rs:565:43
[INFO] [stdout]   32:     0x58b4847de8a4 - test::run_test::{{closure}}::h392c51cee94713ab
[INFO] [stdout]                                at /rustc/df4ca44d3fbc9301ee17f30f4d474e6ae4b05252/library/test/src/lib.rs:595:41
[INFO] [stdout]   33:     0x58b4847de8a4 - std::sys::backtrace::__rust_begin_short_backtrace::h2f40290710935a8b
[INFO] [stdout]                                at /rustc/df4ca44d3fbc9301ee17f30f4d474e6ae4b05252/library/std/src/sys/backtrace.rs:154:18
[INFO] [stdout]   34:     0x58b4847e204e - std::thread::Builder::spawn_unchecked_::{{closure}}::{{closure}}::h3fd968d89053a903
[INFO] [stdout]                                at /rustc/df4ca44d3fbc9301ee17f30f4d474e6ae4b05252/library/std/src/thread/mod.rs:541:17
[INFO] [stdout]   35:     0x58b4847e204e - <core::panic::unwind_safe::AssertUnwindSafe<F> as core::ops::function::FnOnce<()>>::call_once::h743f637ba4229880
[INFO] [stdout]                                at /rustc/df4ca44d3fbc9301ee17f30f4d474e6ae4b05252/library/core/src/panic/unwind_safe.rs:272:9
[INFO] [stdout]   36:     0x58b4847e204e - std::panicking::try::do_call::h07440897322525a6
[INFO] [stdout]                                at /rustc/df4ca44d3fbc9301ee17f30f4d474e6ae4b05252/library/std/src/panicking.rs:557:40
[INFO] [stdout]   37:     0x58b4847e204e - std::panicking::try::he5a2e00188156637
[INFO] [stdout]                                at /rustc/df4ca44d3fbc9301ee17f30f4d474e6ae4b05252/library/std/src/panicking.rs:520:19
[INFO] [stdout]   38:     0x58b4847e204e - std::panic::catch_unwind::hbaf3cae49b3c6433
[INFO] [stdout]                                at /rustc/df4ca44d3fbc9301ee17f30f4d474e6ae4b05252/library/std/src/panic.rs:358:14
[INFO] [stdout]   39:     0x58b4847e204e - std::thread::Builder::spawn_unchecked_::{{closure}}::h8e141ea224820bce
[INFO] [stdout]                                at /rustc/df4ca44d3fbc9301ee17f30f4d474e6ae4b05252/library/std/src/thread/mod.rs:540:30
[INFO] [stdout]   40:     0x58b4847e204e - core::ops::function::FnOnce::call_once{{vtable.shim}}::h90d312fedd7b8ea8
[INFO] [stdout]                                at /rustc/df4ca44d3fbc9301ee17f30f4d474e6ae4b05252/library/core/src/ops/function.rs:250:5
[INFO] [stdout]   41:     0x58b48485182b - <alloc::boxed::Box<F,A> as core::ops::function::FnOnce<Args>>::call_once::h69aa08ddb6adb8b6
[INFO] [stdout]                                at /rustc/df4ca44d3fbc9301ee17f30f4d474e6ae4b05252/library/alloc/src/boxed.rs:2454:9
[INFO] [stdout]   42:     0x58b48485182b - <alloc::boxed::Box<F,A> as core::ops::function::FnOnce<Args>>::call_once::h5aa36efdb79c806f
[INFO] [stdout]                                at /rustc/df4ca44d3fbc9301ee17f30f4d474e6ae4b05252/library/alloc/src/boxed.rs:2454:9
[INFO] [stdout]   43:     0x58b48485182b - std::sys::pal::unix::thread::Thread::new::thread_start::h6cd80a1b4be5158d
[INFO] [stdout]                                at /rustc/df4ca44d3fbc9301ee17f30f4d474e6ae4b05252/library/std/src/sys/pal/unix/thread.rs:105:17
[INFO] [stdout]   44:     0x76f217806ac3 - <unknown>
[INFO] [stdout]   45:     0x76f217897a04 - clone
[INFO] [stdout]   46:                0x0 - <unknown>
[INFO] [stdout] 
[INFO] [stdout] 
[INFO] [stdout] failures:
[INFO] [stdout]     vish::io::string::split_argv::return_parameter_field
[INFO] [stdout] 
[INFO] [stdout] test result: FAILED. 30 passed; 1 failed; 0 ignored; 0 measured; 0 filtered out; finished in 0.01s
[INFO] [stdout] 
[INFO] [stderr] error: test failed, to rerun pass `--bin vish`
[INFO] running `Command { std: "docker" "inspect" "450cd5b37ac2a76f13a2a0309d21d5b4d6f23f3448046283ca3990123bf79966", kill_on_drop: false }`
[INFO] running `Command { std: "docker" "rm" "-f" "450cd5b37ac2a76f13a2a0309d21d5b4d6f23f3448046283ca3990123bf79966", kill_on_drop: false }`
[INFO] [stdout] 450cd5b37ac2a76f13a2a0309d21d5b4d6f23f3448046283ca3990123bf79966
