[INFO] fetching crate vise 0.2.0...
[INFO] testing vise-0.2.0 against nightly-2024-10-28+rustflags=-Zrandomize-layout for randomize-layout
[INFO] extracting crate vise 0.2.0 into /workspace/builds/worker-6-tc2/source
[INFO] validating manifest of crates.io crate vise 0.2.0 on toolchain nightly-2024-10-28
[INFO] running `Command { std: CARGO_HOME="/workspace/cargo-home" RUSTUP_HOME="/workspace/rustup-home" "/workspace/cargo-home/bin/cargo" "+nightly-2024-10-28" "metadata" "--manifest-path" "Cargo.toml" "--no-deps", kill_on_drop: false }`
[INFO] started tweaking crates.io crate vise 0.2.0
[INFO] finished tweaking crates.io crate vise 0.2.0
[INFO] tweaked toml for crates.io crate vise 0.2.0 written to /workspace/builds/worker-6-tc2/source/Cargo.toml
[INFO] running `Command { std: CARGO_HOME="/workspace/cargo-home" RUSTUP_HOME="/workspace/rustup-home" "/workspace/cargo-home/bin/cargo" "+nightly-2024-10-28" "generate-lockfile" "--manifest-path" "Cargo.toml", kill_on_drop: false }`
[INFO] [stderr]     Updating crates.io index
[INFO] [stderr]      Locking 85 packages to latest compatible versions
[INFO] [stderr]       Adding derive_more v0.99.18 (available: v1.0.0)
[INFO] running `Command { std: CARGO_HOME="/workspace/cargo-home" RUSTUP_HOME="/workspace/rustup-home" "/workspace/cargo-home/bin/cargo" "+nightly-2024-10-28" "fetch" "--manifest-path" "Cargo.toml", kill_on_drop: false }`
[INFO] running `Command { std: "docker" "create" "-v" "/var/lib/crater-agent-workspace/builds/worker-6-tc2/target:/opt/rustwide/target:rw,Z" "-v" "/var/lib/crater-agent-workspace/builds/worker-6-tc2/source:/opt/rustwide/workdir:ro,Z" "-v" "/var/lib/crater-agent-workspace/cargo-home:/opt/rustwide/cargo-home:ro,Z" "-v" "/var/lib/crater-agent-workspace/rustup-home:/opt/rustwide/rustup-home:ro,Z" "-e" "SOURCE_DIR=/opt/rustwide/workdir" "-e" "CARGO_TARGET_DIR=/opt/rustwide/target" "-e" "CARGO_HOME=/opt/rustwide/cargo-home" "-e" "RUSTUP_HOME=/opt/rustwide/rustup-home" "-w" "/opt/rustwide/workdir" "-m" "1610612736" "--user" "0:0" "--network" "none" "ghcr.io/rust-lang/crates-build-env/linux@sha256:4a844ea9eb2546a2d2c7022eacef16ef2e8229c7fbb2c7d4d55a9ceca922f72d" "/opt/rustwide/cargo-home/bin/cargo" "+nightly-2024-10-28" "metadata" "--no-deps" "--format-version=1", kill_on_drop: false }`
[INFO] [stdout] ef67aa086e212cca7075e8de9f6f0916dd6a3c0c7f61e7974701d0516a794113
[INFO] running `Command { std: "docker" "start" "-a" "ef67aa086e212cca7075e8de9f6f0916dd6a3c0c7f61e7974701d0516a794113", kill_on_drop: false }`
[INFO] running `Command { std: "docker" "inspect" "ef67aa086e212cca7075e8de9f6f0916dd6a3c0c7f61e7974701d0516a794113", kill_on_drop: false }`
[INFO] running `Command { std: "docker" "rm" "-f" "ef67aa086e212cca7075e8de9f6f0916dd6a3c0c7f61e7974701d0516a794113", kill_on_drop: false }`
[INFO] [stdout] ef67aa086e212cca7075e8de9f6f0916dd6a3c0c7f61e7974701d0516a794113
[INFO] running `Command { std: "docker" "create" "-v" "/var/lib/crater-agent-workspace/builds/worker-6-tc2/target:/opt/rustwide/target:rw,Z" "-v" "/var/lib/crater-agent-workspace/builds/worker-6-tc2/source:/opt/rustwide/workdir:ro,Z" "-v" "/var/lib/crater-agent-workspace/cargo-home:/opt/rustwide/cargo-home:ro,Z" "-v" "/var/lib/crater-agent-workspace/rustup-home:/opt/rustwide/rustup-home:ro,Z" "-e" "SOURCE_DIR=/opt/rustwide/workdir" "-e" "CARGO_TARGET_DIR=/opt/rustwide/target" "-e" "CARGO_INCREMENTAL=0" "-e" "RUST_BACKTRACE=full" "-e" "RUSTFLAGS=--cap-lints=forbid -Zrandomize-layout" "-e" "RUSTDOCFLAGS=--cap-lints=forbid" "-e" "CARGO_HOME=/opt/rustwide/cargo-home" "-e" "RUSTUP_HOME=/opt/rustwide/rustup-home" "-w" "/opt/rustwide/workdir" "-m" "1610612736" "--user" "0:0" "--network" "none" "ghcr.io/rust-lang/crates-build-env/linux@sha256:4a844ea9eb2546a2d2c7022eacef16ef2e8229c7fbb2c7d4d55a9ceca922f72d" "/opt/rustwide/cargo-home/bin/cargo" "+nightly-2024-10-28" "build" "--frozen" "--message-format=json", kill_on_drop: false }`
[INFO] [stdout] 7487379b031f89ae9a39e3b125bbcb129b04f2a2625d47a96b60438d8c72b182
[INFO] running `Command { std: "docker" "start" "-a" "7487379b031f89ae9a39e3b125bbcb129b04f2a2625d47a96b60438d8c72b182", kill_on_drop: false }`
[INFO] [stderr]    Compiling proc-macro2 v1.0.89
[INFO] [stderr]    Compiling unicode-ident v1.0.13
[INFO] [stderr]    Compiling libc v0.2.161
[INFO] [stderr]    Compiling autocfg v1.4.0
[INFO] [stderr]    Compiling parking_lot_core v0.9.10
[INFO] [stderr]    Compiling cfg-if v1.0.0
[INFO] [stderr]    Compiling scopeguard v1.2.0
[INFO] [stderr]    Compiling smallvec v1.13.2
[INFO] [stderr]    Compiling prometheus-client v0.22.3
[INFO] [stderr]    Compiling dtoa v1.0.9
[INFO] [stderr]    Compiling stable_deref_trait v1.2.0
[INFO] [stderr]    Compiling itoa v1.0.11
[INFO] [stderr]    Compiling elsa v1.10.0
[INFO] [stderr]    Compiling compile-fmt v0.1.0
[INFO] [stderr]    Compiling once_cell v1.20.2
[INFO] [stderr]    Compiling lock_api v0.4.12
[INFO] [stderr]    Compiling quote v1.0.37
[INFO] [stderr]    Compiling syn v2.0.86
[INFO] [stderr]    Compiling parking_lot v0.12.3
[INFO] [stderr]    Compiling prometheus-client-derive-encode v0.4.2
[INFO] [stderr]    Compiling vise-macros v0.2.0
[INFO] [stderr]    Compiling ctor v0.2.8
[INFO] [stderr]    Compiling vise v0.2.0 (/opt/rustwide/workdir)
[INFO] [stderr]     Finished `dev` profile [unoptimized + debuginfo] target(s) in 2.95s
[INFO] running `Command { std: "docker" "inspect" "7487379b031f89ae9a39e3b125bbcb129b04f2a2625d47a96b60438d8c72b182", kill_on_drop: false }`
[INFO] running `Command { std: "docker" "rm" "-f" "7487379b031f89ae9a39e3b125bbcb129b04f2a2625d47a96b60438d8c72b182", kill_on_drop: false }`
[INFO] [stdout] 7487379b031f89ae9a39e3b125bbcb129b04f2a2625d47a96b60438d8c72b182
[INFO] running `Command { std: "docker" "create" "-v" "/var/lib/crater-agent-workspace/builds/worker-6-tc2/target:/opt/rustwide/target:rw,Z" "-v" "/var/lib/crater-agent-workspace/builds/worker-6-tc2/source:/opt/rustwide/workdir:ro,Z" "-v" "/var/lib/crater-agent-workspace/cargo-home:/opt/rustwide/cargo-home:ro,Z" "-v" "/var/lib/crater-agent-workspace/rustup-home:/opt/rustwide/rustup-home:ro,Z" "-e" "SOURCE_DIR=/opt/rustwide/workdir" "-e" "CARGO_TARGET_DIR=/opt/rustwide/target" "-e" "CARGO_INCREMENTAL=0" "-e" "RUST_BACKTRACE=full" "-e" "RUSTFLAGS=--cap-lints=forbid -Zrandomize-layout" "-e" "RUSTDOCFLAGS=--cap-lints=forbid" "-e" "CARGO_HOME=/opt/rustwide/cargo-home" "-e" "RUSTUP_HOME=/opt/rustwide/rustup-home" "-w" "/opt/rustwide/workdir" "-m" "1610612736" "--user" "0:0" "--network" "none" "ghcr.io/rust-lang/crates-build-env/linux@sha256:4a844ea9eb2546a2d2c7022eacef16ef2e8229c7fbb2c7d4d55a9ceca922f72d" "/opt/rustwide/cargo-home/bin/cargo" "+nightly-2024-10-28" "test" "--frozen" "--no-run" "--message-format=json", kill_on_drop: false }`
[INFO] [stdout] 342941fe120132cec909c55938b626b614f40ac941ea5d17cdcfdac70f3ee3bd
[INFO] running `Command { std: "docker" "start" "-a" "342941fe120132cec909c55938b626b614f40ac941ea5d17cdcfdac70f3ee3bd", kill_on_drop: false }`
[INFO] [stderr]    Compiling unicode-ident v1.0.13
[INFO] [stderr]    Compiling serde v1.0.214
[INFO] [stderr]    Compiling equivalent v1.0.1
[INFO] [stderr]    Compiling hashbrown v0.15.0
[INFO] [stderr]    Compiling tinyvec_macros v0.1.1
[INFO] [stderr]    Compiling proc-macro2 v1.0.89
[INFO] [stderr]    Compiling byteorder v1.5.0
[INFO] [stderr]    Compiling memchr v2.7.4
[INFO] [stderr]    Compiling tinyvec v1.8.0
[INFO] [stderr]    Compiling getrandom v0.2.15
[INFO] [stderr]    Compiling pulldown-cmark v0.9.6
[INFO] [stderr]    Compiling unicode-bidi v0.3.17
[INFO] [stderr]    Compiling regex-syntax v0.8.5
[INFO] [stderr]    Compiling quote v1.0.37
[INFO] [stderr]    Compiling indexmap v2.6.0
[INFO] [stderr]    Compiling syn v2.0.86
[INFO] [stderr]    Compiling unicode-normalization v0.1.24
[INFO] [stderr]    Compiling winnow v0.5.40
[INFO] [stderr]    Compiling target-triple v0.1.3
[INFO] [stderr]    Compiling serde_json v1.0.132
[INFO] [stderr]    Compiling semver v1.0.23
[INFO] [stderr]    Compiling winnow v0.6.20
[INFO] [stderr]    Compiling percent-encoding v2.3.1
[INFO] [stderr]    Compiling form_urlencoded v1.2.1
[INFO] [stderr]    Compiling idna v0.5.0
[INFO] [stderr]    Compiling rand_core v0.6.4
[INFO] [stderr]    Compiling bitflags v2.6.0
[INFO] [stderr]    Compiling doc-comment v0.3.3
[INFO] [stderr]    Compiling ryu v1.0.18
[INFO] [stderr]    Compiling unicase v2.8.0
[INFO] [stderr]    Compiling url v2.5.2
[INFO] [stderr]    Compiling regex-automata v0.4.8
[INFO] [stderr]    Compiling toml_datetime v0.6.8
[INFO] [stderr]    Compiling serde_spanned v0.6.8
[INFO] [stderr]    Compiling toml_edit v0.19.15
[INFO] [stderr]    Compiling toml_edit v0.22.22
[INFO] [stderr]    Compiling regex v1.11.1
[INFO] [stderr]    Compiling termcolor v1.4.1
[INFO] [stderr]    Compiling glob v0.3.1
[INFO] [stderr]    Compiling convert_case v0.4.0
[INFO] [stderr]    Compiling assert_matches v1.5.0
[INFO] [stderr]    Compiling toml v0.7.8
[INFO] [stderr]    Compiling toml v0.8.19
[INFO] [stderr]    Compiling zerocopy-derive v0.7.35
[INFO] [stderr]    Compiling prometheus-client-derive-encode v0.4.2
[INFO] [stderr]    Compiling serde_derive v1.0.214
[INFO] [stderr]    Compiling vise-macros v0.2.0
[INFO] [stderr]    Compiling prometheus-client v0.22.3
[INFO] [stderr]    Compiling ctor v0.2.8
[INFO] [stderr]    Compiling zerocopy v0.7.35
[INFO] [stderr]    Compiling version-sync v0.9.5
[INFO] [stderr]    Compiling derive_more v0.99.18
[INFO] [stderr]    Compiling vise v0.2.0 (/opt/rustwide/workdir)
[INFO] [stderr]    Compiling ppv-lite86 v0.2.20
[INFO] [stderr]    Compiling rand_chacha v0.3.1
[INFO] [stderr]    Compiling rand v0.8.5
[INFO] [stderr]    Compiling trybuild v1.0.101
[INFO] [stderr]     Finished `test` profile [unoptimized + debuginfo] target(s) in 9.88s
[INFO] running `Command { std: "docker" "inspect" "342941fe120132cec909c55938b626b614f40ac941ea5d17cdcfdac70f3ee3bd", kill_on_drop: false }`
[INFO] running `Command { std: "docker" "rm" "-f" "342941fe120132cec909c55938b626b614f40ac941ea5d17cdcfdac70f3ee3bd", kill_on_drop: false }`
[INFO] [stdout] 342941fe120132cec909c55938b626b614f40ac941ea5d17cdcfdac70f3ee3bd
[INFO] running `Command { std: "docker" "create" "-v" "/var/lib/crater-agent-workspace/builds/worker-6-tc2/target:/opt/rustwide/target:rw,Z" "-v" "/var/lib/crater-agent-workspace/builds/worker-6-tc2/source:/opt/rustwide/workdir:ro,Z" "-v" "/var/lib/crater-agent-workspace/cargo-home:/opt/rustwide/cargo-home:ro,Z" "-v" "/var/lib/crater-agent-workspace/rustup-home:/opt/rustwide/rustup-home:ro,Z" "-e" "SOURCE_DIR=/opt/rustwide/workdir" "-e" "CARGO_TARGET_DIR=/opt/rustwide/target" "-e" "CARGO_INCREMENTAL=0" "-e" "RUST_BACKTRACE=full" "-e" "RUSTFLAGS=--cap-lints=forbid -Zrandomize-layout" "-e" "RUSTDOCFLAGS=--cap-lints=forbid" "-e" "CARGO_HOME=/opt/rustwide/cargo-home" "-e" "RUSTUP_HOME=/opt/rustwide/rustup-home" "-w" "/opt/rustwide/workdir" "-m" "1610612736" "--user" "0:0" "--network" "none" "ghcr.io/rust-lang/crates-build-env/linux@sha256:4a844ea9eb2546a2d2c7022eacef16ef2e8229c7fbb2c7d4d55a9ceca922f72d" "/opt/rustwide/cargo-home/bin/cargo" "+nightly-2024-10-28" "test" "--frozen", kill_on_drop: false }`
[INFO] [stdout] 844d6390bbd552b0545b35b51dba146f0bdf9148b8afccb19c9bb202ee4e0b1f
[INFO] running `Command { std: "docker" "start" "-a" "844d6390bbd552b0545b35b51dba146f0bdf9148b8afccb19c9bb202ee4e0b1f", kill_on_drop: false }`
[INFO] [stderr]     Finished `test` profile [unoptimized + debuginfo] target(s) in 0.05s
[INFO] [stderr]      Running unittests src/lib.rs (/opt/rustwide/target/debug/deps/vise-cada302b1d1610b5)
[INFO] [stdout] 
[INFO] [stdout] running 22 tests
[INFO] [stdout] test buckets::tests::compare_f64_corner_cases ... ok
[INFO] [stdout] test buckets::tests::exponential_buckets ... ok
[INFO] [stdout] test buckets::tests::linear_buckets ... ok
[INFO] [stdout] test collector::tests::using_owning_collector ... ok
[INFO] [stdout] test collector::tests::using_borrowing_collector ... ok
[INFO] [stdout] test format::tests::translating_open_metrics_format ... ok
[INFO] [stdout] test descriptors::tests::describing_metrics ... ok
[INFO] [stdout] test tests::label_with_raw_ident ... ok
[INFO] [stdout] test format::tests::translating_sample ... ok
[INFO] [stdout] test tests::labeled_family_with_multiple_labels ... ok
[INFO] [stdout] test tests::lazy_metrics_registration ... ok
[INFO] [stdout] test tests::labels_with_unit ... ok
[INFO] [stdout] test tests::using_gauge_guard ... ok
[INFO] [stdout] test tests::metrics_registration ... ok
[INFO] [stdout] test tests::renamed_labels ... ok
[INFO] [stdout] test format::tests::translating_real_metrics ... ok
[INFO] [stdout] test tests::using_label_set ... ok
[INFO] [stdout] test validation::tests::validating_names ... ok
[INFO] [stdout] test wrappers::tests::family_accesses_are_not_deadlocked ... ok
[INFO] [stdout] test tests::testing_metrics ... ok
[INFO] [stdout] test wrappers::tests::standard_family_is_easy_to_deadlock ... ok
[INFO] [stdout] test buckets::tests::compare_f64_mini_fuzz ... ok
[INFO] [stdout] 
[INFO] [stdout] test result: ok. 22 passed; 0 failed; 0 ignored; 0 measured; 0 filtered out; finished in 0.24s
[INFO] [stdout] 
[INFO] [stderr]      Running tests/integration.rs (/opt/rustwide/target/debug/deps/integration-5497dee5bc016c2c)
[INFO] [stdout] 
[INFO] [stdout] running 1 test
[INFO] [stderr]    Compiling proc-macro2 v1.0.89
[INFO] [stderr]    Compiling unicode-ident v1.0.13
[INFO] [stderr]    Compiling libc v0.2.161
[INFO] [stderr]     Checking cfg-if v1.0.0
[INFO] [stderr]    Compiling serde v1.0.214
[INFO] [stderr]    Compiling autocfg v1.4.0
[INFO] [stderr]    Compiling parking_lot_core v0.9.10
[INFO] [stderr]     Checking tinyvec_macros v0.1.1
[INFO] [stderr]     Checking tinyvec v1.8.0
[INFO] [stderr]     Checking byteorder v1.5.0
[INFO] [stderr]     Checking hashbrown v0.15.0
[INFO] [stderr]     Checking smallvec v1.13.2
[INFO] [stderr]     Checking equivalent v1.0.1
[INFO] [stderr]     Checking scopeguard v1.2.0
[INFO] [stderr]    Compiling semver v1.0.23
[INFO] [stderr]    Compiling lock_api v0.4.12
[INFO] [stderr]     Checking percent-encoding v2.3.1
[INFO] [stderr]     Checking regex-syntax v0.8.5
[INFO] [stderr]    Compiling quote v1.0.37
[INFO] [stderr]     Checking indexmap v2.6.0
[INFO] [stderr]     Checking unicode-normalization v0.1.24
[INFO] [stderr]    Compiling syn v2.0.86
[INFO] [stderr]     Checking getrandom v0.2.15
[INFO] [stderr]     Checking winnow v0.5.40
[INFO] [stderr]    Compiling prometheus-client v0.22.3
[INFO] [stderr]    Compiling pulldown-cmark v0.9.6
[INFO] [stderr]     Checking unicode-bidi v0.3.17
[INFO] [stderr]     Checking parking_lot v0.12.3
[INFO] [stderr]     Checking rand_core v0.6.4
[INFO] [stderr]     Checking form_urlencoded v1.2.1
[INFO] [stderr]     Checking bitflags v2.6.0
[INFO] [stderr]     Checking unicase v2.8.0
[INFO] [stderr]     Checking stable_deref_trait v1.2.0
[INFO] [stderr]     Checking dtoa v1.0.9
[INFO] [stderr]    Compiling doc-comment v0.3.3
[INFO] [stderr]     Checking memchr v2.7.4
[INFO] [stderr]     Checking idna v0.5.0
[INFO] [stderr]     Checking itoa v1.0.11
[INFO] [stderr]     Checking elsa v1.10.0
[INFO] [stderr]     Checking url v2.5.2
[INFO] [stderr]    Compiling convert_case v0.4.0
[INFO] [stderr]     Checking regex-automata v0.4.8
[INFO] [stderr]     Checking once_cell v1.20.2
[INFO] [stderr]     Checking compile-fmt v0.1.0
[INFO] [stderr]     Checking assert_matches v1.5.0
[INFO] [stderr]     Checking toml_datetime v0.6.8
[INFO] [stderr]     Checking serde_spanned v0.6.8
[INFO] [stderr]     Checking toml_edit v0.19.15
[INFO] [stderr]     Checking regex v1.11.1
[INFO] [stderr]     Checking toml v0.7.8
[INFO] [stderr]     Checking version-sync v0.9.5
[INFO] [stderr]    Compiling zerocopy-derive v0.7.35
[INFO] [stderr]    Compiling prometheus-client-derive-encode v0.4.2
[INFO] [stderr]    Compiling ctor v0.2.8
[INFO] [stderr]    Compiling vise-macros v0.2.0
[INFO] [stderr]    Compiling derive_more v0.99.18
[INFO] [stderr]     Checking vise v0.2.0 (/opt/rustwide/workdir)
[INFO] [stderr]     Checking zerocopy v0.7.35
[INFO] [stderr]     Checking ppv-lite86 v0.2.20
[INFO] [stderr]     Checking rand_chacha v0.3.1
[INFO] [stderr]     Checking rand v0.8.5
[INFO] [stderr]     Checking vise-tests v0.0.0 (/opt/rustwide/target/tests/trybuild/vise)
[INFO] [stderr]     Finished `dev` profile [unoptimized + debuginfo] target(s) in 6.07s
[INFO] [stderr] 
[INFO] [stderr] 
[INFO] [stderr] test tests/ui/metrics/bogus_buckets.rs ... mismatch
[INFO] [stderr] 
[INFO] [stderr] EXPECTED:
[INFO] [stderr] ┈┈┈┈┈┈┈┈┈┈┈┈┈┈┈┈┈┈┈┈┈┈┈┈┈┈┈┈┈┈┈┈┈┈┈┈┈┈┈┈┈┈┈┈┈┈┈┈┈┈┈┈┈┈┈┈┈┈┈┈
[INFO] [stderr] error[E0277]: the trait bound `Buckets: From<&str>` is not satisfied
[INFO] [stderr]  --> tests/ui/metrics/bogus_buckets.rs:6:25
[INFO] [stderr]   |
[INFO] [stderr] 6 |     #[metrics(buckets = "42")]
[INFO] [stderr]   |                         ^^^^ the trait `From<&str>` is not implemented for `Buckets`, which is required by `&str: Into<Buckets>`
[INFO] [stderr] 7 |     histogram: Histogram<u64>,
[INFO] [stderr]   |                --------- required by a bound introduced by this call
[INFO] [stderr]   |
[INFO] [stderr]   = help: the trait `From<&'static [f64; _]>` is implemented for `Buckets`
[INFO] [stderr]   = help: for that trait implementation, expected `[f64; _]`, found `str`
[INFO] [stderr]   = note: required for `&str` to implement `Into<Buckets>`
[INFO] [stderr] note: required by a bound in `MetricBuilder::<(), L>::with_buckets`
[INFO] [stderr]  --> src/builder.rs
[INFO] [stderr]   |
[INFO] [stderr]   |     pub fn with_buckets(self, buckets: impl Into<Buckets>) -> MetricBuilder<Buckets, L> {
[INFO] [stderr]   |                                             ^^^^^^^^^^^^^ required by this bound in `MetricBuilder::<(), L>::with_buckets`
[INFO] [stderr] ┈┈┈┈┈┈┈┈┈┈┈┈┈┈┈┈┈┈┈┈┈┈┈┈┈┈┈┈┈┈┈┈┈┈┈┈┈┈┈┈┈┈┈┈┈┈┈┈┈┈┈┈┈┈┈┈┈┈┈┈
[INFO] [stderr] 
[INFO] [stderr] ACTUAL OUTPUT:
[INFO] [stderr] ┈┈┈┈┈┈┈┈┈┈┈┈┈┈┈┈┈┈┈┈┈┈┈┈┈┈┈┈┈┈┈┈┈┈┈┈┈┈┈┈┈┈┈┈┈┈┈┈┈┈┈┈┈┈┈┈┈┈┈┈
[INFO] [stderr] error[E0277]: the trait bound `Buckets: From<&str>` is not satisfied
[INFO] [stderr]  --> tests/ui/metrics/bogus_buckets.rs:6:25
[INFO] [stderr]   |
[INFO] [stderr] 6 |     #[metrics(buckets = "42")]
[INFO] [stderr]   |                         ^^^^ the trait `From<&str>` is not implemented for `Buckets`, which is required by `&str: Into<Buckets>`
[INFO] [stderr] 7 |     histogram: Histogram<u64>,
[INFO] [stderr]   |                -------------- required by a bound introduced by this call
[INFO] [stderr]   |
[INFO] [stderr]   = help: the trait `From<&'static [f64; _]>` is implemented for `Buckets`
[INFO] [stderr]   = help: for that trait implementation, expected `[f64; _]`, found `str`
[INFO] [stderr]   = note: required for `&str` to implement `Into<Buckets>`
[INFO] [stderr] note: required by a bound in `MetricBuilder::<(), L>::with_buckets`
[INFO] [stderr]  --> src/builder.rs
[INFO] [stderr]   |
[INFO] [stderr]   |     pub fn with_buckets(self, buckets: impl Into<Buckets>) -> MetricBuilder<Buckets, L> {
[INFO] [stderr]   |                                             ^^^^^^^^^^^^^ required by this bound in `MetricBuilder::<(), L>::with_buckets`
[INFO] [stderr] ┈┈┈┈┈┈┈┈┈┈┈┈┈┈┈┈┈┈┈┈┈┈┈┈┈┈┈┈┈┈┈┈┈┈┈┈┈┈┈┈┈┈┈┈┈┈┈┈┈┈┈┈┈┈┈┈┈┈┈┈
[INFO] [stderr] note: If the actual output is the correct output you can bless it by rerunning
[INFO] [stderr]       your test with the environment variable TRYBUILD=overwrite
[INFO] [stderr] 
[INFO] [stderr] test tests/ui/metrics/bogus_metric_name.rs ... ok
[INFO] [stderr] test tests/ui/metrics/bogus_prefix.rs ... ok
[INFO] [stderr] test tests/ui/metrics/bogus_unit.rs ... mismatch
[INFO] [stderr] 
[INFO] [stderr] EXPECTED:
[INFO] [stderr] ┈┈┈┈┈┈┈┈┈┈┈┈┈┈┈┈┈┈┈┈┈┈┈┈┈┈┈┈┈┈┈┈┈┈┈┈┈┈┈┈┈┈┈┈┈┈┈┈┈┈┈┈┈┈┈┈┈┈┈┈
[INFO] [stderr] error[E0308]: mismatched types
[INFO] [stderr]  --> tests/ui/metrics/bogus_unit.rs:6:22
[INFO] [stderr]   |
[INFO] [stderr] 3 | #[derive(Debug, Metrics)]
[INFO] [stderr]   |                 ------- arguments to this enum variant are incorrect
[INFO] [stderr] ...
[INFO] [stderr] 6 |     #[metrics(unit = "seconds")]
[INFO] [stderr]   |                      ^^^^^^^^^ expected `Unit`, found `&str`
[INFO] [stderr]   |
[INFO] [stderr] help: the type constructed contains `&'static str` due to the type of the argument passed
[INFO] [stderr]  --> tests/ui/metrics/bogus_unit.rs:3:17
[INFO] [stderr]   |
[INFO] [stderr] 3 | #[derive(Debug, Metrics)]
[INFO] [stderr]   |                 ^^^^^^^
[INFO] [stderr] ...
[INFO] [stderr] 6 |     #[metrics(unit = "seconds")]
[INFO] [stderr]   |                      --------- this argument influences the type of `core`
[INFO] [stderr] note: tuple variant defined here
[INFO] [stderr]  --> $RUST/core/src/option.rs
[INFO] [stderr]   |
[INFO] [stderr]   |     Some(#[stable(feature = "rust1", since = "1.0.0")] T),
[INFO] [stderr]   |     ^^^^
[INFO] [stderr]   = note: this error originates in the derive macro `Metrics` (in Nightly builds, run with -Z macro-backtrace for more info)
[INFO] [stderr] ┈┈┈┈┈┈┈┈┈┈┈┈┈┈┈┈┈┈┈┈┈┈┈┈┈┈┈┈┈┈┈┈┈┈┈┈┈┈┈┈┈┈┈┈┈┈┈┈┈┈┈┈┈┈┈┈┈┈┈┈
[INFO] [stderr] 
[INFO] [stderr] ACTUAL OUTPUT:
[INFO] [stderr] ┈┈┈┈┈┈┈┈┈┈┈┈┈┈┈┈┈┈┈┈┈┈┈┈┈┈┈┈┈┈┈┈┈┈┈┈┈┈┈┈┈┈┈┈┈┈┈┈┈┈┈┈┈┈┈┈┈┈┈┈
[INFO] [stderr] error[E0308]: mismatched types
[INFO] [stderr]  --> tests/ui/metrics/bogus_unit.rs:6:22
[INFO] [stderr]   |
[INFO] [stderr] 3 | #[derive(Debug, Metrics)]
[INFO] [stderr]   |                 ------- arguments to this enum variant are incorrect
[INFO] [stderr] ...
[INFO] [stderr] 6 |     #[metrics(unit = "seconds")]
[INFO] [stderr]   |                      ^^^^^^^^^ expected `Unit`, found `&str`
[INFO] [stderr]   |
[INFO] [stderr] help: the type constructed contains `&'static str` due to the type of the argument passed
[INFO] [stderr]  --> tests/ui/metrics/bogus_unit.rs:3:17
[INFO] [stderr]   |
[INFO] [stderr] 3 | #[derive(Debug, Metrics)]
[INFO] [stderr]   |                 ^^^^^^^
[INFO] [stderr] ...
[INFO] [stderr] 6 |     #[metrics(unit = "seconds")]
[INFO] [stderr]   |                      --------- this argument influences the type of `core`
[INFO] [stderr] note: tuple variant defined here
[INFO] [stderr]  --> $RUST/core/src/option.rs
[INFO] [stderr]   = note: this error originates in the derive macro `Metrics` (in Nightly builds, run with -Z macro-backtrace for more info)
[INFO] [stderr] ┈┈┈┈┈┈┈┈┈┈┈┈┈┈┈┈┈┈┈┈┈┈┈┈┈┈┈┈┈┈┈┈┈┈┈┈┈┈┈┈┈┈┈┈┈┈┈┈┈┈┈┈┈┈┈┈┈┈┈┈
[INFO] [stderr] note: If the actual output is the correct output you can bless it by rerunning
[INFO] [stderr]       your test with the environment variable TRYBUILD=overwrite
[INFO] [stderr] 
[INFO] [stderr] test tests/ui/metrics/missing_buckets.rs ... mismatch
[INFO] [stderr] 
[INFO] [stderr] EXPECTED:
[INFO] [stderr] ┈┈┈┈┈┈┈┈┈┈┈┈┈┈┈┈┈┈┈┈┈┈┈┈┈┈┈┈┈┈┈┈┈┈┈┈┈┈┈┈┈┈┈┈┈┈┈┈┈┈┈┈┈┈┈┈┈┈┈┈
[INFO] [stderr] error[E0271]: type mismatch resolving `<Histogram<u64> as BuildMetric>::Builder == MetricBuilder`
[INFO] [stderr]  --> tests/ui/metrics/missing_buckets.rs:6:16
[INFO] [stderr]   |
[INFO] [stderr] 6 |     histogram: Histogram<u64>,
[INFO] [stderr]   |                ^^^^^^^^^ expected `MetricBuilder<Buckets>`, found `MetricBuilder`
[INFO] [stderr]   |
[INFO] [stderr]   = note: expected struct `MetricBuilder<Buckets>`
[INFO] [stderr]              found struct `MetricBuilder<()>`
[INFO] [stderr] ┈┈┈┈┈┈┈┈┈┈┈┈┈┈┈┈┈┈┈┈┈┈┈┈┈┈┈┈┈┈┈┈┈┈┈┈┈┈┈┈┈┈┈┈┈┈┈┈┈┈┈┈┈┈┈┈┈┈┈┈
[INFO] [stderr] 
[INFO] [stderr] ACTUAL OUTPUT:
[INFO] [stderr] ┈┈┈┈┈┈┈┈┈┈┈┈┈┈┈┈┈┈┈┈┈┈┈┈┈┈┈┈┈┈┈┈┈┈┈┈┈┈┈┈┈┈┈┈┈┈┈┈┈┈┈┈┈┈┈┈┈┈┈┈
[INFO] [stderr] error[E0271]: type mismatch resolving `<Histogram<u64> as BuildMetric>::Builder == MetricBuilder`
[INFO] [stderr]  --> tests/ui/metrics/missing_buckets.rs:6:16
[INFO] [stderr]   |
[INFO] [stderr] 6 |     histogram: Histogram<u64>,
[INFO] [stderr]   |                ^^^^^^^^^^^^^^ expected `MetricBuilder`, found `MetricBuilder<Buckets>`
[INFO] [stderr]   |
[INFO] [stderr]   = note: expected struct `MetricBuilder<()>`
[INFO] [stderr]              found struct `MetricBuilder<Buckets>`
[INFO] [stderr] ┈┈┈┈┈┈┈┈┈┈┈┈┈┈┈┈┈┈┈┈┈┈┈┈┈┈┈┈┈┈┈┈┈┈┈┈┈┈┈┈┈┈┈┈┈┈┈┈┈┈┈┈┈┈┈┈┈┈┈┈
[INFO] [stderr] note: If the actual output is the correct output you can bless it by rerunning
[INFO] [stderr]       your test with the environment variable TRYBUILD=overwrite
[INFO] [stderr] 
[INFO] [stderr] test tests/ui/metrics/non_monotonic_buckets.rs ... ok
[INFO] [stderr] test tests/ui/metrics/unnecessary_buckets.rs ... mismatch
[INFO] [stderr] 
[INFO] [stderr] EXPECTED:
[INFO] [stderr] ┈┈┈┈┈┈┈┈┈┈┈┈┈┈┈┈┈┈┈┈┈┈┈┈┈┈┈┈┈┈┈┈┈┈┈┈┈┈┈┈┈┈┈┈┈┈┈┈┈┈┈┈┈┈┈┈┈┈┈┈
[INFO] [stderr] error[E0271]: type mismatch resolving `<Counter as BuildMetric>::Builder == MetricBuilder<Buckets>`
[INFO] [stderr]  --> tests/ui/metrics/unnecessary_buckets.rs:7:14
[INFO] [stderr]   |
[INFO] [stderr] 7 |     counter: Counter,
[INFO] [stderr]   |              ^^^^^^^ expected `MetricBuilder`, found `MetricBuilder<Buckets>`
[INFO] [stderr]   |
[INFO] [stderr]   = note: expected struct `MetricBuilder<()>`
[INFO] [stderr]              found struct `MetricBuilder<Buckets>`
[INFO] [stderr] ┈┈┈┈┈┈┈┈┈┈┈┈┈┈┈┈┈┈┈┈┈┈┈┈┈┈┈┈┈┈┈┈┈┈┈┈┈┈┈┈┈┈┈┈┈┈┈┈┈┈┈┈┈┈┈┈┈┈┈┈
[INFO] [stderr] 
[INFO] [stderr] ACTUAL OUTPUT:
[INFO] [stderr] ┈┈┈┈┈┈┈┈┈┈┈┈┈┈┈┈┈┈┈┈┈┈┈┈┈┈┈┈┈┈┈┈┈┈┈┈┈┈┈┈┈┈┈┈┈┈┈┈┈┈┈┈┈┈┈┈┈┈┈┈
[INFO] [stderr] error[E0271]: type mismatch resolving `<Counter as BuildMetric>::Builder == MetricBuilder<Buckets>`
[INFO] [stderr]  --> tests/ui/metrics/unnecessary_buckets.rs:7:14
[INFO] [stderr]   |
[INFO] [stderr] 7 |     counter: Counter,
[INFO] [stderr]   |              ^^^^^^^ expected `MetricBuilder<Buckets>`, found `MetricBuilder`
[INFO] [stderr]   |
[INFO] [stderr]   = note: expected struct `MetricBuilder<Buckets>`
[INFO] [stderr]              found struct `MetricBuilder<()>`
[INFO] [stderr] ┈┈┈┈┈┈┈┈┈┈┈┈┈┈┈┈┈┈┈┈┈┈┈┈┈┈┈┈┈┈┈┈┈┈┈┈┈┈┈┈┈┈┈┈┈┈┈┈┈┈┈┈┈┈┈┈┈┈┈┈
[INFO] [stderr] note: If the actual output is the correct output you can bless it by rerunning
[INFO] [stderr]       your test with the environment variable TRYBUILD=overwrite
[INFO] [stderr] 
[INFO] [stderr] test tests/ui/metrics/unsupported_attribute.rs ... ok
[INFO] [stderr] test tests/ui/metrics/unsupported_field_attr.rs ... ok
[INFO] [stderr] test tests/ui/metrics/unsupported_generics.rs ... ok
[INFO] [stderr] test tests/ui/metrics/unsupported_item.rs ... ok
[INFO] [stderr] test tests/ui/labels/bogus_field_type.rs ... ok
[INFO] [stderr] test tests/ui/labels/bogus_label_name_in_attr.rs ... ok
[INFO] [stderr] test tests/ui/labels/bogus_label_name_in_field.rs ... ok
[INFO] [stderr] test tests/ui/labels/bogus_label_name_in_metrics_attr.rs ... ok
[INFO] [stderr] test tests/ui/labels/duplicate_label_value.rs ... ok
[INFO] [stderr] test tests/ui/labels/non_ascii_label_value.rs ... ok
[INFO] [stderr] test tests/ui/labels/rename_all_with_complex_fields.rs ... ok
[INFO] [stderr] test tests/ui/labels/rename_and_format_clash.rs ... ok
[INFO] [stderr] test tests/ui/labels/unimplemented_format.rs ... mismatch
[INFO] [stderr] 
[INFO] [stderr] EXPECTED:
[INFO] [stderr] ┈┈┈┈┈┈┈┈┈┈┈┈┈┈┈┈┈┈┈┈┈┈┈┈┈┈┈┈┈┈┈┈┈┈┈┈┈┈┈┈┈┈┈┈┈┈┈┈┈┈┈┈┈┈┈┈┈┈┈┈
[INFO] [stderr] error[E0277]: `Label` doesn't implement `std::fmt::Display`
[INFO] [stderr]  --> tests/ui/labels/unimplemented_format.rs:4:20
[INFO] [stderr]   |
[INFO] [stderr] 4 | #[metrics(format = "{}")]
[INFO] [stderr]   |                    ^^^^ `Label` cannot be formatted with the default formatter
[INFO] [stderr]   |
[INFO] [stderr]  ::: $RUST/core/src/macros/mod.rs
[INFO] [stderr]   |
[INFO] [stderr]   |         $dst.write_fmt($crate::format_args!($($arg)*))
[INFO] [stderr]   |                        ------------------------------ in this macro invocation
[INFO] [stderr]   |
[INFO] [stderr]   = help: the trait `std::fmt::Display` is not implemented for `Label`, which is required by `&Label: std::fmt::Display`
[INFO] [stderr]   = note: in format strings you may be able to use `{:?}` (or {:#?} for pretty-print) instead
[INFO] [stderr]   = note: this error originates in the macro `$crate::format_args` (in Nightly builds, run with -Z macro-backtrace for more info)
[INFO] [stderr] ┈┈┈┈┈┈┈┈┈┈┈┈┈┈┈┈┈┈┈┈┈┈┈┈┈┈┈┈┈┈┈┈┈┈┈┈┈┈┈┈┈┈┈┈┈┈┈┈┈┈┈┈┈┈┈┈┈┈┈┈
[INFO] [stderr] 
[INFO] [stderr] ACTUAL OUTPUT:
[INFO] [stderr] ┈┈┈┈┈┈┈┈┈┈┈┈┈┈┈┈┈┈┈┈┈┈┈┈┈┈┈┈┈┈┈┈┈┈┈┈┈┈┈┈┈┈┈┈┈┈┈┈┈┈┈┈┈┈┈┈┈┈┈┈
[INFO] [stderr] error[E0277]: `Label` doesn't implement `std::fmt::Display`
[INFO] [stderr]  --> tests/ui/labels/unimplemented_format.rs:4:20
[INFO] [stderr]   |
[INFO] [stderr] 4 | #[metrics(format = "{}")]
[INFO] [stderr]   |                    ^^^^ `Label` cannot be formatted with the default formatter
[INFO] [stderr]  --> $RUST/core/src/macros/mod.rs
[INFO] [stderr]   |
[INFO] [stderr]   = note: in this macro invocation
[INFO] [stderr]   |
[INFO] [stderr]   = help: the trait `std::fmt::Display` is not implemented for `Label`, which is required by `&Label: std::fmt::Display`
[INFO] [stderr]   = note: in format strings you may be able to use `{:?}` (or {:#?} for pretty-print) instead
[INFO] [stderr]   = note: this error originates in the macro `$crate::format_args` (in Nightly builds, run with -Z macro-backtrace for more info)
[INFO] [stderr] ┈┈┈┈┈┈┈┈┈┈┈┈┈┈┈┈┈┈┈┈┈┈┈┈┈┈┈┈┈┈┈┈┈┈┈┈┈┈┈┈┈┈┈┈┈┈┈┈┈┈┈┈┈┈┈┈┈┈┈┈
[INFO] [stderr] note: If the actual output is the correct output you can bless it by rerunning
[INFO] [stderr]       your test with the environment variable TRYBUILD=overwrite
[INFO] [stderr] 
[INFO] [stderr] test tests/ui/labels/unsupported_attribute.rs ... ok
[INFO] [stderr] test tests/ui/labels/unsupported_container.rs ... ok
[INFO] [stderr] test tests/ui/labels/unsupported_generics.rs ... ok
[INFO] [stderr] test tests/ui/labels/unsupported_generics_for_set.rs ... ok
[INFO] [stderr] test tests/ui/labels/unsupported_rename_rule.rs ... ok
[INFO] [stderr] test tests/ui/labels/unsupported_variant_attr.rs ... ok
[INFO] [stderr] 
[INFO] [stderr] 
[INFO] [stdout] test ui ... FAILED
[INFO] [stdout] 
[INFO] [stdout] failures:
[INFO] [stdout] 
[INFO] [stdout] ---- ui stdout ----
[INFO] [stdout] thread 'ui' panicked at /opt/rustwide/cargo-home/registry/src/index.crates.io-6f17d22bba15001f/trybuild-1.0.101/src/run.rs:101:13:
[INFO] [stdout] 5 of 26 tests failed
[INFO] [stdout] stack backtrace:
[INFO] [stdout]    0:     0x618a708df4fa - std::backtrace_rs::backtrace::libunwind::trace::h207520d6e9873551
[INFO] [stdout]                                at /rustc/df4ca44d3fbc9301ee17f30f4d474e6ae4b05252/library/std/src/../../backtrace/src/backtrace/libunwind.rs:116:5
[INFO] [stdout]    1:     0x618a708df4fa - std::backtrace_rs::backtrace::trace_unsynchronized::h2ed7433f370e3eca
[INFO] [stdout]                                at /rustc/df4ca44d3fbc9301ee17f30f4d474e6ae4b05252/library/std/src/../../backtrace/src/backtrace/mod.rs:66:5
[INFO] [stdout]    2:     0x618a708df4fa - std::sys::backtrace::_print_fmt::h916fac51166b18d7
[INFO] [stdout]                                at /rustc/df4ca44d3fbc9301ee17f30f4d474e6ae4b05252/library/std/src/sys/backtrace.rs:66:9
[INFO] [stdout]    3:     0x618a708df4fa - <std::sys::backtrace::BacktraceLock::print::DisplayBacktrace as core::fmt::Display>::fmt::ha0a4c9b8ce3802e6
[INFO] [stdout]                                at /rustc/df4ca44d3fbc9301ee17f30f4d474e6ae4b05252/library/std/src/sys/backtrace.rs:39:26
[INFO] [stdout]    4:     0x618a709099a3 - core::fmt::rt::Argument::fmt::h4cfc8587d52b3eb5
[INFO] [stdout]                                at /rustc/df4ca44d3fbc9301ee17f30f4d474e6ae4b05252/library/core/src/fmt/rt.rs:177:76
[INFO] [stdout]    5:     0x618a709099a3 - core::fmt::write::h522cc39e5b36ae9f
[INFO] [stdout]                                at /rustc/df4ca44d3fbc9301ee17f30f4d474e6ae4b05252/library/core/src/fmt/mod.rs:1190:21
[INFO] [stdout]    6:     0x618a708db533 - std::io::Write::write_fmt::h7d3c26752da97734
[INFO] [stdout]                                at /rustc/df4ca44d3fbc9301ee17f30f4d474e6ae4b05252/library/std/src/io/mod.rs:1839:15
[INFO] [stdout]    7:     0x618a708df342 - std::sys::backtrace::BacktraceLock::print::h4b9e00b29e9c0942
[INFO] [stdout]                                at /rustc/df4ca44d3fbc9301ee17f30f4d474e6ae4b05252/library/std/src/sys/backtrace.rs:42:9
[INFO] [stdout]    8:     0x618a708e0f8a - std::panicking::default_hook::{{closure}}::hb59b88280d0324d9
[INFO] [stdout]                                at /rustc/df4ca44d3fbc9301ee17f30f4d474e6ae4b05252/library/std/src/panicking.rs:268:22
[INFO] [stdout]    9:     0x618a708e0d94 - std::panicking::default_hook::he1dd496665be4a29
[INFO] [stdout]                                at /rustc/df4ca44d3fbc9301ee17f30f4d474e6ae4b05252/library/std/src/panicking.rs:292:9
[INFO] [stdout]   10:     0x618a708a7a89 - <alloc::boxed::Box<F,A> as core::ops::function::Fn<Args>>::call::h4ff71de18744e1dc
[INFO] [stdout]                                at /rustc/df4ca44d3fbc9301ee17f30f4d474e6ae4b05252/library/alloc/src/boxed.rs:2468:9
[INFO] [stdout]   11:     0x618a708a7a89 - test::test_main::{{closure}}::hcf7c055ce117aa81
[INFO] [stdout]                                at /rustc/df4ca44d3fbc9301ee17f30f4d474e6ae4b05252/library/test/src/lib.rs:133:21
[INFO] [stdout]   12:     0x618a708e1688 - <alloc::boxed::Box<F,A> as core::ops::function::Fn<Args>>::call::h1d66c6bbd60c9692
[INFO] [stdout]                                at /rustc/df4ca44d3fbc9301ee17f30f4d474e6ae4b05252/library/alloc/src/boxed.rs:2468:9
[INFO] [stdout]   13:     0x618a708e1688 - std::panicking::rust_panic_with_hook::h2ff17fe8f26dfcf8
[INFO] [stdout]                                at /rustc/df4ca44d3fbc9301ee17f30f4d474e6ae4b05252/library/std/src/panicking.rs:809:13
[INFO] [stdout]   14:     0x618a708e144a - std::panicking::begin_panic_handler::{{closure}}::h4fad77951c07e101
[INFO] [stdout]                                at /rustc/df4ca44d3fbc9301ee17f30f4d474e6ae4b05252/library/std/src/panicking.rs:674:13
[INFO] [stdout]   15:     0x618a708df9d9 - std::sys::backtrace::__rust_end_short_backtrace::hb1a25b3da5d0ea08
[INFO] [stdout]                                at /rustc/df4ca44d3fbc9301ee17f30f4d474e6ae4b05252/library/std/src/sys/backtrace.rs:170:18
[INFO] [stdout]   16:     0x618a708e10dc - rust_begin_unwind
[INFO] [stdout]                                at /rustc/df4ca44d3fbc9301ee17f30f4d474e6ae4b05252/library/std/src/panicking.rs:665:5
[INFO] [stdout]   17:     0x618a70907d50 - core::panicking::panic_fmt::ha9db07b529f9b256
[INFO] [stdout]                                at /rustc/df4ca44d3fbc9301ee17f30f4d474e6ae4b05252/library/core/src/panicking.rs:75:14
[INFO] [stdout]   18:     0x618a705c4925 - trybuild::run::<impl trybuild::Runner>::run::ha618ecfdbcb706c5
[INFO] [stdout]                                at /opt/rustwide/cargo-home/registry/src/index.crates.io-6f17d22bba15001f/trybuild-1.0.101/src/run.rs:101:13
[INFO] [stdout]   19:     0x618a705c9e58 - <trybuild::TestCases as core::ops::drop::Drop>::drop::haefdd5e16f351c92
[INFO] [stdout]                                at /opt/rustwide/cargo-home/registry/src/index.crates.io-6f17d22bba15001f/trybuild-1.0.101/src/lib.rs:340:13
[INFO] [stdout]   20:     0x618a705b59c7 - core::ptr::drop_in_place<trybuild::TestCases>::h21ad0d3f27da7b8a
[INFO] [stdout]                                at /rustc/df4ca44d3fbc9301ee17f30f4d474e6ae4b05252/library/core/src/ptr/mod.rs:521:1
[INFO] [stdout]   21:     0x618a705b612b - integration::ui::h5fa4930032d90833
[INFO] [stdout]                                at /opt/rustwide/workdir/tests/integration.rs:8:1
[INFO] [stdout]   22:     0x618a705b60a7 - integration::ui::{{closure}}::h8da4755eb78a1f08
[INFO] [stdout]                                at /opt/rustwide/workdir/tests/integration.rs:4:8
[INFO] [stdout]   23:     0x618a705b5936 - core::ops::function::FnOnce::call_once::hdf957b28a5e5ae81
[INFO] [stdout]                                at /rustc/df4ca44d3fbc9301ee17f30f4d474e6ae4b05252/library/core/src/ops/function.rs:250:5
[INFO] [stdout]   24:     0x618a708ac35b - core::ops::function::FnOnce::call_once::h22c3ba5715e93f05
[INFO] [stdout]                                at /rustc/df4ca44d3fbc9301ee17f30f4d474e6ae4b05252/library/core/src/ops/function.rs:250:5
[INFO] [stdout]   25:     0x618a708ac35b - test::__rust_begin_short_backtrace::h8e82d8113d0da17f
[INFO] [stdout]                                at /rustc/df4ca44d3fbc9301ee17f30f4d474e6ae4b05252/library/test/src/lib.rs:621:18
[INFO] [stdout]   26:     0x618a708abcd7 - test::run_test_in_process::{{closure}}::h33235f4f20b7b7c7
[INFO] [stdout]                                at /rustc/df4ca44d3fbc9301ee17f30f4d474e6ae4b05252/library/test/src/lib.rs:644:60
[INFO] [stdout]   27:     0x618a708abcd7 - <core::panic::unwind_safe::AssertUnwindSafe<F> as core::ops::function::FnOnce<()>>::call_once::hb5043206310c586f
[INFO] [stdout]                                at /rustc/df4ca44d3fbc9301ee17f30f4d474e6ae4b05252/library/core/src/panic/unwind_safe.rs:272:9
[INFO] [stdout]   28:     0x618a708abcd7 - std::panicking::try::do_call::h9ad4731a60ab23e2
[INFO] [stdout]                                at /rustc/df4ca44d3fbc9301ee17f30f4d474e6ae4b05252/library/std/src/panicking.rs:557:40
[INFO] [stdout]   29:     0x618a708abcd7 - std::panicking::try::h3824d23db772a716
[INFO] [stdout]                                at /rustc/df4ca44d3fbc9301ee17f30f4d474e6ae4b05252/library/std/src/panicking.rs:520:19
[INFO] [stdout]   30:     0x618a708abcd7 - std::panic::catch_unwind::h5afd514605fde46b
[INFO] [stdout]                                at /rustc/df4ca44d3fbc9301ee17f30f4d474e6ae4b05252/library/std/src/panic.rs:358:14
[INFO] [stdout]   31:     0x618a708abcd7 - test::run_test_in_process::h0d5cbfa7067d1720
[INFO] [stdout]                                at /rustc/df4ca44d3fbc9301ee17f30f4d474e6ae4b05252/library/test/src/lib.rs:644:27
[INFO] [stdout]   32:     0x618a708abcd7 - test::run_test::{{closure}}::h708eb8872708115d
[INFO] [stdout]                                at /rustc/df4ca44d3fbc9301ee17f30f4d474e6ae4b05252/library/test/src/lib.rs:565:43
[INFO] [stdout]   33:     0x618a7086f3f4 - test::run_test::{{closure}}::h392c51cee94713ab
[INFO] [stdout]                                at /rustc/df4ca44d3fbc9301ee17f30f4d474e6ae4b05252/library/test/src/lib.rs:595:41
[INFO] [stdout]   34:     0x618a7086f3f4 - std::sys::backtrace::__rust_begin_short_backtrace::h2f40290710935a8b
[INFO] [stdout]                                at /rustc/df4ca44d3fbc9301ee17f30f4d474e6ae4b05252/library/std/src/sys/backtrace.rs:154:18
[INFO] [stdout]   35:     0x618a70872b9e - std::thread::Builder::spawn_unchecked_::{{closure}}::{{closure}}::h3fd968d89053a903
[INFO] [stdout]                                at /rustc/df4ca44d3fbc9301ee17f30f4d474e6ae4b05252/library/std/src/thread/mod.rs:541:17
[INFO] [stdout]   36:     0x618a70872b9e - <core::panic::unwind_safe::AssertUnwindSafe<F> as core::ops::function::FnOnce<()>>::call_once::h743f637ba4229880
[INFO] [stdout]                                at /rustc/df4ca44d3fbc9301ee17f30f4d474e6ae4b05252/library/core/src/panic/unwind_safe.rs:272:9
[INFO] [stdout]   37:     0x618a70872b9e - std::panicking::try::do_call::h07440897322525a6
[INFO] [stdout]                                at /rustc/df4ca44d3fbc9301ee17f30f4d474e6ae4b05252/library/std/src/panicking.rs:557:40
[INFO] [stdout]   38:     0x618a70872b9e - std::panicking::try::he5a2e00188156637
[INFO] [stdout]                                at /rustc/df4ca44d3fbc9301ee17f30f4d474e6ae4b05252/library/std/src/panicking.rs:520:19
[INFO] [stdout]   39:     0x618a70872b9e - std::panic::catch_unwind::hbaf3cae49b3c6433
[INFO] [stdout]                                at /rustc/df4ca44d3fbc9301ee17f30f4d474e6ae4b05252/library/std/src/panic.rs:358:14
[INFO] [stdout]   40:     0x618a70872b9e - std::thread::Builder::spawn_unchecked_::{{closure}}::h8e141ea224820bce
[INFO] [stdout]                                at /rustc/df4ca44d3fbc9301ee17f30f4d474e6ae4b05252/library/std/src/thread/mod.rs:540:30
[INFO] [stdout]   41:     0x618a70872b9e - core::ops::function::FnOnce::call_once{{vtable.shim}}::h90d312fedd7b8ea8
[INFO] [stdout]                                at /rustc/df4ca44d3fbc9301ee17f30f4d474e6ae4b05252/library/core/src/ops/function.rs:250:5
[INFO] [stdout]   42:     0x618a708e644b - <alloc::boxed::Box<F,A> as core::ops::function::FnOnce<Args>>::call_once::h69aa08ddb6adb8b6
[INFO] [stdout]                                at /rustc/df4ca44d3fbc9301ee17f30f4d474e6ae4b05252/library/alloc/src/boxed.rs:2454:9
[INFO] [stdout]   43:     0x618a708e644b - <alloc::boxed::Box<F,A> as core::ops::function::FnOnce<Args>>::call_once::h5aa36efdb79c806f
[INFO] [stdout]                                at /rustc/df4ca44d3fbc9301ee17f30f4d474e6ae4b05252/library/alloc/src/boxed.rs:2454:9
[INFO] [stdout]   44:     0x618a708e644b - std::sys::pal::unix::thread::Thread::new::thread_start::h6cd80a1b4be5158d
[INFO] [stdout]                                at /rustc/df4ca44d3fbc9301ee17f30f4d474e6ae4b05252/library/std/src/sys/pal/unix/thread.rs:105:17
[INFO] [stdout]   45:     0x774100caeac3 - <unknown>
[INFO] [stdout]   46:     0x774100d3fa04 - clone
[INFO] [stdout]   47:                0x0 - <unknown>
[INFO] [stdout] 
[INFO] [stdout] 
[INFO] [stdout] failures:
[INFO] [stdout]     ui
[INFO] [stdout] 
[INFO] [stdout] test result: FAILED. 0 passed; 1 failed; 0 ignored; 0 measured; 0 filtered out; finished in 6.48s
[INFO] [stdout] 
[INFO] [stderr] error: test failed, to rerun pass `--test integration`
[INFO] running `Command { std: "docker" "inspect" "844d6390bbd552b0545b35b51dba146f0bdf9148b8afccb19c9bb202ee4e0b1f", kill_on_drop: false }`
[INFO] running `Command { std: "docker" "rm" "-f" "844d6390bbd552b0545b35b51dba146f0bdf9148b8afccb19c9bb202ee4e0b1f", kill_on_drop: false }`
[INFO] [stdout] 844d6390bbd552b0545b35b51dba146f0bdf9148b8afccb19c9bb202ee4e0b1f
