[INFO] fetching crate visa-device-handler 1.1.0...
[INFO] testing visa-device-handler-1.1.0 against nightly-2024-10-28 for randomize-layout
[INFO] extracting crate visa-device-handler 1.1.0 into /workspace/builds/worker-3-tc1/source
[INFO] validating manifest of crates.io crate visa-device-handler 1.1.0 on toolchain nightly-2024-10-28
[INFO] running `Command { std: CARGO_HOME="/workspace/cargo-home" RUSTUP_HOME="/workspace/rustup-home" "/workspace/cargo-home/bin/cargo" "+nightly-2024-10-28" "metadata" "--manifest-path" "Cargo.toml" "--no-deps", kill_on_drop: false }`
[INFO] started tweaking crates.io crate visa-device-handler 1.1.0
[INFO] finished tweaking crates.io crate visa-device-handler 1.1.0
[INFO] tweaked toml for crates.io crate visa-device-handler 1.1.0 written to /workspace/builds/worker-3-tc1/source/Cargo.toml
[INFO] running `Command { std: CARGO_HOME="/workspace/cargo-home" RUSTUP_HOME="/workspace/rustup-home" "/workspace/cargo-home/bin/cargo" "+nightly-2024-10-28" "generate-lockfile" "--manifest-path" "Cargo.toml", kill_on_drop: false }`
[INFO] [stderr]     Updating crates.io index
[INFO] [stderr]      Locking 29 packages to latest compatible versions
[INFO] running `Command { std: CARGO_HOME="/workspace/cargo-home" RUSTUP_HOME="/workspace/rustup-home" "/workspace/cargo-home/bin/cargo" "+nightly-2024-10-28" "fetch" "--manifest-path" "Cargo.toml", kill_on_drop: false }`
[INFO] [stderr]  Downloading crates ...
[INFO] [stderr]   Downloaded mutex_logger v1.0.0
[INFO] running `Command { std: "docker" "create" "-v" "/var/lib/crater-agent-workspace/builds/worker-3-tc1/target:/opt/rustwide/target:rw,Z" "-v" "/var/lib/crater-agent-workspace/builds/worker-3-tc1/source:/opt/rustwide/workdir:ro,Z" "-v" "/var/lib/crater-agent-workspace/cargo-home:/opt/rustwide/cargo-home:ro,Z" "-v" "/var/lib/crater-agent-workspace/rustup-home:/opt/rustwide/rustup-home:ro,Z" "-e" "SOURCE_DIR=/opt/rustwide/workdir" "-e" "CARGO_TARGET_DIR=/opt/rustwide/target" "-e" "CARGO_HOME=/opt/rustwide/cargo-home" "-e" "RUSTUP_HOME=/opt/rustwide/rustup-home" "-w" "/opt/rustwide/workdir" "-m" "1610612736" "--user" "0:0" "--network" "none" "ghcr.io/rust-lang/crates-build-env/linux@sha256:4a844ea9eb2546a2d2c7022eacef16ef2e8229c7fbb2c7d4d55a9ceca922f72d" "/opt/rustwide/cargo-home/bin/cargo" "+nightly-2024-10-28" "metadata" "--no-deps" "--format-version=1", kill_on_drop: false }`
[INFO] [stdout] d7fd5cfe88a76e1080c524d8b6cf1aea48d3557eefd928453689188279a7aaa7
[INFO] running `Command { std: "docker" "start" "-a" "d7fd5cfe88a76e1080c524d8b6cf1aea48d3557eefd928453689188279a7aaa7", kill_on_drop: false }`
[INFO] running `Command { std: "docker" "inspect" "d7fd5cfe88a76e1080c524d8b6cf1aea48d3557eefd928453689188279a7aaa7", kill_on_drop: false }`
[INFO] running `Command { std: "docker" "rm" "-f" "d7fd5cfe88a76e1080c524d8b6cf1aea48d3557eefd928453689188279a7aaa7", kill_on_drop: false }`
[INFO] [stdout] d7fd5cfe88a76e1080c524d8b6cf1aea48d3557eefd928453689188279a7aaa7
[INFO] running `Command { std: "docker" "create" "-v" "/var/lib/crater-agent-workspace/builds/worker-3-tc1/target:/opt/rustwide/target:rw,Z" "-v" "/var/lib/crater-agent-workspace/builds/worker-3-tc1/source:/opt/rustwide/workdir:ro,Z" "-v" "/var/lib/crater-agent-workspace/cargo-home:/opt/rustwide/cargo-home:ro,Z" "-v" "/var/lib/crater-agent-workspace/rustup-home:/opt/rustwide/rustup-home:ro,Z" "-e" "SOURCE_DIR=/opt/rustwide/workdir" "-e" "CARGO_TARGET_DIR=/opt/rustwide/target" "-e" "CARGO_INCREMENTAL=0" "-e" "RUST_BACKTRACE=full" "-e" "RUSTFLAGS=--cap-lints=forbid" "-e" "RUSTDOCFLAGS=--cap-lints=forbid" "-e" "CARGO_HOME=/opt/rustwide/cargo-home" "-e" "RUSTUP_HOME=/opt/rustwide/rustup-home" "-w" "/opt/rustwide/workdir" "-m" "1610612736" "--user" "0:0" "--network" "none" "ghcr.io/rust-lang/crates-build-env/linux@sha256:4a844ea9eb2546a2d2c7022eacef16ef2e8229c7fbb2c7d4d55a9ceca922f72d" "/opt/rustwide/cargo-home/bin/cargo" "+nightly-2024-10-28" "build" "--frozen" "--message-format=json", kill_on_drop: false }`
[INFO] [stdout] 58b255251836d510f132649be19da623372bfab6132630054e2b56949cb155ea
[INFO] running `Command { std: "docker" "start" "-a" "58b255251836d510f132649be19da623372bfab6132630054e2b56949cb155ea", kill_on_drop: false }`
[INFO] [stderr]    Compiling serde v1.0.214
[INFO] [stderr]    Compiling memchr v2.7.4
[INFO] [stderr]    Compiling colored v2.1.0
[INFO] [stderr]    Compiling syn v2.0.86
[INFO] [stderr]    Compiling mutex_logger v1.0.0
[INFO] [stderr]    Compiling serde_derive v1.0.214
[INFO] [stderr]    Compiling dlopen2_derive v0.4.0
[INFO] [stderr]    Compiling dlopen2 v0.7.0
[INFO] [stderr]    Compiling serde_json v1.0.132
[INFO] [stderr]    Compiling visa-device-handler v1.1.0 (/opt/rustwide/workdir)
[INFO] [stdout] warning: function `test_open_rm_status` is never used
[INFO] [stdout]  --> src/status_testers.rs:4:8
[INFO] [stdout]   |
[INFO] [stdout] 4 | pub fn test_open_rm_status(status: i32,logger:&MLogger,panic_thres:Verbosity) -> Result<(),String> {
[INFO] [stdout]   |        ^^^^^^^^^^^^^^^^^^^
[INFO] [stdout]   |
[INFO] [stdout]   = note: `#[warn(dead_code)]` on by default
[INFO] [stdout] 
[INFO] [stdout] 
[INFO] [stdout] warning: function `test_write_status` is never used
[INFO] [stdout]   --> src/status_testers.rs:20:8
[INFO] [stdout]    |
[INFO] [stdout] 20 | pub fn test_write_status(status: i32,logger:&MLogger,panic_thres:Verbosity) -> Result<(),String> {
[INFO] [stdout]    |        ^^^^^^^^^^^^^^^^^
[INFO] [stdout] 
[INFO] [stdout] 
[INFO] [stdout] warning: function `test_read_status` is never used
[INFO] [stdout]   --> src/status_testers.rs:33:8
[INFO] [stdout]    |
[INFO] [stdout] 33 | pub fn test_read_status(status: i32,logger:&MLogger,panic_thres:Verbosity) -> Result<(),String> {
[INFO] [stdout]    |        ^^^^^^^^^^^^^^^^
[INFO] [stdout] 
[INFO] [stdout] 
[INFO] [stdout] warning: function `test_viopen_status` is never used
[INFO] [stdout]   --> src/status_testers.rs:52:8
[INFO] [stdout]    |
[INFO] [stdout] 52 | pub fn test_viopen_status(status: i32,logger:&MLogger,panic_thres:Verbosity) -> Result<(), String> {
[INFO] [stdout]    |        ^^^^^^^^^^^^^^^^^^
[INFO] [stdout] 
[INFO] [stdout] 
[INFO] [stdout] warning: function `test_find_rsc_status` is never used
[INFO] [stdout]   --> src/status_testers.rs:72:8
[INFO] [stdout]    |
[INFO] [stdout] 72 | pub fn test_find_rsc_status(status: i32,logger:&MLogger,panic_thres:Verbosity) -> Result<(), String> {
[INFO] [stdout]    |        ^^^^^^^^^^^^^^^^^^^^
[INFO] [stdout] 
[INFO] [stdout] 
[INFO] [stdout] warning: function `test_error_code_for_openrm` is never used
[INFO] [stdout]   --> src/status_testers.rs:85:4
[INFO] [stdout]    |
[INFO] [stdout] 85 | fn test_error_code_for_openrm(status: i32) -> (String,Verbosity) {
[INFO] [stdout]    |    ^^^^^^^^^^^^^^^^^^^^^^^^^^
[INFO] [stdout] 
[INFO] [stdout] 
[INFO] [stdout] warning: function `test_error_code_for_write` is never used
[INFO] [stdout]    --> src/status_testers.rs:104:4
[INFO] [stdout]     |
[INFO] [stdout] 104 | fn test_error_code_for_write(status: i32) -> (String,Verbosity) {
[INFO] [stdout]     |    ^^^^^^^^^^^^^^^^^^^^^^^^^
[INFO] [stdout] 
[INFO] [stdout] 
[INFO] [stdout] warning: function `test_error_code_for_read` is never used
[INFO] [stdout]    --> src/status_testers.rs:150:4
[INFO] [stdout]     |
[INFO] [stdout] 150 | fn test_error_code_for_read(status: i32) -> (String,Verbosity) {
[INFO] [stdout]     |    ^^^^^^^^^^^^^^^^^^^^^^^^
[INFO] [stdout] 
[INFO] [stdout] 
[INFO] [stdout] warning: function `test_error_code_for_find_rsc` is never used
[INFO] [stdout]    --> src/status_testers.rs:205:4
[INFO] [stdout]     |
[INFO] [stdout] 205 | fn test_error_code_for_find_rsc(status: i32) -> (String,Verbosity) {
[INFO] [stdout]     |    ^^^^^^^^^^^^^^^^^^^^^^^^^^^^
[INFO] [stdout] 
[INFO] [stdout] 
[INFO] [stdout] warning: function `test_error_code_for_viopen` is never used
[INFO] [stdout]    --> src/status_testers.rs:224:4
[INFO] [stdout]     |
[INFO] [stdout] 224 | fn test_error_code_for_viopen(status: i32) -> (String,Verbosity) {
[INFO] [stdout]     |    ^^^^^^^^^^^^^^^^^^^^^^^^^^
[INFO] [stdout] 
[INFO] [stdout] 
[INFO] [stdout] warning: function `format_code_string` is never used
[INFO] [stdout]    --> src/status_testers.rs:268:4
[INFO] [stdout]     |
[INFO] [stdout] 268 | fn format_code_string(code: i32, string: &str,verbosity:Verbosity) -> (String,Verbosity) {
[INFO] [stdout]     |    ^^^^^^^^^^^^^^^^^^
[INFO] [stdout] 
[INFO] [stdout] 
[INFO] [stderr]     Finished `dev` profile [unoptimized + debuginfo] target(s) in 6.55s
[INFO] running `Command { std: "docker" "inspect" "58b255251836d510f132649be19da623372bfab6132630054e2b56949cb155ea", kill_on_drop: false }`
[INFO] running `Command { std: "docker" "rm" "-f" "58b255251836d510f132649be19da623372bfab6132630054e2b56949cb155ea", kill_on_drop: false }`
[INFO] [stdout] 58b255251836d510f132649be19da623372bfab6132630054e2b56949cb155ea
[INFO] running `Command { std: "docker" "create" "-v" "/var/lib/crater-agent-workspace/builds/worker-3-tc1/target:/opt/rustwide/target:rw,Z" "-v" "/var/lib/crater-agent-workspace/builds/worker-3-tc1/source:/opt/rustwide/workdir:ro,Z" "-v" "/var/lib/crater-agent-workspace/cargo-home:/opt/rustwide/cargo-home:ro,Z" "-v" "/var/lib/crater-agent-workspace/rustup-home:/opt/rustwide/rustup-home:ro,Z" "-e" "SOURCE_DIR=/opt/rustwide/workdir" "-e" "CARGO_TARGET_DIR=/opt/rustwide/target" "-e" "CARGO_INCREMENTAL=0" "-e" "RUST_BACKTRACE=full" "-e" "RUSTFLAGS=--cap-lints=forbid" "-e" "RUSTDOCFLAGS=--cap-lints=forbid" "-e" "CARGO_HOME=/opt/rustwide/cargo-home" "-e" "RUSTUP_HOME=/opt/rustwide/rustup-home" "-w" "/opt/rustwide/workdir" "-m" "1610612736" "--user" "0:0" "--network" "none" "ghcr.io/rust-lang/crates-build-env/linux@sha256:4a844ea9eb2546a2d2c7022eacef16ef2e8229c7fbb2c7d4d55a9ceca922f72d" "/opt/rustwide/cargo-home/bin/cargo" "+nightly-2024-10-28" "test" "--frozen" "--no-run" "--message-format=json", kill_on_drop: false }`
[INFO] [stdout] ebafdd30f4db04baf8a9636f5f6cb5073d4e376902eb3131a25f449cfa2dab32
[INFO] running `Command { std: "docker" "start" "-a" "ebafdd30f4db04baf8a9636f5f6cb5073d4e376902eb3131a25f449cfa2dab32", kill_on_drop: false }`
[INFO] [stdout] warning: function `test_open_rm_status` is never used
[INFO] [stdout]  --> src/status_testers.rs:4:8
[INFO] [stdout]   |
[INFO] [stdout] 4 | pub fn test_open_rm_status(status: i32,logger:&MLogger,panic_thres:Verbosity) -> Result<(),String> {
[INFO] [stdout]   |        ^^^^^^^^^^^^^^^^^^^
[INFO] [stdout]   |
[INFO] [stdout]   = note: `#[warn(dead_code)]` on by default
[INFO] [stdout] 
[INFO] [stdout] 
[INFO] [stdout] warning: function `test_write_status` is never used
[INFO] [stdout]   --> src/status_testers.rs:20:8
[INFO] [stdout]    |
[INFO] [stdout] 20 | pub fn test_write_status(status: i32,logger:&MLogger,panic_thres:Verbosity) -> Result<(),String> {
[INFO] [stdout]    |        ^^^^^^^^^^^^^^^^^
[INFO] [stdout] 
[INFO] [stdout] 
[INFO] [stdout] warning: function `test_read_status` is never used
[INFO] [stdout]   --> src/status_testers.rs:33:8
[INFO] [stdout]    |
[INFO] [stdout] 33 | pub fn test_read_status(status: i32,logger:&MLogger,panic_thres:Verbosity) -> Result<(),String> {
[INFO] [stdout]    |        ^^^^^^^^^^^^^^^^
[INFO] [stdout] 
[INFO] [stdout] 
[INFO] [stdout] warning: function `test_viopen_status` is never used
[INFO] [stdout]   --> src/status_testers.rs:52:8
[INFO] [stdout]    |
[INFO] [stdout] 52 | pub fn test_viopen_status(status: i32,logger:&MLogger,panic_thres:Verbosity) -> Result<(), String> {
[INFO] [stdout]    |        ^^^^^^^^^^^^^^^^^^
[INFO] [stdout] 
[INFO] [stdout] 
[INFO] [stdout] warning: function `test_find_rsc_status` is never used
[INFO] [stdout]   --> src/status_testers.rs:72:8
[INFO] [stdout]    |
[INFO] [stdout] 72 | pub fn test_find_rsc_status(status: i32,logger:&MLogger,panic_thres:Verbosity) -> Result<(), String> {
[INFO] [stdout]    |        ^^^^^^^^^^^^^^^^^^^^
[INFO] [stdout] 
[INFO] [stdout] 
[INFO] [stdout] warning: function `test_error_code_for_openrm` is never used
[INFO] [stdout]   --> src/status_testers.rs:85:4
[INFO] [stdout]    |
[INFO] [stdout] 85 | fn test_error_code_for_openrm(status: i32) -> (String,Verbosity) {
[INFO] [stdout]    |    ^^^^^^^^^^^^^^^^^^^^^^^^^^
[INFO] [stdout] 
[INFO] [stdout] 
[INFO] [stdout] warning: function `test_error_code_for_write` is never used
[INFO] [stdout]    --> src/status_testers.rs:104:4
[INFO] [stdout]     |
[INFO] [stdout] 104 | fn test_error_code_for_write(status: i32) -> (String,Verbosity) {
[INFO] [stdout]     |    ^^^^^^^^^^^^^^^^^^^^^^^^^
[INFO] [stdout] 
[INFO] [stdout] 
[INFO] [stdout] warning: function `test_error_code_for_read` is never used
[INFO] [stdout]    --> src/status_testers.rs:150:4
[INFO] [stdout]     |
[INFO] [stdout] 150 | fn test_error_code_for_read(status: i32) -> (String,Verbosity) {
[INFO] [stdout]     |    ^^^^^^^^^^^^^^^^^^^^^^^^
[INFO] [stdout] 
[INFO] [stdout] 
[INFO] [stdout] warning: function `test_error_code_for_find_rsc` is never used
[INFO] [stdout]    --> src/status_testers.rs:205:4
[INFO] [stdout]     |
[INFO] [stdout] 205 | fn test_error_code_for_find_rsc(status: i32) -> (String,Verbosity) {
[INFO] [stdout]     |    ^^^^^^^^^^^^^^^^^^^^^^^^^^^^
[INFO] [stdout] 
[INFO] [stdout] 
[INFO] [stdout] warning: function `test_error_code_for_viopen` is never used
[INFO] [stdout]    --> src/status_testers.rs:224:4
[INFO] [stdout]     |
[INFO] [stdout] 224 | fn test_error_code_for_viopen(status: i32) -> (String,Verbosity) {
[INFO] [stdout]     |    ^^^^^^^^^^^^^^^^^^^^^^^^^^
[INFO] [stdout] 
[INFO] [stdout] 
[INFO] [stderr]    Compiling visa-device-handler v1.1.0 (/opt/rustwide/workdir)
[INFO] [stdout] warning: function `format_code_string` is never used
[INFO] [stdout]    --> src/status_testers.rs:268:4
[INFO] [stdout]     |
[INFO] [stdout] 268 | fn format_code_string(code: i32, string: &str,verbosity:Verbosity) -> (String,Verbosity) {
[INFO] [stdout]     |    ^^^^^^^^^^^^^^^^^^
[INFO] [stdout] 
[INFO] [stdout] 
[INFO] [stdout] warning: function `test_open_rm_status` is never used
[INFO] [stdout]  --> src/status_testers.rs:4:8
[INFO] [stdout]   |
[INFO] [stdout] 4 | pub fn test_open_rm_status(status: i32,logger:&MLogger,panic_thres:Verbosity) -> Result<(),String> {
[INFO] [stdout]   |        ^^^^^^^^^^^^^^^^^^^
[INFO] [stdout]   |
[INFO] [stdout]   = note: `#[warn(dead_code)]` on by default
[INFO] [stdout] 
[INFO] [stdout] 
[INFO] [stdout] warning: function `test_write_status` is never used
[INFO] [stdout]   --> src/status_testers.rs:20:8
[INFO] [stdout]    |
[INFO] [stdout] 20 | pub fn test_write_status(status: i32,logger:&MLogger,panic_thres:Verbosity) -> Result<(),String> {
[INFO] [stdout]    |        ^^^^^^^^^^^^^^^^^
[INFO] [stdout] 
[INFO] [stdout] 
[INFO] [stdout] warning: function `test_read_status` is never used
[INFO] [stdout]   --> src/status_testers.rs:33:8
[INFO] [stdout]    |
[INFO] [stdout] 33 | pub fn test_read_status(status: i32,logger:&MLogger,panic_thres:Verbosity) -> Result<(),String> {
[INFO] [stdout]    |        ^^^^^^^^^^^^^^^^
[INFO] [stdout] 
[INFO] [stdout] 
[INFO] [stdout] warning: function `test_viopen_status` is never used
[INFO] [stdout]   --> src/status_testers.rs:52:8
[INFO] [stdout]    |
[INFO] [stdout] 52 | pub fn test_viopen_status(status: i32,logger:&MLogger,panic_thres:Verbosity) -> Result<(), String> {
[INFO] [stdout]    |        ^^^^^^^^^^^^^^^^^^
[INFO] [stdout] 
[INFO] [stdout] 
[INFO] [stdout] warning: function `test_find_rsc_status` is never used
[INFO] [stdout]   --> src/status_testers.rs:72:8
[INFO] [stdout]    |
[INFO] [stdout] 72 | pub fn test_find_rsc_status(status: i32,logger:&MLogger,panic_thres:Verbosity) -> Result<(), String> {
[INFO] [stdout]    |        ^^^^^^^^^^^^^^^^^^^^
[INFO] [stdout] 
[INFO] [stdout] 
[INFO] [stdout] warning: function `test_error_code_for_openrm` is never used
[INFO] [stdout]   --> src/status_testers.rs:85:4
[INFO] [stdout]    |
[INFO] [stdout] 85 | fn test_error_code_for_openrm(status: i32) -> (String,Verbosity) {
[INFO] [stdout]    |    ^^^^^^^^^^^^^^^^^^^^^^^^^^
[INFO] [stdout] 
[INFO] [stdout] 
[INFO] [stdout] warning: function `test_error_code_for_write` is never used
[INFO] [stdout]    --> src/status_testers.rs:104:4
[INFO] [stdout]     |
[INFO] [stdout] 104 | fn test_error_code_for_write(status: i32) -> (String,Verbosity) {
[INFO] [stdout]     |    ^^^^^^^^^^^^^^^^^^^^^^^^^
[INFO] [stdout] 
[INFO] [stdout] 
[INFO] [stdout] warning: function `test_error_code_for_read` is never used
[INFO] [stdout]    --> src/status_testers.rs:150:4
[INFO] [stdout]     |
[INFO] [stdout] 150 | fn test_error_code_for_read(status: i32) -> (String,Verbosity) {
[INFO] [stdout]     |    ^^^^^^^^^^^^^^^^^^^^^^^^
[INFO] [stdout] 
[INFO] [stdout] 
[INFO] [stdout] warning: function `test_error_code_for_find_rsc` is never used
[INFO] [stdout]    --> src/status_testers.rs:205:4
[INFO] [stdout]     |
[INFO] [stdout] 205 | fn test_error_code_for_find_rsc(status: i32) -> (String,Verbosity) {
[INFO] [stdout]     |    ^^^^^^^^^^^^^^^^^^^^^^^^^^^^
[INFO] [stdout] 
[INFO] [stdout] 
[INFO] [stdout] warning: function `test_error_code_for_viopen` is never used
[INFO] [stdout]    --> src/status_testers.rs:224:4
[INFO] [stdout]     |
[INFO] [stdout] 224 | fn test_error_code_for_viopen(status: i32) -> (String,Verbosity) {
[INFO] [stdout]     |    ^^^^^^^^^^^^^^^^^^^^^^^^^^
[INFO] [stdout] 
[INFO] [stdout] 
[INFO] [stdout] warning: function `format_code_string` is never used
[INFO] [stdout]    --> src/status_testers.rs:268:4
[INFO] [stdout]     |
[INFO] [stdout] 268 | fn format_code_string(code: i32, string: &str,verbosity:Verbosity) -> (String,Verbosity) {
[INFO] [stdout]     |    ^^^^^^^^^^^^^^^^^^
[INFO] [stdout] 
[INFO] [stdout] 
[INFO] [stderr]     Finished `test` profile [unoptimized + debuginfo] target(s) in 0.28s
[INFO] running `Command { std: "docker" "inspect" "ebafdd30f4db04baf8a9636f5f6cb5073d4e376902eb3131a25f449cfa2dab32", kill_on_drop: false }`
[INFO] running `Command { std: "docker" "rm" "-f" "ebafdd30f4db04baf8a9636f5f6cb5073d4e376902eb3131a25f449cfa2dab32", kill_on_drop: false }`
[INFO] [stdout] ebafdd30f4db04baf8a9636f5f6cb5073d4e376902eb3131a25f449cfa2dab32
[INFO] running `Command { std: "docker" "create" "-v" "/var/lib/crater-agent-workspace/builds/worker-3-tc1/target:/opt/rustwide/target:rw,Z" "-v" "/var/lib/crater-agent-workspace/builds/worker-3-tc1/source:/opt/rustwide/workdir:ro,Z" "-v" "/var/lib/crater-agent-workspace/cargo-home:/opt/rustwide/cargo-home:ro,Z" "-v" "/var/lib/crater-agent-workspace/rustup-home:/opt/rustwide/rustup-home:ro,Z" "-e" "SOURCE_DIR=/opt/rustwide/workdir" "-e" "CARGO_TARGET_DIR=/opt/rustwide/target" "-e" "CARGO_INCREMENTAL=0" "-e" "RUST_BACKTRACE=full" "-e" "RUSTFLAGS=--cap-lints=forbid" "-e" "RUSTDOCFLAGS=--cap-lints=forbid" "-e" "CARGO_HOME=/opt/rustwide/cargo-home" "-e" "RUSTUP_HOME=/opt/rustwide/rustup-home" "-w" "/opt/rustwide/workdir" "-m" "1610612736" "--user" "0:0" "--network" "none" "ghcr.io/rust-lang/crates-build-env/linux@sha256:4a844ea9eb2546a2d2c7022eacef16ef2e8229c7fbb2c7d4d55a9ceca922f72d" "/opt/rustwide/cargo-home/bin/cargo" "+nightly-2024-10-28" "test" "--frozen", kill_on_drop: false }`
[INFO] [stdout] 89d5eb3708b7a78b7acf7ee364a35050ce4e1e7ed4787f3588bfbaba6990b6a1
[INFO] running `Command { std: "docker" "start" "-a" "89d5eb3708b7a78b7acf7ee364a35050ce4e1e7ed4787f3588bfbaba6990b6a1", kill_on_drop: false }`
[INFO] [stderr] warning: function `test_open_rm_status` is never used
[INFO] [stderr]  --> src/status_testers.rs:4:8
[INFO] [stderr]   |
[INFO] [stderr] 4 | pub fn test_open_rm_status(status: i32,logger:&MLogger,panic_thres:Verbosity) -> Result<(),String> {
[INFO] [stderr]   |        ^^^^^^^^^^^^^^^^^^^
[INFO] [stderr]   |
[INFO] [stderr]   = note: `#[warn(dead_code)]` on by default
[INFO] [stderr] 
[INFO] [stderr] warning: function `test_write_status` is never used
[INFO] [stderr]   --> src/status_testers.rs:20:8
[INFO] [stderr]    |
[INFO] [stderr] 20 | pub fn test_write_status(status: i32,logger:&MLogger,panic_thres:Verbosity) -> Result<(),String> {
[INFO] [stderr]    |        ^^^^^^^^^^^^^^^^^
[INFO] [stderr] 
[INFO] [stderr] warning: function `test_read_status` is never used
[INFO] [stderr]   --> src/status_testers.rs:33:8
[INFO] [stderr]    |
[INFO] [stderr] 33 | pub fn test_read_status(status: i32,logger:&MLogger,panic_thres:Verbosity) -> Result<(),String> {
[INFO] [stderr]    |        ^^^^^^^^^^^^^^^^
[INFO] [stderr] 
[INFO] [stderr] warning: function `test_viopen_status` is never used
[INFO] [stderr]   --> src/status_testers.rs:52:8
[INFO] [stderr]    |
[INFO] [stderr] 52 | pub fn test_viopen_status(status: i32,logger:&MLogger,panic_thres:Verbosity) -> Result<(), String> {
[INFO] [stderr]    |        ^^^^^^^^^^^^^^^^^^
[INFO] [stderr] 
[INFO] [stderr] warning: function `test_find_rsc_status` is never used
[INFO] [stderr]   --> src/status_testers.rs:72:8
[INFO] [stderr]    |
[INFO] [stderr] 72 | pub fn test_find_rsc_status(status: i32,logger:&MLogger,panic_thres:Verbosity) -> Result<(), String> {
[INFO] [stderr]    |        ^^^^^^^^^^^^^^^^^^^^
[INFO] [stderr] 
[INFO] [stderr] warning: function `test_error_code_for_openrm` is never used
[INFO] [stderr]   --> src/status_testers.rs:85:4
[INFO] [stderr]    |
[INFO] [stderr] 85 | fn test_error_code_for_openrm(status: i32) -> (String,Verbosity) {
[INFO] [stderr]    |    ^^^^^^^^^^^^^^^^^^^^^^^^^^
[INFO] [stderr] 
[INFO] [stderr] warning: function `test_error_code_for_write` is never used
[INFO] [stderr]    --> src/status_testers.rs:104:4
[INFO] [stderr]     |
[INFO] [stderr] 104 | fn test_error_code_for_write(status: i32) -> (String,Verbosity) {
[INFO] [stderr]     |    ^^^^^^^^^^^^^^^^^^^^^^^^^
[INFO] [stderr] 
[INFO] [stderr] warning: function `test_error_code_for_read` is never used
[INFO] [stderr]    --> src/status_testers.rs:150:4
[INFO] [stderr]     |
[INFO] [stderr] 150 | fn test_error_code_for_read(status: i32) -> (String,Verbosity) {
[INFO] [stderr]     |    ^^^^^^^^^^^^^^^^^^^^^^^^
[INFO] [stderr] 
[INFO] [stderr] warning: function `test_error_code_for_find_rsc` is never used
[INFO] [stderr]    --> src/status_testers.rs:205:4
[INFO] [stderr]     |
[INFO] [stderr] 205 | fn test_error_code_for_find_rsc(status: i32) -> (String,Verbosity) {
[INFO] [stderr]     |    ^^^^^^^^^^^^^^^^^^^^^^^^^^^^
[INFO] [stderr] 
[INFO] [stderr] warning: function `test_error_code_for_viopen` is never used
[INFO] [stderr]    --> src/status_testers.rs:224:4
[INFO] [stderr]     |
[INFO] [stderr] 224 | fn test_error_code_for_viopen(status: i32) -> (String,Verbosity) {
[INFO] [stderr]     |    ^^^^^^^^^^^^^^^^^^^^^^^^^^
[INFO] [stderr] 
[INFO] [stderr] warning: function `format_code_string` is never used
[INFO] [stderr]    --> src/status_testers.rs:268:4
[INFO] [stderr]     |
[INFO] [stderr] 268 | fn format_code_string(code: i32, string: &str,verbosity:Verbosity) -> (String,Verbosity) {
[INFO] [stderr]     |    ^^^^^^^^^^^^^^^^^^
[INFO] [stderr] 
[INFO] [stderr] warning: `visa-device-handler` (lib) generated 11 warnings
[INFO] [stderr] warning: `visa-device-handler` (lib test) generated 11 warnings (11 duplicates)
[INFO] [stderr]     Finished `test` profile [unoptimized + debuginfo] target(s) in 0.02s
[INFO] [stderr]      Running unittests src/lib.rs (/opt/rustwide/target/debug/deps/visa_device_handler-921a8e1394ceb109)
[INFO] [stdout] 
[INFO] [stdout] running 0 tests
[INFO] [stdout] 
[INFO] [stdout] test result: ok. 0 passed; 0 failed; 0 ignored; 0 measured; 0 filtered out; finished in 0.00s
[INFO] [stdout] 
[INFO] [stderr]      Running tests/core_tests.rs (/opt/rustwide/target/debug/deps/core_tests-c1c4c8d71ce840d3)
[INFO] [stdout] 
[INFO] [stdout] running 0 tests
[INFO] [stdout] 
[INFO] [stdout] test result: ok. 0 passed; 0 failed; 0 ignored; 0 measured; 0 filtered out; finished in 0.00s
[INFO] [stdout] 
[INFO] [stderr]      Running tests/emulator_tests.rs (/opt/rustwide/target/debug/deps/emulator_tests-a6fad8317b371d02)
[INFO] [stdout] 
[INFO] [stdout] running 0 tests
[INFO] [stdout] 
[INFO] [stdout] test result: ok. 0 passed; 0 failed; 0 ignored; 0 measured; 0 filtered out; finished in 0.00s
[INFO] [stdout] 
[INFO] [stderr]      Running tests/interface_tests.rs (/opt/rustwide/target/debug/deps/interface_tests-a21594d6572fa20f)
[INFO] [stdout] 
[INFO] [stdout] running 1 test
[INFO] [stdout] test interface_tests::test_interface ... FAILED
[INFO] [stdout] 
[INFO] [stdout] failures:
[INFO] [stdout] 
[INFO] [stdout] ---- interface_tests::test_interface stdout ----
[INFO] [stdout] thread 'interface_tests::test_interface' panicked at tests/interface_tests.rs:8:94:
[INFO] [stdout] called `Result::unwrap()` on an `Err` value: OpeningLibraryError(Custom { kind: Other, error: "libvisa.so: cannot open shared object file: No such file or directory" })
[INFO] [stdout] stack backtrace:
[INFO] [stdout]    0:     0x6503d33355ba - std::backtrace_rs::backtrace::libunwind::trace::h207520d6e9873551
[INFO] [stdout]                                at /rustc/df4ca44d3fbc9301ee17f30f4d474e6ae4b05252/library/std/src/../../backtrace/src/backtrace/libunwind.rs:116:5
[INFO] [stdout]    1:     0x6503d33355ba - std::backtrace_rs::backtrace::trace_unsynchronized::h2ed7433f370e3eca
[INFO] [stdout]                                at /rustc/df4ca44d3fbc9301ee17f30f4d474e6ae4b05252/library/std/src/../../backtrace/src/backtrace/mod.rs:66:5
[INFO] [stdout]    2:     0x6503d33355ba - std::sys::backtrace::_print_fmt::h916fac51166b18d7
[INFO] [stdout]                                at /rustc/df4ca44d3fbc9301ee17f30f4d474e6ae4b05252/library/std/src/sys/backtrace.rs:66:9
[INFO] [stdout]    3:     0x6503d33355ba - <std::sys::backtrace::BacktraceLock::print::DisplayBacktrace as core::fmt::Display>::fmt::ha0a4c9b8ce3802e6
[INFO] [stdout]                                at /rustc/df4ca44d3fbc9301ee17f30f4d474e6ae4b05252/library/std/src/sys/backtrace.rs:39:26
[INFO] [stdout]    4:     0x6503d335b973 - core::fmt::rt::Argument::fmt::h4cfc8587d52b3eb5
[INFO] [stdout]                                at /rustc/df4ca44d3fbc9301ee17f30f4d474e6ae4b05252/library/core/src/fmt/rt.rs:177:76
[INFO] [stdout]    5:     0x6503d335b973 - core::fmt::write::h522cc39e5b36ae9f
[INFO] [stdout]                                at /rustc/df4ca44d3fbc9301ee17f30f4d474e6ae4b05252/library/core/src/fmt/mod.rs:1190:21
[INFO] [stdout]    6:     0x6503d3332223 - std::io::Write::write_fmt::h7d3c26752da97734
[INFO] [stdout]                                at /rustc/df4ca44d3fbc9301ee17f30f4d474e6ae4b05252/library/std/src/io/mod.rs:1839:15
[INFO] [stdout]    7:     0x6503d3335402 - std::sys::backtrace::BacktraceLock::print::h4b9e00b29e9c0942
[INFO] [stdout]                                at /rustc/df4ca44d3fbc9301ee17f30f4d474e6ae4b05252/library/std/src/sys/backtrace.rs:42:9
[INFO] [stdout]    8:     0x6503d3336a4a - std::panicking::default_hook::{{closure}}::hb59b88280d0324d9
[INFO] [stdout]                                at /rustc/df4ca44d3fbc9301ee17f30f4d474e6ae4b05252/library/std/src/panicking.rs:268:22
[INFO] [stdout]    9:     0x6503d3336854 - std::panicking::default_hook::he1dd496665be4a29
[INFO] [stdout]                                at /rustc/df4ca44d3fbc9301ee17f30f4d474e6ae4b05252/library/std/src/panicking.rs:292:9
[INFO] [stdout]   10:     0x6503d32e7dd9 - <alloc::boxed::Box<F,A> as core::ops::function::Fn<Args>>::call::h4ff71de18744e1dc
[INFO] [stdout]                                at /rustc/df4ca44d3fbc9301ee17f30f4d474e6ae4b05252/library/alloc/src/boxed.rs:2468:9
[INFO] [stdout]   11:     0x6503d32e7dd9 - test::test_main::{{closure}}::hcf7c055ce117aa81
[INFO] [stdout]                                at /rustc/df4ca44d3fbc9301ee17f30f4d474e6ae4b05252/library/test/src/lib.rs:133:21
[INFO] [stdout]   12:     0x6503d3337148 - <alloc::boxed::Box<F,A> as core::ops::function::Fn<Args>>::call::h1d66c6bbd60c9692
[INFO] [stdout]                                at /rustc/df4ca44d3fbc9301ee17f30f4d474e6ae4b05252/library/alloc/src/boxed.rs:2468:9
[INFO] [stdout]   13:     0x6503d3337148 - std::panicking::rust_panic_with_hook::h2ff17fe8f26dfcf8
[INFO] [stdout]                                at /rustc/df4ca44d3fbc9301ee17f30f4d474e6ae4b05252/library/std/src/panicking.rs:809:13
[INFO] [stdout]   14:     0x6503d3336f0a - std::panicking::begin_panic_handler::{{closure}}::h4fad77951c07e101
[INFO] [stdout]                                at /rustc/df4ca44d3fbc9301ee17f30f4d474e6ae4b05252/library/std/src/panicking.rs:674:13
[INFO] [stdout]   15:     0x6503d3335a99 - std::sys::backtrace::__rust_end_short_backtrace::hb1a25b3da5d0ea08
[INFO] [stdout]                                at /rustc/df4ca44d3fbc9301ee17f30f4d474e6ae4b05252/library/std/src/sys/backtrace.rs:170:18
[INFO] [stdout]   16:     0x6503d3336b9c - rust_begin_unwind
[INFO] [stdout]                                at /rustc/df4ca44d3fbc9301ee17f30f4d474e6ae4b05252/library/std/src/panicking.rs:665:5
[INFO] [stdout]   17:     0x6503d335a410 - core::panicking::panic_fmt::ha9db07b529f9b256
[INFO] [stdout]                                at /rustc/df4ca44d3fbc9301ee17f30f4d474e6ae4b05252/library/core/src/panicking.rs:75:14
[INFO] [stdout]   18:     0x6503d335a7b6 - core::result::unwrap_failed::h5e8218e4d4338b8a
[INFO] [stdout]                                at /rustc/df4ca44d3fbc9301ee17f30f4d474e6ae4b05252/library/core/src/result.rs:1698:5
[INFO] [stdout]   19:     0x6503d32ad438 - core::result::Result<T,E>::unwrap::h714ac39ba265ca28
[INFO] [stdout]                                at /rustc/df4ca44d3fbc9301ee17f30f4d474e6ae4b05252/library/core/src/result.rs:1103:23
[INFO] [stdout]   20:     0x6503d32ad438 - interface_tests::interface_tests::test_interface::h8305c2c5a83e6ff9
[INFO] [stdout]                                at /opt/rustwide/workdir/tests/interface_tests.rs:8:19
[INFO] [stdout]   21:     0x6503d32ad397 - interface_tests::interface_tests::test_interface::{{closure}}::hb9ed65be5cf9aa38
[INFO] [stdout]                                at /opt/rustwide/workdir/tests/interface_tests.rs:7:24
[INFO] [stdout]   22:     0x6503d32ac876 - core::ops::function::FnOnce::call_once::he777868bfcfb06e0
[INFO] [stdout]                                at /rustc/df4ca44d3fbc9301ee17f30f4d474e6ae4b05252/library/core/src/ops/function.rs:250:5
[INFO] [stdout]   23:     0x6503d32ec6ab - core::ops::function::FnOnce::call_once::h22c3ba5715e93f05
[INFO] [stdout]                                at /rustc/df4ca44d3fbc9301ee17f30f4d474e6ae4b05252/library/core/src/ops/function.rs:250:5
[INFO] [stdout]   24:     0x6503d32ec6ab - test::__rust_begin_short_backtrace::h8e82d8113d0da17f
[INFO] [stdout]                                at /rustc/df4ca44d3fbc9301ee17f30f4d474e6ae4b05252/library/test/src/lib.rs:621:18
[INFO] [stdout]   25:     0x6503d32ec027 - test::run_test_in_process::{{closure}}::h33235f4f20b7b7c7
[INFO] [stdout]                                at /rustc/df4ca44d3fbc9301ee17f30f4d474e6ae4b05252/library/test/src/lib.rs:644:60
[INFO] [stdout]   26:     0x6503d32ec027 - <core::panic::unwind_safe::AssertUnwindSafe<F> as core::ops::function::FnOnce<()>>::call_once::hb5043206310c586f
[INFO] [stdout]                                at /rustc/df4ca44d3fbc9301ee17f30f4d474e6ae4b05252/library/core/src/panic/unwind_safe.rs:272:9
[INFO] [stdout]   27:     0x6503d32ec027 - std::panicking::try::do_call::h9ad4731a60ab23e2
[INFO] [stdout]                                at /rustc/df4ca44d3fbc9301ee17f30f4d474e6ae4b05252/library/std/src/panicking.rs:557:40
[INFO] [stdout]   28:     0x6503d32ec027 - std::panicking::try::h3824d23db772a716
[INFO] [stdout]                                at /rustc/df4ca44d3fbc9301ee17f30f4d474e6ae4b05252/library/std/src/panicking.rs:520:19
[INFO] [stdout]   29:     0x6503d32ec027 - std::panic::catch_unwind::h5afd514605fde46b
[INFO] [stdout]                                at /rustc/df4ca44d3fbc9301ee17f30f4d474e6ae4b05252/library/std/src/panic.rs:358:14
[INFO] [stdout]   30:     0x6503d32ec027 - test::run_test_in_process::h0d5cbfa7067d1720
[INFO] [stdout]                                at /rustc/df4ca44d3fbc9301ee17f30f4d474e6ae4b05252/library/test/src/lib.rs:644:27
[INFO] [stdout]   31:     0x6503d32ec027 - test::run_test::{{closure}}::h708eb8872708115d
[INFO] [stdout]                                at /rustc/df4ca44d3fbc9301ee17f30f4d474e6ae4b05252/library/test/src/lib.rs:565:43
[INFO] [stdout]   32:     0x6503d32af744 - test::run_test::{{closure}}::h392c51cee94713ab
[INFO] [stdout]                                at /rustc/df4ca44d3fbc9301ee17f30f4d474e6ae4b05252/library/test/src/lib.rs:595:41
[INFO] [stdout]   33:     0x6503d32af744 - std::sys::backtrace::__rust_begin_short_backtrace::h2f40290710935a8b
[INFO] [stdout]                                at /rustc/df4ca44d3fbc9301ee17f30f4d474e6ae4b05252/library/std/src/sys/backtrace.rs:154:18
[INFO] [stdout]   34:     0x6503d32b2eee - std::thread::Builder::spawn_unchecked_::{{closure}}::{{closure}}::h3fd968d89053a903
[INFO] [stdout]                                at /rustc/df4ca44d3fbc9301ee17f30f4d474e6ae4b05252/library/std/src/thread/mod.rs:541:17
[INFO] [stdout]   35:     0x6503d32b2eee - <core::panic::unwind_safe::AssertUnwindSafe<F> as core::ops::function::FnOnce<()>>::call_once::h743f637ba4229880
[INFO] [stdout]                                at /rustc/df4ca44d3fbc9301ee17f30f4d474e6ae4b05252/library/core/src/panic/unwind_safe.rs:272:9
[INFO] [stdout]   36:     0x6503d32b2eee - std::panicking::try::do_call::h07440897322525a6
[INFO] [stdout]                                at /rustc/df4ca44d3fbc9301ee17f30f4d474e6ae4b05252/library/std/src/panicking.rs:557:40
[INFO] [stdout]   37:     0x6503d32b2eee - std::panicking::try::he5a2e00188156637
[INFO] [stdout]                                at /rustc/df4ca44d3fbc9301ee17f30f4d474e6ae4b05252/library/std/src/panicking.rs:520:19
[INFO] [stdout]   38:     0x6503d32b2eee - std::panic::catch_unwind::hbaf3cae49b3c6433
[INFO] [stdout]                                at /rustc/df4ca44d3fbc9301ee17f30f4d474e6ae4b05252/library/std/src/panic.rs:358:14
[INFO] [stdout]   39:     0x6503d32b2eee - std::thread::Builder::spawn_unchecked_::{{closure}}::h8e141ea224820bce
[INFO] [stdout]                                at /rustc/df4ca44d3fbc9301ee17f30f4d474e6ae4b05252/library/std/src/thread/mod.rs:540:30
[INFO] [stdout]   40:     0x6503d32b2eee - core::ops::function::FnOnce::call_once{{vtable.shim}}::h90d312fedd7b8ea8
[INFO] [stdout]                                at /rustc/df4ca44d3fbc9301ee17f30f4d474e6ae4b05252/library/core/src/ops/function.rs:250:5
[INFO] [stdout]   41:     0x6503d333af3b - <alloc::boxed::Box<F,A> as core::ops::function::FnOnce<Args>>::call_once::h69aa08ddb6adb8b6
[INFO] [stdout]                                at /rustc/df4ca44d3fbc9301ee17f30f4d474e6ae4b05252/library/alloc/src/boxed.rs:2454:9
[INFO] [stdout]   42:     0x6503d333af3b - <alloc::boxed::Box<F,A> as core::ops::function::FnOnce<Args>>::call_once::h5aa36efdb79c806f
[INFO] [stdout]                                at /rustc/df4ca44d3fbc9301ee17f30f4d474e6ae4b05252/library/alloc/src/boxed.rs:2454:9
[INFO] [stdout]   43:     0x6503d333af3b - std::sys::pal::unix::thread::Thread::new::thread_start::h6cd80a1b4be5158d
[INFO] [stdout]                                at /rustc/df4ca44d3fbc9301ee17f30f4d474e6ae4b05252/library/std/src/sys/pal/unix/thread.rs:105:17
[INFO] [stdout]   44:     0x7b8354828ac3 - <unknown>
[INFO] [stdout]   45:     0x7b83548b9a04 - clone
[INFO] [stdout]   46:                0x0 - <unknown>
[INFO] [stdout] 
[INFO] [stdout] 
[INFO] [stdout] failures:
[INFO] [stdout]     interface_tests::test_interface
[INFO] [stdout] 
[INFO] [stdout] test result: FAILED. 0 passed; 1 failed; 0 ignored; 0 measured; 0 filtered out; finished in 0.01s
[INFO] [stdout] 
[INFO] [stderr] error: test failed, to rerun pass `--test interface_tests`
[INFO] running `Command { std: "docker" "inspect" "89d5eb3708b7a78b7acf7ee364a35050ce4e1e7ed4787f3588bfbaba6990b6a1", kill_on_drop: false }`
[INFO] running `Command { std: "docker" "rm" "-f" "89d5eb3708b7a78b7acf7ee364a35050ce4e1e7ed4787f3588bfbaba6990b6a1", kill_on_drop: false }`
[INFO] [stdout] 89d5eb3708b7a78b7acf7ee364a35050ce4e1e7ed4787f3588bfbaba6990b6a1
