[INFO] fetching crate vidyut-lipi 0.1.0...
[INFO] testing vidyut-lipi-0.1.0 against nightly-2024-10-28+rustflags=-Zrandomize-layout for randomize-layout
[INFO] extracting crate vidyut-lipi 0.1.0 into /workspace/builds/worker-4-tc2/source
[INFO] validating manifest of crates.io crate vidyut-lipi 0.1.0 on toolchain nightly-2024-10-28
[INFO] running `Command { std: CARGO_HOME="/workspace/cargo-home" RUSTUP_HOME="/workspace/rustup-home" "/workspace/cargo-home/bin/cargo" "+nightly-2024-10-28" "metadata" "--manifest-path" "Cargo.toml" "--no-deps", kill_on_drop: false }`
[INFO] started tweaking crates.io crate vidyut-lipi 0.1.0
[INFO] finished tweaking crates.io crate vidyut-lipi 0.1.0
[INFO] tweaked toml for crates.io crate vidyut-lipi 0.1.0 written to /workspace/builds/worker-4-tc2/source/Cargo.toml
[INFO] crate crates.io crate vidyut-lipi 0.1.0 already has a lockfile, it will not be regenerated
[INFO] running `Command { std: CARGO_HOME="/workspace/cargo-home" RUSTUP_HOME="/workspace/rustup-home" "/workspace/cargo-home/bin/cargo" "+nightly-2024-10-28" "fetch" "--manifest-path" "Cargo.toml", kill_on_drop: false }`
[INFO] running `Command { std: "docker" "create" "-v" "/var/lib/crater-agent-workspace/builds/worker-4-tc2/target:/opt/rustwide/target:rw,Z" "-v" "/var/lib/crater-agent-workspace/builds/worker-4-tc2/source:/opt/rustwide/workdir:ro,Z" "-v" "/var/lib/crater-agent-workspace/cargo-home:/opt/rustwide/cargo-home:ro,Z" "-v" "/var/lib/crater-agent-workspace/rustup-home:/opt/rustwide/rustup-home:ro,Z" "-e" "SOURCE_DIR=/opt/rustwide/workdir" "-e" "CARGO_TARGET_DIR=/opt/rustwide/target" "-e" "CARGO_HOME=/opt/rustwide/cargo-home" "-e" "RUSTUP_HOME=/opt/rustwide/rustup-home" "-w" "/opt/rustwide/workdir" "-m" "1610612736" "--user" "0:0" "--network" "none" "ghcr.io/rust-lang/crates-build-env/linux@sha256:4a844ea9eb2546a2d2c7022eacef16ef2e8229c7fbb2c7d4d55a9ceca922f72d" "/opt/rustwide/cargo-home/bin/cargo" "+nightly-2024-10-28" "metadata" "--no-deps" "--format-version=1", kill_on_drop: false }`
[INFO] [stdout] 4fa57b6f58667b936508e9db985e5f2b96039ef37ecd15c72f257f661ce90a8a
[INFO] running `Command { std: "docker" "start" "-a" "4fa57b6f58667b936508e9db985e5f2b96039ef37ecd15c72f257f661ce90a8a", kill_on_drop: false }`
[INFO] running `Command { std: "docker" "inspect" "4fa57b6f58667b936508e9db985e5f2b96039ef37ecd15c72f257f661ce90a8a", kill_on_drop: false }`
[INFO] running `Command { std: "docker" "rm" "-f" "4fa57b6f58667b936508e9db985e5f2b96039ef37ecd15c72f257f661ce90a8a", kill_on_drop: false }`
[INFO] [stdout] 4fa57b6f58667b936508e9db985e5f2b96039ef37ecd15c72f257f661ce90a8a
[INFO] running `Command { std: "docker" "create" "-v" "/var/lib/crater-agent-workspace/builds/worker-4-tc2/target:/opt/rustwide/target:rw,Z" "-v" "/var/lib/crater-agent-workspace/builds/worker-4-tc2/source:/opt/rustwide/workdir:ro,Z" "-v" "/var/lib/crater-agent-workspace/cargo-home:/opt/rustwide/cargo-home:ro,Z" "-v" "/var/lib/crater-agent-workspace/rustup-home:/opt/rustwide/rustup-home:ro,Z" "-e" "SOURCE_DIR=/opt/rustwide/workdir" "-e" "CARGO_TARGET_DIR=/opt/rustwide/target" "-e" "CARGO_INCREMENTAL=0" "-e" "RUST_BACKTRACE=full" "-e" "RUSTFLAGS=--cap-lints=forbid -Zrandomize-layout" "-e" "RUSTDOCFLAGS=--cap-lints=forbid" "-e" "CARGO_HOME=/opt/rustwide/cargo-home" "-e" "RUSTUP_HOME=/opt/rustwide/rustup-home" "-w" "/opt/rustwide/workdir" "-m" "1610612736" "--user" "0:0" "--network" "none" "ghcr.io/rust-lang/crates-build-env/linux@sha256:4a844ea9eb2546a2d2c7022eacef16ef2e8229c7fbb2c7d4d55a9ceca922f72d" "/opt/rustwide/cargo-home/bin/cargo" "+nightly-2024-10-28" "build" "--frozen" "--message-format=json", kill_on_drop: false }`
[INFO] [stdout] b2098c4de0658fd9b1ef8446003d080ee942b38dfd8e439e8d074cc274354b43
[INFO] running `Command { std: "docker" "start" "-a" "b2098c4de0658fd9b1ef8446003d080ee942b38dfd8e439e8d074cc274354b43", kill_on_drop: false }`
[INFO] [stderr]    Compiling proc-macro2 v1.0.69
[INFO] [stderr]    Compiling unicode-ident v1.0.8
[INFO] [stderr]    Compiling syn v1.0.109
[INFO] [stderr]    Compiling log v0.4.17
[INFO] [stderr]    Compiling wasm-bindgen-shared v0.2.84
[INFO] [stderr]    Compiling once_cell v1.17.1
[INFO] [stderr]    Compiling io-lifetimes v1.0.11
[INFO] [stderr]    Compiling bumpalo v3.12.0
[INFO] [stderr]    Compiling rustix v0.36.11
[INFO] [stderr]    Compiling wasm-bindgen v0.2.84
[INFO] [stderr]    Compiling linux-raw-sys v0.1.4
[INFO] [stderr]    Compiling anstyle-parse v0.2.4
[INFO] [stderr]    Compiling serde v1.0.193
[INFO] [stderr]    Compiling anstyle-query v1.0.3
[INFO] [stderr]    Compiling quote v1.0.33
[INFO] [stderr]    Compiling syn v2.0.39
[INFO] [stderr]    Compiling is-terminal v0.4.5
[INFO] [stderr]    Compiling anstream v0.3.2
[INFO] [stderr]    Compiling clap_builder v4.3.24
[INFO] [stderr]    Compiling wasm-bindgen-backend v0.2.84
[INFO] [stderr]    Compiling clap_derive v4.3.12
[INFO] [stderr]    Compiling wasm-bindgen-macro-support v0.2.84
[INFO] [stderr]    Compiling wasm-bindgen-macro v0.2.84
[INFO] [stderr]    Compiling clap v4.3.24
[INFO] [stderr]    Compiling js-sys v0.3.61
[INFO] [stderr]    Compiling console_error_panic_hook v0.1.7
[INFO] [stderr]    Compiling serde-wasm-bindgen v0.4.5
[INFO] [stderr]    Compiling vidyut-lipi v0.1.0 (/opt/rustwide/workdir)
[INFO] [stderr]     Finished `dev` profile [unoptimized + debuginfo] target(s) in 10.48s
[INFO] [stderr] warning: the following packages contain code that will be rejected by a future version of Rust: wasm-bindgen v0.2.84
[INFO] [stderr] note: to see what the problems were, use the option `--future-incompat-report`, or run `cargo report future-incompatibilities --id 1`
[INFO] running `Command { std: "docker" "inspect" "b2098c4de0658fd9b1ef8446003d080ee942b38dfd8e439e8d074cc274354b43", kill_on_drop: false }`
[INFO] running `Command { std: "docker" "rm" "-f" "b2098c4de0658fd9b1ef8446003d080ee942b38dfd8e439e8d074cc274354b43", kill_on_drop: false }`
[INFO] [stdout] b2098c4de0658fd9b1ef8446003d080ee942b38dfd8e439e8d074cc274354b43
[INFO] running `Command { std: "docker" "create" "-v" "/var/lib/crater-agent-workspace/builds/worker-4-tc2/target:/opt/rustwide/target:rw,Z" "-v" "/var/lib/crater-agent-workspace/builds/worker-4-tc2/source:/opt/rustwide/workdir:ro,Z" "-v" "/var/lib/crater-agent-workspace/cargo-home:/opt/rustwide/cargo-home:ro,Z" "-v" "/var/lib/crater-agent-workspace/rustup-home:/opt/rustwide/rustup-home:ro,Z" "-e" "SOURCE_DIR=/opt/rustwide/workdir" "-e" "CARGO_TARGET_DIR=/opt/rustwide/target" "-e" "CARGO_INCREMENTAL=0" "-e" "RUST_BACKTRACE=full" "-e" "RUSTFLAGS=--cap-lints=forbid -Zrandomize-layout" "-e" "RUSTDOCFLAGS=--cap-lints=forbid" "-e" "CARGO_HOME=/opt/rustwide/cargo-home" "-e" "RUSTUP_HOME=/opt/rustwide/rustup-home" "-w" "/opt/rustwide/workdir" "-m" "1610612736" "--user" "0:0" "--network" "none" "ghcr.io/rust-lang/crates-build-env/linux@sha256:4a844ea9eb2546a2d2c7022eacef16ef2e8229c7fbb2c7d4d55a9ceca922f72d" "/opt/rustwide/cargo-home/bin/cargo" "+nightly-2024-10-28" "test" "--frozen" "--no-run" "--message-format=json", kill_on_drop: false }`
[INFO] [stdout] e1cd3ee45ead977c2d9274afc7b42cf33df3d81449218620a7251a1f858c928e
[INFO] running `Command { std: "docker" "start" "-a" "e1cd3ee45ead977c2d9274afc7b42cf33df3d81449218620a7251a1f858c928e", kill_on_drop: false }`
[INFO] [stderr]    Compiling memchr v2.7.1
[INFO] [stderr]    Compiling libc v0.2.155
[INFO] [stderr]    Compiling regex-syntax v0.8.2
[INFO] [stderr]    Compiling ppv-lite86 v0.2.17
[INFO] [stderr]    Compiling siphasher v0.3.11
[INFO] [stderr]    Compiling thiserror v1.0.55
[INFO] [stderr]    Compiling autocfg v1.1.0
[INFO] [stderr]    Compiling ucd-trie v0.1.6
[INFO] [stderr]    Compiling serde v1.0.193
[INFO] [stderr]    Compiling unic-common v0.9.0
[INFO] [stderr]    Compiling syn v2.0.39
[INFO] [stderr]    Compiling libm v0.2.8
[INFO] [stderr]    Compiling same-file v1.0.6
[INFO] [stderr]    Compiling unic-char-range v0.9.0
[INFO] [stderr]    Compiling thread_local v1.1.7
[INFO] [stderr]    Compiling ryu v1.0.13
[INFO] [stderr]    Compiling unic-char-property v0.9.0
[INFO] [stderr]    Compiling walkdir v2.4.0
[INFO] [stderr]    Compiling unic-ucd-version v0.9.0
[INFO] [stderr]    Compiling phf_shared v0.11.2
[INFO] [stderr]    Compiling serde_json v1.0.109
[INFO] [stderr]    Compiling iana-time-zone v0.1.60
[INFO] [stderr]    Compiling itoa v1.0.6
[INFO] [stderr]    Compiling unic-ucd-segment v0.9.0
[INFO] [stderr]    Compiling phf v0.11.2
[INFO] [stderr]    Compiling deunicode v1.4.2
[INFO] [stderr]    Compiling tracing-core v0.1.32
[INFO] [stderr]    Compiling pin-project-lite v0.2.13
[INFO] [stderr]    Compiling num-traits v0.2.18
[INFO] [stderr]    Compiling percent-encoding v2.3.1
[INFO] [stderr]    Compiling codes-common v0.1.9
[INFO] [stderr]    Compiling tinyvec v1.6.0
[INFO] [stderr]    Compiling slug v0.1.5
[INFO] [stderr]    Compiling unic-segment v0.9.0
[INFO] [stderr]    Compiling aho-corasick v1.1.2
[INFO] [stderr]    Compiling bstr v1.9.0
[INFO] [stderr]    Compiling csv-core v0.1.10
[INFO] [stderr]    Compiling humansize v2.1.3
[INFO] [stderr]    Compiling getrandom v0.2.8
[INFO] [stderr]    Compiling rand_core v0.6.4
[INFO] [stderr]    Compiling unicode-normalization v0.1.22
[INFO] [stderr]    Compiling rand_chacha v0.3.1
[INFO] [stderr]    Compiling rand v0.8.5
[INFO] [stderr]    Compiling chrono v0.4.34
[INFO] [stderr]    Compiling regex-automata v0.4.5
[INFO] [stderr]    Compiling phf_generator v0.11.2
[INFO] [stderr]    Compiling phf_codegen v0.11.2
[INFO] [stderr]    Compiling csv v1.2.1
[INFO] [stderr]    Compiling thiserror-impl v1.0.55
[INFO] [stderr]    Compiling serde_derive v1.0.193
[INFO] [stderr]    Compiling tracing-attributes v0.1.27
[INFO] [stderr]    Compiling clap_derive v4.3.12
[INFO] [stderr]    Compiling regex v1.10.3
[INFO] [stderr]    Compiling parse-zoneinfo v0.3.0
[INFO] [stderr]    Compiling globset v0.4.13
[INFO] [stderr]    Compiling ignore v0.4.20
[INFO] [stderr]    Compiling pest v2.7.7
[INFO] [stderr]    Compiling chrono-tz-build v0.2.1
[INFO] [stderr]    Compiling tracing v0.1.40
[INFO] [stderr]    Compiling chrono-tz v0.8.6
[INFO] [stderr]    Compiling globwalk v0.8.1
[INFO] [stderr]    Compiling clap v4.3.24
[INFO] [stderr]    Compiling pest_meta v2.7.7
[INFO] [stderr]    Compiling pest_generator v2.7.7
[INFO] [stderr]    Compiling pest_derive v2.7.7
[INFO] [stderr]    Compiling tera v1.19.1
[INFO] [stderr]    Compiling serde-wasm-bindgen v0.4.5
[INFO] [stderr]    Compiling codes-agency v0.1.9
[INFO] [stderr]    Compiling vidyut-lipi v0.1.0 (/opt/rustwide/workdir)
[INFO] [stderr]    Compiling codes-iso-15924 v0.1.3
[INFO] [stderr]     Finished `test` profile [unoptimized + debuginfo] target(s) in 11.16s
[INFO] [stderr] warning: the following packages contain code that will be rejected by a future version of Rust: wasm-bindgen v0.2.84
[INFO] [stderr] note: to see what the problems were, use the option `--future-incompat-report`, or run `cargo report future-incompatibilities --id 1`
[INFO] running `Command { std: "docker" "inspect" "e1cd3ee45ead977c2d9274afc7b42cf33df3d81449218620a7251a1f858c928e", kill_on_drop: false }`
[INFO] running `Command { std: "docker" "rm" "-f" "e1cd3ee45ead977c2d9274afc7b42cf33df3d81449218620a7251a1f858c928e", kill_on_drop: false }`
[INFO] [stdout] e1cd3ee45ead977c2d9274afc7b42cf33df3d81449218620a7251a1f858c928e
[INFO] running `Command { std: "docker" "create" "-v" "/var/lib/crater-agent-workspace/builds/worker-4-tc2/target:/opt/rustwide/target:rw,Z" "-v" "/var/lib/crater-agent-workspace/builds/worker-4-tc2/source:/opt/rustwide/workdir:ro,Z" "-v" "/var/lib/crater-agent-workspace/cargo-home:/opt/rustwide/cargo-home:ro,Z" "-v" "/var/lib/crater-agent-workspace/rustup-home:/opt/rustwide/rustup-home:ro,Z" "-e" "SOURCE_DIR=/opt/rustwide/workdir" "-e" "CARGO_TARGET_DIR=/opt/rustwide/target" "-e" "CARGO_INCREMENTAL=0" "-e" "RUST_BACKTRACE=full" "-e" "RUSTFLAGS=--cap-lints=forbid -Zrandomize-layout" "-e" "RUSTDOCFLAGS=--cap-lints=forbid" "-e" "CARGO_HOME=/opt/rustwide/cargo-home" "-e" "RUSTUP_HOME=/opt/rustwide/rustup-home" "-w" "/opt/rustwide/workdir" "-m" "1610612736" "--user" "0:0" "--network" "none" "ghcr.io/rust-lang/crates-build-env/linux@sha256:4a844ea9eb2546a2d2c7022eacef16ef2e8229c7fbb2c7d4d55a9ceca922f72d" "/opt/rustwide/cargo-home/bin/cargo" "+nightly-2024-10-28" "test" "--frozen", kill_on_drop: false }`
[INFO] [stdout] af7c4fae06da811cb3c0e4b81fb00c7766f2f0bbcb144c8db8ff2157eab2a74e
[INFO] running `Command { std: "docker" "start" "-a" "af7c4fae06da811cb3c0e4b81fb00c7766f2f0bbcb144c8db8ff2157eab2a74e", kill_on_drop: false }`
[INFO] [stderr]     Finished `test` profile [unoptimized + debuginfo] target(s) in 0.08s
[INFO] [stderr] warning: the following packages contain code that will be rejected by a future version of Rust: wasm-bindgen v0.2.84
[INFO] [stderr] note: to see what the problems were, use the option `--future-incompat-report`, or run `cargo report future-incompatibilities --id 1`
[INFO] [stderr]      Running unittests src/lib.rs (/opt/rustwide/target/debug/deps/vidyut_lipi-0a7573d92145ecff)
[INFO] [stdout] 
[INFO] [stdout] running 31 tests
[INFO] [stdout] test mapping::tests::test_decide_token_type ... ok
[INFO] [stdout] test mapping::tests::test_one_way_mapping_basic ... ok
[INFO] [stdout] test mapping::tests::test_one_way_mapping_with_unicode_decompositions ... ok
[INFO] [stdout] test mapping::tests::test_one_way_mapping_transliterate_key ... ok
[INFO] [stdout] test scheme::tests::coverage ... ok
[INFO] [stdout] test scheme::tests::is_abugida_xor_is_alphabet ... ok
[INFO] [stdout] test scheme::tests::iso_15924_codes ... ok
[INFO] [stdout] test scheme::tests::iso_15924_numeric_codes ... ok
[INFO] [stdout] test scheme::tests::iter_contains_all_defined_schemes ... ok
[INFO] [stdout] test mapping::tests::test_mapping_with_unicode_decompositions ... ok
[INFO] [stdout] test mapping::tests::test_mapping ... ok
[INFO] [stdout] test scheme::tests::icu_numeric_codes_agree_with_iso_numeric_codes ... ok
[INFO] [stdout] test scheme::tests::token_pairs_basic ... ok
[INFO] [stdout] test numerals::tests::devanagari_to_roman ... ok
[INFO] [stdout] test numerals::tests::roman_to_devanagari ... ok
[INFO] [stdout] test transliterate::tests::test_transliterate ... ok
[INFO] [stdout] test transliterate::tests::test_find_end_of_numeral_span ... ok
[INFO] [stdout] test numerals::tests::roman_to_devanagari_with_noise ... ok
[INFO] [stdout] test scheme::tests::token_pairs_are_all_nfc ... ok
[INFO] [stdout] test numerals::tests::roman_to_roman ... ok
[INFO] [stdout] test numerals::tests::grantha_to_grantha ... ok
[INFO] [stdout] test numerals::tests::roman_to_grantha ... ok
[INFO] [stdout] test numerals::tests::grantha_to_roman ... ok
[INFO] [stdout] test scheme::tests::token_pairs_have_no_repeated_pairs ... ok
[INFO] [stdout] test numerals::tests::roman_to_grantha_with_noise ... ok
[INFO] [stdout] test numerals::tests::grantha_to_roman_with_noise ... ok
[INFO] [stdout] test detect::tests::detect_basic ... ok
[INFO] [stdout] test lipika::tests::basic ... ok
[INFO] [stdout] test detect::tests::detect_abugidas ... ok
[INFO] [stdout] test unicode_norm::tests::test_to_nfd ... ok
[INFO] [stdout] test unicode_norm::tests::test_to_nfc ... ok
[INFO] [stdout] 
[INFO] [stdout] test result: ok. 31 passed; 0 failed; 0 ignored; 0 measured; 0 filtered out; finished in 1.23s
[INFO] [stdout] 
[INFO] [stderr]      Running unittests src/bin/lipi.rs (/opt/rustwide/target/debug/deps/lipi-675da22e3d81e8fe)
[INFO] [stdout] 
[INFO] [stdout] running 0 tests
[INFO] [stdout] 
[INFO] [stdout] test result: ok. 0 passed; 0 failed; 0 ignored; 0 measured; 0 filtered out; finished in 0.00s
[INFO] [stdout] 
[INFO] [stderr]      Running tests/basic.rs (/opt/rustwide/target/debug/deps/basic-1f72a78b60857629)
[INFO] [stdout] 
[INFO] [stdout] running 44 tests
[INFO] [stdout] test baraha_accents ... ok
[INFO] [stdout] test baraha_defaults_and_alternates ... ok
[INFO] [stdout] test iso_15919_bug_no_greedy_match_on_nfd ... ok
[INFO] [stdout] test itrans_zero_width_joiner ... ok
[INFO] [stdout] test devanagari_prishthamatra ... ok
[INFO] [stdout] test iso_15919_tamil_aytam ... ok
[INFO] [stdout] test itrans_backslash_escape ... ok
[INFO] [stdout] test javanese_medial_consonants ... ok
[INFO] [stdout] test grantha_two_part_vowels ... ok
[INFO] [stdout] test burmese_subjoined_consonants ... ok
[INFO] [stdout] test devanagari_nuktas_joined ... ok
[INFO] [stdout] test kannada_unicode_variants ... ok
[INFO] [stdout] test khmer_sign_robat ... ok
[INFO] [stdout] test malayalam_modern_and_archaic_au ... ok
[INFO] [stdout] test iso_15919_unicode_variants ... ok
[INFO] [stdout] test malayalam_chillus ... ok
[INFO] [stdout] test iast_unicode_variants ... ok
[INFO] [stdout] test sharada_om ... ok
[INFO] [stdout] test tamil_unicode_variants ... ok
[INFO] [stdout] test telugu_unicode_variants ... ok
[INFO] [stdout] test saurashtra_ksha_with_zwj ... ok
[INFO] [stdout] test tamil_superscript ... ok
[INFO] [stdout] test tibetan_ba_va ... ok
[INFO] [stdout] test masaram_gondi_conjuncts ... ok
[INFO] [stdout] test thai_preceding_vowels ... ok
[INFO] [stdout] test vedic_anusvaras ... ok
[INFO] [stdout] test tibetan_subjoined_consonants ... ok
[INFO] [stdout] test itrans_alternates ... ok
[INFO] [stdout] test velthuis_basic ... ok
[INFO] [stdout] test vedic_candrabindu_virama ... ok
[INFO] [stdout] test short_e_and_o_vowels ... ok
[INFO] [stdout] test symbol_om ... ok
[INFO] [stdout] test vedic_upadhmaniya_and_jihvamuliya ... ok
[INFO] [stdout] test symbol_abbreviation_sign ... ok
[INFO] [stdout] test vedic_svaras_with_ayogavahas ... ok
[INFO] [stdout] test vedic_svaras ... ok
[INFO] [stdout] test nukta_consonants ... ok
[INFO] [stdout] test vedic_consonants ... ok
[INFO] [stdout] test sanskrit_ayogavahas ... ok
[INFO] [stdout] test sanskrit_symbols ... ok
[INFO] [stdout] test sanskrit_independent_vowels ... ok
[INFO] [stdout] test sanskrit_dependent_vowels ... ok
[INFO] [stdout] test sanskrit_basic_sentences ... ok
[INFO] [stdout] test sanskrit_consonants_non_vedic ... ok
[INFO] [stdout] 
[INFO] [stdout] test result: ok. 44 passed; 0 failed; 0 ignored; 0 measured; 0 filtered out; finished in 2.38s
[INFO] [stdout] 
[INFO] [stderr]    Doc-tests vidyut_lipi
[INFO] [stdout] 
[INFO] [stdout] running 12 tests
[INFO] [stdout] test src/scheme.rs - scheme::Scheme::iter (line 337) ... ignored
[INFO] [stdout] test src/scheme.rs - scheme::Scheme::icu_numeric_code (line 539) ... FAILED
[INFO] [stdout] test src/scheme.rs - scheme::Scheme::iso_15924_numeric_code (line 470) ... FAILED
[INFO] [stdout] test src/scheme.rs - scheme::Scheme::iso_15924_code (line 405) ... FAILED
[INFO] [stdout] test src/detect.rs - detect::detect (line 70) ... ok
[INFO] [stdout] test src/mapping.rs - mapping::Mapping::new (line 268) ... ok
[INFO] [stdout] test src/../README.md - (line 93) ... ok
[INFO] [stdout] test src/transliterate.rs - transliterate::transliterate (line 12) ... ok
[INFO] [stdout] test src/../README.md - (line 169) ... ok
[INFO] [stdout] test src/../README.md - (line 105) ... ok
[INFO] [stdout] test src/lipika.rs - lipika::Lipika (line 39) ... ok
[INFO] [stdout] test src/../README.md - (line 118) ... ok
[INFO] [stdout] 
[INFO] [stdout] failures:
[INFO] [stdout] 
[INFO] [stdout] ---- src/scheme.rs - scheme::Scheme::icu_numeric_code (line 539) stdout ----
[INFO] [stdout] error: expected one of `!`, `.`, `::`, `;`, `?`, `{`, `}`, or an operator, found `vidyut_lipi`
[INFO] [stdout]  --> src/scheme.rs:541:6
[INFO] [stdout]   |
[INFO] [stdout] 5 | from vidyut_lipi import Scheme;
[INFO] [stdout]   |      ^^^^^^^^^^^ expected one of 8 possible tokens
[INFO] [stdout] 
[INFO] [stdout] error: aborting due to 1 previous error
[INFO] [stdout] 
[INFO] [stdout] Couldn't compile the test.
[INFO] [stdout] ---- src/scheme.rs - scheme::Scheme::iso_15924_numeric_code (line 470) stdout ----
[INFO] [stdout] error: expected one of `!`, `.`, `::`, `;`, `?`, `{`, `}`, or an operator, found `vidyut_lipi`
[INFO] [stdout]  --> src/scheme.rs:472:6
[INFO] [stdout]   |
[INFO] [stdout] 5 | from vidyut_lipi import Scheme;
[INFO] [stdout]   |      ^^^^^^^^^^^ expected one of 8 possible tokens
[INFO] [stdout] 
[INFO] [stdout] error: aborting due to 1 previous error
[INFO] [stdout] 
[INFO] [stdout] Couldn't compile the test.
[INFO] [stdout] ---- src/scheme.rs - scheme::Scheme::iso_15924_code (line 405) stdout ----
[INFO] [stdout] error: expected one of `!`, `.`, `::`, `;`, `?`, `{`, `}`, or an operator, found `vidyut_lipi`
[INFO] [stdout]  --> src/scheme.rs:407:6
[INFO] [stdout]   |
[INFO] [stdout] 5 | from vidyut_lipi import Scheme;
[INFO] [stdout]   |      ^^^^^^^^^^^ expected one of 8 possible tokens
[INFO] [stdout] 
[INFO] [stdout] error: aborting due to 1 previous error
[INFO] [stdout] 
[INFO] [stdout] Couldn't compile the test.
[INFO] [stdout] 
[INFO] [stdout] failures:
[INFO] [stdout]     src/scheme.rs - scheme::Scheme::icu_numeric_code (line 539)
[INFO] [stdout]     src/scheme.rs - scheme::Scheme::iso_15924_code (line 405)
[INFO] [stdout]     src/scheme.rs - scheme::Scheme::iso_15924_numeric_code (line 470)
[INFO] [stdout] 
[INFO] [stdout] test result: FAILED. 8 passed; 3 failed; 1 ignored; 0 measured; 0 filtered out; finished in 0.17s
[INFO] [stdout] 
[INFO] [stderr] error: doctest failed, to rerun pass `--doc`
[INFO] running `Command { std: "docker" "inspect" "af7c4fae06da811cb3c0e4b81fb00c7766f2f0bbcb144c8db8ff2157eab2a74e", kill_on_drop: false }`
[INFO] running `Command { std: "docker" "rm" "-f" "af7c4fae06da811cb3c0e4b81fb00c7766f2f0bbcb144c8db8ff2157eab2a74e", kill_on_drop: false }`
[INFO] [stdout] af7c4fae06da811cb3c0e4b81fb00c7766f2f0bbcb144c8db8ff2157eab2a74e
