[INFO] fetching crate vfs 0.12.0...
[INFO] testing vfs-0.12.0 against nightly-2024-10-28+rustflags=-Zrandomize-layout for randomize-layout
[INFO] extracting crate vfs 0.12.0 into /workspace/builds/worker-5-tc2/source
[INFO] validating manifest of crates.io crate vfs 0.12.0 on toolchain nightly-2024-10-28
[INFO] running `Command { std: CARGO_HOME="/workspace/cargo-home" RUSTUP_HOME="/workspace/rustup-home" "/workspace/cargo-home/bin/cargo" "+nightly-2024-10-28" "metadata" "--manifest-path" "Cargo.toml" "--no-deps", kill_on_drop: false }`
[INFO] started tweaking crates.io crate vfs 0.12.0
[INFO] finished tweaking crates.io crate vfs 0.12.0
[INFO] tweaked toml for crates.io crate vfs 0.12.0 written to /workspace/builds/worker-5-tc2/source/Cargo.toml
[INFO] running `Command { std: CARGO_HOME="/workspace/cargo-home" RUSTUP_HOME="/workspace/rustup-home" "/workspace/cargo-home/bin/cargo" "+nightly-2024-10-28" "generate-lockfile" "--manifest-path" "Cargo.toml", kill_on_drop: false }`
[INFO] [stderr]     Updating crates.io index
[INFO] [stderr]      Locking 118 packages to latest compatible versions
[INFO] [stderr]       Adding rust-embed v8.0.0 (available: v8.5.0)
[INFO] [stderr]       Adding uuid v0.8.1 (available: v0.8.2)
[INFO] running `Command { std: CARGO_HOME="/workspace/cargo-home" RUSTUP_HOME="/workspace/rustup-home" "/workspace/cargo-home/bin/cargo" "+nightly-2024-10-28" "fetch" "--manifest-path" "Cargo.toml", kill_on_drop: false }`
[INFO] running `Command { std: "docker" "create" "-v" "/var/lib/crater-agent-workspace/builds/worker-5-tc2/target:/opt/rustwide/target:rw,Z" "-v" "/var/lib/crater-agent-workspace/builds/worker-5-tc2/source:/opt/rustwide/workdir:ro,Z" "-v" "/var/lib/crater-agent-workspace/cargo-home:/opt/rustwide/cargo-home:ro,Z" "-v" "/var/lib/crater-agent-workspace/rustup-home:/opt/rustwide/rustup-home:ro,Z" "-e" "SOURCE_DIR=/opt/rustwide/workdir" "-e" "CARGO_TARGET_DIR=/opt/rustwide/target" "-e" "CARGO_HOME=/opt/rustwide/cargo-home" "-e" "RUSTUP_HOME=/opt/rustwide/rustup-home" "-w" "/opt/rustwide/workdir" "-m" "1610612736" "--user" "0:0" "--network" "none" "ghcr.io/rust-lang/crates-build-env/linux@sha256:4a844ea9eb2546a2d2c7022eacef16ef2e8229c7fbb2c7d4d55a9ceca922f72d" "/opt/rustwide/cargo-home/bin/cargo" "+nightly-2024-10-28" "metadata" "--no-deps" "--format-version=1", kill_on_drop: false }`
[INFO] [stdout] f7098120d40a468c940463027ae3828f97333e35744832fc5590ab50a7aeeaaa
[INFO] running `Command { std: "docker" "start" "-a" "f7098120d40a468c940463027ae3828f97333e35744832fc5590ab50a7aeeaaa", kill_on_drop: false }`
[INFO] running `Command { std: "docker" "inspect" "f7098120d40a468c940463027ae3828f97333e35744832fc5590ab50a7aeeaaa", kill_on_drop: false }`
[INFO] running `Command { std: "docker" "rm" "-f" "f7098120d40a468c940463027ae3828f97333e35744832fc5590ab50a7aeeaaa", kill_on_drop: false }`
[INFO] [stdout] f7098120d40a468c940463027ae3828f97333e35744832fc5590ab50a7aeeaaa
[INFO] running `Command { std: "docker" "create" "-v" "/var/lib/crater-agent-workspace/builds/worker-5-tc2/target:/opt/rustwide/target:rw,Z" "-v" "/var/lib/crater-agent-workspace/builds/worker-5-tc2/source:/opt/rustwide/workdir:ro,Z" "-v" "/var/lib/crater-agent-workspace/cargo-home:/opt/rustwide/cargo-home:ro,Z" "-v" "/var/lib/crater-agent-workspace/rustup-home:/opt/rustwide/rustup-home:ro,Z" "-e" "SOURCE_DIR=/opt/rustwide/workdir" "-e" "CARGO_TARGET_DIR=/opt/rustwide/target" "-e" "CARGO_INCREMENTAL=0" "-e" "RUST_BACKTRACE=full" "-e" "RUSTFLAGS=--cap-lints=forbid -Zrandomize-layout" "-e" "RUSTDOCFLAGS=--cap-lints=forbid" "-e" "CARGO_HOME=/opt/rustwide/cargo-home" "-e" "RUSTUP_HOME=/opt/rustwide/rustup-home" "-w" "/opt/rustwide/workdir" "-m" "1610612736" "--user" "0:0" "--network" "none" "ghcr.io/rust-lang/crates-build-env/linux@sha256:4a844ea9eb2546a2d2c7022eacef16ef2e8229c7fbb2c7d4d55a9ceca922f72d" "/opt/rustwide/cargo-home/bin/cargo" "+nightly-2024-10-28" "build" "--frozen" "--message-format=json", kill_on_drop: false }`
[INFO] [stdout] 613cf4b6fdee6689206d131011535c2e239d0b85a6855a811d09f4853cea0555
[INFO] running `Command { std: "docker" "start" "-a" "613cf4b6fdee6689206d131011535c2e239d0b85a6855a811d09f4853cea0555", kill_on_drop: false }`
[INFO] [stderr]    Compiling filetime v0.2.25
[INFO] [stderr]    Compiling vfs v0.12.0 (/opt/rustwide/workdir)
[INFO] [stdout] warning: unexpected `cfg` condition value: `async-fs`
[INFO] [stdout]    --> src/error.rs:109:11
[INFO] [stdout]     |
[INFO] [stdout] 109 |     #[cfg(feature = "async-fs")]
[INFO] [stdout]     |           ^^^^^^^^^^----------
[INFO] [stdout]     |                     |
[INFO] [stdout]     |                     help: there is a expected value with a similar name: `"async-vfs"`
[INFO] [stdout]     |
[INFO] [stdout]     = note: expected values for `feature` are: `async-recursion`, `async-std`, `async-trait`, `async-vfs`, `camino`, `embedded-fs`, `export-test-macros`, `futures`, `rust-embed`, and `tokio`
[INFO] [stdout]     = help: consider adding `async-fs` as a feature in `Cargo.toml`
[INFO] [stdout]     = note: see <https://doc.rust-lang.org/nightly/rustc/check-cfg/cargo-specifics.html> for more information about checking conditional configuration
[INFO] [stdout]     = note: `#[warn(unexpected_cfgs)]` on by default
[INFO] [stdout] 
[INFO] [stdout] 
[INFO] [stdout] warning: unexpected `cfg` condition value: `async-fs`
[INFO] [stdout]    --> src/error.rs:138:19
[INFO] [stdout]     |
[INFO] [stdout] 138 |             #[cfg(feature = "async-fs")]
[INFO] [stdout]     |                   ^^^^^^^^^^----------
[INFO] [stdout]     |                             |
[INFO] [stdout]     |                             help: there is a expected value with a similar name: `"async-vfs"`
[INFO] [stdout]     |
[INFO] [stdout]     = note: expected values for `feature` are: `async-recursion`, `async-std`, `async-trait`, `async-vfs`, `camino`, `embedded-fs`, `export-test-macros`, `futures`, `rust-embed`, and `tokio`
[INFO] [stdout]     = help: consider adding `async-fs` as a feature in `Cargo.toml`
[INFO] [stdout]     = note: see <https://doc.rust-lang.org/nightly/rustc/check-cfg/cargo-specifics.html> for more information about checking conditional configuration
[INFO] [stdout] 
[INFO] [stdout] 
[INFO] [stderr]     Finished `dev` profile [unoptimized + debuginfo] target(s) in 0.55s
[INFO] running `Command { std: "docker" "inspect" "613cf4b6fdee6689206d131011535c2e239d0b85a6855a811d09f4853cea0555", kill_on_drop: false }`
[INFO] running `Command { std: "docker" "rm" "-f" "613cf4b6fdee6689206d131011535c2e239d0b85a6855a811d09f4853cea0555", kill_on_drop: false }`
[INFO] [stdout] 613cf4b6fdee6689206d131011535c2e239d0b85a6855a811d09f4853cea0555
[INFO] running `Command { std: "docker" "create" "-v" "/var/lib/crater-agent-workspace/builds/worker-5-tc2/target:/opt/rustwide/target:rw,Z" "-v" "/var/lib/crater-agent-workspace/builds/worker-5-tc2/source:/opt/rustwide/workdir:ro,Z" "-v" "/var/lib/crater-agent-workspace/cargo-home:/opt/rustwide/cargo-home:ro,Z" "-v" "/var/lib/crater-agent-workspace/rustup-home:/opt/rustwide/rustup-home:ro,Z" "-e" "SOURCE_DIR=/opt/rustwide/workdir" "-e" "CARGO_TARGET_DIR=/opt/rustwide/target" "-e" "CARGO_INCREMENTAL=0" "-e" "RUST_BACKTRACE=full" "-e" "RUSTFLAGS=--cap-lints=forbid -Zrandomize-layout" "-e" "RUSTDOCFLAGS=--cap-lints=forbid" "-e" "CARGO_HOME=/opt/rustwide/cargo-home" "-e" "RUSTUP_HOME=/opt/rustwide/rustup-home" "-w" "/opt/rustwide/workdir" "-m" "1610612736" "--user" "0:0" "--network" "none" "ghcr.io/rust-lang/crates-build-env/linux@sha256:4a844ea9eb2546a2d2c7022eacef16ef2e8229c7fbb2c7d4d55a9ceca922f72d" "/opt/rustwide/cargo-home/bin/cargo" "+nightly-2024-10-28" "test" "--frozen" "--no-run" "--message-format=json", kill_on_drop: false }`
[INFO] [stdout] 41b122a3f1152b9c5fcbd63d51476a97fd06efe20a151a87917c35b5399a8511
[INFO] running `Command { std: "docker" "start" "-a" "41b122a3f1152b9c5fcbd63d51476a97fd06efe20a151a87917c35b5399a8511", kill_on_drop: false }`
[INFO] [stderr]    Compiling byteorder v1.5.0
[INFO] [stderr]    Compiling camino v1.1.9
[INFO] [stderr]    Compiling tokio v1.41.0
[INFO] [stderr]    Compiling zerocopy-derive v0.7.35
[INFO] [stderr]    Compiling getrandom v0.1.16
[INFO] [stderr]    Compiling async-stream-impl v0.3.6
[INFO] [stdout] warning: unexpected `cfg` condition value: `async-fs`
[INFO] [stdout]    --> src/error.rs:109:11
[INFO] [stdout]     |
[INFO] [stdout] 109 |     #[cfg(feature = "async-fs")]
[INFO] [stdout]     |           ^^^^^^^^^^----------
[INFO] [stdout]     |                     |
[INFO] [stdout]     |                     help: there is a expected value with a similar name: `"async-vfs"`
[INFO] [stdout]     |
[INFO] [stdout]     = note: expected values for `feature` are: `async-recursion`, `async-std`, `async-trait`, `async-vfs`, `camino`, `embedded-fs`, `export-test-macros`, `futures`, `rust-embed`, and `tokio`
[INFO] [stdout]     = help: consider adding `async-fs` as a feature in `Cargo.toml`
[INFO] [stdout]     = note: see <https://doc.rust-lang.org/nightly/rustc/check-cfg/cargo-specifics.html> for more information about checking conditional configuration
[INFO] [stdout]     = note: `#[warn(unexpected_cfgs)]` on by default
[INFO] [stdout] 
[INFO] [stdout] 
[INFO] [stdout] warning: unexpected `cfg` condition value: `async-fs`
[INFO] [stdout]    --> src/error.rs:138:19
[INFO] [stdout]     |
[INFO] [stdout] 138 |             #[cfg(feature = "async-fs")]
[INFO] [stdout]     |                   ^^^^^^^^^^----------
[INFO] [stdout]     |                             |
[INFO] [stdout]     |                             help: there is a expected value with a similar name: `"async-vfs"`
[INFO] [stdout]     |
[INFO] [stdout]     = note: expected values for `feature` are: `async-recursion`, `async-std`, `async-trait`, `async-vfs`, `camino`, `embedded-fs`, `export-test-macros`, `futures`, `rust-embed`, and `tokio`
[INFO] [stdout]     = help: consider adding `async-fs` as a feature in `Cargo.toml`
[INFO] [stdout]     = note: see <https://doc.rust-lang.org/nightly/rustc/check-cfg/cargo-specifics.html> for more information about checking conditional configuration
[INFO] [stdout] 
[INFO] [stdout] 
[INFO] [stderr]    Compiling rand_core v0.5.1
[INFO] [stderr]    Compiling async-stream v0.3.6
[INFO] [stderr]    Compiling zerocopy v0.7.35
[INFO] [stderr]    Compiling ppv-lite86 v0.2.20
[INFO] [stderr]    Compiling rand_chacha v0.2.2
[INFO] [stderr]    Compiling rand v0.7.3
[INFO] [stderr]    Compiling tokio-stream v0.1.16
[INFO] [stderr]    Compiling tokio-test v0.4.4
[INFO] [stderr]    Compiling uuid v0.8.1
[INFO] [stderr]    Compiling vfs v0.12.0 (/opt/rustwide/workdir)
[INFO] [stdout] warning: unexpected `cfg` condition value: `async-fs`
[INFO] [stdout]    --> src/error.rs:109:11
[INFO] [stdout]     |
[INFO] [stdout] 109 |     #[cfg(feature = "async-fs")]
[INFO] [stdout]     |           ^^^^^^^^^^----------
[INFO] [stdout]     |                     |
[INFO] [stdout]     |                     help: there is a expected value with a similar name: `"async-vfs"`
[INFO] [stdout]     |
[INFO] [stdout]     = note: expected values for `feature` are: `async-recursion`, `async-std`, `async-trait`, `async-vfs`, `camino`, `embedded-fs`, `export-test-macros`, `futures`, `rust-embed`, and `tokio`
[INFO] [stdout]     = help: consider adding `async-fs` as a feature in `Cargo.toml`
[INFO] [stdout]     = note: see <https://doc.rust-lang.org/nightly/rustc/check-cfg/cargo-specifics.html> for more information about checking conditional configuration
[INFO] [stdout]     = note: `#[warn(unexpected_cfgs)]` on by default
[INFO] [stdout] 
[INFO] [stdout] 
[INFO] [stdout] warning: unexpected `cfg` condition value: `async-fs`
[INFO] [stdout]    --> src/error.rs:138:19
[INFO] [stdout]     |
[INFO] [stdout] 138 |             #[cfg(feature = "async-fs")]
[INFO] [stdout]     |                   ^^^^^^^^^^----------
[INFO] [stdout]     |                             |
[INFO] [stdout]     |                             help: there is a expected value with a similar name: `"async-vfs"`
[INFO] [stdout]     |
[INFO] [stdout]     = note: expected values for `feature` are: `async-recursion`, `async-std`, `async-trait`, `async-vfs`, `camino`, `embedded-fs`, `export-test-macros`, `futures`, `rust-embed`, and `tokio`
[INFO] [stdout]     = help: consider adding `async-fs` as a feature in `Cargo.toml`
[INFO] [stdout]     = note: see <https://doc.rust-lang.org/nightly/rustc/check-cfg/cargo-specifics.html> for more information about checking conditional configuration
[INFO] [stdout] 
[INFO] [stdout] 
[INFO] [stderr]     Finished `test` profile [unoptimized + debuginfo] target(s) in 3.90s
[INFO] running `Command { std: "docker" "inspect" "41b122a3f1152b9c5fcbd63d51476a97fd06efe20a151a87917c35b5399a8511", kill_on_drop: false }`
[INFO] running `Command { std: "docker" "rm" "-f" "41b122a3f1152b9c5fcbd63d51476a97fd06efe20a151a87917c35b5399a8511", kill_on_drop: false }`
[INFO] [stdout] 41b122a3f1152b9c5fcbd63d51476a97fd06efe20a151a87917c35b5399a8511
[INFO] running `Command { std: "docker" "create" "-v" "/var/lib/crater-agent-workspace/builds/worker-5-tc2/target:/opt/rustwide/target:rw,Z" "-v" "/var/lib/crater-agent-workspace/builds/worker-5-tc2/source:/opt/rustwide/workdir:ro,Z" "-v" "/var/lib/crater-agent-workspace/cargo-home:/opt/rustwide/cargo-home:ro,Z" "-v" "/var/lib/crater-agent-workspace/rustup-home:/opt/rustwide/rustup-home:ro,Z" "-e" "SOURCE_DIR=/opt/rustwide/workdir" "-e" "CARGO_TARGET_DIR=/opt/rustwide/target" "-e" "CARGO_INCREMENTAL=0" "-e" "RUST_BACKTRACE=full" "-e" "RUSTFLAGS=--cap-lints=forbid -Zrandomize-layout" "-e" "RUSTDOCFLAGS=--cap-lints=forbid" "-e" "CARGO_HOME=/opt/rustwide/cargo-home" "-e" "RUSTUP_HOME=/opt/rustwide/rustup-home" "-w" "/opt/rustwide/workdir" "-m" "1610612736" "--user" "0:0" "--network" "none" "ghcr.io/rust-lang/crates-build-env/linux@sha256:4a844ea9eb2546a2d2c7022eacef16ef2e8229c7fbb2c7d4d55a9ceca922f72d" "/opt/rustwide/cargo-home/bin/cargo" "+nightly-2024-10-28" "test" "--frozen", kill_on_drop: false }`
[INFO] [stdout] b7be559295d233ab99f9cba43dc2f0541c3938a9092394de7a894cf303af5203
[INFO] running `Command { std: "docker" "start" "-a" "b7be559295d233ab99f9cba43dc2f0541c3938a9092394de7a894cf303af5203", kill_on_drop: false }`
[INFO] [stderr] warning: unexpected `cfg` condition value: `async-fs`
[INFO] [stderr]    --> src/error.rs:109:11
[INFO] [stderr]     |
[INFO] [stderr] 109 |     #[cfg(feature = "async-fs")]
[INFO] [stderr]     |           ^^^^^^^^^^----------
[INFO] [stderr]     |                     |
[INFO] [stderr]     |                     help: there is a expected value with a similar name: `"async-vfs"`
[INFO] [stderr]     |
[INFO] [stderr]     = note: expected values for `feature` are: `async-recursion`, `async-std`, `async-trait`, `async-vfs`, `camino`, `embedded-fs`, `export-test-macros`, `futures`, `rust-embed`, and `tokio`
[INFO] [stderr]     = help: consider adding `async-fs` as a feature in `Cargo.toml`
[INFO] [stderr]     = note: see <https://doc.rust-lang.org/nightly/rustc/check-cfg/cargo-specifics.html> for more information about checking conditional configuration
[INFO] [stderr]     = note: `#[warn(unexpected_cfgs)]` on by default
[INFO] [stderr] 
[INFO] [stderr] warning: unexpected `cfg` condition value: `async-fs`
[INFO] [stderr]    --> src/error.rs:138:19
[INFO] [stderr]     |
[INFO] [stderr] 138 |             #[cfg(feature = "async-fs")]
[INFO] [stderr]     |                   ^^^^^^^^^^----------
[INFO] [stderr]     |                             |
[INFO] [stderr]     |                             help: there is a expected value with a similar name: `"async-vfs"`
[INFO] [stderr]     |
[INFO] [stderr]     = note: expected values for `feature` are: `async-recursion`, `async-std`, `async-trait`, `async-vfs`, `camino`, `embedded-fs`, `export-test-macros`, `futures`, `rust-embed`, and `tokio`
[INFO] [stderr]     = help: consider adding `async-fs` as a feature in `Cargo.toml`
[INFO] [stderr]     = note: see <https://doc.rust-lang.org/nightly/rustc/check-cfg/cargo-specifics.html> for more information about checking conditional configuration
[INFO] [stderr] 
[INFO] [stderr] warning: `vfs` (lib) generated 2 warnings
[INFO] [stderr] warning: `vfs` (lib test) generated 2 warnings (2 duplicates)
[INFO] [stderr]     Finished `test` profile [unoptimized + debuginfo] target(s) in 0.04s
[INFO] [stderr]      Running unittests src/lib.rs (/opt/rustwide/target/debug/deps/vfs-a1d28dd1960c08ec)
[INFO] [stdout] 
[INFO] [stdout] running 396 tests
[INFO] [stdout] test error::tests::anyhow_compatibility ... ok
[INFO] [stdout] test impls::altroot::tests::parent ... ok
[INFO] [stdout] test impls::altroot::tests::vfs_tests::append_file ... ok
[INFO] [stdout] test impls::altroot::tests::vfs_tests::append_non_existing_file ... ok
[INFO] [stdout] test impls::altroot::tests::vfs_tests::copy_dir_to_root ... ok
[INFO] [stdout] test impls::altroot::tests::vfs_tests::copy_dir ... ok
[INFO] [stdout] test impls::altroot::tests::vfs_tests::copy_dir_to_existing ... ok
[INFO] [stdout] test impls::altroot::tests::vfs_tests::copy_file ... ok
[INFO] [stdout] test impls::altroot::tests::vfs_tests::copy_file_dest_already_exist ... ok
[INFO] [stdout] test impls::altroot::tests::vfs_tests::copy_file_not_exist ... ok
[INFO] [stdout] test impls::altroot::tests::vfs_tests::copy_file_parent_directory_is_file ... ok
[INFO] [stdout] test impls::altroot::tests::vfs_tests::copy_file_parent_directory_missing ... ok
[INFO] [stdout] test impls::altroot::tests::vfs_tests::copy_file_to_root ... ok
[INFO] [stdout] test impls::altroot::tests::vfs_tests::create_dir ... ok
[INFO] [stdout] test impls::altroot::tests::vfs_tests::create_dir_all_should_fail_for_existing_file ... ok
[INFO] [stdout] test impls::altroot::tests::vfs_tests::create_dir_all ... ok
[INFO] [stdout] test impls::altroot::tests::vfs_tests::create_dir_with_camino ... ok
[INFO] [stdout] test impls::altroot::tests::vfs_tests::eq ... ok
[INFO] [stdout] test impls::altroot::tests::vfs_tests::filename ... ok
[INFO] [stdout] test impls::altroot::tests::vfs_tests::extension ... ok
[INFO] [stdout] test impls::altroot::tests::vfs_tests::is_file_is_dir ... ok
[INFO] [stdout] test impls::altroot::tests::vfs_tests::join ... ok
[INFO] [stdout] test impls::altroot::tests::vfs_tests::move_dir_to_root ... ok
[INFO] [stdout] test impls::altroot::tests::vfs_tests::move_dir_to_existing ... ok
[INFO] [stdout] test impls::altroot::tests::vfs_tests::move_file_not_exist ... ok
[INFO] [stdout] test impls::altroot::tests::vfs_tests::move_file ... ok
[INFO] [stdout] test impls::altroot::tests::vfs_tests::move_dir ... ok
[INFO] [stdout] test impls::altroot::tests::vfs_tests::move_file_to_root ... ok
[INFO] [stdout] test impls::altroot::tests::vfs_tests::parent ... ok
[INFO] [stdout] test impls::altroot::tests::vfs_tests::move_file_dest_already_exist ... ok
[INFO] [stdout] test impls::altroot::tests::vfs_tests::read_dir ... ok
[INFO] [stdout] test impls::altroot::tests::vfs_tests::read_to_string_nonutf8 ... ok
[INFO] [stdout] test impls::altroot::tests::vfs_tests::move_file_parent_directory_is_file ... ok
[INFO] [stdout] test impls::altroot::tests::vfs_tests::remove_dir ... ok
[INFO] [stdout] test impls::altroot::tests::vfs_tests::read_to_string ... ok
[INFO] [stdout] test impls::altroot::tests::vfs_tests::read_to_string_directory ... ok
[INFO] [stdout] test impls::altroot::tests::vfs_tests::read_to_string_missing ... ok
[INFO] [stdout] test impls::altroot::tests::vfs_tests::remove_dir_all_nonexisting ... ok
[INFO] [stdout] test impls::altroot::tests::vfs_tests::move_file_parent_directory_missing ... ok
[INFO] [stdout] test impls::altroot::tests::vfs_tests::remove_dir_notempty ... ok
[INFO] [stdout] test impls::altroot::tests::vfs_tests::remove_file_nonexisting ... ok
[INFO] [stdout] test impls::altroot::tests::vfs_tests::set_and_query_access_timestamp ... ok
[INFO] [stdout] test impls::altroot::tests::vfs_tests::remove_dir_nonexisting ... ok
[INFO] [stdout] test impls::altroot::tests::vfs_tests::vfs_can_be_created ... ok
[INFO] [stdout] test impls::altroot::tests::vfs_tests::set_and_query_modification_timestamp ... ok
[INFO] [stdout] test impls::altroot::tests::vfs_tests::walk_dir_empty ... ok
[INFO] [stdout] test impls::altroot::tests::vfs_tests::walk_dir_deep_directory ... ok
[INFO] [stdout] test impls::altroot::tests::vfs_tests::remove_file ... ok
[INFO] [stdout] test impls::altroot::tests::vfs_tests::walk_dir_file_in_dir ... ok
[INFO] [stdout] test impls::altroot::tests::vfs_tests::walk_dir_flat ... ok
[INFO] [stdout] test impls::altroot::tests::vfs_tests::remove_dir_all ... ok
[INFO] [stdout] test impls::altroot::tests::vfs_tests::walk_dir_remove_directory_while_walking ... ok
[INFO] [stdout] test impls::altroot::tests::vfs_tests::walk_dir_missing_path ... ok
[INFO] [stdout] test impls::altroot::tests::vfs_tests::walk_dir_single_file ... ok
[INFO] [stdout] test impls::altroot::tests::vfs_tests::write_and_read_file ... ok
[INFO] [stdout] test impls::altroot::tests::vfs_tests::write_and_seek_and_read_file ... ok
[INFO] [stdout] test impls::altroot::tests::vfs_tests::walk_dir_single_directory ... ok
[INFO] [stdout] test impls::altroot::tests::vfs_tests::set_and_query_creation_timestamp ... ok
[INFO] [stdout] test impls::altroot::tests_physical::vfs_tests::append_non_existing_file ... ok
[INFO] [stdout] test impls::altroot::tests_physical::vfs_tests::append_file ... ok
[INFO] [stdout] test impls::altroot::tests_physical::vfs_tests::copy_file ... ok
[INFO] [stdout] test impls::altroot::tests_physical::vfs_tests::copy_file_not_exist ... ok
[INFO] [stdout] test impls::altroot::tests_physical::vfs_tests::copy_file_dest_already_exist ... ok
[INFO] [stdout] test impls::altroot::tests_physical::vfs_tests::copy_dir_to_root ... ok
[INFO] [stdout] test impls::altroot::tests_physical::vfs_tests::copy_file_parent_directory_is_file ... ok
[INFO] [stdout] test impls::altroot::tests_physical::vfs_tests::copy_dir_to_existing ... ok
[INFO] [stdout] test impls::altroot::tests_physical::vfs_tests::copy_file_parent_directory_missing ... ok
[INFO] [stdout] test impls::altroot::tests_physical::vfs_tests::copy_file_to_root ... ok
[INFO] [stdout] test impls::altroot::tests_physical::vfs_tests::create_dir ... ok
[INFO] [stdout] test impls::altroot::tests_physical::vfs_tests::filename ... ok
[INFO] [stdout] test impls::altroot::tests_physical::vfs_tests::create_dir_all ... ok
[INFO] [stdout] test impls::altroot::tests_physical::vfs_tests::create_dir_all_should_fail_for_existing_file ... ok
[INFO] [stdout] test impls::altroot::tests_physical::vfs_tests::create_dir_with_camino ... ok
[INFO] [stdout] test impls::altroot::tests_physical::vfs_tests::is_file_is_dir ... ok
[INFO] [stdout] test impls::altroot::tests_physical::vfs_tests::move_dir_to_existing ... ok
[INFO] [stdout] test impls::altroot::tests_physical::vfs_tests::copy_dir ... ok
[INFO] [stdout] test impls::altroot::tests_physical::vfs_tests::extension ... ok
[INFO] [stdout] test impls::altroot::tests_physical::vfs_tests::join ... ok
[INFO] [stdout] test impls::altroot::tests_physical::vfs_tests::move_dir_to_root ... ok
[INFO] [stdout] test impls::altroot::tests_physical::vfs_tests::move_file_parent_directory_is_file ... ok
[INFO] [stdout] test impls::altroot::tests_physical::vfs_tests::move_file_parent_directory_missing ... ok
[INFO] [stdout] test impls::altroot::tests_physical::vfs_tests::move_file_not_exist ... ok
[INFO] [stdout] test impls::altroot::tests_physical::vfs_tests::move_file_to_root ... ok
[INFO] [stdout] test impls::altroot::tests_physical::vfs_tests::parent ... ok
[INFO] [stdout] test impls::altroot::tests_physical::vfs_tests::move_file ... ok
[INFO] [stdout] test impls::altroot::tests_physical::vfs_tests::move_file_dest_already_exist ... ok
[INFO] [stdout] test impls::altroot::tests_physical::vfs_tests::move_dir ... ok
[INFO] [stdout] test impls::altroot::tests_physical::vfs_tests::read_to_string ... ok
[INFO] [stdout] test impls::altroot::tests_physical::vfs_tests::remove_dir_all_nonexisting ... ok
[INFO] [stdout] test impls::altroot::tests_physical::vfs_tests::set_and_query_access_timestamp ... ok
[INFO] [stdout] test impls::altroot::tests_physical::vfs_tests::read_to_string_directory ... ok
[INFO] [stdout] test impls::altroot::tests_physical::vfs_tests::remove_dir_nonexisting ... ok
[INFO] [stdout] test impls::altroot::tests_physical::vfs_tests::set_and_query_creation_timestamp ... ok
[INFO] [stdout] test impls::altroot::tests_physical::vfs_tests::set_and_query_modification_timestamp ... ok
[INFO] [stdout] test impls::altroot::tests_physical::vfs_tests::remove_dir_notempty ... ok
[INFO] [stdout] test impls::altroot::tests_physical::vfs_tests::vfs_can_be_created ... ok
[INFO] [stdout] test impls::altroot::tests_physical::vfs_tests::remove_dir_all ... ok
[INFO] [stdout] test impls::altroot::tests_physical::vfs_tests::walk_dir_empty ... ok
[INFO] [stdout] test impls::altroot::tests_physical::vfs_tests::walk_dir_missing_path ... ok
[INFO] [stdout] test impls::altroot::tests_physical::vfs_tests::walk_dir_file_in_dir ... ok
[INFO] [stdout] test impls::altroot::tests_physical::vfs_tests::read_to_string_missing ... ok
[INFO] [stdout] test impls::altroot::tests_physical::vfs_tests::walk_dir_deep_directory ... ok
[INFO] [stdout] test impls::altroot::tests_physical::vfs_tests::walk_dir_single_directory ... ok
[INFO] [stdout] test impls::altroot::tests_physical::vfs_tests::walk_dir_remove_directory_while_walking ... ok
[INFO] [stdout] test impls::altroot::tests_physical::vfs_tests::read_to_string_nonutf8 ... ok
[INFO] [stdout] test impls::altroot::tests_physical::vfs_tests_readonly::eq ... ok
[INFO] [stdout] test impls::altroot::tests_physical::vfs_tests_readonly::extension ... ok
[INFO] [stdout] test impls::altroot::tests_physical::vfs_tests::write_and_read_file ... ok
[INFO] [stdout] test impls::altroot::tests_physical::vfs_tests_readonly::filename ... ok
[INFO] [stdout] test impls::altroot::tests_physical::vfs_tests::write_and_seek_and_read_file ... ok
[INFO] [stdout] test impls::altroot::tests_physical::vfs_tests::walk_dir_single_file ... ok
[INFO] [stdout] test impls::altroot::tests_physical::vfs_tests::read_dir ... ok
[INFO] [stdout] test impls::altroot::tests_physical::vfs_tests_readonly::join ... ok
[INFO] [stdout] test impls::altroot::tests_physical::vfs_tests_readonly::is_file_is_dir ... ok
[INFO] [stdout] test impls::altroot::tests_physical::vfs_tests::remove_dir ... ok
[INFO] [stdout] test impls::altroot::tests_physical::vfs_tests::eq ... ok
[INFO] [stdout] test impls::altroot::tests_physical::vfs_tests_readonly::read_file ... ok
[INFO] [stdout] test impls::altroot::tests_physical::vfs_tests::remove_file ... ok
[INFO] [stdout] test impls::altroot::tests_physical::vfs_tests_readonly::parent ... ok
[INFO] [stdout] test impls::altroot::tests_physical::vfs_tests::remove_file_nonexisting ... ok
[INFO] [stdout] test impls::altroot::tests_physical::vfs_tests::walk_dir_flat ... ok
[INFO] [stdout] test impls::altroot::tests_physical::vfs_tests_readonly::read_to_string_directory ... ok
[INFO] [stdout] test impls::altroot::tests_physical::vfs_tests_readonly::read_to_string_missing ... ok
[INFO] [stdout] test impls::altroot::tests_physical::vfs_tests_readonly::read_dir ... ok
[INFO] [stdout] test impls::altroot::tests_physical::vfs_tests_readonly::walk_dir_missing_path ... ok
[INFO] [stdout] test impls::altroot::tests_physical::vfs_tests_readonly::read_to_string ... ok
[INFO] [stdout] test impls::altroot::tests_physical::vfs_tests_readonly::root ... ok
[INFO] [stdout] test impls::altroot::tests_physical::vfs_tests_readonly::walk_dir_nested ... ok
[INFO] [stdout] test impls::memory::tests::create_dir ... ok
[INFO] [stdout] test impls::memory::tests::read_dir_error_message ... ok
[INFO] [stdout] test impls::altroot::tests_physical::vfs_tests_readonly::walk_dir_folder ... ok
[INFO] [stdout] test impls::memory::tests::remove_dir_error_message ... ok
[INFO] [stdout] test impls::memory::tests::vfs_tests::append_file ... ok
[INFO] [stdout] test impls::memory::tests::append_file ... ok
[INFO] [stdout] test impls::memory::tests::vfs_tests::append_non_existing_file ... ok
[INFO] [stdout] test impls::altroot::tests_physical::vfs_tests_readonly::vfs_can_be_created ... ok
[INFO] [stdout] test impls::memory::tests::vfs_tests::copy_dir_to_existing ... ok
[INFO] [stdout] test impls::altroot::tests_physical::vfs_tests_readonly::walk_dir_root ... ok
[INFO] [stdout] test impls::memory::tests::append_file_with_seek ... ok
[INFO] [stdout] test impls::memory::tests::vfs_tests::copy_dir ... ok
[INFO] [stdout] test impls::memory::tests::vfs_tests::copy_dir_to_root ... ok
[INFO] [stdout] test impls::memory::tests::copy_file_across_filesystems ... ok
[INFO] [stdout] test impls::memory::tests::vfs_tests::copy_file ... ok
[INFO] [stdout] test impls::memory::tests::vfs_tests::copy_file_dest_already_exist ... ok
[INFO] [stdout] test impls::memory::tests::vfs_tests::copy_file_not_exist ... ok
[INFO] [stdout] test impls::memory::tests::vfs_tests::copy_file_parent_directory_is_file ... ok
[INFO] [stdout] test impls::memory::tests::vfs_tests::copy_file_parent_directory_missing ... ok
[INFO] [stdout] test impls::memory::tests::vfs_tests::create_dir ... ok
[INFO] [stdout] test impls::memory::tests::vfs_tests::copy_file_to_root ... ok
[INFO] [stdout] test impls::memory::tests::vfs_tests::create_dir_with_camino ... ok
[INFO] [stdout] test impls::memory::tests::vfs_tests::create_dir_all_should_fail_for_existing_file ... ok
[INFO] [stdout] test impls::memory::tests::vfs_tests::eq ... ok
[INFO] [stdout] test impls::memory::tests::vfs_tests::create_dir_all ... ok
[INFO] [stdout] test impls::memory::tests::vfs_tests::filename ... ok
[INFO] [stdout] test impls::memory::tests::vfs_tests::extension ... ok
[INFO] [stdout] test impls::memory::tests::vfs_tests::join ... ok
[INFO] [stdout] test impls::memory::tests::vfs_tests::move_dir_to_existing ... ok
[INFO] [stdout] test impls::memory::tests::vfs_tests::move_dir_to_root ... ok
[INFO] [stdout] test impls::memory::tests::vfs_tests::move_dir ... ok
[INFO] [stdout] test impls::memory::tests::vfs_tests::move_file_parent_directory_is_file ... ok
[INFO] [stdout] test impls::memory::tests::vfs_tests::move_file_parent_directory_missing ... ok
[INFO] [stdout] test impls::memory::tests::vfs_tests::move_file ... ok
[INFO] [stdout] test impls::memory::tests::vfs_tests::move_file_to_root ... ok
[INFO] [stdout] test impls::memory::tests::vfs_tests::parent ... ok
[INFO] [stdout] test impls::memory::tests::vfs_tests::is_file_is_dir ... ok
[INFO] [stdout] test impls::memory::tests::vfs_tests::read_to_string ... ok
[INFO] [stdout] test impls::memory::tests::vfs_tests::read_dir ... ok
[INFO] [stdout] test impls::memory::tests::vfs_tests::read_to_string_directory ... ok
[INFO] [stdout] test impls::memory::tests::vfs_tests::read_to_string_missing ... ok
[INFO] [stdout] test impls::memory::tests::vfs_tests::move_file_not_exist ... ok
[INFO] [stdout] test impls::memory::tests::vfs_tests::read_to_string_nonutf8 ... ok
[INFO] [stdout] test impls::memory::tests::vfs_tests::remove_dir_all_nonexisting ... ok
[INFO] [stdout] test impls::memory::tests::vfs_tests::remove_dir_all ... ok
[INFO] [stdout] test impls::memory::tests::vfs_tests::remove_dir_nonexisting ... ok
[INFO] [stdout] test impls::memory::tests::vfs_tests::remove_dir_notempty ... ok
[INFO] [stdout] test impls::memory::tests::vfs_tests::remove_file ... ok
[INFO] [stdout] test impls::memory::tests::vfs_tests::remove_file_nonexisting ... ok
[INFO] [stdout] test impls::memory::tests::vfs_tests::remove_dir ... ok
[INFO] [stdout] test impls::memory::tests::vfs_tests::set_and_query_modification_timestamp ... ok
[INFO] [stdout] test impls::memory::tests::vfs_tests::vfs_can_be_created ... ok
[INFO] [stdout] test impls::memory::tests::vfs_tests::move_file_dest_already_exist ... ok
[INFO] [stdout] test impls::memory::tests::vfs_tests::walk_dir_empty ... ok
[INFO] [stdout] test impls::memory::tests::vfs_tests::set_and_query_access_timestamp ... ok
[INFO] [stdout] test impls::memory::tests::vfs_tests::walk_dir_deep_directory ... ok
[INFO] [stdout] test impls::memory::tests::vfs_tests::walk_dir_file_in_dir ... ok
[INFO] [stdout] test impls::memory::tests::vfs_tests::set_and_query_creation_timestamp ... ok
[INFO] [stdout] test impls::memory::tests::vfs_tests::walk_dir_single_file ... ok
[INFO] [stdout] test impls::memory::tests::vfs_tests::write_and_seek_and_read_file ... ok
[INFO] [stdout] test impls::memory::tests::vfs_tests::walk_dir_missing_path ... ok
[INFO] [stdout] test impls::memory::tests::vfs_tests::walk_dir_remove_directory_while_walking ... ok
[INFO] [stdout] test impls::memory::tests::write_and_read_file ... ok
[INFO] [stdout] test impls::memory::tests::write_and_seek_and_read_file ... ok
[INFO] [stdout] test impls::memory::tests::vfs_tests::walk_dir_single_directory ... ok
[INFO] [stdout] test impls::memory::tests::vfs_tests::write_and_read_file ... ok
[INFO] [stdout] test impls::overlay::tests::append_file ... ok
[INFO] [stdout] test impls::overlay::tests::create_dir ... ok
[INFO] [stdout] test impls::overlay::tests::create_file ... ok
[INFO] [stdout] test impls::overlay::tests::read ... ok
[INFO] [stdout] test impls::overlay::tests::read_dir ... ok
[INFO] [stdout] test impls::memory::tests::vfs_tests::walk_dir_flat ... ok
[INFO] [stdout] test impls::overlay::tests::read_dir_root ... ok
[INFO] [stdout] test impls::overlay::tests::remove_file ... ok
[INFO] [stdout] test impls::overlay::tests::remove_dir ... ok
[INFO] [stdout] test impls::overlay::tests::vfs_tests::copy_dir_to_root ... ok
[INFO] [stdout] test impls::overlay::tests::read_dir_removed_entries ... ok
[INFO] [stdout] test impls::overlay::tests::vfs_tests::append_non_existing_file ... ok
[INFO] [stdout] test impls::overlay::tests::vfs_tests::append_file ... ok
[INFO] [stdout] test impls::overlay::tests::vfs_tests::copy_file ... ok
[INFO] [stdout] test impls::overlay::tests::vfs_tests::copy_file_dest_already_exist ... ok
[INFO] [stdout] test impls::overlay::tests::vfs_tests::copy_file_not_exist ... ok
[INFO] [stdout] test impls::overlay::tests::vfs_tests::copy_file_parent_directory_is_file ... ok
[INFO] [stdout] test impls::overlay::tests::vfs_tests::copy_file_to_root ... ok
[INFO] [stdout] test impls::overlay::tests::vfs_tests::create_dir ... ok
[INFO] [stdout] test impls::overlay::tests::vfs_tests::copy_file_parent_directory_missing ... ok
[INFO] [stdout] test impls::overlay::tests::vfs_tests::copy_dir_to_existing ... ok
[INFO] [stdout] test impls::overlay::tests::vfs_tests::create_dir_all_should_fail_for_existing_file ... ok
[INFO] [stdout] test impls::overlay::tests::vfs_tests::create_dir_with_camino ... ok
[INFO] [stdout] test impls::overlay::tests::vfs_tests::eq ... ok
[INFO] [stdout] test impls::overlay::tests::vfs_tests::copy_dir ... ok
[INFO] [stdout] test impls::overlay::tests::vfs_tests::create_dir_all ... ok
[INFO] [stdout] test impls::overlay::tests::vfs_tests::extension ... ok
[INFO] [stdout] test impls::overlay::tests::vfs_tests::join ... ok
[INFO] [stdout] test impls::overlay::tests::vfs_tests::is_file_is_dir ... ok
[INFO] [stdout] test impls::overlay::tests::vfs_tests::move_dir_to_existing ... ok
[INFO] [stdout] test impls::overlay::tests::vfs_tests::filename ... ok
[INFO] [stdout] test impls::overlay::tests::vfs_tests::move_dir_to_root ... ok
[INFO] [stdout] test impls::overlay::tests::vfs_tests::move_file ... ok
[INFO] [stdout] test impls::overlay::tests::vfs_tests::move_file_parent_directory_is_file ... ok
[INFO] [stdout] test impls::overlay::tests::vfs_tests::move_file_parent_directory_missing ... ok
[INFO] [stdout] test impls::overlay::tests::vfs_tests::move_file_dest_already_exist ... ok
[INFO] [stdout] test impls::overlay::tests::vfs_tests::move_file_to_root ... ok
[INFO] [stdout] test impls::overlay::tests::vfs_tests::parent ... ok
[INFO] [stdout] test impls::overlay::tests::vfs_tests::read_to_string ... ok
[INFO] [stdout] test impls::overlay::tests::vfs_tests::read_dir ... ok
[INFO] [stdout] test impls::overlay::tests::vfs_tests::move_file_not_exist ... ok
[INFO] [stdout] test impls::overlay::tests::vfs_tests::read_to_string_nonutf8 ... ok
[INFO] [stdout] test impls::overlay::tests::vfs_tests::read_to_string_missing ... ok
[INFO] [stdout] test impls::overlay::tests::vfs_tests::remove_dir ... ok
[INFO] [stdout] test impls::overlay::tests::vfs_tests::read_to_string_directory ... ok
[INFO] [stdout] test impls::overlay::tests::vfs_tests::remove_dir_all_nonexisting ... ok
[INFO] [stdout] test impls::overlay::tests::vfs_tests::remove_dir_nonexisting ... ok
[INFO] [stdout] test impls::overlay::tests::vfs_tests::remove_dir_notempty ... ok
[INFO] [stdout] test impls::overlay::tests::vfs_tests::set_and_query_access_timestamp ... ok
[INFO] [stdout] test impls::overlay::tests::vfs_tests::set_and_query_creation_timestamp ... ok
[INFO] [stdout] test impls::overlay::tests::vfs_tests::set_and_query_modification_timestamp ... ok
[INFO] [stdout] test impls::overlay::tests::vfs_tests::move_dir ... ok
[INFO] [stdout] test impls::overlay::tests::vfs_tests::remove_dir_all ... ok
[INFO] [stdout] test impls::overlay::tests::vfs_tests::walk_dir_empty ... ok
[INFO] [stdout] test impls::overlay::tests::vfs_tests::remove_file_nonexisting ... ok
[INFO] [stdout] test impls::overlay::tests::vfs_tests::vfs_can_be_created ... ok
[INFO] [stdout] test impls::overlay::tests::vfs_tests::walk_dir_file_in_dir ... ok
[INFO] [stdout] test impls::overlay::tests::vfs_tests::walk_dir_deep_directory ... ok
[INFO] [stdout] test impls::overlay::tests::vfs_tests::walk_dir_single_directory ... ok
[INFO] [stdout] test impls::overlay::tests::vfs_tests::remove_file ... ok
[INFO] [stdout] test impls::overlay::tests::vfs_tests::walk_dir_missing_path ... ok
[INFO] [stdout] test impls::overlay::tests::vfs_tests::walk_dir_remove_directory_while_walking ... ok
[INFO] [stdout] test impls::overlay::tests::vfs_tests::walk_dir_flat ... ok
[INFO] [stdout] test impls::overlay::tests::vfs_tests::write_and_read_file ... ok
[INFO] [stdout] test impls::overlay::tests::vfs_tests::walk_dir_single_file ... ok
[INFO] [stdout] test impls::overlay::tests::vfs_tests::write_and_seek_and_read_file ... ok
[INFO] [stdout] test impls::overlay::tests_physical::vfs_tests::append_file ... ok
[INFO] [stdout] test impls::overlay::tests_physical::vfs_tests::append_non_existing_file ... ok
[INFO] [stdout] test impls::overlay::tests_physical::vfs_tests::copy_file ... ok
[INFO] [stdout] test impls::overlay::tests_physical::vfs_tests::create_dir_all_should_fail_for_existing_file ... ok
[INFO] [stdout] test impls::overlay::tests_physical::vfs_tests::extension ... ok
[INFO] [stdout] test impls::overlay::tests_physical::vfs_tests::copy_file_dest_already_exist ... ok
[INFO] [stdout] test impls::overlay::tests_physical::vfs_tests::create_dir_all ... ok
[INFO] [stdout] test impls::overlay::tests_physical::vfs_tests::copy_file_not_exist ... ok
[INFO] [stdout] test impls::overlay::tests_physical::vfs_tests::copy_dir_to_existing ... ok
[INFO] [stdout] test impls::overlay::tests_physical::vfs_tests::copy_dir_to_root ... ok
[INFO] [stdout] test impls::overlay::tests_physical::vfs_tests::join ... ok
[INFO] [stdout] test impls::overlay::tests_physical::vfs_tests::move_dir_to_existing ... ok
[INFO] [stdout] test impls::overlay::tests_physical::vfs_tests::create_dir ... ok
[INFO] [stdout] test impls::overlay::tests_physical::vfs_tests::copy_file_parent_directory_is_file ... ok
[INFO] [stdout] test impls::overlay::tests_physical::vfs_tests::copy_file_to_root ... ok
[INFO] [stdout] test impls::overlay::tests_physical::vfs_tests::move_file_dest_already_exist ... ok
[INFO] [stdout] test impls::overlay::tests_physical::vfs_tests::copy_file_parent_directory_missing ... ok
[INFO] [stdout] test impls::overlay::tests_physical::vfs_tests::create_dir_with_camino ... ok
[INFO] [stdout] test impls::overlay::tests_physical::vfs_tests::move_file_not_exist ... ok
[INFO] [stdout] test impls::overlay::tests_physical::vfs_tests::filename ... ok
[INFO] [stdout] test impls::overlay::tests_physical::vfs_tests::move_file_parent_directory_missing ... ok
[INFO] [stdout] test impls::overlay::tests_physical::vfs_tests::copy_dir ... ok
[INFO] [stdout] test impls::overlay::tests_physical::vfs_tests::read_to_string_missing ... ok
[INFO] [stdout] test impls::overlay::tests_physical::vfs_tests::eq ... ok
[INFO] [stdout] test impls::overlay::tests_physical::vfs_tests::move_dir_to_root ... ok
[INFO] [stdout] test impls::overlay::tests_physical::vfs_tests::is_file_is_dir ... ok
[INFO] [stdout] test impls::overlay::tests_physical::vfs_tests::remove_dir_all_nonexisting ... ok
[INFO] [stdout] test impls::overlay::tests_physical::vfs_tests::move_file ... ok
[INFO] [stdout] test impls::overlay::tests_physical::vfs_tests::remove_dir_nonexisting ... ok
[INFO] [stdout] test impls::overlay::tests_physical::vfs_tests::read_dir ... ok
[INFO] [stdout] test impls::overlay::tests_physical::vfs_tests::parent ... ok
[INFO] [stdout] test impls::overlay::tests_physical::vfs_tests::move_file_parent_directory_is_file ... ok
[INFO] [stdout] test impls::overlay::tests_physical::vfs_tests::read_to_string_directory ... ok
[INFO] [stdout] test impls::overlay::tests_physical::vfs_tests::read_to_string ... ok
[INFO] [stdout] test impls::overlay::tests_physical::vfs_tests::move_file_to_root ... ok
[INFO] [stdout] test impls::overlay::tests_physical::vfs_tests::set_and_query_modification_timestamp ... ok
[INFO] [stdout] test impls::overlay::tests_physical::vfs_tests::read_to_string_nonutf8 ... ok
[INFO] [stdout] test impls::overlay::tests_physical::vfs_tests::remove_dir ... ok
[INFO] [stdout] test impls::overlay::tests_physical::vfs_tests::remove_file ... ok
[INFO] [stdout] test impls::overlay::tests_physical::vfs_tests::set_and_query_access_timestamp ... ok
[INFO] [stdout] test impls::overlay::tests_physical::vfs_tests::remove_dir_notempty ... ok
[INFO] [stdout] test impls::overlay::tests_physical::vfs_tests::set_and_query_creation_timestamp ... ok
[INFO] [stdout] test impls::overlay::tests_physical::vfs_tests::walk_dir_single_directory ... ok
[INFO] [stdout] test impls::overlay::tests_physical::vfs_tests::remove_file_nonexisting ... ok
[INFO] [stdout] test impls::overlay::tests_physical::vfs_tests::vfs_can_be_created ... ok
[INFO] [stdout] test impls::overlay::tests_physical::vfs_tests::walk_dir_empty ... ok
[INFO] [stdout] test impls::physical::tests::dir_metadata ... ok
[INFO] [stdout] test impls::overlay::tests_physical::vfs_tests::write_and_seek_and_read_file ... ok
[INFO] [stdout] test impls::overlay::tests_physical::vfs_tests::walk_dir_file_in_dir ... ok
[INFO] [stdout] test impls::physical::tests::file_metadata ... ok
[INFO] [stdout] test impls::overlay::tests_physical::vfs_tests::walk_dir_missing_path ... ok
[INFO] [stdout] test impls::overlay::tests_physical::vfs_tests::write_and_read_file ... ok
[INFO] [stdout] test impls::overlay::tests_physical::vfs_tests::remove_dir_all ... ok
[INFO] [stdout] test impls::physical::tests::read_dir ... ok
[INFO] [stdout] test impls::physical::tests::open_file ... ok
[INFO] [stdout] test impls::overlay::tests_physical::vfs_tests::walk_dir_single_file ... ok
[INFO] [stdout] test impls::physical::tests::vfs_tests::append_non_existing_file ... ok
[INFO] [stdout] test impls::physical::tests::vfs_tests::append_file ... ok
[INFO] [stdout] test impls::overlay::tests_physical::vfs_tests::walk_dir_deep_directory ... ok
[INFO] [stdout] test impls::overlay::tests_physical::vfs_tests::walk_dir_remove_directory_while_walking ... ok
[INFO] [stdout] test impls::overlay::tests_physical::vfs_tests::move_dir ... ok
[INFO] [stdout] test impls::physical::tests::vfs_tests::copy_file_dest_already_exist ... ok
[INFO] [stdout] test impls::physical::tests::vfs_tests::copy_file_parent_directory_is_file ... ok
[INFO] [stdout] test impls::physical::tests::vfs_tests::copy_dir_to_existing ... ok
[INFO] [stdout] test impls::physical::tests::vfs_tests::copy_dir_to_root ... ok
[INFO] [stdout] test impls::physical::tests::vfs_tests::copy_file_not_exist ... ok
[INFO] [stdout] test impls::physical::tests::vfs_tests::copy_file ... ok
[INFO] [stdout] test impls::physical::tests::vfs_tests::copy_file_parent_directory_missing ... ok
[INFO] [stdout] test impls::physical::tests::vfs_tests::create_dir ... ok
[INFO] [stdout] test impls::physical::tests::vfs_tests::create_dir_all_should_fail_for_existing_file ... ok
[INFO] [stdout] test impls::physical::tests::vfs_tests::copy_dir ... ok
[INFO] [stdout] test impls::physical::tests::vfs_tests::create_dir_with_camino ... ok
[INFO] [stdout] test impls::physical::tests::vfs_tests::create_dir_all ... ok
[INFO] [stdout] test impls::physical::tests::vfs_tests::copy_file_to_root ... ok
[INFO] [stdout] test impls::physical::tests::vfs_tests::extension ... ok
[INFO] [stdout] test impls::physical::tests::vfs_tests::filename ... ok
[INFO] [stdout] test impls::overlay::tests_physical::vfs_tests::walk_dir_flat ... ok
[INFO] [stdout] test impls::physical::tests::vfs_tests::join ... ok
[INFO] [stdout] test impls::physical::tests::vfs_tests::eq ... ok
[INFO] [stdout] test impls::physical::tests::vfs_tests::is_file_is_dir ... ok
[INFO] [stdout] test impls::physical::tests::vfs_tests::move_file_not_exist ... ok
[INFO] [stdout] test impls::physical::tests::vfs_tests::move_file_dest_already_exist ... ok
[INFO] [stdout] test impls::physical::tests::vfs_tests::parent ... ok
[INFO] [stdout] test impls::physical::tests::vfs_tests::move_file_parent_directory_is_file ... ok
[INFO] [stdout] test impls::physical::tests::vfs_tests::move_dir ... ok
[INFO] [stdout] test impls::physical::tests::vfs_tests::move_file_parent_directory_missing ... ok
[INFO] [stdout] test impls::physical::tests::vfs_tests::move_dir_to_root ... ok
[INFO] [stdout] test impls::physical::tests::vfs_tests::move_file_to_root ... ok
[INFO] [stdout] test impls::physical::tests::vfs_tests::move_dir_to_existing ... ok
[INFO] [stdout] test impls::physical::tests::vfs_tests::move_file ... ok
[INFO] [stdout] test impls::physical::tests::vfs_tests::read_to_string_missing ... ok
[INFO] [stdout] test impls::physical::tests::vfs_tests::read_to_string_directory ... ok
[INFO] [stdout] test impls::physical::tests::vfs_tests::remove_dir ... ok
[INFO] [stdout] test impls::physical::tests::vfs_tests::remove_dir_all_nonexisting ... ok
[INFO] [stdout] test impls::physical::tests::vfs_tests::read_to_string_nonutf8 ... ok
[INFO] [stdout] test impls::physical::tests::vfs_tests::remove_dir_nonexisting ... ok
[INFO] [stdout] test impls::physical::tests::vfs_tests::read_to_string ... ok
[INFO] [stdout] test impls::physical::tests::vfs_tests::read_dir ... ok
[INFO] [stdout] test impls::physical::tests::vfs_tests::remove_file_nonexisting ... ok
[INFO] [stdout] test impls::physical::tests::vfs_tests::remove_file ... ok
[INFO] [stdout] test impls::physical::tests::vfs_tests::remove_dir_all ... ok
[INFO] [stdout] test impls::physical::tests::vfs_tests::set_and_query_modification_timestamp ... ok
[INFO] [stdout] test impls::physical::tests::vfs_tests::set_and_query_creation_timestamp ... ok
[INFO] [stdout] test impls::physical::tests::vfs_tests::remove_dir_notempty ... ok
[INFO] [stdout] test impls::physical::tests::vfs_tests::set_and_query_access_timestamp ... ok
[INFO] [stdout] test impls::physical::tests::vfs_tests::vfs_can_be_created ... ok
[INFO] [stdout] test impls::physical::tests::vfs_tests::walk_dir_missing_path ... ok
[INFO] [stdout] test impls::physical::tests::vfs_tests_readonly::eq ... ok
[INFO] [stdout] test impls::physical::tests::vfs_tests_readonly::extension ... ok
[INFO] [stdout] test impls::physical::tests::vfs_tests_readonly::filename ... ok
[INFO] [stdout] test impls::physical::tests::vfs_tests::walk_dir_file_in_dir ... ok
[INFO] [stdout] test impls::physical::tests::vfs_tests::walk_dir_remove_directory_while_walking ... ok
[INFO] [stdout] test impls::physical::tests::vfs_tests::walk_dir_single_directory ... ok
[INFO] [stdout] test impls::physical::tests::vfs_tests::walk_dir_single_file ... ok
[INFO] [stdout] test impls::physical::tests::vfs_tests::walk_dir_empty ... ok
[INFO] [stdout] test impls::physical::tests::vfs_tests_readonly::join ... ok
[INFO] [stdout] test impls::physical::tests::vfs_tests_readonly::parent ... ok
[INFO] [stdout] test impls::physical::tests::vfs_tests_readonly::read_file ... ok
[INFO] [stdout] test impls::physical::tests::vfs_tests_readonly::is_file_is_dir ... ok
[INFO] [stdout] test impls::physical::tests::vfs_tests::write_and_read_file ... ok
[INFO] [stdout] test impls::physical::tests::vfs_tests_readonly::read_to_string ... ok
[INFO] [stdout] test impls::physical::tests::vfs_tests::write_and_seek_and_read_file ... ok
[INFO] [stdout] test impls::physical::tests::vfs_tests_readonly::read_to_string_directory ... ok
[INFO] [stdout] test impls::physical::tests::vfs_tests_readonly::read_to_string_missing ... ok
[INFO] [stdout] test impls::physical::tests::vfs_tests::walk_dir_flat ... ok
[INFO] [stdout] test impls::physical::tests::vfs_tests_readonly::root ... ok
[INFO] [stdout] test impls::physical::tests::vfs_tests_readonly::vfs_can_be_created ... ok
[INFO] [stdout] test impls::physical::tests::vfs_tests_readonly::read_dir ... ok
[INFO] [stdout] test impls::physical::tests::vfs_tests::walk_dir_deep_directory ... ok
[INFO] [stdout] test impls::physical::tests::vfs_tests_readonly::walk_dir_folder ... ok
[INFO] [stdout] test impls::physical::tests::vfs_tests_readonly::walk_dir_missing_path ... ok
[INFO] [stdout] test impls::physical::tests::vfs_tests_readonly::walk_dir_nested ... ok
[INFO] [stdout] test impls::physical::tests::vfs_tests_readonly::walk_dir_root ... ok
[INFO] [stdout] test impls::physical::tests::append_file ... FAILED
[INFO] [stdout] test impls::physical::tests::create_dir ... FAILED
[INFO] [stdout] test impls::physical::tests::create_file ... FAILED
[INFO] [stdout] 
[INFO] [stdout] failures:
[INFO] [stdout] 
[INFO] [stdout] ---- impls::physical::tests::append_file stdout ----
[INFO] [stdout] thread 'impls::physical::tests::append_file' panicked at src/impls/physical.rs:194:28:
[INFO] [stdout] called `Result::unwrap()` on an `Err` value: VfsError { path: "/target/test_append.txt", kind: Other("Could not create file, parent directory does not exist"), context: "An error occured", cause: None }
[INFO] [stdout] stack backtrace:
[INFO] [stdout]    0:     0x6082e1dc9dfa - std::backtrace_rs::backtrace::libunwind::trace::h207520d6e9873551
[INFO] [stdout]                                at /rustc/df4ca44d3fbc9301ee17f30f4d474e6ae4b05252/library/std/src/../../backtrace/src/backtrace/libunwind.rs:116:5
[INFO] [stdout]    1:     0x6082e1dc9dfa - std::backtrace_rs::backtrace::trace_unsynchronized::h2ed7433f370e3eca
[INFO] [stdout]                                at /rustc/df4ca44d3fbc9301ee17f30f4d474e6ae4b05252/library/std/src/../../backtrace/src/backtrace/mod.rs:66:5
[INFO] [stdout]    2:     0x6082e1dc9dfa - std::sys::backtrace::_print_fmt::h916fac51166b18d7
[INFO] [stdout]                                at /rustc/df4ca44d3fbc9301ee17f30f4d474e6ae4b05252/library/std/src/sys/backtrace.rs:66:9
[INFO] [stdout]    3:     0x6082e1dc9dfa - <std::sys::backtrace::BacktraceLock::print::DisplayBacktrace as core::fmt::Display>::fmt::ha0a4c9b8ce3802e6
[INFO] [stdout]                                at /rustc/df4ca44d3fbc9301ee17f30f4d474e6ae4b05252/library/std/src/sys/backtrace.rs:39:26
[INFO] [stdout]    4:     0x6082e1df1c23 - core::fmt::rt::Argument::fmt::h4cfc8587d52b3eb5
[INFO] [stdout]                                at /rustc/df4ca44d3fbc9301ee17f30f4d474e6ae4b05252/library/core/src/fmt/rt.rs:177:76
[INFO] [stdout]    5:     0x6082e1df1c23 - core::fmt::write::h522cc39e5b36ae9f
[INFO] [stdout]                                at /rustc/df4ca44d3fbc9301ee17f30f4d474e6ae4b05252/library/core/src/fmt/mod.rs:1190:21
[INFO] [stdout]    6:     0x6082e1dc6533 - std::io::Write::write_fmt::h7d3c26752da97734
[INFO] [stdout]                                at /rustc/df4ca44d3fbc9301ee17f30f4d474e6ae4b05252/library/std/src/io/mod.rs:1839:15
[INFO] [stdout]    7:     0x6082e1dc9c42 - std::sys::backtrace::BacktraceLock::print::h4b9e00b29e9c0942
[INFO] [stdout]                                at /rustc/df4ca44d3fbc9301ee17f30f4d474e6ae4b05252/library/std/src/sys/backtrace.rs:42:9
[INFO] [stdout]    8:     0x6082e1dcb28a - std::panicking::default_hook::{{closure}}::hb59b88280d0324d9
[INFO] [stdout]                                at /rustc/df4ca44d3fbc9301ee17f30f4d474e6ae4b05252/library/std/src/panicking.rs:268:22
[INFO] [stdout]    9:     0x6082e1dcb094 - std::panicking::default_hook::he1dd496665be4a29
[INFO] [stdout]                                at /rustc/df4ca44d3fbc9301ee17f30f4d474e6ae4b05252/library/std/src/panicking.rs:292:9
[INFO] [stdout]   10:     0x6082e1d8f8c9 - <alloc::boxed::Box<F,A> as core::ops::function::Fn<Args>>::call::h4ff71de18744e1dc
[INFO] [stdout]                                at /rustc/df4ca44d3fbc9301ee17f30f4d474e6ae4b05252/library/alloc/src/boxed.rs:2468:9
[INFO] [stdout]   11:     0x6082e1d8f8c9 - test::test_main::{{closure}}::hcf7c055ce117aa81
[INFO] [stdout]                                at /rustc/df4ca44d3fbc9301ee17f30f4d474e6ae4b05252/library/test/src/lib.rs:133:21
[INFO] [stdout]   12:     0x6082e1dcb988 - <alloc::boxed::Box<F,A> as core::ops::function::Fn<Args>>::call::h1d66c6bbd60c9692
[INFO] [stdout]                                at /rustc/df4ca44d3fbc9301ee17f30f4d474e6ae4b05252/library/alloc/src/boxed.rs:2468:9
[INFO] [stdout]   13:     0x6082e1dcb988 - std::panicking::rust_panic_with_hook::h2ff17fe8f26dfcf8
[INFO] [stdout]                                at /rustc/df4ca44d3fbc9301ee17f30f4d474e6ae4b05252/library/std/src/panicking.rs:809:13
[INFO] [stdout]   14:     0x6082e1dcb74a - std::panicking::begin_panic_handler::{{closure}}::h4fad77951c07e101
[INFO] [stdout]                                at /rustc/df4ca44d3fbc9301ee17f30f4d474e6ae4b05252/library/std/src/panicking.rs:674:13
[INFO] [stdout]   15:     0x6082e1dca2d9 - std::sys::backtrace::__rust_end_short_backtrace::hb1a25b3da5d0ea08
[INFO] [stdout]                                at /rustc/df4ca44d3fbc9301ee17f30f4d474e6ae4b05252/library/std/src/sys/backtrace.rs:170:18
[INFO] [stdout]   16:     0x6082e1dcb3dc - rust_begin_unwind
[INFO] [stdout]                                at /rustc/df4ca44d3fbc9301ee17f30f4d474e6ae4b05252/library/std/src/panicking.rs:665:5
[INFO] [stdout]   17:     0x6082e1df0620 - core::panicking::panic_fmt::ha9db07b529f9b256
[INFO] [stdout]                                at /rustc/df4ca44d3fbc9301ee17f30f4d474e6ae4b05252/library/core/src/panicking.rs:75:14
[INFO] [stdout]   18:     0x6082e1df0a66 - core::result::unwrap_failed::h5e8218e4d4338b8a
[INFO] [stdout]                                at /rustc/df4ca44d3fbc9301ee17f30f4d474e6ae4b05252/library/core/src/result.rs:1698:5
[INFO] [stdout]   19:     0x6082e1bd361b - core::result::Result<T,E>::unwrap::h1addfd3580d533a8
[INFO] [stdout]                                at /rustc/df4ca44d3fbc9301ee17f30f4d474e6ae4b05252/library/core/src/result.rs:1103:23
[INFO] [stdout]   20:     0x6082e1bd361b - vfs::impls::physical::tests::append_file::hcfcc582989cebd0c
[INFO] [stdout]                                at /opt/rustwide/workdir/src/impls/physical.rs:194:9
[INFO] [stdout]   21:     0x6082e1bd32d7 - vfs::impls::physical::tests::append_file::{{closure}}::he8fce4f2ef9b40ab
[INFO] [stdout]                                at /opt/rustwide/workdir/src/impls/physical.rs:189:21
[INFO] [stdout]   22:     0x6082e1bbb0c6 - core::ops::function::FnOnce::call_once::hd4c677b628c1a2c2
[INFO] [stdout]                                at /rustc/df4ca44d3fbc9301ee17f30f4d474e6ae4b05252/library/core/src/ops/function.rs:250:5
[INFO] [stdout]   23:     0x6082e1d9419b - core::ops::function::FnOnce::call_once::h22c3ba5715e93f05
[INFO] [stdout]                                at /rustc/df4ca44d3fbc9301ee17f30f4d474e6ae4b05252/library/core/src/ops/function.rs:250:5
[INFO] [stdout]   24:     0x6082e1d9419b - test::__rust_begin_short_backtrace::h8e82d8113d0da17f
[INFO] [stdout]                                at /rustc/df4ca44d3fbc9301ee17f30f4d474e6ae4b05252/library/test/src/lib.rs:621:18
[INFO] [stdout]   25:     0x6082e1d93b17 - test::run_test_in_process::{{closure}}::h33235f4f20b7b7c7
[INFO] [stdout]                                at /rustc/df4ca44d3fbc9301ee17f30f4d474e6ae4b05252/library/test/src/lib.rs:644:60
[INFO] [stdout]   26:     0x6082e1d93b17 - <core::panic::unwind_safe::AssertUnwindSafe<F> as core::ops::function::FnOnce<()>>::call_once::hb5043206310c586f
[INFO] [stdout]                                at /rustc/df4ca44d3fbc9301ee17f30f4d474e6ae4b05252/library/core/src/panic/unwind_safe.rs:272:9
[INFO] [stdout]   27:     0x6082e1d93b17 - std::panicking::try::do_call::h9ad4731a60ab23e2
[INFO] [stdout]                                at /rustc/df4ca44d3fbc9301ee17f30f4d474e6ae4b05252/library/std/src/panicking.rs:557:40
[INFO] [stdout]   28:     0x6082e1d93b17 - std::panicking::try::h3824d23db772a716
[INFO] [stdout]                                at /rustc/df4ca44d3fbc9301ee17f30f4d474e6ae4b05252/library/std/src/panicking.rs:520:19
[INFO] [stdout]   29:     0x6082e1d93b17 - std::panic::catch_unwind::h5afd514605fde46b
[INFO] [stdout]                                at /rustc/df4ca44d3fbc9301ee17f30f4d474e6ae4b05252/library/std/src/panic.rs:358:14
[INFO] [stdout]   30:     0x6082e1d93b17 - test::run_test_in_process::h0d5cbfa7067d1720
[INFO] [stdout]                                at /rustc/df4ca44d3fbc9301ee17f30f4d474e6ae4b05252/library/test/src/lib.rs:644:27
[INFO] [stdout]   31:     0x6082e1d93b17 - test::run_test::{{closure}}::h708eb8872708115d
[INFO] [stdout]                                at /rustc/df4ca44d3fbc9301ee17f30f4d474e6ae4b05252/library/test/src/lib.rs:565:43
[INFO] [stdout]   32:     0x6082e1d57234 - test::run_test::{{closure}}::h392c51cee94713ab
[INFO] [stdout]                                at /rustc/df4ca44d3fbc9301ee17f30f4d474e6ae4b05252/library/test/src/lib.rs:595:41
[INFO] [stdout]   33:     0x6082e1d57234 - std::sys::backtrace::__rust_begin_short_backtrace::h2f40290710935a8b
[INFO] [stdout]                                at /rustc/df4ca44d3fbc9301ee17f30f4d474e6ae4b05252/library/std/src/sys/backtrace.rs:154:18
[INFO] [stdout]   34:     0x6082e1d5a9de - std::thread::Builder::spawn_unchecked_::{{closure}}::{{closure}}::h3fd968d89053a903
[INFO] [stdout]                                at /rustc/df4ca44d3fbc9301ee17f30f4d474e6ae4b05252/library/std/src/thread/mod.rs:541:17
[INFO] [stdout]   35:     0x6082e1d5a9de - <core::panic::unwind_safe::AssertUnwindSafe<F> as core::ops::function::FnOnce<()>>::call_once::h743f637ba4229880
[INFO] [stdout]                                at /rustc/df4ca44d3fbc9301ee17f30f4d474e6ae4b05252/library/core/src/panic/unwind_safe.rs:272:9
[INFO] [stdout]   36:     0x6082e1d5a9de - std::panicking::try::do_call::h07440897322525a6
[INFO] [stdout]                                at /rustc/df4ca44d3fbc9301ee17f30f4d474e6ae4b05252/library/std/src/panicking.rs:557:40
[INFO] [stdout]   37:     0x6082e1d5a9de - std::panicking::try::he5a2e00188156637
[INFO] [stdout]                                at /rustc/df4ca44d3fbc9301ee17f30f4d474e6ae4b05252/library/std/src/panicking.rs:520:19
[INFO] [stdout]   38:     0x6082e1d5a9de - std::panic::catch_unwind::hbaf3cae49b3c6433
[INFO] [stdout]                                at /rustc/df4ca44d3fbc9301ee17f30f4d474e6ae4b05252/library/std/src/panic.rs:358:14
[INFO] [stdout]   39:     0x6082e1d5a9de - std::thread::Builder::spawn_unchecked_::{{closure}}::h8e141ea224820bce
[INFO] [stdout]                                at /rustc/df4ca44d3fbc9301ee17f30f4d474e6ae4b05252/library/std/src/thread/mod.rs:540:30
[INFO] [stdout]   40:     0x6082e1d5a9de - core::ops::function::FnOnce::call_once{{vtable.shim}}::h90d312fedd7b8ea8
[INFO] [stdout]                                at /rustc/df4ca44d3fbc9301ee17f30f4d474e6ae4b05252/library/core/src/ops/function.rs:250:5
[INFO] [stdout]   41:     0x6082e1dd07db - <alloc::boxed::Box<F,A> as core::ops::function::FnOnce<Args>>::call_once::h69aa08ddb6adb8b6
[INFO] [stdout]                                at /rustc/df4ca44d3fbc9301ee17f30f4d474e6ae4b05252/library/alloc/src/boxed.rs:2454:9
[INFO] [stdout]   42:     0x6082e1dd07db - <alloc::boxed::Box<F,A> as core::ops::function::FnOnce<Args>>::call_once::h5aa36efdb79c806f
[INFO] [stdout]                                at /rustc/df4ca44d3fbc9301ee17f30f4d474e6ae4b05252/library/alloc/src/boxed.rs:2454:9
[INFO] [stdout]   43:     0x6082e1dd07db - std::sys::pal::unix::thread::Thread::new::thread_start::h6cd80a1b4be5158d
[INFO] [stdout]                                at /rustc/df4ca44d3fbc9301ee17f30f4d474e6ae4b05252/library/std/src/sys/pal/unix/thread.rs:105:17
[INFO] [stdout]   44:     0x76db9a944ac3 - <unknown>
[INFO] [stdout]   45:     0x76db9a9d5a04 - clone
[INFO] [stdout]   46:                0x0 - <unknown>
[INFO] [stdout] 
[INFO] [stdout] ---- impls::physical::tests::create_dir stdout ----
[INFO] [stdout] thread 'impls::physical::tests::create_dir' panicked at src/impls/physical.rs:217:59:
[INFO] [stdout] called `Result::unwrap()` on an `Err` value: VfsError { path: "/target/fs_test", kind: Other("Could not create directory, parent directory does not exist"), context: "An error occured", cause: None }
[INFO] [stdout] stack backtrace:
[INFO] [stdout]    0:     0x6082e1dc9dfa - std::backtrace_rs::backtrace::libunwind::trace::h207520d6e9873551
[INFO] [stdout]                                at /rustc/df4ca44d3fbc9301ee17f30f4d474e6ae4b05252/library/std/src/../../backtrace/src/backtrace/libunwind.rs:116:5
[INFO] [stdout]    1:     0x6082e1dc9dfa - std::backtrace_rs::backtrace::trace_unsynchronized::h2ed7433f370e3eca
[INFO] [stdout]                                at /rustc/df4ca44d3fbc9301ee17f30f4d474e6ae4b05252/library/std/src/../../backtrace/src/backtrace/mod.rs:66:5
[INFO] [stdout]    2:     0x6082e1dc9dfa - std::sys::backtrace::_print_fmt::h916fac51166b18d7
[INFO] [stdout]                                at /rustc/df4ca44d3fbc9301ee17f30f4d474e6ae4b05252/library/std/src/sys/backtrace.rs:66:9
[INFO] [stdout]    3:     0x6082e1dc9dfa - <std::sys::backtrace::BacktraceLock::print::DisplayBacktrace as core::fmt::Display>::fmt::ha0a4c9b8ce3802e6
[INFO] [stdout]                                at /rustc/df4ca44d3fbc9301ee17f30f4d474e6ae4b05252/library/std/src/sys/backtrace.rs:39:26
[INFO] [stdout]    4:     0x6082e1df1c23 - core::fmt::rt::Argument::fmt::h4cfc8587d52b3eb5
[INFO] [stdout]                                at /rustc/df4ca44d3fbc9301ee17f30f4d474e6ae4b05252/library/core/src/fmt/rt.rs:177:76
[INFO] [stdout]    5:     0x6082e1df1c23 - core::fmt::write::h522cc39e5b36ae9f
[INFO] [stdout]                                at /rustc/df4ca44d3fbc9301ee17f30f4d474e6ae4b05252/library/core/src/fmt/mod.rs:1190:21
[INFO] [stdout]    6:     0x6082e1dc6533 - std::io::Write::write_fmt::h7d3c26752da97734
[INFO] [stdout]                                at /rustc/df4ca44d3fbc9301ee17f30f4d474e6ae4b05252/library/std/src/io/mod.rs:1839:15
[INFO] [stdout]    7:     0x6082e1dc9c42 - std::sys::backtrace::BacktraceLock::print::h4b9e00b29e9c0942
[INFO] [stdout]                                at /rustc/df4ca44d3fbc9301ee17f30f4d474e6ae4b05252/library/std/src/sys/backtrace.rs:42:9
[INFO] [stdout]    8:     0x6082e1dcb28a - std::panicking::default_hook::{{closure}}::hb59b88280d0324d9
[INFO] [stdout]                                at /rustc/df4ca44d3fbc9301ee17f30f4d474e6ae4b05252/library/std/src/panicking.rs:268:22
[INFO] [stdout]    9:     0x6082e1dcb094 - std::panicking::default_hook::he1dd496665be4a29
[INFO] [stdout]                                at /rustc/df4ca44d3fbc9301ee17f30f4d474e6ae4b05252/library/std/src/panicking.rs:292:9
[INFO] [stdout]   10:     0x6082e1d8f8c9 - <alloc::boxed::Box<F,A> as core::ops::function::Fn<Args>>::call::h4ff71de18744e1dc
[INFO] [stdout]                                at /rustc/df4ca44d3fbc9301ee17f30f4d474e6ae4b05252/library/alloc/src/boxed.rs:2468:9
[INFO] [stdout]   11:     0x6082e1d8f8c9 - test::test_main::{{closure}}::hcf7c055ce117aa81
[INFO] [stdout]                                at /rustc/df4ca44d3fbc9301ee17f30f4d474e6ae4b05252/library/test/src/lib.rs:133:21
[INFO] [stdout]   12:     0x6082e1dcb988 - <alloc::boxed::Box<F,A> as core::ops::function::Fn<Args>>::call::h1d66c6bbd60c9692
[INFO] [stdout]                                at /rustc/df4ca44d3fbc9301ee17f30f4d474e6ae4b05252/library/alloc/src/boxed.rs:2468:9
[INFO] [stdout]   13:     0x6082e1dcb988 - std::panicking::rust_panic_with_hook::h2ff17fe8f26dfcf8
[INFO] [stdout]                                at /rustc/df4ca44d3fbc9301ee17f30f4d474e6ae4b05252/library/std/src/panicking.rs:809:13
[INFO] [stdout]   14:     0x6082e1dcb74a - std::panicking::begin_panic_handler::{{closure}}::h4fad77951c07e101
[INFO] [stdout]                                at /rustc/df4ca44d3fbc9301ee17f30f4d474e6ae4b05252/library/std/src/panicking.rs:674:13
[INFO] [stdout]   15:     0x6082e1dca2d9 - std::sys::backtrace::__rust_end_short_backtrace::hb1a25b3da5d0ea08
[INFO] [stdout]                                at /rustc/df4ca44d3fbc9301ee17f30f4d474e6ae4b05252/library/std/src/sys/backtrace.rs:170:18
[INFO] [stdout]   16:     0x6082e1dcb3dc - rust_begin_unwind
[INFO] [stdout]                                at /rustc/df4ca44d3fbc9301ee17f30f4d474e6ae4b05252/library/std/src/panicking.rs:665:5
[INFO] [stdout]   17:     0x6082e1df0620 - core::panicking::panic_fmt::ha9db07b529f9b256
[INFO] [stdout]                                at /rustc/df4ca44d3fbc9301ee17f30f4d474e6ae4b05252/library/core/src/panicking.rs:75:14
[INFO] [stdout]   18:     0x6082e1df0a66 - core::result::unwrap_failed::h5e8218e4d4338b8a
[INFO] [stdout]                                at /rustc/df4ca44d3fbc9301ee17f30f4d474e6ae4b05252/library/core/src/result.rs:1698:5
[INFO] [stdout]   19:     0x6082e1bd444d - core::result::Result<T,E>::unwrap::h1ea7ac3ec2c18d24
[INFO] [stdout]                                at /rustc/df4ca44d3fbc9301ee17f30f4d474e6ae4b05252/library/core/src/result.rs:1103:23
[INFO] [stdout]   20:     0x6082e1bd444d - vfs::impls::physical::tests::create_dir::h7c63dc2713cf5fab
[INFO] [stdout]                                at /opt/rustwide/workdir/src/impls/physical.rs:217:9
[INFO] [stdout]   21:     0x6082e1bd4177 - vfs::impls::physical::tests::create_dir::{{closure}}::h3c8ec2c66f92a17a
[INFO] [stdout]                                at /opt/rustwide/workdir/src/impls/physical.rs:214:20
[INFO] [stdout]   22:     0x6082e1bb67e6 - core::ops::function::FnOnce::call_once::h1806007d3b9aeb13
[INFO] [stdout]                                at /rustc/df4ca44d3fbc9301ee17f30f4d474e6ae4b05252/library/core/src/ops/function.rs:250:5
[INFO] [stdout]   23:     0x6082e1d9419b - core::ops::function::FnOnce::call_once::h22c3ba5715e93f05
[INFO] [stdout]                                at /rustc/df4ca44d3fbc9301ee17f30f4d474e6ae4b05252/library/core/src/ops/function.rs:250:5
[INFO] [stdout]   24:     0x6082e1d9419b - test::__rust_begin_short_backtrace::h8e82d8113d0da17f
[INFO] [stdout]                                at /rustc/df4ca44d3fbc9301ee17f30f4d474e6ae4b05252/library/test/src/lib.rs:621:18
[INFO] [stdout]   25:     0x6082e1d93b17 - test::run_test_in_process::{{closure}}::h33235f4f20b7b7c7
[INFO] [stdout]                                at /rustc/df4ca44d3fbc9301ee17f30f4d474e6ae4b05252/library/test/src/lib.rs:644:60
[INFO] [stdout]   26:     0x6082e1d93b17 - <core::panic::unwind_safe::AssertUnwindSafe<F> as core::ops::function::FnOnce<()>>::call_once::hb5043206310c586f
[INFO] [stdout]                                at /rustc/df4ca44d3fbc9301ee17f30f4d474e6ae4b05252/library/core/src/panic/unwind_safe.rs:272:9
[INFO] [stdout]   27:     0x6082e1d93b17 - std::panicking::try::do_call::h9ad4731a60ab23e2
[INFO] [stdout]                                at /rustc/df4ca44d3fbc9301ee17f30f4d474e6ae4b05252/library/std/src/panicking.rs:557:40
[INFO] [stdout]   28:     0x6082e1d93b17 - std::panicking::try::h3824d23db772a716
[INFO] [stdout]                                at /rustc/df4ca44d3fbc9301ee17f30f4d474e6ae4b05252/library/std/src/panicking.rs:520:19
[INFO] [stdout]   29:     0x6082e1d93b17 - std::panic::catch_unwind::h5afd514605fde46b
[INFO] [stdout]                                at /rustc/df4ca44d3fbc9301ee17f30f4d474e6ae4b05252/library/std/src/panic.rs:358:14
[INFO] [stdout]   30:     0x6082e1d93b17 - test::run_test_in_process::h0d5cbfa7067d1720
[INFO] [stdout]                                at /rustc/df4ca44d3fbc9301ee17f30f4d474e6ae4b05252/library/test/src/lib.rs:644:27
[INFO] [stdout]   31:     0x6082e1d93b17 - test::run_test::{{closure}}::h708eb8872708115d
[INFO] [stdout]                                at /rustc/df4ca44d3fbc9301ee17f30f4d474e6ae4b05252/library/test/src/lib.rs:565:43
[INFO] [stdout]   32:     0x6082e1d57234 - test::run_test::{{closure}}::h392c51cee94713ab
[INFO] [stdout]                                at /rustc/df4ca44d3fbc9301ee17f30f4d474e6ae4b05252/library/test/src/lib.rs:595:41
[INFO] [stdout]   33:     0x6082e1d57234 - std::sys::backtrace::__rust_begin_short_backtrace::h2f40290710935a8b
[INFO] [stdout]                                at /rustc/df4ca44d3fbc9301ee17f30f4d474e6ae4b05252/library/std/src/sys/backtrace.rs:154:18
[INFO] [stdout]   34:     0x6082e1d5a9de - std::thread::Builder::spawn_unchecked_::{{closure}}::{{closure}}::h3fd968d89053a903
[INFO] [stdout]                                at /rustc/df4ca44d3fbc9301ee17f30f4d474e6ae4b05252/library/std/src/thread/mod.rs:541:17
[INFO] [stdout]   35:     0x6082e1d5a9de - <core::panic::unwind_safe::AssertUnwindSafe<F> as core::ops::function::FnOnce<()>>::call_once::h743f637ba4229880
[INFO] [stdout]                                at /rustc/df4ca44d3fbc9301ee17f30f4d474e6ae4b05252/library/core/src/panic/unwind_safe.rs:272:9
[INFO] [stdout]   36:     0x6082e1d5a9de - std::panicking::try::do_call::h07440897322525a6
[INFO] [stdout]                                at /rustc/df4ca44d3fbc9301ee17f30f4d474e6ae4b05252/library/std/src/panicking.rs:557:40
[INFO] [stdout]   37:     0x6082e1d5a9de - std::panicking::try::he5a2e00188156637
[INFO] [stdout]                                at /rustc/df4ca44d3fbc9301ee17f30f4d474e6ae4b05252/library/std/src/panicking.rs:520:19
[INFO] [stdout]   38:     0x6082e1d5a9de - std::panic::catch_unwind::hbaf3cae49b3c6433
[INFO] [stdout]                                at /rustc/df4ca44d3fbc9301ee17f30f4d474e6ae4b05252/library/std/src/panic.rs:358:14
[INFO] [stdout]   39:     0x6082e1d5a9de - std::thread::Builder::spawn_unchecked_::{{closure}}::h8e141ea224820bce
[INFO] [stdout]                                at /rustc/df4ca44d3fbc9301ee17f30f4d474e6ae4b05252/library/std/src/thread/mod.rs:540:30
[INFO] [stdout]   40:     0x6082e1d5a9de - core::ops::function::FnOnce::call_once{{vtable.shim}}::h90d312fedd7b8ea8
[INFO] [stdout]                                at /rustc/df4ca44d3fbc9301ee17f30f4d474e6ae4b05252/library/core/src/ops/function.rs:250:5
[INFO] [stdout]   41:     0x6082e1dd07db - <alloc::boxed::Box<F,A> as core::ops::function::FnOnce<Args>>::call_once::h69aa08ddb6adb8b6
[INFO] [stdout]                                at /rustc/df4ca44d3fbc9301ee17f30f4d474e6ae4b05252/library/alloc/src/boxed.rs:2454:9
[INFO] [stdout]   42:     0x6082e1dd07db - <alloc::boxed::Box<F,A> as core::ops::function::FnOnce<Args>>::call_once::h5aa36efdb79c806f
[INFO] [stdout]                                at /rustc/df4ca44d3fbc9301ee17f30f4d474e6ae4b05252/library/alloc/src/boxed.rs:2454:9
[INFO] [stdout]   43:     0x6082e1dd07db - std::sys::pal::unix::thread::Thread::new::thread_start::h6cd80a1b4be5158d
[INFO] [stdout]                                at /rustc/df4ca44d3fbc9301ee17f30f4d474e6ae4b05252/library/std/src/sys/pal/unix/thread.rs:105:17
[INFO] [stdout]   44:     0x76db9a944ac3 - <unknown>
[INFO] [stdout]   45:     0x76db9a9d5a04 - clone
[INFO] [stdout]   46:                0x0 - <unknown>
[INFO] [stdout] 
[INFO] [stdout] ---- impls::physical::tests::create_file stdout ----
[INFO] [stdout] thread 'impls::physical::tests::create_file' panicked at src/impls/physical.rs:181:14:
[INFO] [stdout] called `Result::unwrap()` on an `Err` value: VfsError { path: "/target/test.txt", kind: Other("Could not create file, parent directory does not exist"), context: "An error occured", cause: None }
[INFO] [stdout] stack backtrace:
[INFO] [stdout]    0:     0x6082e1dc9dfa - std::backtrace_rs::backtrace::libunwind::trace::h207520d6e9873551
[INFO] [stdout]                                at /rustc/df4ca44d3fbc9301ee17f30f4d474e6ae4b05252/library/std/src/../../backtrace/src/backtrace/libunwind.rs:116:5
[INFO] [stdout]    1:     0x6082e1dc9dfa - std::backtrace_rs::backtrace::trace_unsynchronized::h2ed7433f370e3eca
[INFO] [stdout]                                at /rustc/df4ca44d3fbc9301ee17f30f4d474e6ae4b05252/library/std/src/../../backtrace/src/backtrace/mod.rs:66:5
[INFO] [stdout]    2:     0x6082e1dc9dfa - std::sys::backtrace::_print_fmt::h916fac51166b18d7
[INFO] [stdout]                                at /rustc/df4ca44d3fbc9301ee17f30f4d474e6ae4b05252/library/std/src/sys/backtrace.rs:66:9
[INFO] [stdout]    3:     0x6082e1dc9dfa - <std::sys::backtrace::BacktraceLock::print::DisplayBacktrace as core::fmt::Display>::fmt::ha0a4c9b8ce3802e6
[INFO] [stdout]                                at /rustc/df4ca44d3fbc9301ee17f30f4d474e6ae4b05252/library/std/src/sys/backtrace.rs:39:26
[INFO] [stdout]    4:     0x6082e1df1c23 - core::fmt::rt::Argument::fmt::h4cfc8587d52b3eb5
[INFO] [stdout]                                at /rustc/df4ca44d3fbc9301ee17f30f4d474e6ae4b05252/library/core/src/fmt/rt.rs:177:76
[INFO] [stdout]    5:     0x6082e1df1c23 - core::fmt::write::h522cc39e5b36ae9f
[INFO] [stdout]                                at /rustc/df4ca44d3fbc9301ee17f30f4d474e6ae4b05252/library/core/src/fmt/mod.rs:1190:21
[INFO] [stdout]    6:     0x6082e1dc6533 - std::io::Write::write_fmt::h7d3c26752da97734
[INFO] [stdout]                                at /rustc/df4ca44d3fbc9301ee17f30f4d474e6ae4b05252/library/std/src/io/mod.rs:1839:15
[INFO] [stdout]    7:     0x6082e1dc9c42 - std::sys::backtrace::BacktraceLock::print::h4b9e00b29e9c0942
[INFO] [stdout]                                at /rustc/df4ca44d3fbc9301ee17f30f4d474e6ae4b05252/library/std/src/sys/backtrace.rs:42:9
[INFO] [stdout]    8:     0x6082e1dcb28a - std::panicking::default_hook::{{closure}}::hb59b88280d0324d9
[INFO] [stdout]                                at /rustc/df4ca44d3fbc9301ee17f30f4d474e6ae4b05252/library/std/src/panicking.rs:268:22
[INFO] [stdout]    9:     0x6082e1dcb094 - std::panicking::default_hook::he1dd496665be4a29
[INFO] [stdout]                                at /rustc/df4ca44d3fbc9301ee17f30f4d474e6ae4b05252/library/std/src/panicking.rs:292:9
[INFO] [stdout]   10:     0x6082e1d8f8c9 - <alloc::boxed::Box<F,A> as core::ops::function::Fn<Args>>::call::h4ff71de18744e1dc
[INFO] [stdout]                                at /rustc/df4ca44d3fbc9301ee17f30f4d474e6ae4b05252/library/alloc/src/boxed.rs:2468:9
[INFO] [stdout]   11:     0x6082e1d8f8c9 - test::test_main::{{closure}}::hcf7c055ce117aa81
[INFO] [stdout]                                at /rustc/df4ca44d3fbc9301ee17f30f4d474e6ae4b05252/library/test/src/lib.rs:133:21
[INFO] [stdout]   12:     0x6082e1dcb988 - <alloc::boxed::Box<F,A> as core::ops::function::Fn<Args>>::call::h1d66c6bbd60c9692
[INFO] [stdout]                                at /rustc/df4ca44d3fbc9301ee17f30f4d474e6ae4b05252/library/alloc/src/boxed.rs:2468:9
[INFO] [stdout]   13:     0x6082e1dcb988 - std::panicking::rust_panic_with_hook::h2ff17fe8f26dfcf8
[INFO] [stdout]                                at /rustc/df4ca44d3fbc9301ee17f30f4d474e6ae4b05252/library/std/src/panicking.rs:809:13
[INFO] [stdout]   14:     0x6082e1dcb74a - std::panicking::begin_panic_handler::{{closure}}::h4fad77951c07e101
[INFO] [stdout]                                at /rustc/df4ca44d3fbc9301ee17f30f4d474e6ae4b05252/library/std/src/panicking.rs:674:13
[INFO] [stdout]   15:     0x6082e1dca2d9 - std::sys::backtrace::__rust_end_short_backtrace::hb1a25b3da5d0ea08
[INFO] [stdout]                                at /rustc/df4ca44d3fbc9301ee17f30f4d474e6ae4b05252/library/std/src/sys/backtrace.rs:170:18
[INFO] [stdout]   16:     0x6082e1dcb3dc - rust_begin_unwind
[INFO] [stdout]                                at /rustc/df4ca44d3fbc9301ee17f30f4d474e6ae4b05252/library/std/src/panicking.rs:665:5
[INFO] [stdout]   17:     0x6082e1df0620 - core::panicking::panic_fmt::ha9db07b529f9b256
[INFO] [stdout]                                at /rustc/df4ca44d3fbc9301ee17f30f4d474e6ae4b05252/library/core/src/panicking.rs:75:14
[INFO] [stdout]   18:     0x6082e1df0a66 - core::result::unwrap_failed::h5e8218e4d4338b8a
[INFO] [stdout]                                at /rustc/df4ca44d3fbc9301ee17f30f4d474e6ae4b05252/library/core/src/result.rs:1698:5
[INFO] [stdout]   19:     0x6082e1bd2f0a - core::result::Result<T,E>::unwrap::h1addfd3580d533a8
[INFO] [stdout]                                at /rustc/df4ca44d3fbc9301ee17f30f4d474e6ae4b05252/library/core/src/result.rs:1103:23
[INFO] [stdout]   20:     0x6082e1bd2f0a - vfs::impls::physical::tests::create_file::h7f1d3fea8cc30e0b
[INFO] [stdout]                                at /opt/rustwide/workdir/src/impls/physical.rs:178:9
[INFO] [stdout]   21:     0x6082e1bd2c07 - vfs::impls::physical::tests::create_file::{{closure}}::h2dc2b3342130cb45
[INFO] [stdout]                                at /opt/rustwide/workdir/src/impls/physical.rs:174:21
[INFO] [stdout]   22:     0x6082e1bb8326 - core::ops::function::FnOnce::call_once::h6096245143941aa8
[INFO] [stdout]                                at /rustc/df4ca44d3fbc9301ee17f30f4d474e6ae4b05252/library/core/src/ops/function.rs:250:5
[INFO] [stdout]   23:     0x6082e1d9419b - core::ops::function::FnOnce::call_once::h22c3ba5715e93f05
[INFO] [stdout]                                at /rustc/df4ca44d3fbc9301ee17f30f4d474e6ae4b05252/library/core/src/ops/function.rs:250:5
[INFO] [stdout]   24:     0x6082e1d9419b - test::__rust_begin_short_backtrace::h8e82d8113d0da17f
[INFO] [stdout]                                at /rustc/df4ca44d3fbc9301ee17f30f4d474e6ae4b05252/library/test/src/lib.rs:621:18
[INFO] [stdout]   25:     0x6082e1d93b17 - test::run_test_in_process::{{closure}}::h33235f4f20b7b7c7
[INFO] [stdout]                                at /rustc/df4ca44d3fbc9301ee17f30f4d474e6ae4b05252/library/test/src/lib.rs:644:60
[INFO] [stdout]   26:     0x6082e1d93b17 - <core::panic::unwind_safe::AssertUnwindSafe<F> as core::ops::function::FnOnce<()>>::call_once::hb5043206310c586f
[INFO] [stdout]                                at /rustc/df4ca44d3fbc9301ee17f30f4d474e6ae4b05252/library/core/src/panic/unwind_safe.rs:272:9
[INFO] [stdout]   27:     0x6082e1d93b17 - std::panicking::try::do_call::h9ad4731a60ab23e2
[INFO] [stdout]                                at /rustc/df4ca44d3fbc9301ee17f30f4d474e6ae4b05252/library/std/src/panicking.rs:557:40
[INFO] [stdout]   28:     0x6082e1d93b17 - std::panicking::try::h3824d23db772a716
[INFO] [stdout]                                at /rustc/df4ca44d3fbc9301ee17f30f4d474e6ae4b05252/library/std/src/panicking.rs:520:19
[INFO] [stdout]   29:     0x6082e1d93b17 - std::panic::catch_unwind::h5afd514605fde46b
[INFO] [stdout]                                at /rustc/df4ca44d3fbc9301ee17f30f4d474e6ae4b05252/library/std/src/panic.rs:358:14
[INFO] [stdout]   30:     0x6082e1d93b17 - test::run_test_in_process::h0d5cbfa7067d1720
[INFO] [stdout]                                at /rustc/df4ca44d3fbc9301ee17f30f4d474e6ae4b05252/library/test/src/lib.rs:644:27
[INFO] [stdout]   31:     0x6082e1d93b17 - test::run_test::{{closure}}::h708eb8872708115d
[INFO] [stdout]                                at /rustc/df4ca44d3fbc9301ee17f30f4d474e6ae4b05252/library/test/src/lib.rs:565:43
[INFO] [stdout]   32:     0x6082e1d57234 - test::run_test::{{closure}}::h392c51cee94713ab
[INFO] [stdout]                                at /rustc/df4ca44d3fbc9301ee17f30f4d474e6ae4b05252/library/test/src/lib.rs:595:41
[INFO] [stdout]   33:     0x6082e1d57234 - std::sys::backtrace::__rust_begin_short_backtrace::h2f40290710935a8b
[INFO] [stdout]                                at /rustc/df4ca44d3fbc9301ee17f30f4d474e6ae4b05252/library/std/src/sys/backtrace.rs:154:18
[INFO] [stdout]   34:     0x6082e1d5a9de - std::thread::Builder::spawn_unchecked_::{{closure}}::{{closure}}::h3fd968d89053a903
[INFO] [stdout]                                at /rustc/df4ca44d3fbc9301ee17f30f4d474e6ae4b05252/library/std/src/thread/mod.rs:541:17
[INFO] [stdout]   35:     0x6082e1d5a9de - <core::panic::unwind_safe::AssertUnwindSafe<F> as core::ops::function::FnOnce<()>>::call_once::h743f637ba4229880
[INFO] [stdout]                                at /rustc/df4ca44d3fbc9301ee17f30f4d474e6ae4b05252/library/core/src/panic/unwind_safe.rs:272:9
[INFO] [stdout]   36:     0x6082e1d5a9de - std::panicking::try::do_call::h07440897322525a6
[INFO] [stdout]                                at /rustc/df4ca44d3fbc9301ee17f30f4d474e6ae4b05252/library/std/src/panicking.rs:557:40
[INFO] [stdout]   37:     0x6082e1d5a9de - std::panicking::try::he5a2e00188156637
[INFO] [stdout]                                at /rustc/df4ca44d3fbc9301ee17f30f4d474e6ae4b05252/library/std/src/panicking.rs:520:19
[INFO] [stdout]   38:     0x6082e1d5a9de - std::panic::catch_unwind::hbaf3cae49b3c6433
[INFO] [stdout]                                at /rustc/df4ca44d3fbc9301ee17f30f4d474e6ae4b05252/library/std/src/panic.rs:358:14
[INFO] [stdout]   39:     0x6082e1d5a9de - std::thread::Builder::spawn_unchecked_::{{closure}}::h8e141ea224820bce
[INFO] [stdout]                                at /rustc/df4ca44d3fbc9301ee17f30f4d474e6ae4b05252/library/std/src/thread/mod.rs:540:30
[INFO] [stdout]   40:     0x6082e1d5a9de - core::ops::function::FnOnce::call_once{{vtable.shim}}::h90d312fedd7b8ea8
[INFO] [stdout]                                at /rustc/df4ca44d3fbc9301ee17f30f4d474e6ae4b05252/library/core/src/ops/function.rs:250:5
[INFO] [stdout]   41:     0x6082e1dd07db - <alloc::boxed::Box<F,A> as core::ops::function::FnOnce<Args>>::call_once::h69aa08ddb6adb8b6
[INFO] [stdout]                                at /rustc/df4ca44d3fbc9301ee17f30f4d474e6ae4b05252/library/alloc/src/boxed.rs:2454:9
[INFO] [stdout]   42:     0x6082e1dd07db - <alloc::boxed::Box<F,A> as core::ops::function::FnOnce<Args>>::call_once::h5aa36efdb79c806f
[INFO] [stdout]                                at /rustc/df4ca44d3fbc9301ee17f30f4d474e6ae4b05252/library/alloc/src/boxed.rs:2454:9
[INFO] [stdout]   43:     0x6082e1dd07db - std::sys::pal::unix::thread::Thread::new::thread_start::h6cd80a1b4be5158d
[INFO] [stdout]                                at /rustc/df4ca44d3fbc9301ee17f30f4d474e6ae4b05252/library/std/src/sys/pal/unix/thread.rs:105:17
[INFO] [stdout]   44:     0x76db9a944ac3 - <unknown>
[INFO] [stdout]   45:     0x76db9a9d5a04 - clone
[INFO] [stdout]   46:                0x0 - <unknown>
[INFO] [stdout] 
[INFO] [stdout] 
[INFO] [stdout] failures:
[INFO] [stdout]     impls::physical::tests::append_file
[INFO] [stdout]     impls::physical::tests::create_dir
[INFO] [stdout]     impls::physical::tests::create_file
[INFO] [stdout] 
[INFO] [stdout] test result: FAILED. 393 passed; 3 failed; 0 ignored; 0 measured; 0 filtered out; finished in 0.04s
[INFO] [stdout] 
[INFO] [stderr] error: test failed, to rerun pass `--lib`
[INFO] running `Command { std: "docker" "inspect" "b7be559295d233ab99f9cba43dc2f0541c3938a9092394de7a894cf303af5203", kill_on_drop: false }`
[INFO] running `Command { std: "docker" "rm" "-f" "b7be559295d233ab99f9cba43dc2f0541c3938a9092394de7a894cf303af5203", kill_on_drop: false }`
[INFO] [stdout] b7be559295d233ab99f9cba43dc2f0541c3938a9092394de7a894cf303af5203
