[INFO] fetching crate vercre-holder 0.1.0-alpha.6...
[INFO] testing vercre-holder-0.1.0-alpha.6 against nightly-2024-10-28 for randomize-layout
[INFO] extracting crate vercre-holder 0.1.0-alpha.6 into /workspace/builds/worker-7-tc1/source
[INFO] validating manifest of crates.io crate vercre-holder 0.1.0-alpha.6 on toolchain nightly-2024-10-28
[INFO] running `Command { std: CARGO_HOME="/workspace/cargo-home" RUSTUP_HOME="/workspace/rustup-home" "/workspace/cargo-home/bin/cargo" "+nightly-2024-10-28" "metadata" "--manifest-path" "Cargo.toml" "--no-deps", kill_on_drop: false }`
[INFO] started tweaking crates.io crate vercre-holder 0.1.0-alpha.6
[INFO] removed 0 missing tests
[INFO] finished tweaking crates.io crate vercre-holder 0.1.0-alpha.6
[INFO] tweaked toml for crates.io crate vercre-holder 0.1.0-alpha.6 written to /workspace/builds/worker-7-tc1/source/Cargo.toml
[INFO] running `Command { std: CARGO_HOME="/workspace/cargo-home" RUSTUP_HOME="/workspace/rustup-home" "/workspace/cargo-home/bin/cargo" "+nightly-2024-10-28" "generate-lockfile" "--manifest-path" "Cargo.toml", kill_on_drop: false }`
[INFO] [stderr]     Updating crates.io index
[INFO] [stderr]      Locking 207 packages to latest compatible versions
[INFO] running `Command { std: CARGO_HOME="/workspace/cargo-home" RUSTUP_HOME="/workspace/rustup-home" "/workspace/cargo-home/bin/cargo" "+nightly-2024-10-28" "fetch" "--manifest-path" "Cargo.toml", kill_on_drop: false }`
[INFO] [stderr]  Downloading crates ...
[INFO] [stderr]   Downloaded serde_json_path_macros v0.1.4
[INFO] [stderr]   Downloaded vercre-datasec v0.1.0-alpha.6
[INFO] [stderr]   Downloaded vercre-dif-exch v0.1.0-alpha.6
[INFO] [stderr]   Downloaded serde_json_path_macros_internal v0.1.1
[INFO] [stderr]   Downloaded serde_json_path_core v0.1.6
[INFO] [stderr]   Downloaded vercre-core-utils v0.1.0-alpha.6
[INFO] [stderr]   Downloaded serde_json_path v0.6.7
[INFO] [stderr]   Downloaded vercre-issuer v0.1.0-alpha.6
[INFO] [stderr]   Downloaded vercre-did v0.1.0-alpha.6
[INFO] [stderr]   Downloaded vercre-test-utils v0.1.0-alpha.6
[INFO] [stderr]   Downloaded qrcode v0.14.1
[INFO] [stderr]   Downloaded vercre-openid v0.1.0-alpha.6
[INFO] [stderr]   Downloaded vercre-verifier v0.1.0-alpha.6
[INFO] [stderr]   Downloaded vercre-w3c-vc v0.1.0-alpha.6
[INFO] running `Command { std: "docker" "create" "-v" "/var/lib/crater-agent-workspace/builds/worker-7-tc1/target:/opt/rustwide/target:rw,Z" "-v" "/var/lib/crater-agent-workspace/builds/worker-7-tc1/source:/opt/rustwide/workdir:ro,Z" "-v" "/var/lib/crater-agent-workspace/cargo-home:/opt/rustwide/cargo-home:ro,Z" "-v" "/var/lib/crater-agent-workspace/rustup-home:/opt/rustwide/rustup-home:ro,Z" "-e" "SOURCE_DIR=/opt/rustwide/workdir" "-e" "CARGO_TARGET_DIR=/opt/rustwide/target" "-e" "CARGO_HOME=/opt/rustwide/cargo-home" "-e" "RUSTUP_HOME=/opt/rustwide/rustup-home" "-w" "/opt/rustwide/workdir" "-m" "1610612736" "--user" "0:0" "--network" "none" "ghcr.io/rust-lang/crates-build-env/linux@sha256:4a844ea9eb2546a2d2c7022eacef16ef2e8229c7fbb2c7d4d55a9ceca922f72d" "/opt/rustwide/cargo-home/bin/cargo" "+nightly-2024-10-28" "metadata" "--no-deps" "--format-version=1", kill_on_drop: false }`
[INFO] [stdout] 70c26a0895c64bc86f00e971d6e5dd42518dae59028fb80d16f8ddb5ef8c864d
[INFO] running `Command { std: "docker" "start" "-a" "70c26a0895c64bc86f00e971d6e5dd42518dae59028fb80d16f8ddb5ef8c864d", kill_on_drop: false }`
[INFO] running `Command { std: "docker" "inspect" "70c26a0895c64bc86f00e971d6e5dd42518dae59028fb80d16f8ddb5ef8c864d", kill_on_drop: false }`
[INFO] running `Command { std: "docker" "rm" "-f" "70c26a0895c64bc86f00e971d6e5dd42518dae59028fb80d16f8ddb5ef8c864d", kill_on_drop: false }`
[INFO] [stdout] 70c26a0895c64bc86f00e971d6e5dd42518dae59028fb80d16f8ddb5ef8c864d
[INFO] running `Command { std: "docker" "create" "-v" "/var/lib/crater-agent-workspace/builds/worker-7-tc1/target:/opt/rustwide/target:rw,Z" "-v" "/var/lib/crater-agent-workspace/builds/worker-7-tc1/source:/opt/rustwide/workdir:ro,Z" "-v" "/var/lib/crater-agent-workspace/cargo-home:/opt/rustwide/cargo-home:ro,Z" "-v" "/var/lib/crater-agent-workspace/rustup-home:/opt/rustwide/rustup-home:ro,Z" "-e" "SOURCE_DIR=/opt/rustwide/workdir" "-e" "CARGO_TARGET_DIR=/opt/rustwide/target" "-e" "CARGO_INCREMENTAL=0" "-e" "RUST_BACKTRACE=full" "-e" "RUSTFLAGS=--cap-lints=forbid" "-e" "RUSTDOCFLAGS=--cap-lints=forbid" "-e" "CARGO_HOME=/opt/rustwide/cargo-home" "-e" "RUSTUP_HOME=/opt/rustwide/rustup-home" "-w" "/opt/rustwide/workdir" "-m" "1610612736" "--user" "0:0" "--network" "none" "ghcr.io/rust-lang/crates-build-env/linux@sha256:4a844ea9eb2546a2d2c7022eacef16ef2e8229c7fbb2c7d4d55a9ceca922f72d" "/opt/rustwide/cargo-home/bin/cargo" "+nightly-2024-10-28" "build" "--frozen" "--message-format=json", kill_on_drop: false }`
[INFO] [stdout] e10c2842b96f159d44a66ff19ee4828b806495763037244c484627ea346ec684
[INFO] running `Command { std: "docker" "start" "-a" "e10c2842b96f159d44a66ff19ee4828b806495763037244c484627ea346ec684", kill_on_drop: false }`
[INFO] [stderr]    Compiling proc-macro2 v1.0.89
[INFO] [stderr]    Compiling unicode-ident v1.0.13
[INFO] [stderr]    Compiling libc v0.2.161
[INFO] [stderr]    Compiling version_check v0.9.5
[INFO] [stderr]    Compiling typenum v1.17.0
[INFO] [stderr]    Compiling subtle v2.6.1
[INFO] [stderr]    Compiling const-oid v0.9.6
[INFO] [stderr]    Compiling autocfg v1.4.0
[INFO] [stderr]    Compiling semver v1.0.23
[INFO] [stderr]    Compiling cpufeatures v0.2.14
[INFO] [stderr]    Compiling byteorder v1.5.0
[INFO] [stderr]    Compiling serde v1.0.214
[INFO] [stderr]    Compiling memchr v2.7.4
[INFO] [stderr]    Compiling once_cell v1.20.2
[INFO] [stderr]    Compiling scopeguard v1.2.0
[INFO] [stderr]    Compiling opaque-debug v0.3.1
[INFO] [stderr]    Compiling thiserror v1.0.66
[INFO] [stderr]    Compiling serde_json v1.0.132
[INFO] [stderr]    Compiling itoa v1.0.11
[INFO] [stderr]    Compiling ryu v1.0.18
[INFO] [stderr]    Compiling stable_deref_trait v1.2.0
[INFO] [stderr]    Compiling base16ct v0.2.0
[INFO] [stderr]    Compiling hash32 v0.2.1
[INFO] [stderr]    Compiling simd-adler32 v0.3.7
[INFO] [stderr]    Compiling inventory v0.3.15
[INFO] [stderr]    Compiling anyhow v1.0.92
[INFO] [stderr]    Compiling adler2 v2.0.0
[INFO] [stderr]    Compiling regex-syntax v0.8.5
[INFO] [stderr]    Compiling crc32fast v1.4.2
[INFO] [stderr]    Compiling minimal-lexical v0.2.1
[INFO] [stderr]    Compiling tracing-core v0.1.32
[INFO] [stderr]    Compiling miniz_oxide v0.8.0
[INFO] [stderr]    Compiling fdeflate v0.3.6
[INFO] [stderr]    Compiling generic-array v0.14.7
[INFO] [stderr]    Compiling bitflags v1.3.2
[INFO] [stderr]    Compiling iana-time-zone v0.1.61
[INFO] [stderr]    Compiling pin-project-lite v0.2.15
[INFO] [stderr]    Compiling base64ct v1.6.0
[INFO] [stderr]    Compiling lock_api v0.4.12
[INFO] [stderr]    Compiling rustc_version v0.4.1
[INFO] [stderr]    Compiling num-traits v0.2.19
[INFO] [stderr]    Compiling aho-corasick v1.1.3
[INFO] [stderr]    Compiling nom v7.1.3
[INFO] [stderr]    Compiling quote v1.0.37
[INFO] [stderr]    Compiling fastrand v2.1.1
[INFO] [stderr]    Compiling heapless v0.7.17
[INFO] [stderr]    Compiling syn v2.0.86
[INFO] [stderr]    Compiling spin v0.9.8
[INFO] [stderr]    Compiling getrandom v0.2.15
[INFO] [stderr]    Compiling curve25519-dalek v4.1.3
[INFO] [stderr]    Compiling flate2 v1.0.34
[INFO] [stderr]    Compiling byteorder-lite v0.1.0
[INFO] [stderr]    Compiling bytemuck v1.19.0
[INFO] [stderr]    Compiling percent-encoding v2.3.1
[INFO] [stderr]    Compiling rand_core v0.6.4
[INFO] [stderr]    Compiling urlencoding v2.1.3
[INFO] [stderr]    Compiling ff v0.13.0
[INFO] [stderr]    Compiling group v0.13.0
[INFO] [stderr]    Compiling png v0.17.14
[INFO] [stderr]    Compiling image v0.25.4
[INFO] [stderr]    Compiling regex-automata v0.4.8
[INFO] [stderr]    Compiling qrcode v0.14.1
[INFO] [stderr]    Compiling regex v1.11.1
[INFO] [stderr]    Compiling zeroize_derive v1.4.2
[INFO] [stderr]    Compiling serde_derive v1.0.214
[INFO] [stderr]    Compiling thiserror-impl v1.0.66
[INFO] [stderr]    Compiling curve25519-dalek-derive v0.1.1
[INFO] [stderr]    Compiling zerocopy-derive v0.7.35
[INFO] [stderr]    Compiling serde_json_path_macros_internal v0.1.1
[INFO] [stderr]    Compiling tracing-attributes v0.1.27
[INFO] [stderr]    Compiling zeroize v1.8.1
[INFO] [stderr]    Compiling der v0.7.9
[INFO] [stderr]    Compiling zerocopy v0.7.35
[INFO] [stderr]    Compiling tracing v0.1.40
[INFO] [stderr]    Compiling crypto-common v0.1.6
[INFO] [stderr]    Compiling block-buffer v0.10.4
[INFO] [stderr]    Compiling inout v0.1.3
[INFO] [stderr]    Compiling crypto-bigint v0.5.5
[INFO] [stderr]    Compiling universal-hash v0.5.1
[INFO] [stderr]    Compiling aead v0.5.2
[INFO] [stderr]    Compiling digest v0.10.7
[INFO] [stderr]    Compiling cipher v0.4.4
[INFO] [stderr]    Compiling polyval v0.6.2
[INFO] [stderr]    Compiling poly1305 v0.8.0
[INFO] [stderr]    Compiling ppv-lite86 v0.2.20
[INFO] [stderr]    Compiling signature v2.2.0
[INFO] [stderr]    Compiling hmac v0.12.1
[INFO] [stderr]    Compiling sha2 v0.10.8
[INFO] [stderr]    Compiling chacha20 v0.9.1
[INFO] [stderr]    Compiling salsa20 v0.10.2
[INFO] [stderr]    Compiling ctr v0.9.2
[INFO] [stderr]    Compiling aes v0.8.4
[INFO] [stderr]    Compiling ghash v0.5.1
[INFO] [stderr]    Compiling ed25519 v2.2.3
[INFO] [stderr]    Compiling rfc6979 v0.4.0
[INFO] [stderr]    Compiling crypto_secretbox v0.1.1
[INFO] [stderr]    Compiling spki v0.7.3
[INFO] [stderr]    Compiling sec1 v0.7.3
[INFO] [stderr]    Compiling rand_chacha v0.3.1
[INFO] [stderr]    Compiling pkcs8 v0.10.2
[INFO] [stderr]    Compiling rand v0.8.5
[INFO] [stderr]    Compiling aes-gcm v0.10.3
[INFO] [stderr]    Compiling x25519-dalek v2.0.1
[INFO] [stderr]    Compiling ed25519-dalek v2.1.1
[INFO] [stderr]    Compiling crypto_box v0.9.1
[INFO] [stderr]    Compiling uuid v1.11.0
[INFO] [stderr]    Compiling elliptic-curve v0.13.8
[INFO] [stderr]    Compiling ecdsa v0.16.9
[INFO] [stderr]    Compiling k256 v0.13.4
[INFO] [stderr]    Compiling chrono v0.4.38
[INFO] [stderr]    Compiling vercre-core-utils v0.1.0-alpha.6
[INFO] [stderr]    Compiling serde_qs v0.13.0
[INFO] [stderr]    Compiling serde_json_path_core v0.1.6
[INFO] [stderr]    Compiling vercre-datasec v0.1.0-alpha.6
[INFO] [stderr]    Compiling serde_json_path_macros v0.1.4
[INFO] [stderr]    Compiling serde_json_path v0.6.7
[INFO] [stderr]    Compiling vercre-dif-exch v0.1.0-alpha.6
[INFO] [stderr]    Compiling vercre-w3c-vc v0.1.0-alpha.6
[INFO] [stderr]    Compiling vercre-openid v0.1.0-alpha.6
[INFO] [stderr]    Compiling vercre-holder v0.1.0-alpha.6 (/opt/rustwide/workdir)
[INFO] [stderr]     Finished `dev` profile [unoptimized + debuginfo] target(s) in 14.08s
[INFO] running `Command { std: "docker" "inspect" "e10c2842b96f159d44a66ff19ee4828b806495763037244c484627ea346ec684", kill_on_drop: false }`
[INFO] running `Command { std: "docker" "rm" "-f" "e10c2842b96f159d44a66ff19ee4828b806495763037244c484627ea346ec684", kill_on_drop: false }`
[INFO] [stdout] e10c2842b96f159d44a66ff19ee4828b806495763037244c484627ea346ec684
[INFO] running `Command { std: "docker" "create" "-v" "/var/lib/crater-agent-workspace/builds/worker-7-tc1/target:/opt/rustwide/target:rw,Z" "-v" "/var/lib/crater-agent-workspace/builds/worker-7-tc1/source:/opt/rustwide/workdir:ro,Z" "-v" "/var/lib/crater-agent-workspace/cargo-home:/opt/rustwide/cargo-home:ro,Z" "-v" "/var/lib/crater-agent-workspace/rustup-home:/opt/rustwide/rustup-home:ro,Z" "-e" "SOURCE_DIR=/opt/rustwide/workdir" "-e" "CARGO_TARGET_DIR=/opt/rustwide/target" "-e" "CARGO_INCREMENTAL=0" "-e" "RUST_BACKTRACE=full" "-e" "RUSTFLAGS=--cap-lints=forbid" "-e" "RUSTDOCFLAGS=--cap-lints=forbid" "-e" "CARGO_HOME=/opt/rustwide/cargo-home" "-e" "RUSTUP_HOME=/opt/rustwide/rustup-home" "-w" "/opt/rustwide/workdir" "-m" "1610612736" "--user" "0:0" "--network" "none" "ghcr.io/rust-lang/crates-build-env/linux@sha256:4a844ea9eb2546a2d2c7022eacef16ef2e8229c7fbb2c7d4d55a9ceca922f72d" "/opt/rustwide/cargo-home/bin/cargo" "+nightly-2024-10-28" "test" "--frozen" "--no-run" "--message-format=json", kill_on_drop: false }`
[INFO] [stdout] e6bc379152d2d6f3e838864d3a59d202fb556237aa66399985e2d4116178380d
[INFO] running `Command { std: "docker" "start" "-a" "e6bc379152d2d6f3e838864d3a59d202fb556237aa66399985e2d4116178380d", kill_on_drop: false }`
[INFO] [stderr]    Compiling libc v0.2.161
[INFO] [stderr]    Compiling memchr v2.7.4
[INFO] [stderr]    Compiling tracing-core v0.1.32
[INFO] [stderr]    Compiling curve25519-dalek v4.1.3
[INFO] [stderr]    Compiling strsim v0.11.1
[INFO] [stderr]    Compiling syn v1.0.109
[INFO] [stderr]    Compiling tinyvec_macros v0.1.1
[INFO] [stderr]    Compiling ucd-trie v0.1.7
[INFO] [stderr]    Compiling lazy_static v1.5.0
[INFO] [stderr]    Compiling data-encoding v2.6.0
[INFO] [stderr]    Compiling regex-syntax v0.6.29
[INFO] [stderr]    Compiling unicode-bidi v0.3.17
[INFO] [stderr]    Compiling form_urlencoded v1.2.1
[INFO] [stderr]    Compiling log v0.4.22
[INFO] [stderr]    Compiling base-x v0.2.11
[INFO] [stderr]    Compiling tinyvec v1.8.0
[INFO] [stderr]    Compiling overload v0.1.1
[INFO] [stderr]    Compiling nu-ansi-term v0.46.0
[INFO] [stderr]    Compiling sharded-slab v0.1.7
[INFO] [stderr]    Compiling darling_core v0.20.10
[INFO] [stderr]    Compiling thread_local v1.1.8
[INFO] [stderr]    Compiling smallvec v1.13.2
[INFO] [stderr]    Compiling tokio-macros v2.4.0
[INFO] [stderr]    Compiling linked-hash-map v0.5.6
[INFO] [stderr]    Compiling tracing v0.1.40
[INFO] [stderr]    Compiling tracing-log v0.2.0
[INFO] [stderr]    Compiling similar v2.6.0
[INFO] [stderr]    Compiling serde_json v1.0.132
[INFO] [stderr]    Compiling aho-corasick v1.1.3
[INFO] [stderr]    Compiling nom v7.1.3
[INFO] [stderr]    Compiling pest v2.7.14
[INFO] [stderr]    Compiling getrandom v0.2.15
[INFO] [stderr]    Compiling unicode-normalization v0.1.24
[INFO] [stderr]    Compiling console v0.15.8
[INFO] [stderr]    Compiling rand_core v0.6.4
[INFO] [stderr]    Compiling tokio v1.41.0
[INFO] [stderr]    Compiling crypto-common v0.1.6
[INFO] [stderr]    Compiling ff v0.13.0
[INFO] [stderr]    Compiling crypto-bigint v0.5.5
[INFO] [stderr]    Compiling rand_chacha v0.3.1
[INFO] [stderr]    Compiling data-encoding-macro-internal v0.1.13
[INFO] [stderr]    Compiling digest v0.10.7
[INFO] [stderr]    Compiling cipher v0.4.4
[INFO] [stderr]    Compiling universal-hash v0.5.1
[INFO] [stderr]    Compiling group v0.13.0
[INFO] [stderr]    Compiling aead v0.5.2
[INFO] [stderr]    Compiling signature v2.2.0
[INFO] [stderr]    Compiling hmac v0.12.1
[INFO] [stderr]    Compiling sha2 v0.10.8
[INFO] [stderr]    Compiling salsa20 v0.10.2
[INFO] [stderr]    Compiling chacha20 v0.9.1
[INFO] [stderr]    Compiling rfc6979 v0.4.0
[INFO] [stderr]    Compiling polyval v0.6.2
[INFO] [stderr]    Compiling poly1305 v0.8.0
[INFO] [stderr]    Compiling ed25519 v2.2.3
[INFO] [stderr]    Compiling serde_json_path_core v0.1.6
[INFO] [stderr]    Compiling ghash v0.5.1
[INFO] [stderr]    Compiling aes v0.8.4
[INFO] [stderr]    Compiling ctr v0.9.2
[INFO] [stderr]    Compiling regex-automata v0.4.8
[INFO] [stderr]    Compiling rand v0.8.5
[INFO] [stderr]    Compiling crypto_secretbox v0.1.1
[INFO] [stderr]    Compiling regex-automata v0.1.10
[INFO] [stderr]    Compiling data-encoding-macro v0.1.15
[INFO] [stderr]    Compiling serde_json_path_macros v0.1.4
[INFO] [stderr]    Compiling pest_meta v2.7.14
[INFO] [stderr]    Compiling idna v0.5.0
[INFO] [stderr]    Compiling multibase v0.9.1
[INFO] [stderr]    Compiling aes-gcm v0.10.3
[INFO] [stderr]    Compiling url v2.5.2
[INFO] [stderr]    Compiling uuid v1.11.0
[INFO] [stderr]    Compiling matchers v0.1.0
[INFO] [stderr]    Compiling elliptic-curve v0.13.8
[INFO] [stderr]    Compiling crypto_box v0.9.1
[INFO] [stderr]    Compiling x25519-dalek v2.0.1
[INFO] [stderr]    Compiling ed25519-dalek v2.1.1
[INFO] [stderr]    Compiling darling_macro v0.20.10
[INFO] [stderr]    Compiling pest_generator v2.7.14
[INFO] [stderr]    Compiling ecdsa v0.16.9
[INFO] [stderr]    Compiling darling v0.20.10
[INFO] [stderr]    Compiling derive_builder_core v0.20.2
[INFO] [stderr]    Compiling k256 v0.13.4
[INFO] [stderr]    Compiling pest_derive v2.7.14
[INFO] [stderr]    Compiling vercre-datasec v0.1.0-alpha.6
[INFO] [stderr]    Compiling insta v1.41.1
[INFO] [stderr]    Compiling regex v1.11.1
[INFO] [stderr]    Compiling derive_builder_macro v0.20.2
[INFO] [stderr]    Compiling derive_builder v0.20.2
[INFO] [stderr]    Compiling serde_json_path v0.6.7
[INFO] [stderr]    Compiling tracing-subscriber v0.3.18
[INFO] [stderr]    Compiling vercre-did v0.1.0-alpha.6
[INFO] [stderr]    Compiling vercre-dif-exch v0.1.0-alpha.6
[INFO] [stderr]    Compiling vercre-w3c-vc v0.1.0-alpha.6
[INFO] [stderr]    Compiling vercre-openid v0.1.0-alpha.6
[INFO] [stderr]    Compiling vercre-issuer v0.1.0-alpha.6
[INFO] [stderr]    Compiling vercre-verifier v0.1.0-alpha.6
[INFO] [stderr]    Compiling vercre-holder v0.1.0-alpha.6 (/opt/rustwide/workdir)
[INFO] [stderr]    Compiling vercre-test-utils v0.1.0-alpha.6
[INFO] [stdout] warning: missing documentation for the crate
[INFO] [stdout]    --> tests/provider.rs:1:1
[INFO] [stdout]     |
[INFO] [stdout] 1   | / use std::collections::HashMap;
[INFO] [stdout] 2   | | use std::str;
[INFO] [stdout] 3   | | use std::sync::{Arc, Mutex};
[INFO] [stdout] ...   |
[INFO] [stdout] 157 | |     }
[INFO] [stdout] 158 | | }
[INFO] [stdout]     | |_^
[INFO] [stdout]     |
[INFO] [stdout]     = note: requested on the command line with `-W missing-docs`
[INFO] [stdout] 
[INFO] [stdout] 
[INFO] [stdout] warning: missing documentation for a struct
[INFO] [stdout]   --> tests/provider.rs:22:1
[INFO] [stdout]    |
[INFO] [stdout] 22 | pub struct Provider {
[INFO] [stdout]    | ^^^^^^^^^^^^^^^^^^^
[INFO] [stdout] 
[INFO] [stdout] 
[INFO] [stdout] warning: missing documentation for an associated function
[INFO] [stdout]   --> tests/provider.rs:31:5
[INFO] [stdout]    |
[INFO] [stdout] 31 |     pub fn new(issuer: Option<issuer::Provider>, verifier: Option<verifier::Provider>) -> Self {
[INFO] [stdout]    |     ^^^^^^^^^^^^^^^^^^^^^^^^^^^^^^^^^^^^^^^^^^^^^^^^^^^^^^^^^^^^^^^^^^^^^^^^^^^^^^^^^^^^^^^^^^
[INFO] [stdout] 
[INFO] [stdout] 
[INFO] [stdout] warning: missing documentation for the crate
[INFO] [stdout]    --> tests/issuance.rs:1:1
[INFO] [stdout]     |
[INFO] [stdout] 1   | / mod provider;
[INFO] [stdout] 2   | |
[INFO] [stdout] 3   | | use std::sync::LazyLock;
[INFO] [stdout] ...   |
[INFO] [stdout] 103 | |     });
[INFO] [stdout] 104 | | }
[INFO] [stdout]     | |_^
[INFO] [stdout]     |
[INFO] [stdout]     = note: requested on the command line with `-W missing-docs`
[INFO] [stdout] 
[INFO] [stdout] 
[INFO] [stdout] warning: missing documentation for the crate
[INFO] [stdout]    --> tests/presentation.rs:1:1
[INFO] [stdout]     |
[INFO] [stdout] 1   | / mod provider;
[INFO] [stdout] 2   | |
[INFO] [stdout] 3   | | use std::sync::LazyLock;
[INFO] [stdout] ...   |
[INFO] [stdout] 220 | |     assert_snapshot!("response_response2", response);
[INFO] [stdout] 221 | | }
[INFO] [stdout]     | |_^
[INFO] [stdout]     |
[INFO] [stdout]     = note: requested on the command line with `-W missing-docs`
[INFO] [stdout] 
[INFO] [stdout] 
[INFO] [stderr]     Finished `test` profile [unoptimized + debuginfo] target(s) in 11.58s
[INFO] running `Command { std: "docker" "inspect" "e6bc379152d2d6f3e838864d3a59d202fb556237aa66399985e2d4116178380d", kill_on_drop: false }`
[INFO] running `Command { std: "docker" "rm" "-f" "e6bc379152d2d6f3e838864d3a59d202fb556237aa66399985e2d4116178380d", kill_on_drop: false }`
[INFO] [stdout] e6bc379152d2d6f3e838864d3a59d202fb556237aa66399985e2d4116178380d
[INFO] running `Command { std: "docker" "create" "-v" "/var/lib/crater-agent-workspace/builds/worker-7-tc1/target:/opt/rustwide/target:rw,Z" "-v" "/var/lib/crater-agent-workspace/builds/worker-7-tc1/source:/opt/rustwide/workdir:ro,Z" "-v" "/var/lib/crater-agent-workspace/cargo-home:/opt/rustwide/cargo-home:ro,Z" "-v" "/var/lib/crater-agent-workspace/rustup-home:/opt/rustwide/rustup-home:ro,Z" "-e" "SOURCE_DIR=/opt/rustwide/workdir" "-e" "CARGO_TARGET_DIR=/opt/rustwide/target" "-e" "CARGO_INCREMENTAL=0" "-e" "RUST_BACKTRACE=full" "-e" "RUSTFLAGS=--cap-lints=forbid" "-e" "RUSTDOCFLAGS=--cap-lints=forbid" "-e" "CARGO_HOME=/opt/rustwide/cargo-home" "-e" "RUSTUP_HOME=/opt/rustwide/rustup-home" "-w" "/opt/rustwide/workdir" "-m" "1610612736" "--user" "0:0" "--network" "none" "ghcr.io/rust-lang/crates-build-env/linux@sha256:4a844ea9eb2546a2d2c7022eacef16ef2e8229c7fbb2c7d4d55a9ceca922f72d" "/opt/rustwide/cargo-home/bin/cargo" "+nightly-2024-10-28" "test" "--frozen", kill_on_drop: false }`
[INFO] [stdout] aa5fd4157e216090c139c9a567a791ab45de3296d4cc725b928c9f1b4b11807c
[INFO] running `Command { std: "docker" "start" "-a" "aa5fd4157e216090c139c9a567a791ab45de3296d4cc725b928c9f1b4b11807c", kill_on_drop: false }`
[INFO] [stderr] warning: missing documentation for the crate
[INFO] [stderr]    --> tests/provider.rs:1:1
[INFO] [stderr]     |
[INFO] [stderr] 1   | / use std::collections::HashMap;
[INFO] [stderr] 2   | | use std::str;
[INFO] [stderr] 3   | | use std::sync::{Arc, Mutex};
[INFO] [stderr] ...   |
[INFO] [stderr] 157 | |     }
[INFO] [stderr] 158 | | }
[INFO] [stderr]     | |_^
[INFO] [stderr]     |
[INFO] [stderr]     = note: requested on the command line with `-W missing-docs`
[INFO] [stderr] 
[INFO] [stderr] warning: missing documentation for a struct
[INFO] [stderr]   --> tests/provider.rs:22:1
[INFO] [stderr]    |
[INFO] [stderr] 22 | pub struct Provider {
[INFO] [stderr]    | ^^^^^^^^^^^^^^^^^^^
[INFO] [stderr] 
[INFO] [stderr] warning: missing documentation for an associated function
[INFO] [stderr]   --> tests/provider.rs:31:5
[INFO] [stderr]    |
[INFO] [stderr] 31 |     pub fn new(issuer: Option<issuer::Provider>, verifier: Option<verifier::Provider>) -> Self {
[INFO] [stderr]    |     ^^^^^^^^^^^^^^^^^^^^^^^^^^^^^^^^^^^^^^^^^^^^^^^^^^^^^^^^^^^^^^^^^^^^^^^^^^^^^^^^^^^^^^^^^^
[INFO] [stderr] 
[INFO] [stderr] warning: missing documentation for the crate
[INFO] [stderr]    --> tests/issuance.rs:1:1
[INFO] [stderr]     |
[INFO] [stderr] 1   | / mod provider;
[INFO] [stderr] 2   | |
[INFO] [stderr] 3   | | use std::sync::LazyLock;
[INFO] [stderr] ...   |
[INFO] [stderr] 103 | |     });
[INFO] [stderr] 104 | | }
[INFO] [stderr]     | |_^
[INFO] [stderr]     |
[INFO] [stderr]     = note: requested on the command line with `-W missing-docs`
[INFO] [stderr] 
[INFO] [stderr] warning: missing documentation for the crate
[INFO] [stderr]    --> tests/presentation.rs:1:1
[INFO] [stderr]     |
[INFO] [stderr] 1   | / mod provider;
[INFO] [stderr] 2   | |
[INFO] [stderr] 3   | | use std::sync::LazyLock;
[INFO] [stderr] ...   |
[INFO] [stderr] 220 | |     assert_snapshot!("response_response2", response);
[INFO] [stderr] 221 | | }
[INFO] [stderr]     | |_^
[INFO] [stderr]     |
[INFO] [stderr]     = note: requested on the command line with `-W missing-docs`
[INFO] [stderr] 
[INFO] [stderr] warning: `vercre-holder` (test "provider") generated 3 warnings
[INFO] [stderr] warning: `vercre-holder` (test "issuance") generated 1 warning
[INFO] [stderr] warning: `vercre-holder` (test "presentation") generated 1 warning
[INFO] [stderr]     Finished `test` profile [unoptimized + debuginfo] target(s) in 0.11s
[INFO] [stderr]      Running unittests src/lib.rs (/opt/rustwide/target/debug/deps/vercre_holder-390bfdeddb208c22)
[INFO] [stdout] 
[INFO] [stdout] running 0 tests
[INFO] [stdout] 
[INFO] [stdout] test result: ok. 0 passed; 0 failed; 0 ignored; 0 measured; 0 filtered out; finished in 0.00s
[INFO] [stdout] 
[INFO] [stderr]      Running tests/issuance.rs (/opt/rustwide/target/debug/deps/issuance-4ea155c7248e36e8)
[INFO] [stdout] 
[INFO] [stdout] running 1 test
[INFO] [stdout] test e2e_issuance ... FAILED
[INFO] [stdout] 
[INFO] [stdout] failures:
[INFO] [stdout] 
[INFO] [stdout] ---- e2e_issuance stdout ----
[INFO] [stdout] ━━━━━━━━━━━━━━━━━━━━━━━━━━━━━━━ Snapshot Summary ━━━━━━━━━━━━━━━━━━━━━━━━━━━━━━━
[INFO] [stdout] Snapshot file: tests/snapshots/issuance__issuance_created.snap
[INFO] [stdout] Snapshot: issuance_created
[INFO] [stdout] Source: tests/issuance.rs:47
[INFO] [stdout] ────────────────────────────────────────────────────────────────────────────────
[INFO] [stdout] Expression: issuance
[INFO] [stdout] ────────────────────────────────────────────────────────────────────────────────
[INFO] [stdout] +new results
[INFO] [stdout] ────────────┬───────────────────────────────────────────────────────────────────
[INFO] [stdout]           0 │+id: "[id]"
[INFO] [stdout]           1 │+client_id: 96bfb9cb-0513-7d64-5532-bed74c48f9ab
[INFO] [stdout]           2 │+status: Ready
[INFO] [stdout]           3 │+offer:
[INFO] [stdout]           4 │+  credential_configuration_ids:
[INFO] [stdout]           5 │+    - EmployeeID_JWT
[INFO] [stdout]           6 │+  credential_issuer: "http://vercre.io"
[INFO] [stdout]           7 │+  grants:
[INFO] [stdout]           8 │+    "urn:ietf:params:oauth:grant-type:pre-authorized_code":
[INFO] [stdout]           9 │+      pre-authorized_code: "[pre-authorized_code]"
[INFO] [stdout]          10 │+      tx_code:
[INFO] [stdout]          11 │+        input_mode: numeric
[INFO] [stdout]          12 │+        length: 6
[INFO] [stdout]          13 │+        description: Please provide the one-time code received
[INFO] [stdout]          14 │+offered:
[INFO] [stdout]          15 │+  EmployeeID_JWT:
[INFO] [stdout]          16 │+    format: jwt_vc_json
[INFO] [stdout]          17 │+    scope: EmployeeIDCredential
[INFO] [stdout]          18 │+    cryptographic_binding_methods_supported:
[INFO] [stdout]          19 │+      - "did:key"
[INFO] [stdout]          20 │+      - "did:web"
[INFO] [stdout]          21 │+    credential_signing_alg_values_supported:
[INFO] [stdout]          22 │+      - ES256K
[INFO] [stdout]          23 │+      - EdDSA
[INFO] [stdout]          24 │+    proof_types_supported:
[INFO] [stdout]          25 │+      jwt:
[INFO] [stdout]          26 │+        proof_signing_alg_values_supported:
[INFO] [stdout]          27 │+          - ES256K
[INFO] [stdout]          28 │+          - EdDSA
[INFO] [stdout]          29 │+    display:
[INFO] [stdout]          30 │+      - name: Employee ID
[INFO] [stdout]          31 │+        locale: en-NZ
[INFO] [stdout]          32 │+        logo:
[INFO] [stdout]          33 │+          uri: "https://vercre.github.io/assets/employee.png"
[INFO] [stdout]          34 │+          alt_text: Vercre Logo
[INFO] [stdout]          35 │+        description: Vercre employee ID credential
[INFO] [stdout]          36 │+        background_color: "#323ed2"
[INFO] [stdout]          37 │+        background_image:
[INFO] [stdout]          38 │+          uri: "https://vercre.github.io/assets/vercre-background.png"
[INFO] [stdout]          39 │+          alt_text: Vercre Background
[INFO] [stdout]          40 │+        text_color: "#ffffff"
[INFO] [stdout]          41 │+    credential_definition:
[INFO] [stdout]          42 │+      "@context":
[INFO] [stdout]          43 │+        - "https://www.w3.org/2018/credentials/v1"
[INFO] [stdout]          44 │+        - "https://www.w3.org/2018/credentials/examples/v1"
[INFO] [stdout]          45 │+      type:
[INFO] [stdout]          46 │+        - VerifiableCredential
[INFO] [stdout]          47 │+        - EmployeeIDCredential
[INFO] [stdout]          48 │+      credentialSubject:
[INFO] [stdout]          49 │+        email:
[INFO] [stdout]          50 │+          mandatory: true
[INFO] [stdout]          51 │+          value_type: string
[INFO] [stdout]          52 │+          display:
[INFO] [stdout]          53 │+            - name: Email
[INFO] [stdout]          54 │+              locale: en-NZ
[INFO] [stdout]          55 │+        familyName:
[INFO] [stdout]          56 │+          mandatory: true
[INFO] [stdout]          57 │+          value_type: string
[INFO] [stdout]          58 │+          display:
[INFO] [stdout]          59 │+            - name: Family name
[INFO] [stdout]          60 │+              locale: en-NZ
[INFO] [stdout]          61 │+        givenName:
[INFO] [stdout]          62 │+          mandatory: true
[INFO] [stdout]          63 │+          value_type: string
[INFO] [stdout]          64 │+          display:
[INFO] [stdout]          65 │+            - name: Given name
[INFO] [stdout]          66 │+              locale: en-NZ
[INFO] [stdout]          67 │+pin: ~
[INFO] [stdout]          68 │+token:
[INFO] [stdout]          69 │+  access_token: ""
[INFO] [stdout]          70 │+  token_type: Bearer
[INFO] [stdout]          71 │+  expires_in: 0
[INFO] [stdout] ────────────┴───────────────────────────────────────────────────────────────────
[INFO] [stdout] thread 'e2e_issuance' panicked at tests/issuance.rs:47:5:
[INFO] [stdout] called `Result::unwrap()` on an `Err` value: Os { code: 30, kind: ReadOnlyFilesystem, message: "Read-only file system" }
[INFO] [stdout] stack backtrace:
[INFO] [stdout]    0:     0x5647d64a27aa - std::backtrace_rs::backtrace::libunwind::trace::h207520d6e9873551
[INFO] [stdout]                                at /rustc/df4ca44d3fbc9301ee17f30f4d474e6ae4b05252/library/std/src/../../backtrace/src/backtrace/libunwind.rs:116:5
[INFO] [stdout]    1:     0x5647d64a27aa - std::backtrace_rs::backtrace::trace_unsynchronized::h2ed7433f370e3eca
[INFO] [stdout]                                at /rustc/df4ca44d3fbc9301ee17f30f4d474e6ae4b05252/library/std/src/../../backtrace/src/backtrace/mod.rs:66:5
[INFO] [stdout]    2:     0x5647d64a27aa - std::sys::backtrace::_print_fmt::h916fac51166b18d7
[INFO] [stdout]                                at /rustc/df4ca44d3fbc9301ee17f30f4d474e6ae4b05252/library/std/src/sys/backtrace.rs:66:9
[INFO] [stdout]    3:     0x5647d64a27aa - <std::sys::backtrace::BacktraceLock::print::DisplayBacktrace as core::fmt::Display>::fmt::ha0a4c9b8ce3802e6
[INFO] [stdout]                                at /rustc/df4ca44d3fbc9301ee17f30f4d474e6ae4b05252/library/std/src/sys/backtrace.rs:39:26
[INFO] [stdout]    4:     0x5647d64cd8d3 - core::fmt::rt::Argument::fmt::h4cfc8587d52b3eb5
[INFO] [stdout]                                at /rustc/df4ca44d3fbc9301ee17f30f4d474e6ae4b05252/library/core/src/fmt/rt.rs:177:76
[INFO] [stdout]    5:     0x5647d64cd8d3 - core::fmt::write::h522cc39e5b36ae9f
[INFO] [stdout]                                at /rustc/df4ca44d3fbc9301ee17f30f4d474e6ae4b05252/library/core/src/fmt/mod.rs:1190:21
[INFO] [stdout]    6:     0x5647d649e163 - std::io::Write::write_fmt::h7d3c26752da97734
[INFO] [stdout]                                at /rustc/df4ca44d3fbc9301ee17f30f4d474e6ae4b05252/library/std/src/io/mod.rs:1839:15
[INFO] [stdout]    7:     0x5647d64a25f2 - std::sys::backtrace::BacktraceLock::print::h4b9e00b29e9c0942
[INFO] [stdout]                                at /rustc/df4ca44d3fbc9301ee17f30f4d474e6ae4b05252/library/std/src/sys/backtrace.rs:42:9
[INFO] [stdout]    8:     0x5647d64a3c3a - std::panicking::default_hook::{{closure}}::hb59b88280d0324d9
[INFO] [stdout]                                at /rustc/df4ca44d3fbc9301ee17f30f4d474e6ae4b05252/library/std/src/panicking.rs:268:22
[INFO] [stdout]    9:     0x5647d64a3a44 - std::panicking::default_hook::he1dd496665be4a29
[INFO] [stdout]                                at /rustc/df4ca44d3fbc9301ee17f30f4d474e6ae4b05252/library/std/src/panicking.rs:292:9
[INFO] [stdout]   10:     0x5647d5c448b9 - <alloc::boxed::Box<F,A> as core::ops::function::Fn<Args>>::call::h4ff71de18744e1dc
[INFO] [stdout]                                at /rustc/df4ca44d3fbc9301ee17f30f4d474e6ae4b05252/library/alloc/src/boxed.rs:2468:9
[INFO] [stdout]   11:     0x5647d5c448b9 - test::test_main::{{closure}}::hcf7c055ce117aa81
[INFO] [stdout]                                at /rustc/df4ca44d3fbc9301ee17f30f4d474e6ae4b05252/library/test/src/lib.rs:133:21
[INFO] [stdout]   12:     0x5647d64a4338 - <alloc::boxed::Box<F,A> as core::ops::function::Fn<Args>>::call::h1d66c6bbd60c9692
[INFO] [stdout]                                at /rustc/df4ca44d3fbc9301ee17f30f4d474e6ae4b05252/library/alloc/src/boxed.rs:2468:9
[INFO] [stdout]   13:     0x5647d64a4338 - std::panicking::rust_panic_with_hook::h2ff17fe8f26dfcf8
[INFO] [stdout]                                at /rustc/df4ca44d3fbc9301ee17f30f4d474e6ae4b05252/library/std/src/panicking.rs:809:13
[INFO] [stdout]   14:     0x5647d64a40fa - std::panicking::begin_panic_handler::{{closure}}::h4fad77951c07e101
[INFO] [stdout]                                at /rustc/df4ca44d3fbc9301ee17f30f4d474e6ae4b05252/library/std/src/panicking.rs:674:13
[INFO] [stdout]   15:     0x5647d64a2c89 - std::sys::backtrace::__rust_end_short_backtrace::hb1a25b3da5d0ea08
[INFO] [stdout]                                at /rustc/df4ca44d3fbc9301ee17f30f4d474e6ae4b05252/library/std/src/sys/backtrace.rs:170:18
[INFO] [stdout]   16:     0x5647d64a3d8c - rust_begin_unwind
[INFO] [stdout]                                at /rustc/df4ca44d3fbc9301ee17f30f4d474e6ae4b05252/library/std/src/panicking.rs:665:5
[INFO] [stdout]   17:     0x5647d64cb140 - core::panicking::panic_fmt::ha9db07b529f9b256
[INFO] [stdout]                                at /rustc/df4ca44d3fbc9301ee17f30f4d474e6ae4b05252/library/core/src/panicking.rs:75:14
[INFO] [stdout]   18:     0x5647d64cb626 - core::result::unwrap_failed::h5e8218e4d4338b8a
[INFO] [stdout]                                at /rustc/df4ca44d3fbc9301ee17f30f4d474e6ae4b05252/library/core/src/result.rs:1698:5
[INFO] [stdout]   19:     0x5647d5c018bb - core::result::Result<T,E>::unwrap::h35bfaaaa9bc67c55
[INFO] [stdout]                                at /rustc/df4ca44d3fbc9301ee17f30f4d474e6ae4b05252/library/core/src/result.rs:1103:23
[INFO] [stdout]   20:     0x5647d5c018bb - issuance::e2e_issuance::{{closure}}::hce30c135eac41cfb
[INFO] [stdout]                                at /opt/rustwide/workdir/tests/issuance.rs:47:5
[INFO] [stdout]   21:     0x5647d5ba7dd2 - <core::pin::Pin<P> as core::future::future::Future>::poll::h4378ce4a31234a2d
[INFO] [stdout]                                at /rustc/df4ca44d3fbc9301ee17f30f4d474e6ae4b05252/library/core/src/future/future.rs:123:9
[INFO] [stdout]   22:     0x5647d5ba7e4d - <core::pin::Pin<P> as core::future::future::Future>::poll::h6be0220d4ddf869d
[INFO] [stdout]                                at /rustc/df4ca44d3fbc9301ee17f30f4d474e6ae4b05252/library/core/src/future/future.rs:123:9
[INFO] [stdout]   23:     0x5647d5ba7a6f - tokio::runtime::scheduler::current_thread::CoreGuard::block_on::{{closure}}::{{closure}}::{{closure}}::hc9620254510ecfeb
[INFO] [stdout]                                at /opt/rustwide/cargo-home/registry/src/index.crates.io-6f17d22bba15001f/tokio-1.41.0/src/runtime/scheduler/current_thread/mod.rs:729:57
[INFO] [stdout]   24:     0x5647d5ba7975 - tokio::runtime::coop::with_budget::h9fbc6f9d5e4b630a
[INFO] [stdout]                                at /opt/rustwide/cargo-home/registry/src/index.crates.io-6f17d22bba15001f/tokio-1.41.0/src/runtime/coop.rs:107:5
[INFO] [stdout]   25:     0x5647d5ba7975 - tokio::runtime::coop::budget::hea7be610639e9afc
[INFO] [stdout]                                at /opt/rustwide/cargo-home/registry/src/index.crates.io-6f17d22bba15001f/tokio-1.41.0/src/runtime/coop.rs:73:5
[INFO] [stdout]   26:     0x5647d5ba7975 - tokio::runtime::scheduler::current_thread::CoreGuard::block_on::{{closure}}::{{closure}}::hf62676dbcf63e0e3
[INFO] [stdout]                                at /opt/rustwide/cargo-home/registry/src/index.crates.io-6f17d22bba15001f/tokio-1.41.0/src/runtime/scheduler/current_thread/mod.rs:729:25
[INFO] [stdout]   27:     0x5647d5ba4d00 - tokio::runtime::scheduler::current_thread::Context::enter::h1f2f632e39dc81d2
[INFO] [stdout]                                at /opt/rustwide/cargo-home/registry/src/index.crates.io-6f17d22bba15001f/tokio-1.41.0/src/runtime/scheduler/current_thread/mod.rs:428:19
[INFO] [stdout]   28:     0x5647d5ba703b - tokio::runtime::scheduler::current_thread::CoreGuard::block_on::{{closure}}::he2e4e687d80294f6
[INFO] [stdout]                                at /opt/rustwide/cargo-home/registry/src/index.crates.io-6f17d22bba15001f/tokio-1.41.0/src/runtime/scheduler/current_thread/mod.rs:728:36
[INFO] [stdout]   29:     0x5647d5ba64b4 - tokio::runtime::scheduler::current_thread::CoreGuard::enter::{{closure}}::he1cceadb01258b2c
[INFO] [stdout]                                at /opt/rustwide/cargo-home/registry/src/index.crates.io-6f17d22bba15001f/tokio-1.41.0/src/runtime/scheduler/current_thread/mod.rs:807:68
[INFO] [stdout]   30:     0x5647d5b98c4b - tokio::runtime::context::scoped::Scoped<T>::set::hed441bc7961725d7
[INFO] [stdout]                                at /opt/rustwide/cargo-home/registry/src/index.crates.io-6f17d22bba15001f/tokio-1.41.0/src/runtime/context/scoped.rs:40:9
[INFO] [stdout]   31:     0x5647d5bc1479 - tokio::runtime::context::set_scheduler::{{closure}}::h4ef7526082182743
[INFO] [stdout]                                at /opt/rustwide/cargo-home/registry/src/index.crates.io-6f17d22bba15001f/tokio-1.41.0/src/runtime/context.rs:180:26
[INFO] [stdout]   32:     0x5647d5b3bd3d - std::thread::local::LocalKey<T>::try_with::h37b0b53d5d702590
[INFO] [stdout]                                at /rustc/df4ca44d3fbc9301ee17f30f4d474e6ae4b05252/library/std/src/thread/local.rs:283:12
[INFO] [stdout]   33:     0x5647d5b3b78a - std::thread::local::LocalKey<T>::with::he75886ca9b605c51
[INFO] [stdout]                                at /rustc/df4ca44d3fbc9301ee17f30f4d474e6ae4b05252/library/std/src/thread/local.rs:260:9
[INFO] [stdout]   34:     0x5647d5bc142d - tokio::runtime::context::set_scheduler::h668a8b2c4f2d3f5d
[INFO] [stdout]                                at /opt/rustwide/cargo-home/registry/src/index.crates.io-6f17d22bba15001f/tokio-1.41.0/src/runtime/context.rs:180:9
[INFO] [stdout]   35:     0x5647d5ba6260 - tokio::runtime::scheduler::current_thread::CoreGuard::enter::h3b4e39df4d9e374d
[INFO] [stdout]                                at /opt/rustwide/cargo-home/registry/src/index.crates.io-6f17d22bba15001f/tokio-1.41.0/src/runtime/scheduler/current_thread/mod.rs:807:27
[INFO] [stdout]   36:     0x5647d5ba64f3 - tokio::runtime::scheduler::current_thread::CoreGuard::block_on::h5334d157924004bb
[INFO] [stdout]                                at /opt/rustwide/cargo-home/registry/src/index.crates.io-6f17d22bba15001f/tokio-1.41.0/src/runtime/scheduler/current_thread/mod.rs:716:19
[INFO] [stdout]   37:     0x5647d5ba478f - tokio::runtime::scheduler::current_thread::CurrentThread::block_on::{{closure}}::h92cb988dd47c7acf
[INFO] [stdout]                                at /opt/rustwide/cargo-home/registry/src/index.crates.io-6f17d22bba15001f/tokio-1.41.0/src/runtime/scheduler/current_thread/mod.rs:196:28
[INFO] [stdout]   38:     0x5647d5b69b76 - tokio::runtime::context::runtime::enter_runtime::haea9e11dfa6a946e
[INFO] [stdout]                                at /opt/rustwide/cargo-home/registry/src/index.crates.io-6f17d22bba15001f/tokio-1.41.0/src/runtime/context/runtime.rs:65:16
[INFO] [stdout]   39:     0x5647d5ba4091 - tokio::runtime::scheduler::current_thread::CurrentThread::block_on::he03c0bdb53a4ae0e
[INFO] [stdout]                                at /opt/rustwide/cargo-home/registry/src/index.crates.io-6f17d22bba15001f/tokio-1.41.0/src/runtime/scheduler/current_thread/mod.rs:184:9
[INFO] [stdout]   40:     0x5647d5b6a5c3 - tokio::runtime::runtime::Runtime::block_on_inner::h59c80a512f5a3ea6
[INFO] [stdout]                                at /opt/rustwide/cargo-home/registry/src/index.crates.io-6f17d22bba15001f/tokio-1.41.0/src/runtime/runtime.rs:368:47
[INFO] [stdout]   41:     0x5647d5b6a8c7 - tokio::runtime::runtime::Runtime::block_on::h91c980fcbdf414d8
[INFO] [stdout]                                at /opt/rustwide/cargo-home/registry/src/index.crates.io-6f17d22bba15001f/tokio-1.41.0/src/runtime/runtime.rs:342:13
[INFO] [stdout]   42:     0x5647d5c00c0c - issuance::e2e_issuance::h13f24102ca605b44
[INFO] [stdout]                                at /opt/rustwide/workdir/tests/issuance.rs:95:5
[INFO] [stdout]   43:     0x5647d5c00a67 - issuance::e2e_issuance::{{closure}}::hd100bf944109dca6
[INFO] [stdout]                                at /opt/rustwide/workdir/tests/issuance.rs:27:24
[INFO] [stdout]   44:     0x5647d5b0f2f6 - core::ops::function::FnOnce::call_once::ha651e6793f5ca639
[INFO] [stdout]                                at /rustc/df4ca44d3fbc9301ee17f30f4d474e6ae4b05252/library/core/src/ops/function.rs:250:5
[INFO] [stdout]   45:     0x5647d5c4918b - core::ops::function::FnOnce::call_once::h22c3ba5715e93f05
[INFO] [stdout]                                at /rustc/df4ca44d3fbc9301ee17f30f4d474e6ae4b05252/library/core/src/ops/function.rs:250:5
[INFO] [stdout]   46:     0x5647d5c4918b - test::__rust_begin_short_backtrace::h8e82d8113d0da17f
[INFO] [stdout]                                at /rustc/df4ca44d3fbc9301ee17f30f4d474e6ae4b05252/library/test/src/lib.rs:621:18
[INFO] [stdout]   47:     0x5647d5c48b07 - test::run_test_in_process::{{closure}}::h33235f4f20b7b7c7
[INFO] [stdout]                                at /rustc/df4ca44d3fbc9301ee17f30f4d474e6ae4b05252/library/test/src/lib.rs:644:60
[INFO] [stdout]   48:     0x5647d5c48b07 - <core::panic::unwind_safe::AssertUnwindSafe<F> as core::ops::function::FnOnce<()>>::call_once::hb5043206310c586f
[INFO] [stdout]                                at /rustc/df4ca44d3fbc9301ee17f30f4d474e6ae4b05252/library/core/src/panic/unwind_safe.rs:272:9
[INFO] [stdout]   49:     0x5647d5c48b07 - std::panicking::try::do_call::h9ad4731a60ab23e2
[INFO] [stdout]                                at /rustc/df4ca44d3fbc9301ee17f30f4d474e6ae4b05252/library/std/src/panicking.rs:557:40
[INFO] [stdout]   50:     0x5647d5c48b07 - std::panicking::try::h3824d23db772a716
[INFO] [stdout]                                at /rustc/df4ca44d3fbc9301ee17f30f4d474e6ae4b05252/library/std/src/panicking.rs:520:19
[INFO] [stdout]   51:     0x5647d5c48b07 - std::panic::catch_unwind::h5afd514605fde46b
[INFO] [stdout]                                at /rustc/df4ca44d3fbc9301ee17f30f4d474e6ae4b05252/library/std/src/panic.rs:358:14
[INFO] [stdout]   52:     0x5647d5c48b07 - test::run_test_in_process::h0d5cbfa7067d1720
[INFO] [stdout]                                at /rustc/df4ca44d3fbc9301ee17f30f4d474e6ae4b05252/library/test/src/lib.rs:644:27
[INFO] [stdout]   53:     0x5647d5c48b07 - test::run_test::{{closure}}::h708eb8872708115d
[INFO] [stdout]                                at /rustc/df4ca44d3fbc9301ee17f30f4d474e6ae4b05252/library/test/src/lib.rs:565:43
[INFO] [stdout]   54:     0x5647d5c0c224 - test::run_test::{{closure}}::h392c51cee94713ab
[INFO] [stdout]                                at /rustc/df4ca44d3fbc9301ee17f30f4d474e6ae4b05252/library/test/src/lib.rs:595:41
[INFO] [stdout]   55:     0x5647d5c0c224 - std::sys::backtrace::__rust_begin_short_backtrace::h2f40290710935a8b
[INFO] [stdout]                                at /rustc/df4ca44d3fbc9301ee17f30f4d474e6ae4b05252/library/std/src/sys/backtrace.rs:154:18
[INFO] [stdout]   56:     0x5647d5c0f9ce - std::thread::Builder::spawn_unchecked_::{{closure}}::{{closure}}::h3fd968d89053a903
[INFO] [stdout]                                at /rustc/df4ca44d3fbc9301ee17f30f4d474e6ae4b05252/library/std/src/thread/mod.rs:541:17
[INFO] [stdout]   57:     0x5647d5c0f9ce - <core::panic::unwind_safe::AssertUnwindSafe<F> as core::ops::function::FnOnce<()>>::call_once::h743f637ba4229880
[INFO] [stdout]                                at /rustc/df4ca44d3fbc9301ee17f30f4d474e6ae4b05252/library/core/src/panic/unwind_safe.rs:272:9
[INFO] [stdout]   58:     0x5647d5c0f9ce - std::panicking::try::do_call::h07440897322525a6
[INFO] [stdout]                                at /rustc/df4ca44d3fbc9301ee17f30f4d474e6ae4b05252/library/std/src/panicking.rs:557:40
[INFO] [stdout]   59:     0x5647d5c0f9ce - std::panicking::try::he5a2e00188156637
[INFO] [stdout]                                at /rustc/df4ca44d3fbc9301ee17f30f4d474e6ae4b05252/library/std/src/panicking.rs:520:19
[INFO] [stdout]   60:     0x5647d5c0f9ce - std::panic::catch_unwind::hbaf3cae49b3c6433
[INFO] [stdout]                                at /rustc/df4ca44d3fbc9301ee17f30f4d474e6ae4b05252/library/std/src/panic.rs:358:14
[INFO] [stdout]   61:     0x5647d5c0f9ce - std::thread::Builder::spawn_unchecked_::{{closure}}::h8e141ea224820bce
[INFO] [stdout]                                at /rustc/df4ca44d3fbc9301ee17f30f4d474e6ae4b05252/library/std/src/thread/mod.rs:540:30
[INFO] [stdout]   62:     0x5647d5c0f9ce - core::ops::function::FnOnce::call_once{{vtable.shim}}::h90d312fedd7b8ea8
[INFO] [stdout]                                at /rustc/df4ca44d3fbc9301ee17f30f4d474e6ae4b05252/library/core/src/ops/function.rs:250:5
[INFO] [stdout]   63:     0x5647d64a8bab - <alloc::boxed::Box<F,A> as core::ops::function::FnOnce<Args>>::call_once::h69aa08ddb6adb8b6
[INFO] [stdout]                                at /rustc/df4ca44d3fbc9301ee17f30f4d474e6ae4b05252/library/alloc/src/boxed.rs:2454:9
[INFO] [stdout]   64:     0x5647d64a8bab - <alloc::boxed::Box<F,A> as core::ops::function::FnOnce<Args>>::call_once::h5aa36efdb79c806f
[INFO] [stdout]                                at /rustc/df4ca44d3fbc9301ee17f30f4d474e6ae4b05252/library/alloc/src/boxed.rs:2454:9
[INFO] [stdout]   65:     0x5647d64a8bab - std::sys::pal::unix::thread::Thread::new::thread_start::h6cd80a1b4be5158d
[INFO] [stdout]                                at /rustc/df4ca44d3fbc9301ee17f30f4d474e6ae4b05252/library/std/src/sys/pal/unix/thread.rs:105:17
[INFO] [stdout]   66:     0x7cf9fffc9ac3 - <unknown>
[INFO] [stdout]   67:     0x7cfa0005aa04 - clone
[INFO] [stdout]   68:                0x0 - <unknown>
[INFO] [stdout] 
[INFO] [stdout] 
[INFO] [stdout] failures:
[INFO] [stdout]     e2e_issuance
[INFO] [stdout] 
[INFO] [stdout] test result: FAILED. 0 passed; 1 failed; 0 ignored; 0 measured; 0 filtered out; finished in 0.84s
[INFO] [stdout] 
[INFO] [stderr] error: test failed, to rerun pass `--test issuance`
[INFO] running `Command { std: "docker" "inspect" "aa5fd4157e216090c139c9a567a791ab45de3296d4cc725b928c9f1b4b11807c", kill_on_drop: false }`
[INFO] running `Command { std: "docker" "rm" "-f" "aa5fd4157e216090c139c9a567a791ab45de3296d4cc725b928c9f1b4b11807c", kill_on_drop: false }`
[INFO] [stdout] aa5fd4157e216090c139c9a567a791ab45de3296d4cc725b928c9f1b4b11807c
