[INFO] fetching crate velarixdb 0.0.15...
[INFO] testing velarixdb-0.0.15 against nightly-2024-10-28+rustflags=-Zrandomize-layout for randomize-layout
[INFO] extracting crate velarixdb 0.0.15 into /workspace/builds/worker-7-tc2/source
[INFO] validating manifest of crates.io crate velarixdb 0.0.15 on toolchain nightly-2024-10-28
[INFO] running `Command { std: CARGO_HOME="/workspace/cargo-home" RUSTUP_HOME="/workspace/rustup-home" "/workspace/cargo-home/bin/cargo" "+nightly-2024-10-28" "metadata" "--manifest-path" "Cargo.toml" "--no-deps", kill_on_drop: false }`
[INFO] started tweaking crates.io crate velarixdb 0.0.15
[INFO] removed 0 missing examples
[INFO] removed 0 missing tests
[INFO] finished tweaking crates.io crate velarixdb 0.0.15
[INFO] tweaked toml for crates.io crate velarixdb 0.0.15 written to /workspace/builds/worker-7-tc2/source/Cargo.toml
[INFO] crate crates.io crate velarixdb 0.0.15 already has a lockfile, it will not be regenerated
[INFO] running `Command { std: CARGO_HOME="/workspace/cargo-home" RUSTUP_HOME="/workspace/rustup-home" "/workspace/cargo-home/bin/cargo" "+nightly-2024-10-28" "fetch" "--manifest-path" "Cargo.toml", kill_on_drop: false }`
[INFO] running `Command { std: "docker" "create" "-v" "/var/lib/crater-agent-workspace/builds/worker-7-tc2/target:/opt/rustwide/target:rw,Z" "-v" "/var/lib/crater-agent-workspace/builds/worker-7-tc2/source:/opt/rustwide/workdir:ro,Z" "-v" "/var/lib/crater-agent-workspace/cargo-home:/opt/rustwide/cargo-home:ro,Z" "-v" "/var/lib/crater-agent-workspace/rustup-home:/opt/rustwide/rustup-home:ro,Z" "-e" "SOURCE_DIR=/opt/rustwide/workdir" "-e" "CARGO_TARGET_DIR=/opt/rustwide/target" "-e" "CARGO_HOME=/opt/rustwide/cargo-home" "-e" "RUSTUP_HOME=/opt/rustwide/rustup-home" "-w" "/opt/rustwide/workdir" "-m" "1610612736" "--user" "0:0" "--network" "none" "ghcr.io/rust-lang/crates-build-env/linux@sha256:4a844ea9eb2546a2d2c7022eacef16ef2e8229c7fbb2c7d4d55a9ceca922f72d" "/opt/rustwide/cargo-home/bin/cargo" "+nightly-2024-10-28" "metadata" "--no-deps" "--format-version=1", kill_on_drop: false }`
[INFO] [stdout] ac4cff3e61d8bb0e0a521b3d0e7dcc482138f887c04de81ed389a3ccf6538c1f
[INFO] running `Command { std: "docker" "start" "-a" "ac4cff3e61d8bb0e0a521b3d0e7dcc482138f887c04de81ed389a3ccf6538c1f", kill_on_drop: false }`
[INFO] running `Command { std: "docker" "inspect" "ac4cff3e61d8bb0e0a521b3d0e7dcc482138f887c04de81ed389a3ccf6538c1f", kill_on_drop: false }`
[INFO] running `Command { std: "docker" "rm" "-f" "ac4cff3e61d8bb0e0a521b3d0e7dcc482138f887c04de81ed389a3ccf6538c1f", kill_on_drop: false }`
[INFO] [stdout] ac4cff3e61d8bb0e0a521b3d0e7dcc482138f887c04de81ed389a3ccf6538c1f
[INFO] running `Command { std: "docker" "create" "-v" "/var/lib/crater-agent-workspace/builds/worker-7-tc2/target:/opt/rustwide/target:rw,Z" "-v" "/var/lib/crater-agent-workspace/builds/worker-7-tc2/source:/opt/rustwide/workdir:ro,Z" "-v" "/var/lib/crater-agent-workspace/cargo-home:/opt/rustwide/cargo-home:ro,Z" "-v" "/var/lib/crater-agent-workspace/rustup-home:/opt/rustwide/rustup-home:ro,Z" "-e" "SOURCE_DIR=/opt/rustwide/workdir" "-e" "CARGO_TARGET_DIR=/opt/rustwide/target" "-e" "CARGO_INCREMENTAL=0" "-e" "RUST_BACKTRACE=full" "-e" "RUSTFLAGS=--cap-lints=forbid -Zrandomize-layout" "-e" "RUSTDOCFLAGS=--cap-lints=forbid" "-e" "CARGO_HOME=/opt/rustwide/cargo-home" "-e" "RUSTUP_HOME=/opt/rustwide/rustup-home" "-w" "/opt/rustwide/workdir" "-m" "1610612736" "--user" "0:0" "--network" "none" "ghcr.io/rust-lang/crates-build-env/linux@sha256:4a844ea9eb2546a2d2c7022eacef16ef2e8229c7fbb2c7d4d55a9ceca922f72d" "/opt/rustwide/cargo-home/bin/cargo" "+nightly-2024-10-28" "build" "--frozen" "--message-format=json", kill_on_drop: false }`
[INFO] [stdout] f05b80cf4388409f2250b904241838bc283ad16ecb5f0791c30eb677afea2343
[INFO] running `Command { std: "docker" "start" "-a" "f05b80cf4388409f2250b904241838bc283ad16ecb5f0791c30eb677afea2343", kill_on_drop: false }`
[INFO] [stderr]    Compiling proc-macro2 v1.0.86
[INFO] [stderr]    Compiling unicode-ident v1.0.12
[INFO] [stderr]    Compiling libc v0.2.155
[INFO] [stderr]    Compiling autocfg v1.3.0
[INFO] [stderr]    Compiling crossbeam-utils v0.8.20
[INFO] [stderr]    Compiling cfg-if v1.0.0
[INFO] [stderr]    Compiling memchr v2.7.4
[INFO] [stderr]    Compiling pin-project-lite v0.2.14
[INFO] [stderr]    Compiling futures-core v0.3.30
[INFO] [stderr]    Compiling byteorder v1.5.0
[INFO] [stderr]    Compiling serde v1.0.205
[INFO] [stderr]    Compiling futures-sink v0.3.30
[INFO] [stderr]    Compiling regex-syntax v0.8.4
[INFO] [stderr]    Compiling parking_lot_core v0.9.10
[INFO] [stderr]    Compiling futures-channel v0.3.30
[INFO] [stderr]    Compiling futures-io v0.3.30
[INFO] [stderr]    Compiling slab v0.4.9
[INFO] [stderr]    Compiling lock_api v0.4.12
[INFO] [stderr]    Compiling num-traits v0.2.19
[INFO] [stderr]    Compiling aho-corasick v1.1.3
[INFO] [stderr]    Compiling concurrent-queue v2.5.0
[INFO] [stderr]    Compiling crossbeam-epoch v0.9.18
[INFO] [stderr]    Compiling quote v1.0.36
[INFO] [stderr]    Compiling syn v2.0.72
[INFO] [stderr]    Compiling futures-task v0.3.30
[INFO] [stderr]    Compiling scopeguard v1.2.0
[INFO] [stderr]    Compiling utf8parse v0.2.2
[INFO] [stderr]    Compiling parking v2.2.0
[INFO] [stderr]    Compiling rustix v0.38.34
[INFO] [stderr]    Compiling bitflags v2.6.0
[INFO] [stderr]    Compiling smallvec v1.13.2
[INFO] [stderr]    Compiling pin-utils v0.1.0
[INFO] [stderr]    Compiling cfg_aliases v0.1.1
[INFO] [stderr]    Compiling event-listener v5.3.1
[INFO] [stderr]    Compiling nix v0.28.0
[INFO] [stderr]    Compiling anstyle-parse v0.2.5
[INFO] [stderr]    Compiling getrandom v0.2.15
[INFO] [stderr]    Compiling log v0.4.22
[INFO] [stderr]    Compiling rand_core v0.6.4
[INFO] [stderr]    Compiling linux-raw-sys v0.4.14
[INFO] [stderr]    Compiling anstyle v1.0.8
[INFO] [stderr]    Compiling anstyle-query v1.1.1
[INFO] [stderr]    Compiling thiserror v1.0.63
[INFO] [stderr]    Compiling colorchoice v1.0.2
[INFO] [stderr]    Compiling is_terminal_polyfill v1.70.1
[INFO] [stderr]    Compiling serde_json v1.0.122
[INFO] [stderr]    Compiling anstream v0.6.15
[INFO] [stderr]    Compiling parking_lot v0.12.3
[INFO] [stderr]    Compiling regex-automata v0.4.7
[INFO] [stderr]    Compiling mio v1.0.1
[INFO] [stderr]    Compiling signal-hook-registry v1.4.2
[INFO] [stderr]    Compiling socket2 v0.5.7
[INFO] [stderr]    Compiling event-listener-strategy v0.5.2
[INFO] [stderr]    Compiling crossbeam-deque v0.8.5
[INFO] [stderr]    Compiling crossbeam-queue v0.3.11
[INFO] [stderr]    Compiling crossbeam-channel v0.5.13
[INFO] [stderr]    Compiling ryu v1.0.18
[INFO] [stderr]    Compiling equivalent v1.0.1
[INFO] [stderr]    Compiling bytes v1.7.1
[INFO] [stderr]    Compiling fastrand v2.1.0
[INFO] [stderr]    Compiling iana-time-zone v0.1.60
[INFO] [stderr]    Compiling humantime v2.1.0
[INFO] [stderr]    Compiling hashbrown v0.14.5
[INFO] [stderr]    Compiling itoa v1.0.11
[INFO] [stderr]    Compiling once_cell v1.19.0
[INFO] [stderr]    Compiling chrono v0.4.38
[INFO] [stderr]    Compiling crossbeam v0.8.4
[INFO] [stderr]    Compiling async-broadcast v0.7.1
[INFO] [stderr]    Compiling tempfile v3.12.0
[INFO] [stderr]    Compiling crossbeam-skiplist v0.1.3
[INFO] [stderr]    Compiling regex v1.10.6
[INFO] [stderr]    Compiling indexmap v2.3.0
[INFO] [stderr]    Compiling use v0.0.1-pre.0
[INFO] [stderr]    Compiling env_filter v0.1.2
[INFO] [stderr]    Compiling env_logger v0.11.5
[INFO] [stderr]    Compiling zerocopy-derive v0.7.35
[INFO] [stderr]    Compiling serde_derive v1.0.205
[INFO] [stderr]    Compiling futures-macro v0.3.30
[INFO] [stderr]    Compiling tokio-macros v2.4.0
[INFO] [stderr]    Compiling thiserror-impl v1.0.63
[INFO] [stderr]    Compiling async-trait v0.1.81
[INFO] [stderr]    Compiling zerocopy v0.7.35
[INFO] [stderr]    Compiling tokio v1.39.2
[INFO] [stderr]    Compiling futures-util v0.3.30
[INFO] [stderr]    Compiling ppv-lite86 v0.2.20
[INFO] [stderr]    Compiling rand_chacha v0.3.1
[INFO] [stderr]    Compiling rand v0.8.5
[INFO] [stderr]    Compiling skip-list v0.1.3
[INFO] [stderr]    Compiling futures-executor v0.3.30
[INFO] [stderr]    Compiling futures v0.3.30
[INFO] [stderr]    Compiling uuid v0.8.2
[INFO] [stderr]    Compiling velarixdb v0.0.15 (/opt/rustwide/workdir)
[INFO] [stdout] warning: elided lifetime has a name
[INFO] [stdout]   --> src/fs/mod.rs:67:37
[INFO] [stdout]    |
[INFO] [stdout] 67 |     async fn w_lock(&self) -> WGuard<File>;
[INFO] [stdout]    |                     -               ^ this elided lifetime gets resolved as `'life0`
[INFO] [stdout]    |                     |
[INFO] [stdout]    |                     lifetime `'life0` declared here
[INFO] [stdout]    |
[INFO] [stdout]    = note: `#[warn(elided_named_lifetimes)]` on by default
[INFO] [stdout] 
[INFO] [stdout] 
[INFO] [stdout] warning: elided lifetime has a name
[INFO] [stdout]   --> src/fs/mod.rs:69:37
[INFO] [stdout]    |
[INFO] [stdout] 69 |     async fn r_lock(&self) -> RGuard<File>;
[INFO] [stdout]    |                     -               ^ this elided lifetime gets resolved as `'life0`
[INFO] [stdout]    |                     |
[INFO] [stdout]    |                     lifetime `'life0` declared here
[INFO] [stdout] 
[INFO] [stdout] 
[INFO] [stdout] warning: elided lifetime has a name
[INFO] [stdout]    --> src/fs/mod.rs:243:37
[INFO] [stdout]     |
[INFO] [stdout] 243 |     async fn w_lock(&self) -> WGuard<File> {
[INFO] [stdout]     |                     -               ^ this elided lifetime gets resolved as `'life0`
[INFO] [stdout]     |                     |
[INFO] [stdout]     |                     lifetime `'life0` declared here
[INFO] [stdout] 
[INFO] [stdout] 
[INFO] [stdout] warning: elided lifetime has a name
[INFO] [stdout]    --> src/fs/mod.rs:247:37
[INFO] [stdout]     |
[INFO] [stdout] 247 |     async fn r_lock(&self) -> RGuard<File> {
[INFO] [stdout]     |                     -               ^ this elided lifetime gets resolved as `'life0`
[INFO] [stdout]     |                     |
[INFO] [stdout]     |                     lifetime `'life0` declared here
[INFO] [stdout] 
[INFO] [stdout] 
[INFO] [stderr]     Finished `dev` profile [unoptimized + debuginfo] target(s) in 12.02s
[INFO] running `Command { std: "docker" "inspect" "f05b80cf4388409f2250b904241838bc283ad16ecb5f0791c30eb677afea2343", kill_on_drop: false }`
[INFO] running `Command { std: "docker" "rm" "-f" "f05b80cf4388409f2250b904241838bc283ad16ecb5f0791c30eb677afea2343", kill_on_drop: false }`
[INFO] [stdout] f05b80cf4388409f2250b904241838bc283ad16ecb5f0791c30eb677afea2343
[INFO] running `Command { std: "docker" "create" "-v" "/var/lib/crater-agent-workspace/builds/worker-7-tc2/target:/opt/rustwide/target:rw,Z" "-v" "/var/lib/crater-agent-workspace/builds/worker-7-tc2/source:/opt/rustwide/workdir:ro,Z" "-v" "/var/lib/crater-agent-workspace/cargo-home:/opt/rustwide/cargo-home:ro,Z" "-v" "/var/lib/crater-agent-workspace/rustup-home:/opt/rustwide/rustup-home:ro,Z" "-e" "SOURCE_DIR=/opt/rustwide/workdir" "-e" "CARGO_TARGET_DIR=/opt/rustwide/target" "-e" "CARGO_INCREMENTAL=0" "-e" "RUST_BACKTRACE=full" "-e" "RUSTFLAGS=--cap-lints=forbid -Zrandomize-layout" "-e" "RUSTDOCFLAGS=--cap-lints=forbid" "-e" "CARGO_HOME=/opt/rustwide/cargo-home" "-e" "RUSTUP_HOME=/opt/rustwide/rustup-home" "-w" "/opt/rustwide/workdir" "-m" "1610612736" "--user" "0:0" "--network" "none" "ghcr.io/rust-lang/crates-build-env/linux@sha256:4a844ea9eb2546a2d2c7022eacef16ef2e8229c7fbb2c7d4d55a9ceca922f72d" "/opt/rustwide/cargo-home/bin/cargo" "+nightly-2024-10-28" "test" "--frozen" "--no-run" "--message-format=json", kill_on_drop: false }`
[INFO] [stdout] 4db7885c1ccd2be8ff976d93625ef47f6fd7207bcbbd774b4ce471fea3e8aaa3
[INFO] running `Command { std: "docker" "start" "-a" "4db7885c1ccd2be8ff976d93625ef47f6fd7207bcbbd774b4ce471fea3e8aaa3", kill_on_drop: false }`
[INFO] [stderr]    Compiling velarixdb v0.0.15 (/opt/rustwide/workdir)
[INFO] [stdout] warning: elided lifetime has a name
[INFO] [stdout]   --> src/fs/mod.rs:67:37
[INFO] [stdout]    |
[INFO] [stdout] 67 |     async fn w_lock(&self) -> WGuard<File>;
[INFO] [stdout]    |                     -               ^ this elided lifetime gets resolved as `'life0`
[INFO] [stdout]    |                     |
[INFO] [stdout]    |                     lifetime `'life0` declared here
[INFO] [stdout]    |
[INFO] [stdout]    = note: `#[warn(elided_named_lifetimes)]` on by default
[INFO] [stdout] 
[INFO] [stdout] 
[INFO] [stdout] warning: elided lifetime has a name
[INFO] [stdout]   --> src/fs/mod.rs:69:37
[INFO] [stdout]    |
[INFO] [stdout] 69 |     async fn r_lock(&self) -> RGuard<File>;
[INFO] [stdout]    |                     -               ^ this elided lifetime gets resolved as `'life0`
[INFO] [stdout]    |                     |
[INFO] [stdout]    |                     lifetime `'life0` declared here
[INFO] [stdout] 
[INFO] [stdout] 
[INFO] [stdout] warning: elided lifetime has a name
[INFO] [stdout]    --> src/fs/mod.rs:243:37
[INFO] [stdout]     |
[INFO] [stdout] 243 |     async fn w_lock(&self) -> WGuard<File> {
[INFO] [stdout]     |                     -               ^ this elided lifetime gets resolved as `'life0`
[INFO] [stdout]     |                     |
[INFO] [stdout]     |                     lifetime `'life0` declared here
[INFO] [stdout] 
[INFO] [stdout] 
[INFO] [stdout] warning: elided lifetime has a name
[INFO] [stdout]    --> src/fs/mod.rs:247:37
[INFO] [stdout]     |
[INFO] [stdout] 247 |     async fn r_lock(&self) -> RGuard<File> {
[INFO] [stdout]     |                     -               ^ this elided lifetime gets resolved as `'life0`
[INFO] [stdout]     |                     |
[INFO] [stdout]     |                     lifetime `'life0` declared here
[INFO] [stdout] 
[INFO] [stdout] 
[INFO] [stdout] warning: elided lifetime has a name
[INFO] [stdout]   --> src/fs/mod.rs:67:37
[INFO] [stdout]    |
[INFO] [stdout] 67 |     async fn w_lock(&self) -> WGuard<File>;
[INFO] [stdout]    |                     -               ^ this elided lifetime gets resolved as `'life0`
[INFO] [stdout]    |                     |
[INFO] [stdout]    |                     lifetime `'life0` declared here
[INFO] [stdout]    |
[INFO] [stdout]    = note: `#[warn(elided_named_lifetimes)]` on by default
[INFO] [stdout] 
[INFO] [stdout] 
[INFO] [stdout] warning: elided lifetime has a name
[INFO] [stdout]   --> src/fs/mod.rs:69:37
[INFO] [stdout]    |
[INFO] [stdout] 69 |     async fn r_lock(&self) -> RGuard<File>;
[INFO] [stdout]    |                     -               ^ this elided lifetime gets resolved as `'life0`
[INFO] [stdout]    |                     |
[INFO] [stdout]    |                     lifetime `'life0` declared here
[INFO] [stdout] 
[INFO] [stdout] 
[INFO] [stdout] warning: elided lifetime has a name
[INFO] [stdout]    --> src/fs/mod.rs:243:37
[INFO] [stdout]     |
[INFO] [stdout] 243 |     async fn w_lock(&self) -> WGuard<File> {
[INFO] [stdout]     |                     -               ^ this elided lifetime gets resolved as `'life0`
[INFO] [stdout]     |                     |
[INFO] [stdout]     |                     lifetime `'life0` declared here
[INFO] [stdout] 
[INFO] [stdout] 
[INFO] [stdout] warning: elided lifetime has a name
[INFO] [stdout]    --> src/fs/mod.rs:247:37
[INFO] [stdout]     |
[INFO] [stdout] 247 |     async fn r_lock(&self) -> RGuard<File> {
[INFO] [stdout]     |                     -               ^ this elided lifetime gets resolved as `'life0`
[INFO] [stdout]     |                     |
[INFO] [stdout]     |                     lifetime `'life0` declared here
[INFO] [stdout] 
[INFO] [stdout] 
[INFO] [stderr]     Finished `test` profile [unoptimized + debuginfo] target(s) in 10.71s
[INFO] running `Command { std: "docker" "inspect" "4db7885c1ccd2be8ff976d93625ef47f6fd7207bcbbd774b4ce471fea3e8aaa3", kill_on_drop: false }`
[INFO] running `Command { std: "docker" "rm" "-f" "4db7885c1ccd2be8ff976d93625ef47f6fd7207bcbbd774b4ce471fea3e8aaa3", kill_on_drop: false }`
[INFO] [stdout] 4db7885c1ccd2be8ff976d93625ef47f6fd7207bcbbd774b4ce471fea3e8aaa3
[INFO] running `Command { std: "docker" "create" "-v" "/var/lib/crater-agent-workspace/builds/worker-7-tc2/target:/opt/rustwide/target:rw,Z" "-v" "/var/lib/crater-agent-workspace/builds/worker-7-tc2/source:/opt/rustwide/workdir:ro,Z" "-v" "/var/lib/crater-agent-workspace/cargo-home:/opt/rustwide/cargo-home:ro,Z" "-v" "/var/lib/crater-agent-workspace/rustup-home:/opt/rustwide/rustup-home:ro,Z" "-e" "SOURCE_DIR=/opt/rustwide/workdir" "-e" "CARGO_TARGET_DIR=/opt/rustwide/target" "-e" "CARGO_INCREMENTAL=0" "-e" "RUST_BACKTRACE=full" "-e" "RUSTFLAGS=--cap-lints=forbid -Zrandomize-layout" "-e" "RUSTDOCFLAGS=--cap-lints=forbid" "-e" "CARGO_HOME=/opt/rustwide/cargo-home" "-e" "RUSTUP_HOME=/opt/rustwide/rustup-home" "-w" "/opt/rustwide/workdir" "-m" "1610612736" "--user" "0:0" "--network" "none" "ghcr.io/rust-lang/crates-build-env/linux@sha256:4a844ea9eb2546a2d2c7022eacef16ef2e8229c7fbb2c7d4d55a9ceca922f72d" "/opt/rustwide/cargo-home/bin/cargo" "+nightly-2024-10-28" "test" "--frozen", kill_on_drop: false }`
[INFO] [stdout] 35fac4923ac026108bf73ff41892ddc77195908565668113182644c07f47cb1c
[INFO] running `Command { std: "docker" "start" "-a" "35fac4923ac026108bf73ff41892ddc77195908565668113182644c07f47cb1c", kill_on_drop: false }`
[INFO] [stderr] warning: elided lifetime has a name
[INFO] [stderr]   --> src/fs/mod.rs:67:37
[INFO] [stderr]    |
[INFO] [stderr] 67 |     async fn w_lock(&self) -> WGuard<File>;
[INFO] [stderr]    |                     -               ^ this elided lifetime gets resolved as `'life0`
[INFO] [stderr]    |                     |
[INFO] [stderr]    |                     lifetime `'life0` declared here
[INFO] [stderr]    |
[INFO] [stderr]    = note: `#[warn(elided_named_lifetimes)]` on by default
[INFO] [stderr] 
[INFO] [stderr] warning: elided lifetime has a name
[INFO] [stderr]   --> src/fs/mod.rs:69:37
[INFO] [stderr]    |
[INFO] [stderr] 69 |     async fn r_lock(&self) -> RGuard<File>;
[INFO] [stderr]    |                     -               ^ this elided lifetime gets resolved as `'life0`
[INFO] [stderr]    |                     |
[INFO] [stderr]    |                     lifetime `'life0` declared here
[INFO] [stderr] 
[INFO] [stderr] warning: elided lifetime has a name
[INFO] [stderr]    --> src/fs/mod.rs:243:37
[INFO] [stderr]     |
[INFO] [stderr] 243 |     async fn w_lock(&self) -> WGuard<File> {
[INFO] [stderr]     |                     -               ^ this elided lifetime gets resolved as `'life0`
[INFO] [stderr]     |                     |
[INFO] [stderr]     |                     lifetime `'life0` declared here
[INFO] [stderr] 
[INFO] [stderr] warning: elided lifetime has a name
[INFO] [stderr]    --> src/fs/mod.rs:247:37
[INFO] [stderr]     |
[INFO] [stderr] 247 |     async fn r_lock(&self) -> RGuard<File> {
[INFO] [stderr]     |                     -               ^ this elided lifetime gets resolved as `'life0`
[INFO] [stderr]     |                     |
[INFO] [stderr]     |                     lifetime `'life0` declared here
[INFO] [stderr] 
[INFO] [stderr] warning: `velarixdb` (lib) generated 4 warnings
[INFO] [stderr] warning: `velarixdb` (lib test) generated 4 warnings (4 duplicates)
[INFO] [stderr]     Finished `test` profile [unoptimized + debuginfo] target(s) in 0.11s
[INFO] [stderr]      Running unittests src/lib.rs (/opt/rustwide/target/debug/deps/velarixdb-33661c39541c9add)
[INFO] [stdout] 
[INFO] [stdout] running 126 tests
[INFO] [stdout] test block::block_manager::tests::test_get_value_nonexistent_key ... ok
[INFO] [stdout] test block::block_manager::tests::test_get_entry ... ok
[INFO] [stdout] test block::block_manager::tests::test_new_empty_block_creation ... ok
[INFO] [stdout] test block::block_manager::tests::test_set_entry ... ok
[INFO] [stdout] test block::block_manager::tests::test_write_to_file ... ok
[INFO] [stdout] test block::block_manager::tests::test_is_full ... ok
[INFO] [stdout] test block::block_manager::tests::test_serialize ... ok
[INFO] [stdout] test block::block_manager::tests::test_set_entry_full_block ... ok
[INFO] [stdout] test cfg::config::tests::test_with_allow_prefetch ... ok
[INFO] [stdout] test cfg::config::tests::test_with_enable_ttl ... ok
[INFO] [stdout] test cfg::config::tests::test_with_entry_ttl ... ok
[INFO] [stdout] test cfg::config::tests::test_with_compactor_flush_listener_interval ... ok
[INFO] [stdout] test cfg::config::tests::test_with_compaction_strategy ... ok
[INFO] [stdout] test cfg::config::tests::test_with_false_positive_rate ... ok
[INFO] [stdout] test cfg::config::tests::test_with_gc_chunk_size ... ok
[INFO] [stdout] test cfg::config::tests::test_with_background_compaction_interval ... ok
[INFO] [stdout] test cfg::config::tests::test_with_max_buffer_write_number ... ok
[INFO] [stdout] test cfg::config::tests::test_with_online_gc_interval ... ok
[INFO] [stdout] test cfg::config::tests::test_with_prefetch_size ... ok
[INFO] [stdout] test cfg::config::tests::test_with_background_compaction_interval_invalid - should panic ... ok
[INFO] [stdout] test cfg::config::tests::test_with_compactor_flush_listener_interval_invalid - should panic ... ok
[INFO] [stdout] test cfg::config::tests::test_with_entry_ttl_invalid - should panic ... ok
[INFO] [stdout] test cfg::config::tests::test_with_false_positive_rate_invalid - should panic ... ok
[INFO] [stdout] test cfg::config::tests::test_with_gc_chunk_size_invalid - should panic ... ok
[INFO] [stdout] test cfg::config::tests::test_with_prefetch_size_invalid - should panic ... ok
[INFO] [stdout] test cfg::config::tests::test_with_max_buffer_write_number_invalid - should panic ... ok
[INFO] [stdout] test compactors::compact::tests::test_comp_params_new ... ok
[INFO] [stdout] test cfg::config::tests::test_with_online_gc_interval_invalid - should panic ... ok
[INFO] [stdout] test db::keyspace::tests::test_keyspace_name_edge_cases ... ok
[INFO] [stdout] test db::keyspace::tests::test_valid_keyspace_name ... ok
[INFO] [stdout] test cfg::config::tests::test_with_write_buffer_size ... ok
[INFO] [stdout] test db::keyspace::tests::test_invalid_keyspace_name ... ok
[INFO] [stdout] test cfg::config::tests::test_with_tombstone_ttl ... ok
[INFO] [stdout] test filter::bf::tests::test_number_of_elements ... ok
[INFO] [stdout] test cfg::config::tests::test_with_tombstone_compaction_interval ... ok
[INFO] [stdout] test filter::bf::tests::test_set_and_contain ... ok
[INFO] [stdout] test cfg::config::tests::test_with_tombstone_ttl_invalid - should panic ... ok
[INFO] [stdout] test memtable::mem::tests::test_generate_table_id ... ok
[INFO] [stdout] test memtable::mem::tests::test_get ... ok
[INFO] [stdout] test memtable::mem::tests::test_delete ... ok
[INFO] [stdout] test cfg::config::tests::test_with_tombstone_compaction_interval_invalid - should panic ... ok
[INFO] [stdout] test cfg::config::tests::test_with_write_buffer_size_invalid - should panic ... ok
[INFO] [stdout] test memtable::mem::tests::test_concurrent_write ... ok
[INFO] [stdout] test memtable::mem::tests::test_is_entry_within_range ... ok
[INFO] [stdout] test memtable::mem::tests::test_is_full ... ok
[INFO] [stdout] test memtable::mem::tests::test_new ... ok
[INFO] [stdout] test memtable::mem::tests::test_with_specified_capacity_and_rate ... ok
[INFO] [stdout] test tests::bucket_test::tests::test_bucket_from_with_empty ... ok
[INFO] [stdout] test tests::bucket_test::tests::table_fits_into_bucket ... ok
[INFO] [stdout] test memtable::mem::tests::test_insert ... ok
[INFO] [stdout] test tests::bucket_test::tests::test_bucket_from_with_sstables ... ok
[INFO] [stdout] test memtable::mem::tests::test_update ... ok
[INFO] [stdout] test tests::bucket_test::tests::test_bucket_map_is_balanced ... ok
[INFO] [stdout] test tests::bucket_test::tests::test_bucket_map_extract_imbalanced_buckets ... ok
[INFO] [stdout] test tests::bucket_test::tests::test_bucket_map_new ... ok
[INFO] [stdout] test tests::bucket_test::tests::test_bucket_new ... ok
[INFO] [stdout] test tests::bucket_test::tests::test_cal_average_size ... ok
[INFO] [stdout] test tests::bucket_test::tests::test_sstcount_exceed_threshold ... ok
[INFO] [stdout] test tests::bucket_test::tests::test_extract_sstable_to_compact ... ok
[INFO] [stdout] test filter::bf::tests::test_false_positives_high_rate ... ok
[INFO] [stdout] test tests::gc_test::tests::datastore_gc_test_head_shifted ... ok
[INFO] [stdout] test tests::gc_test::tests::datastore_gc_test_punch_hole ... ok
[INFO] [stdout] test tests::bucket_test::tests::test_delete_sstables ... ok
[INFO] [stdout] test tests::gc_test::tests::datastore_gc_test_tail_shifted_to_correct_position ... ok
[INFO] [stdout] test filter::bf::tests::test_false_positives_medium_rate ... ok
[INFO] [stdout] test tests::key_range_test::tests::test_default_keyrange ... ok
[INFO] [stdout] test filter::bf::tests::test_false_positives_low_rate ... ok
[INFO] [stdout] test tests::gc_test::tests::datastore_gc_test_free_before_synchronization ... ok
[INFO] [stdout] test tests::gc_test::tests::datastore_gc_test_no_entry_to_collect ... ok
[INFO] [stdout] test tests::gc_test::tests::datastore_gc_test_unsupported_platform ... ok
[INFO] [stdout] test tests::key_range_test::tests::test_key_range_remove ... ok
[INFO] [stdout] test tests::key_range_test::tests::test_key_range_set ... ok
[INFO] [stdout] test tests::key_range_test::tests::test_new_keyrange ... ok
[INFO] [stdout] test tests::key_range_test::tests::test_range_new ... ok
[INFO] [stdout] test tests::gc_test::tests::datastore_gc_test_tail_shifted ... ok
[INFO] [stdout] test tests::gc_test::tests::datastore_gc_test_success ... ok
[INFO] [stdout] test tests::meta_test::tests::test_meta_new ... ok
[INFO] [stdout] test tests::meta_test::tests::test_meta_recover ... ok
[INFO] [stdout] test tests::meta_test::tests::test_meta_serialize ... ok
[INFO] [stdout] test tests::meta_test::tests::test_meta_write ... ok
[INFO] [stdout] test tests::key_range_test::tests::test_key_range_not_found ... ok
[INFO] [stdout] test tests::meta_test::tests::test_set_head_tail ... ok
[INFO] [stdout] test tests::sized_tier_test::tests::test_fetch_imbalanced_buckets ... ok
[INFO] [stdout] test tests::sized_tier_test::tests::test_insert_valid_elements ... ok
[INFO] [stdout] test tests::key_range_test::tests::test_key_range_range_query_scan ... ok
[INFO] [stdout] test tests::sized_tier_test::tests::test_not_insert_tombstone_elements ... ok
[INFO] [stdout] test tests::bucket_test::tests::table_insert_to_appropriate_bucket ... ok
[INFO] [stdout] test tests::sized_tier_test::tests::test_not_insert_tombstone_elements_found_in_tombstone_hashmap ... ok
[INFO] [stdout] test tests::sized_tier_test::tests::test_sized_tier_runner_new ... ok
[INFO] [stdout] test tests::key_range_test::tests::test_key_range_recover_bloomfilter ... ok
[INFO] [stdout] test tests::store_test::tests::datastore_create_new ... ok
[INFO] [stdout] test tests::key_range_test::tests::test_update_key_range ... ok
[INFO] [stdout] test tests::key_range_test::tests::test_restored_key_range ... ok
[INFO] [stdout] test tests::key_range_test::tests::test_key_range_filters_by_biggest_key ... ok
[INFO] [stdout] test tests::store_test::tests::datastore_recover ... FAILED
[INFO] [stdout] test tests::store_test::tests::datastore_put_test ... ok
[INFO] [stdout] test tests::store_test::tests::datastore_test_put_and_get_concurrent ... ok
[INFO] [stdout] test tests::store_test::tests::datastore_not_found ... ok
[INFO] [stdout] test tests::store_test::tests::datastore_test_seqential_put ... ok
[INFO] [stdout] test tests::store_test::tests::datastore_deletion ... ok
[INFO] [stdout] test tests::summary_test::tests::test_summary_new ... ok
[INFO] [stdout] test tests::summary_test::tests::test_summary_recover ... ok
[INFO] [stdout] test tests::summary_test::tests::test_summary_serialize ... ok
[INFO] [stdout] test tests::summary_test::tests::test_summary_write ... FAILED
[INFO] [stdout] test tests::vlog::tests::test_append ... ok
[INFO] [stdout] test tests::vlog::tests::test_clear_all ... ok
[INFO] [stdout] test tests::vlog::tests::test_get ... ok
[INFO] [stdout] test tests::vlog::tests::test_read_chunk_to_garbage_collect ... ok
[INFO] [stdout] test tests::vlog::tests::test_recover ... ok
[INFO] [stdout] test tests::vlog::tests::test_set_head_tail ... ok
[INFO] [stdout] test tests::vlog::tests::test_sync_all ... ok
[INFO] [stdout] test tests::vlog::tests::test_vlog_entry_new ... ok
[INFO] [stdout] test tests::vlog::tests::test_vlog_entry_serialize ... ok
[INFO] [stdout] test tests::vlog::tests::test_vlog_new ... ok
[INFO] [stdout] test util::tests::test_default_datetime ... ok
[INFO] [stdout] test util::tests::test_float_from_le_bytes ... ok
[INFO] [stdout] test util::tests::test_float_to_le_bytes ... ok
[INFO] [stdout] test util::tests::test_generate_random_id ... ok
[INFO] [stdout] test util::tests::test_milliseconds_to_datetime ... ok
[INFO] [stdout] test tests::store_test::tests::datastore_compaction ... ok
[INFO] [stdout] test tests::store_test::tests::datastore_test_put_and_get ... ok
[INFO] [stdout] test tests::store_test::tests::datastore_test_sequential_put_and_get ... ok
[INFO] [stdout] test tests::sized_tier_test::tests::test_merge_ssts_in_buckets ... ok
[INFO] [stdout] test tests::store_test::tests::datastore_update ... ok
[INFO] [stdout] test tests::sized_tier_test::tests::test_cleanup_after_compaction ... ok
[INFO] [stdout] test tests::sized_tier_test::tests::test_run_compaction has been running for over 60 seconds
[INFO] [stdout] test tests::sized_tier_test::tests::test_run_compaction ... ok
[INFO] [stdout] 
[INFO] [stdout] failures:
[INFO] [stdout] 
[INFO] [stdout] ---- tests::store_test::tests::datastore_recover stdout ----
[INFO] [stdout] thread 'tests::store_test::tests::datastore_recover' panicked at src/vlog/v_log.rs:158:14:
[INFO] [stdout] called `Result::unwrap()` on an `Err` value: FileCreation { path: "src/tests/fixtures/data/v_log/val_log.bin", error: Os { code: 30, kind: ReadOnlyFilesystem, message: "Read-only file system" } }
[INFO] [stdout] stack backtrace:
[INFO] [stdout]    0:     0x55ebe16b575a - std::backtrace_rs::backtrace::libunwind::trace::h207520d6e9873551
[INFO] [stdout]                                at /rustc/df4ca44d3fbc9301ee17f30f4d474e6ae4b05252/library/std/src/../../backtrace/src/backtrace/libunwind.rs:116:5
[INFO] [stdout]    1:     0x55ebe16b575a - std::backtrace_rs::backtrace::trace_unsynchronized::h2ed7433f370e3eca
[INFO] [stdout]                                at /rustc/df4ca44d3fbc9301ee17f30f4d474e6ae4b05252/library/std/src/../../backtrace/src/backtrace/mod.rs:66:5
[INFO] [stdout]    2:     0x55ebe16b575a - std::sys::backtrace::_print_fmt::h916fac51166b18d7
[INFO] [stdout]                                at /rustc/df4ca44d3fbc9301ee17f30f4d474e6ae4b05252/library/std/src/sys/backtrace.rs:66:9
[INFO] [stdout]    3:     0x55ebe16b575a - <std::sys::backtrace::BacktraceLock::print::DisplayBacktrace as core::fmt::Display>::fmt::ha0a4c9b8ce3802e6
[INFO] [stdout]                                at /rustc/df4ca44d3fbc9301ee17f30f4d474e6ae4b05252/library/std/src/sys/backtrace.rs:39:26
[INFO] [stdout]    4:     0x55ebe16de5f3 - core::fmt::rt::Argument::fmt::h4cfc8587d52b3eb5
[INFO] [stdout]                                at /rustc/df4ca44d3fbc9301ee17f30f4d474e6ae4b05252/library/core/src/fmt/rt.rs:177:76
[INFO] [stdout]    5:     0x55ebe16de5f3 - core::fmt::write::h522cc39e5b36ae9f
[INFO] [stdout]                                at /rustc/df4ca44d3fbc9301ee17f30f4d474e6ae4b05252/library/core/src/fmt/mod.rs:1190:21
[INFO] [stdout]    6:     0x55ebe16b19e3 - std::io::Write::write_fmt::h7d3c26752da97734
[INFO] [stdout]                                at /rustc/df4ca44d3fbc9301ee17f30f4d474e6ae4b05252/library/std/src/io/mod.rs:1839:15
[INFO] [stdout]    7:     0x55ebe16b55a2 - std::sys::backtrace::BacktraceLock::print::h4b9e00b29e9c0942
[INFO] [stdout]                                at /rustc/df4ca44d3fbc9301ee17f30f4d474e6ae4b05252/library/std/src/sys/backtrace.rs:42:9
[INFO] [stdout]    8:     0x55ebe16b6bea - std::panicking::default_hook::{{closure}}::hb59b88280d0324d9
[INFO] [stdout]                                at /rustc/df4ca44d3fbc9301ee17f30f4d474e6ae4b05252/library/std/src/panicking.rs:268:22
[INFO] [stdout]    9:     0x55ebe16b69f4 - std::panicking::default_hook::he1dd496665be4a29
[INFO] [stdout]                                at /rustc/df4ca44d3fbc9301ee17f30f4d474e6ae4b05252/library/std/src/panicking.rs:292:9
[INFO] [stdout]   10:     0x55ebe153b059 - <alloc::boxed::Box<F,A> as core::ops::function::Fn<Args>>::call::h4ff71de18744e1dc
[INFO] [stdout]                                at /rustc/df4ca44d3fbc9301ee17f30f4d474e6ae4b05252/library/alloc/src/boxed.rs:2468:9
[INFO] [stdout]   11:     0x55ebe153b059 - test::test_main::{{closure}}::hcf7c055ce117aa81
[INFO] [stdout]                                at /rustc/df4ca44d3fbc9301ee17f30f4d474e6ae4b05252/library/test/src/lib.rs:133:21
[INFO] [stdout]   12:     0x55ebe16b72e8 - <alloc::boxed::Box<F,A> as core::ops::function::Fn<Args>>::call::h1d66c6bbd60c9692
[INFO] [stdout]                                at /rustc/df4ca44d3fbc9301ee17f30f4d474e6ae4b05252/library/alloc/src/boxed.rs:2468:9
[INFO] [stdout]   13:     0x55ebe16b72e8 - std::panicking::rust_panic_with_hook::h2ff17fe8f26dfcf8
[INFO] [stdout]                                at /rustc/df4ca44d3fbc9301ee17f30f4d474e6ae4b05252/library/std/src/panicking.rs:809:13
[INFO] [stdout]   14:     0x55ebe16b70aa - std::panicking::begin_panic_handler::{{closure}}::h4fad77951c07e101
[INFO] [stdout]                                at /rustc/df4ca44d3fbc9301ee17f30f4d474e6ae4b05252/library/std/src/panicking.rs:674:13
[INFO] [stdout]   15:     0x55ebe16b5c39 - std::sys::backtrace::__rust_end_short_backtrace::hb1a25b3da5d0ea08
[INFO] [stdout]                                at /rustc/df4ca44d3fbc9301ee17f30f4d474e6ae4b05252/library/std/src/sys/backtrace.rs:170:18
[INFO] [stdout]   16:     0x55ebe16b6d3c - rust_begin_unwind
[INFO] [stdout]                                at /rustc/df4ca44d3fbc9301ee17f30f4d474e6ae4b05252/library/std/src/panicking.rs:665:5
[INFO] [stdout]   17:     0x55ebe16dc8e0 - core::panicking::panic_fmt::ha9db07b529f9b256
[INFO] [stdout]                                at /rustc/df4ca44d3fbc9301ee17f30f4d474e6ae4b05252/library/core/src/panicking.rs:75:14
[INFO] [stdout]   18:     0x55ebe16dcdc6 - core::result::unwrap_failed::h5e8218e4d4338b8a
[INFO] [stdout]                                at /rustc/df4ca44d3fbc9301ee17f30f4d474e6ae4b05252/library/core/src/result.rs:1698:5
[INFO] [stdout]   19:     0x55ebe124fbe5 - core::result::Result<T,E>::unwrap::h69986987c1469d6b
[INFO] [stdout]                                at /rustc/df4ca44d3fbc9301ee17f30f4d474e6ae4b05252/library/core/src/result.rs:1103:23
[INFO] [stdout]   20:     0x55ebe124fbe5 - velarixdb::vlog::v_log::ValueLog::new::{{closure}}::h6300715f5aa0f95d
[INFO] [stdout]                                at /opt/rustwide/workdir/src/vlog/v_log.rs:156:20
[INFO] [stdout]   21:     0x55ebe10cade5 - velarixdb::db::store::DataStore<alloc::vec::Vec<u8>>::create_or_recover::{{closure}}::haa2ca0de0b54ec87
[INFO] [stdout]                                at /opt/rustwide/workdir/src/db/store.rs:685:45
[INFO] [stdout]   22:     0x55ebe10b7826 - velarixdb::db::store::DataStore<alloc::vec::Vec<u8>>::open_without_background::{{closure}}::hc669f268dde11ead
[INFO] [stdout]                                at /opt/rustwide/workdir/src/db/store.rs:159:106
[INFO] [stdout]   23:     0x55ebe1136840 - velarixdb::tests::store_test::tests::datastore_recover::{{closure}}::hc96f877f306c6a23
[INFO] [stdout]                                at /opt/rustwide/workdir/src/tests/store_test.rs:29:78
[INFO] [stdout]   24:     0x55ebe1239082 - <core::pin::Pin<P> as core::future::future::Future>::poll::hc75d9cf67351b4fb
[INFO] [stdout]                                at /rustc/df4ca44d3fbc9301ee17f30f4d474e6ae4b05252/library/core/src/future/future.rs:123:9
[INFO] [stdout]   25:     0x55ebe123903d - <core::pin::Pin<P> as core::future::future::Future>::poll::hc59f51e204d20f92
[INFO] [stdout]                                at /rustc/df4ca44d3fbc9301ee17f30f4d474e6ae4b05252/library/core/src/future/future.rs:123:9
[INFO] [stdout]   26:     0x55ebe117dd3f - tokio::runtime::scheduler::current_thread::CoreGuard::block_on::{{closure}}::{{closure}}::{{closure}}::h94e2c94e9f25c586
[INFO] [stdout]                                at /opt/rustwide/cargo-home/registry/src/index.crates.io-6f17d22bba15001f/tokio-1.39.2/src/runtime/scheduler/current_thread/mod.rs:673:57
[INFO] [stdout]   27:     0x55ebe117dac5 - tokio::runtime::coop::with_budget::h4ca40260f7720181
[INFO] [stdout]                                at /opt/rustwide/cargo-home/registry/src/index.crates.io-6f17d22bba15001f/tokio-1.39.2/src/runtime/coop.rs:107:5
[INFO] [stdout]   28:     0x55ebe117dac5 - tokio::runtime::coop::budget::h46ba3272dc9e804e
[INFO] [stdout]                                at /opt/rustwide/cargo-home/registry/src/index.crates.io-6f17d22bba15001f/tokio-1.39.2/src/runtime/coop.rs:73:5
[INFO] [stdout]   29:     0x55ebe117dac5 - tokio::runtime::scheduler::current_thread::CoreGuard::block_on::{{closure}}::{{closure}}::h356086ff561a8de4
[INFO] [stdout]                                at /opt/rustwide/cargo-home/registry/src/index.crates.io-6f17d22bba15001f/tokio-1.39.2/src/runtime/scheduler/current_thread/mod.rs:673:25
[INFO] [stdout]   30:     0x55ebe117b94c - tokio::runtime::scheduler::current_thread::Context::enter::hbde9eccff5d0a5fe
[INFO] [stdout]                                at /opt/rustwide/cargo-home/registry/src/index.crates.io-6f17d22bba15001f/tokio-1.39.2/src/runtime/scheduler/current_thread/mod.rs:412:19
[INFO] [stdout]   31:     0x55ebe117caf7 - tokio::runtime::scheduler::current_thread::CoreGuard::block_on::{{closure}}::h0bd8623880aca5ba
[INFO] [stdout]                                at /opt/rustwide/cargo-home/registry/src/index.crates.io-6f17d22bba15001f/tokio-1.39.2/src/runtime/scheduler/current_thread/mod.rs:672:36
[INFO] [stdout]   32:     0x55ebe117c7e4 - tokio::runtime::scheduler::current_thread::CoreGuard::enter::{{closure}}::h481fe77e6b33f6a9
[INFO] [stdout]                                at /opt/rustwide/cargo-home/registry/src/index.crates.io-6f17d22bba15001f/tokio-1.39.2/src/runtime/scheduler/current_thread/mod.rs:751:68
[INFO] [stdout]   33:     0x55ebe107db1b - tokio::runtime::context::scoped::Scoped<T>::set::hf3f9584f16aee7be
[INFO] [stdout]                                at /opt/rustwide/cargo-home/registry/src/index.crates.io-6f17d22bba15001f/tokio-1.39.2/src/runtime/context/scoped.rs:40:9
[INFO] [stdout]   34:     0x55ebe105c199 - tokio::runtime::context::set_scheduler::{{closure}}::h881e44f8cde4c862
[INFO] [stdout]                                at /opt/rustwide/cargo-home/registry/src/index.crates.io-6f17d22bba15001f/tokio-1.39.2/src/runtime/context.rs:180:26
[INFO] [stdout]   35:     0x55ebe104e3ad - std::thread::local::LocalKey<T>::try_with::hfb75d3909ae5015c
[INFO] [stdout]                                at /rustc/df4ca44d3fbc9301ee17f30f4d474e6ae4b05252/library/std/src/thread/local.rs:283:12
[INFO] [stdout]   36:     0x55ebe1049b8a - std::thread::local::LocalKey<T>::with::h208de175513ef890
[INFO] [stdout]                                at /rustc/df4ca44d3fbc9301ee17f30f4d474e6ae4b05252/library/std/src/thread/local.rs:260:9
[INFO] [stdout]   37:     0x55ebe105c14d - tokio::runtime::context::set_scheduler::h9b7b2b60ba8434d9
[INFO] [stdout]                                at /opt/rustwide/cargo-home/registry/src/index.crates.io-6f17d22bba15001f/tokio-1.39.2/src/runtime/context.rs:180:9
[INFO] [stdout]   38:     0x55ebe117c594 - tokio::runtime::scheduler::current_thread::CoreGuard::enter::h6f5904c1515ae290
[INFO] [stdout]                                at /opt/rustwide/cargo-home/registry/src/index.crates.io-6f17d22bba15001f/tokio-1.39.2/src/runtime/scheduler/current_thread/mod.rs:751:27
[INFO] [stdout]   39:     0x55ebe117c883 - tokio::runtime::scheduler::current_thread::CoreGuard::block_on::h99035ac0760ba827
[INFO] [stdout]                                at /opt/rustwide/cargo-home/registry/src/index.crates.io-6f17d22bba15001f/tokio-1.39.2/src/runtime/scheduler/current_thread/mod.rs:660:19
[INFO] [stdout]   40:     0x55ebe1173b21 - tokio::runtime::scheduler::current_thread::CurrentThread::block_on::{{closure}}::h2bf6de8349b3f32c
[INFO] [stdout]                                at /opt/rustwide/cargo-home/registry/src/index.crates.io-6f17d22bba15001f/tokio-1.39.2/src/runtime/scheduler/current_thread/mod.rs:180:28
[INFO] [stdout]   41:     0x55ebe11f4746 - tokio::runtime::context::runtime::enter_runtime::h251fbceffa2b83fb
[INFO] [stdout]                                at /opt/rustwide/cargo-home/registry/src/index.crates.io-6f17d22bba15001f/tokio-1.39.2/src/runtime/context/runtime.rs:65:16
[INFO] [stdout]   42:     0x55ebe11738c1 - tokio::runtime::scheduler::current_thread::CurrentThread::block_on::hfa46e3b9409a11fd
[INFO] [stdout]                                at /opt/rustwide/cargo-home/registry/src/index.crates.io-6f17d22bba15001f/tokio-1.39.2/src/runtime/scheduler/current_thread/mod.rs:168:9
[INFO] [stdout]   43:     0x55ebe10b17fe - tokio::runtime::runtime::Runtime::block_on_inner::h4ab3657073a0a9b2
[INFO] [stdout]                                at /opt/rustwide/cargo-home/registry/src/index.crates.io-6f17d22bba15001f/tokio-1.39.2/src/runtime/runtime.rs:361:47
[INFO] [stdout]   44:     0x55ebe10b1915 - tokio::runtime::runtime::Runtime::block_on::hb265191277d24ecb
[INFO] [stdout]                                at /opt/rustwide/cargo-home/registry/src/index.crates.io-6f17d22bba15001f/tokio-1.39.2/src/runtime/runtime.rs:335:13
[INFO] [stdout]   45:     0x55ebe11364bc - velarixdb::tests::store_test::tests::datastore_recover::h8ad9575ea492fc3a
[INFO] [stdout]                                at /opt/rustwide/workdir/src/tests/store_test.rs:33:9
[INFO] [stdout]   46:     0x55ebe1136337 - velarixdb::tests::store_test::tests::datastore_recover::{{closure}}::haafa88e6ea20f974
[INFO] [stdout]                                at /opt/rustwide/workdir/src/tests/store_test.rs:25:33
[INFO] [stdout]   47:     0x55ebe0f67b16 - core::ops::function::FnOnce::call_once::h3a3eca0ab96d0da5
[INFO] [stdout]                                at /rustc/df4ca44d3fbc9301ee17f30f4d474e6ae4b05252/library/core/src/ops/function.rs:250:5
[INFO] [stdout]   48:     0x55ebe153f92b - core::ops::function::FnOnce::call_once::h22c3ba5715e93f05
[INFO] [stdout]                                at /rustc/df4ca44d3fbc9301ee17f30f4d474e6ae4b05252/library/core/src/ops/function.rs:250:5
[INFO] [stdout]   49:     0x55ebe153f92b - test::__rust_begin_short_backtrace::h8e82d8113d0da17f
[INFO] [stdout]                                at /rustc/df4ca44d3fbc9301ee17f30f4d474e6ae4b05252/library/test/src/lib.rs:621:18
[INFO] [stdout]   50:     0x55ebe153f2a7 - test::run_test_in_process::{{closure}}::h33235f4f20b7b7c7
[INFO] [stdout]                                at /rustc/df4ca44d3fbc9301ee17f30f4d474e6ae4b05252/library/test/src/lib.rs:644:60
[INFO] [stdout]   51:     0x55ebe153f2a7 - <core::panic::unwind_safe::AssertUnwindSafe<F> as core::ops::function::FnOnce<()>>::call_once::hb5043206310c586f
[INFO] [stdout]                                at /rustc/df4ca44d3fbc9301ee17f30f4d474e6ae4b05252/library/core/src/panic/unwind_safe.rs:272:9
[INFO] [stdout]   52:     0x55ebe153f2a7 - std::panicking::try::do_call::h9ad4731a60ab23e2
[INFO] [stdout]                                at /rustc/df4ca44d3fbc9301ee17f30f4d474e6ae4b05252/library/std/src/panicking.rs:557:40
[INFO] [stdout]   53:     0x55ebe153f2a7 - std::panicking::try::h3824d23db772a716
[INFO] [stdout]                                at /rustc/df4ca44d3fbc9301ee17f30f4d474e6ae4b05252/library/std/src/panicking.rs:520:19
[INFO] [stdout]   54:     0x55ebe153f2a7 - std::panic::catch_unwind::h5afd514605fde46b
[INFO] [stdout]                                at /rustc/df4ca44d3fbc9301ee17f30f4d474e6ae4b05252/library/std/src/panic.rs:358:14
[INFO] [stdout]   55:     0x55ebe153f2a7 - test::run_test_in_process::h0d5cbfa7067d1720
[INFO] [stdout]                                at /rustc/df4ca44d3fbc9301ee17f30f4d474e6ae4b05252/library/test/src/lib.rs:644:27
[INFO] [stdout]   56:     0x55ebe153f2a7 - test::run_test::{{closure}}::h708eb8872708115d
[INFO] [stdout]                                at /rustc/df4ca44d3fbc9301ee17f30f4d474e6ae4b05252/library/test/src/lib.rs:565:43
[INFO] [stdout]   57:     0x55ebe15029c4 - test::run_test::{{closure}}::h392c51cee94713ab
[INFO] [stdout]                                at /rustc/df4ca44d3fbc9301ee17f30f4d474e6ae4b05252/library/test/src/lib.rs:595:41
[INFO] [stdout]   58:     0x55ebe15029c4 - std::sys::backtrace::__rust_begin_short_backtrace::h2f40290710935a8b
[INFO] [stdout]                                at /rustc/df4ca44d3fbc9301ee17f30f4d474e6ae4b05252/library/std/src/sys/backtrace.rs:154:18
[INFO] [stdout]   59:     0x55ebe150616e - std::thread::Builder::spawn_unchecked_::{{closure}}::{{closure}}::h3fd968d89053a903
[INFO] [stdout]                                at /rustc/df4ca44d3fbc9301ee17f30f4d474e6ae4b05252/library/std/src/thread/mod.rs:541:17
[INFO] [stdout]   60:     0x55ebe150616e - <core::panic::unwind_safe::AssertUnwindSafe<F> as core::ops::function::FnOnce<()>>::call_once::h743f637ba4229880
[INFO] [stdout]                                at /rustc/df4ca44d3fbc9301ee17f30f4d474e6ae4b05252/library/core/src/panic/unwind_safe.rs:272:9
[INFO] [stdout]   61:     0x55ebe150616e - std::panicking::try::do_call::h07440897322525a6
[INFO] [stdout]                                at /rustc/df4ca44d3fbc9301ee17f30f4d474e6ae4b05252/library/std/src/panicking.rs:557:40
[INFO] [stdout]   62:     0x55ebe150616e - std::panicking::try::he5a2e00188156637
[INFO] [stdout]                                at /rustc/df4ca44d3fbc9301ee17f30f4d474e6ae4b05252/library/std/src/panicking.rs:520:19
[INFO] [stdout]   63:     0x55ebe150616e - std::panic::catch_unwind::hbaf3cae49b3c6433
[INFO] [stdout]                                at /rustc/df4ca44d3fbc9301ee17f30f4d474e6ae4b05252/library/std/src/panic.rs:358:14
[INFO] [stdout]   64:     0x55ebe150616e - std::thread::Builder::spawn_unchecked_::{{closure}}::h8e141ea224820bce
[INFO] [stdout]                                at /rustc/df4ca44d3fbc9301ee17f30f4d474e6ae4b05252/library/std/src/thread/mod.rs:540:30
[INFO] [stdout]   65:     0x55ebe150616e - core::ops::function::FnOnce::call_once{{vtable.shim}}::h90d312fedd7b8ea8
[INFO] [stdout]                                at /rustc/df4ca44d3fbc9301ee17f30f4d474e6ae4b05252/library/core/src/ops/function.rs:250:5
[INFO] [stdout]   66:     0x55ebe16bc6bb - <alloc::boxed::Box<F,A> as core::ops::function::FnOnce<Args>>::call_once::h69aa08ddb6adb8b6
[INFO] [stdout]                                at /rustc/df4ca44d3fbc9301ee17f30f4d474e6ae4b05252/library/alloc/src/boxed.rs:2454:9
[INFO] [stdout]   67:     0x55ebe16bc6bb - <alloc::boxed::Box<F,A> as core::ops::function::FnOnce<Args>>::call_once::h5aa36efdb79c806f
[INFO] [stdout]                                at /rustc/df4ca44d3fbc9301ee17f30f4d474e6ae4b05252/library/alloc/src/boxed.rs:2454:9
[INFO] [stdout]   68:     0x55ebe16bc6bb - std::sys::pal::unix::thread::Thread::new::thread_start::h6cd80a1b4be5158d
[INFO] [stdout]                                at /rustc/df4ca44d3fbc9301ee17f30f4d474e6ae4b05252/library/std/src/sys/pal/unix/thread.rs:105:17
[INFO] [stdout]   69:     0x7245e872fac3 - <unknown>
[INFO] [stdout]   70:     0x7245e87c0a04 - clone
[INFO] [stdout]   71:                0x0 - <unknown>
[INFO] [stdout] 
[INFO] [stdout] ---- tests::summary_test::tests::test_summary_write stdout ----
[INFO] [stdout] thread 'tests::summary_test::tests::test_summary_write' panicked at src/sst/table.rs:395:14:
[INFO] [stdout] called `Result::unwrap()` on an `Err` value: FileCreation { path: "src/tests/fixtures/data/buckets/bucket1201eb6b-8903-4557-a5bd-d87cb725f1d8/sstable_1720785462309/summary.db", error: Os { code: 30, kind: ReadOnlyFilesystem, message: "Read-only file system" } }
[INFO] [stdout] stack backtrace:
[INFO] [stdout]    0:     0x55ebe16b575a - std::backtrace_rs::backtrace::libunwind::trace::h207520d6e9873551
[INFO] [stdout]                                at /rustc/df4ca44d3fbc9301ee17f30f4d474e6ae4b05252/library/std/src/../../backtrace/src/backtrace/libunwind.rs:116:5
[INFO] [stdout]    1:     0x55ebe16b575a - std::backtrace_rs::backtrace::trace_unsynchronized::h2ed7433f370e3eca
[INFO] [stdout]                                at /rustc/df4ca44d3fbc9301ee17f30f4d474e6ae4b05252/library/std/src/../../backtrace/src/backtrace/mod.rs:66:5
[INFO] [stdout]    2:     0x55ebe16b575a - std::sys::backtrace::_print_fmt::h916fac51166b18d7
[INFO] [stdout]                                at /rustc/df4ca44d3fbc9301ee17f30f4d474e6ae4b05252/library/std/src/sys/backtrace.rs:66:9
[INFO] [stdout]    3:     0x55ebe16b575a - <std::sys::backtrace::BacktraceLock::print::DisplayBacktrace as core::fmt::Display>::fmt::ha0a4c9b8ce3802e6
[INFO] [stdout]                                at /rustc/df4ca44d3fbc9301ee17f30f4d474e6ae4b05252/library/std/src/sys/backtrace.rs:39:26
[INFO] [stdout]    4:     0x55ebe16de5f3 - core::fmt::rt::Argument::fmt::h4cfc8587d52b3eb5
[INFO] [stdout]                                at /rustc/df4ca44d3fbc9301ee17f30f4d474e6ae4b05252/library/core/src/fmt/rt.rs:177:76
[INFO] [stdout]    5:     0x55ebe16de5f3 - core::fmt::write::h522cc39e5b36ae9f
[INFO] [stdout]                                at /rustc/df4ca44d3fbc9301ee17f30f4d474e6ae4b05252/library/core/src/fmt/mod.rs:1190:21
[INFO] [stdout]    6:     0x55ebe16b19e3 - std::io::Write::write_fmt::h7d3c26752da97734
[INFO] [stdout]                                at /rustc/df4ca44d3fbc9301ee17f30f4d474e6ae4b05252/library/std/src/io/mod.rs:1839:15
[INFO] [stdout]    7:     0x55ebe16b55a2 - std::sys::backtrace::BacktraceLock::print::h4b9e00b29e9c0942
[INFO] [stdout]                                at /rustc/df4ca44d3fbc9301ee17f30f4d474e6ae4b05252/library/std/src/sys/backtrace.rs:42:9
[INFO] [stdout]    8:     0x55ebe16b6bea - std::panicking::default_hook::{{closure}}::hb59b88280d0324d9
[INFO] [stdout]                                at /rustc/df4ca44d3fbc9301ee17f30f4d474e6ae4b05252/library/std/src/panicking.rs:268:22
[INFO] [stdout]    9:     0x55ebe16b69f4 - std::panicking::default_hook::he1dd496665be4a29
[INFO] [stdout]                                at /rustc/df4ca44d3fbc9301ee17f30f4d474e6ae4b05252/library/std/src/panicking.rs:292:9
[INFO] [stdout]   10:     0x55ebe153b059 - <alloc::boxed::Box<F,A> as core::ops::function::Fn<Args>>::call::h4ff71de18744e1dc
[INFO] [stdout]                                at /rustc/df4ca44d3fbc9301ee17f30f4d474e6ae4b05252/library/alloc/src/boxed.rs:2468:9
[INFO] [stdout]   11:     0x55ebe153b059 - test::test_main::{{closure}}::hcf7c055ce117aa81
[INFO] [stdout]                                at /rustc/df4ca44d3fbc9301ee17f30f4d474e6ae4b05252/library/test/src/lib.rs:133:21
[INFO] [stdout]   12:     0x55ebe16b72e8 - <alloc::boxed::Box<F,A> as core::ops::function::Fn<Args>>::call::h1d66c6bbd60c9692
[INFO] [stdout]                                at /rustc/df4ca44d3fbc9301ee17f30f4d474e6ae4b05252/library/alloc/src/boxed.rs:2468:9
[INFO] [stdout]   13:     0x55ebe16b72e8 - std::panicking::rust_panic_with_hook::h2ff17fe8f26dfcf8
[INFO] [stdout]                                at /rustc/df4ca44d3fbc9301ee17f30f4d474e6ae4b05252/library/std/src/panicking.rs:809:13
[INFO] [stdout]   14:     0x55ebe16b70aa - std::panicking::begin_panic_handler::{{closure}}::h4fad77951c07e101
[INFO] [stdout]                                at /rustc/df4ca44d3fbc9301ee17f30f4d474e6ae4b05252/library/std/src/panicking.rs:674:13
[INFO] [stdout]   15:     0x55ebe16b5c39 - std::sys::backtrace::__rust_end_short_backtrace::hb1a25b3da5d0ea08
[INFO] [stdout]                                at /rustc/df4ca44d3fbc9301ee17f30f4d474e6ae4b05252/library/std/src/sys/backtrace.rs:170:18
[INFO] [stdout]   16:     0x55ebe16b6d3c - rust_begin_unwind
[INFO] [stdout]                                at /rustc/df4ca44d3fbc9301ee17f30f4d474e6ae4b05252/library/std/src/panicking.rs:665:5
[INFO] [stdout]   17:     0x55ebe16dc8e0 - core::panicking::panic_fmt::ha9db07b529f9b256
[INFO] [stdout]                                at /rustc/df4ca44d3fbc9301ee17f30f4d474e6ae4b05252/library/core/src/panicking.rs:75:14
[INFO] [stdout]   18:     0x55ebe16dcdc6 - core::result::unwrap_failed::h5e8218e4d4338b8a
[INFO] [stdout]                                at /rustc/df4ca44d3fbc9301ee17f30f4d474e6ae4b05252/library/core/src/result.rs:1698:5
[INFO] [stdout]   19:     0x55ebe10fc124 - core::result::Result<T,E>::unwrap::h3cde495be1cb31f2
[INFO] [stdout]                                at /rustc/df4ca44d3fbc9301ee17f30f4d474e6ae4b05252/library/core/src/result.rs:1103:23
[INFO] [stdout]   20:     0x55ebe10fc124 - velarixdb::sst::table::Summary::write_to_file::{{closure}}::haaffaea69190e705
[INFO] [stdout]                                at /opt/rustwide/workdir/src/sst/table.rs:393:20
[INFO] [stdout]   21:     0x55ebe1117cff - velarixdb::tests::summary_test::tests::test_summary_write::{{closure}}::hef54dec92794e80a
[INFO] [stdout]                                at /opt/rustwide/workdir/src/tests/summary_test.rs:40:51
[INFO] [stdout]   22:     0x55ebe1239082 - <core::pin::Pin<P> as core::future::future::Future>::poll::hc75d9cf67351b4fb
[INFO] [stdout]                                at /rustc/df4ca44d3fbc9301ee17f30f4d474e6ae4b05252/library/core/src/future/future.rs:123:9
[INFO] [stdout]   23:     0x55ebe123903d - <core::pin::Pin<P> as core::future::future::Future>::poll::hc59f51e204d20f92
[INFO] [stdout]                                at /rustc/df4ca44d3fbc9301ee17f30f4d474e6ae4b05252/library/core/src/future/future.rs:123:9
[INFO] [stdout]   24:     0x55ebe117dd3f - tokio::runtime::scheduler::current_thread::CoreGuard::block_on::{{closure}}::{{closure}}::{{closure}}::h94e2c94e9f25c586
[INFO] [stdout]                                at /opt/rustwide/cargo-home/registry/src/index.crates.io-6f17d22bba15001f/tokio-1.39.2/src/runtime/scheduler/current_thread/mod.rs:673:57
[INFO] [stdout]   25:     0x55ebe117dac5 - tokio::runtime::coop::with_budget::h4ca40260f7720181
[INFO] [stdout]                                at /opt/rustwide/cargo-home/registry/src/index.crates.io-6f17d22bba15001f/tokio-1.39.2/src/runtime/coop.rs:107:5
[INFO] [stdout]   26:     0x55ebe117dac5 - tokio::runtime::coop::budget::h46ba3272dc9e804e
[INFO] [stdout]                                at /opt/rustwide/cargo-home/registry/src/index.crates.io-6f17d22bba15001f/tokio-1.39.2/src/runtime/coop.rs:73:5
[INFO] [stdout]   27:     0x55ebe117dac5 - tokio::runtime::scheduler::current_thread::CoreGuard::block_on::{{closure}}::{{closure}}::h356086ff561a8de4
[INFO] [stdout]                                at /opt/rustwide/cargo-home/registry/src/index.crates.io-6f17d22bba15001f/tokio-1.39.2/src/runtime/scheduler/current_thread/mod.rs:673:25
[INFO] [stdout]   28:     0x55ebe117b94c - tokio::runtime::scheduler::current_thread::Context::enter::hbde9eccff5d0a5fe
[INFO] [stdout]                                at /opt/rustwide/cargo-home/registry/src/index.crates.io-6f17d22bba15001f/tokio-1.39.2/src/runtime/scheduler/current_thread/mod.rs:412:19
[INFO] [stdout]   29:     0x55ebe117caf7 - tokio::runtime::scheduler::current_thread::CoreGuard::block_on::{{closure}}::h0bd8623880aca5ba
[INFO] [stdout]                                at /opt/rustwide/cargo-home/registry/src/index.crates.io-6f17d22bba15001f/tokio-1.39.2/src/runtime/scheduler/current_thread/mod.rs:672:36
[INFO] [stdout]   30:     0x55ebe117c7e4 - tokio::runtime::scheduler::current_thread::CoreGuard::enter::{{closure}}::h481fe77e6b33f6a9
[INFO] [stdout]                                at /opt/rustwide/cargo-home/registry/src/index.crates.io-6f17d22bba15001f/tokio-1.39.2/src/runtime/scheduler/current_thread/mod.rs:751:68
[INFO] [stdout]   31:     0x55ebe107db1b - tokio::runtime::context::scoped::Scoped<T>::set::hf3f9584f16aee7be
[INFO] [stdout]                                at /opt/rustwide/cargo-home/registry/src/index.crates.io-6f17d22bba15001f/tokio-1.39.2/src/runtime/context/scoped.rs:40:9
[INFO] [stdout]   32:     0x55ebe105c199 - tokio::runtime::context::set_scheduler::{{closure}}::h881e44f8cde4c862
[INFO] [stdout]                                at /opt/rustwide/cargo-home/registry/src/index.crates.io-6f17d22bba15001f/tokio-1.39.2/src/runtime/context.rs:180:26
[INFO] [stdout]   33:     0x55ebe104e3ad - std::thread::local::LocalKey<T>::try_with::hfb75d3909ae5015c
[INFO] [stdout]                                at /rustc/df4ca44d3fbc9301ee17f30f4d474e6ae4b05252/library/std/src/thread/local.rs:283:12
[INFO] [stdout]   34:     0x55ebe1049b8a - std::thread::local::LocalKey<T>::with::h208de175513ef890
[INFO] [stdout]                                at /rustc/df4ca44d3fbc9301ee17f30f4d474e6ae4b05252/library/std/src/thread/local.rs:260:9
[INFO] [stdout]   35:     0x55ebe105c14d - tokio::runtime::context::set_scheduler::h9b7b2b60ba8434d9
[INFO] [stdout]                                at /opt/rustwide/cargo-home/registry/src/index.crates.io-6f17d22bba15001f/tokio-1.39.2/src/runtime/context.rs:180:9
[INFO] [stdout]   36:     0x55ebe117c594 - tokio::runtime::scheduler::current_thread::CoreGuard::enter::h6f5904c1515ae290
[INFO] [stdout]                                at /opt/rustwide/cargo-home/registry/src/index.crates.io-6f17d22bba15001f/tokio-1.39.2/src/runtime/scheduler/current_thread/mod.rs:751:27
[INFO] [stdout]   37:     0x55ebe117c883 - tokio::runtime::scheduler::current_thread::CoreGuard::block_on::h99035ac0760ba827
[INFO] [stdout]                                at /opt/rustwide/cargo-home/registry/src/index.crates.io-6f17d22bba15001f/tokio-1.39.2/src/runtime/scheduler/current_thread/mod.rs:660:19
[INFO] [stdout]   38:     0x55ebe1173b21 - tokio::runtime::scheduler::current_thread::CurrentThread::block_on::{{closure}}::h2bf6de8349b3f32c
[INFO] [stdout]                                at /opt/rustwide/cargo-home/registry/src/index.crates.io-6f17d22bba15001f/tokio-1.39.2/src/runtime/scheduler/current_thread/mod.rs:180:28
[INFO] [stdout]   39:     0x55ebe11f4746 - tokio::runtime::context::runtime::enter_runtime::h251fbceffa2b83fb
[INFO] [stdout]                                at /opt/rustwide/cargo-home/registry/src/index.crates.io-6f17d22bba15001f/tokio-1.39.2/src/runtime/context/runtime.rs:65:16
[INFO] [stdout]   40:     0x55ebe11738c1 - tokio::runtime::scheduler::current_thread::CurrentThread::block_on::hfa46e3b9409a11fd
[INFO] [stdout]                                at /opt/rustwide/cargo-home/registry/src/index.crates.io-6f17d22bba15001f/tokio-1.39.2/src/runtime/scheduler/current_thread/mod.rs:168:9
[INFO] [stdout]   41:     0x55ebe10b17fe - tokio::runtime::runtime::Runtime::block_on_inner::h4ab3657073a0a9b2
[INFO] [stdout]                                at /opt/rustwide/cargo-home/registry/src/index.crates.io-6f17d22bba15001f/tokio-1.39.2/src/runtime/runtime.rs:361:47
[INFO] [stdout]   42:     0x55ebe10b1915 - tokio::runtime::runtime::Runtime::block_on::hb265191277d24ecb
[INFO] [stdout]                                at /opt/rustwide/cargo-home/registry/src/index.crates.io-6f17d22bba15001f/tokio-1.39.2/src/runtime/runtime.rs:335:13
[INFO] [stdout]   43:     0x55ebe11176d1 - velarixdb::tests::summary_test::tests::test_summary_write::h1210c3e691dd409e
[INFO] [stdout]                                at /opt/rustwide/workdir/src/tests/summary_test.rs:40:9
[INFO] [stdout]   44:     0x55ebe1117577 - velarixdb::tests::summary_test::tests::test_summary_write::{{closure}}::hb1a88882c7f8d286
[INFO] [stdout]                                at /opt/rustwide/workdir/src/tests/summary_test.rs:34:34
[INFO] [stdout]   45:     0x55ebe0f67e16 - core::ops::function::FnOnce::call_once::h40a286566cfdced3
[INFO] [stdout]                                at /rustc/df4ca44d3fbc9301ee17f30f4d474e6ae4b05252/library/core/src/ops/function.rs:250:5
[INFO] [stdout]   46:     0x55ebe153f92b - core::ops::function::FnOnce::call_once::h22c3ba5715e93f05
[INFO] [stdout]                                at /rustc/df4ca44d3fbc9301ee17f30f4d474e6ae4b05252/library/core/src/ops/function.rs:250:5
[INFO] [stdout]   47:     0x55ebe153f92b - test::__rust_begin_short_backtrace::h8e82d8113d0da17f
[INFO] [stdout]                                at /rustc/df4ca44d3fbc9301ee17f30f4d474e6ae4b05252/library/test/src/lib.rs:621:18
[INFO] [stdout]   48:     0x55ebe153f2a7 - test::run_test_in_process::{{closure}}::h33235f4f20b7b7c7
[INFO] [stdout]                                at /rustc/df4ca44d3fbc9301ee17f30f4d474e6ae4b05252/library/test/src/lib.rs:644:60
[INFO] [stdout]   49:     0x55ebe153f2a7 - <core::panic::unwind_safe::AssertUnwindSafe<F> as core::ops::function::FnOnce<()>>::call_once::hb5043206310c586f
[INFO] [stdout]                                at /rustc/df4ca44d3fbc9301ee17f30f4d474e6ae4b05252/library/core/src/panic/unwind_safe.rs:272:9
[INFO] [stdout]   50:     0x55ebe153f2a7 - std::panicking::try::do_call::h9ad4731a60ab23e2
[INFO] [stdout]                                at /rustc/df4ca44d3fbc9301ee17f30f4d474e6ae4b05252/library/std/src/panicking.rs:557:40
[INFO] [stdout]   51:     0x55ebe153f2a7 - std::panicking::try::h3824d23db772a716
[INFO] [stdout]                                at /rustc/df4ca44d3fbc9301ee17f30f4d474e6ae4b05252/library/std/src/panicking.rs:520:19
[INFO] [stdout]   52:     0x55ebe153f2a7 - std::panic::catch_unwind::h5afd514605fde46b
[INFO] [stdout]                                at /rustc/df4ca44d3fbc9301ee17f30f4d474e6ae4b05252/library/std/src/panic.rs:358:14
[INFO] [stdout]   53:     0x55ebe153f2a7 - test::run_test_in_process::h0d5cbfa7067d1720
[INFO] [stdout]                                at /rustc/df4ca44d3fbc9301ee17f30f4d474e6ae4b05252/library/test/src/lib.rs:644:27
[INFO] [stdout]   54:     0x55ebe153f2a7 - test::run_test::{{closure}}::h708eb8872708115d
[INFO] [stdout]                                at /rustc/df4ca44d3fbc9301ee17f30f4d474e6ae4b05252/library/test/src/lib.rs:565:43
[INFO] [stdout]   55:     0x55ebe15029c4 - test::run_test::{{closure}}::h392c51cee94713ab
[INFO] [stdout]                                at /rustc/df4ca44d3fbc9301ee17f30f4d474e6ae4b05252/library/test/src/lib.rs:595:41
[INFO] [stdout]   56:     0x55ebe15029c4 - std::sys::backtrace::__rust_begin_short_backtrace::h2f40290710935a8b
[INFO] [stdout]                                at /rustc/df4ca44d3fbc9301ee17f30f4d474e6ae4b05252/library/std/src/sys/backtrace.rs:154:18
[INFO] [stdout]   57:     0x55ebe150616e - std::thread::Builder::spawn_unchecked_::{{closure}}::{{closure}}::h3fd968d89053a903
[INFO] [stdout]                                at /rustc/df4ca44d3fbc9301ee17f30f4d474e6ae4b05252/library/std/src/thread/mod.rs:541:17
[INFO] [stdout]   58:     0x55ebe150616e - <core::panic::unwind_safe::AssertUnwindSafe<F> as core::ops::function::FnOnce<()>>::call_once::h743f637ba4229880
[INFO] [stdout]                                at /rustc/df4ca44d3fbc9301ee17f30f4d474e6ae4b05252/library/core/src/panic/unwind_safe.rs:272:9
[INFO] [stdout]   59:     0x55ebe150616e - std::panicking::try::do_call::h07440897322525a6
[INFO] [stdout]                                at /rustc/df4ca44d3fbc9301ee17f30f4d474e6ae4b05252/library/std/src/panicking.rs:557:40
[INFO] [stdout]   60:     0x55ebe150616e - std::panicking::try::he5a2e00188156637
[INFO] [stdout]                                at /rustc/df4ca44d3fbc9301ee17f30f4d474e6ae4b05252/library/std/src/panicking.rs:520:19
[INFO] [stdout]   61:     0x55ebe150616e - std::panic::catch_unwind::hbaf3cae49b3c6433
[INFO] [stdout]                                at /rustc/df4ca44d3fbc9301ee17f30f4d474e6ae4b05252/library/std/src/panic.rs:358:14
[INFO] [stdout]   62:     0x55ebe150616e - std::thread::Builder::spawn_unchecked_::{{closure}}::h8e141ea224820bce
[INFO] [stdout]                                at /rustc/df4ca44d3fbc9301ee17f30f4d474e6ae4b05252/library/std/src/thread/mod.rs:540:30
[INFO] [stdout]   63:     0x55ebe150616e - core::ops::function::FnOnce::call_once{{vtable.shim}}::h90d312fedd7b8ea8
[INFO] [stdout]                                at /rustc/df4ca44d3fbc9301ee17f30f4d474e6ae4b05252/library/core/src/ops/function.rs:250:5
[INFO] [stdout]   64:     0x55ebe16bc6bb - <alloc::boxed::Box<F,A> as core::ops::function::FnOnce<Args>>::call_once::h69aa08ddb6adb8b6
[INFO] [stdout]                                at /rustc/df4ca44d3fbc9301ee17f30f4d474e6ae4b05252/library/alloc/src/boxed.rs:2454:9
[INFO] [stdout]   65:     0x55ebe16bc6bb - <alloc::boxed::Box<F,A> as core::ops::function::FnOnce<Args>>::call_once::h5aa36efdb79c806f
[INFO] [stdout]                                at /rustc/df4ca44d3fbc9301ee17f30f4d474e6ae4b05252/library/alloc/src/boxed.rs:2454:9
[INFO] [stdout]   66:     0x55ebe16bc6bb - std::sys::pal::unix::thread::Thread::new::thread_start::h6cd80a1b4be5158d
[INFO] [stdout]                                at /rustc/df4ca44d3fbc9301ee17f30f4d474e6ae4b05252/library/std/src/sys/pal/unix/thread.rs:105:17
[INFO] [stdout]   67:     0x7245e872fac3 - <unknown>
[INFO] [stdout]   68:     0x7245e87c0a04 - clone
[INFO] [stdout]   69:                0x0 - <unknown>
[INFO] [stdout] 
[INFO] [stdout] 
[INFO] [stdout] failures:
[INFO] [stdout]     tests::store_test::tests::datastore_recover
[INFO] [stdout]     tests::summary_test::tests::test_summary_write
[INFO] [stdout] 
[INFO] [stdout] test result: FAILED. 124 passed; 2 failed; 0 ignored; 0 measured; 0 filtered out; finished in 88.50s
[INFO] [stdout] 
[INFO] [stderr] error: test failed, to rerun pass `--lib`
[INFO] running `Command { std: "docker" "inspect" "35fac4923ac026108bf73ff41892ddc77195908565668113182644c07f47cb1c", kill_on_drop: false }`
[INFO] running `Command { std: "docker" "rm" "-f" "35fac4923ac026108bf73ff41892ddc77195908565668113182644c07f47cb1c", kill_on_drop: false }`
[INFO] [stdout] 35fac4923ac026108bf73ff41892ddc77195908565668113182644c07f47cb1c
