[INFO] fetching crate variant_access 0.4.1...
[INFO] testing variant_access-0.4.1 against nightly-2024-10-28 for randomize-layout
[INFO] extracting crate variant_access 0.4.1 into /workspace/builds/worker-5-tc1/source
[INFO] validating manifest of crates.io crate variant_access 0.4.1 on toolchain nightly-2024-10-28
[INFO] running `Command { std: CARGO_HOME="/workspace/cargo-home" RUSTUP_HOME="/workspace/rustup-home" "/workspace/cargo-home/bin/cargo" "+nightly-2024-10-28" "metadata" "--manifest-path" "Cargo.toml" "--no-deps", kill_on_drop: false }`
[INFO] started tweaking crates.io crate variant_access 0.4.1
[INFO] finished tweaking crates.io crate variant_access 0.4.1
[INFO] tweaked toml for crates.io crate variant_access 0.4.1 written to /workspace/builds/worker-5-tc1/source/Cargo.toml
[INFO] running `Command { std: CARGO_HOME="/workspace/cargo-home" RUSTUP_HOME="/workspace/rustup-home" "/workspace/cargo-home/bin/cargo" "+nightly-2024-10-28" "generate-lockfile" "--manifest-path" "Cargo.toml", kill_on_drop: false }`
[INFO] [stderr]     Updating crates.io index
[INFO] [stderr]      Locking 117 packages to latest compatible versions
[INFO] [stderr]       Adding syn v1.0.109 (available: v2.0.86)
[INFO] running `Command { std: CARGO_HOME="/workspace/cargo-home" RUSTUP_HOME="/workspace/rustup-home" "/workspace/cargo-home/bin/cargo" "+nightly-2024-10-28" "fetch" "--manifest-path" "Cargo.toml", kill_on_drop: false }`
[INFO] [stderr]  Downloading crates ...
[INFO] [stderr]   Downloaded variant_access_traits v0.4.1
[INFO] [stderr]   Downloaded variant_access_derive v0.4.1
[INFO] running `Command { std: "docker" "create" "-v" "/var/lib/crater-agent-workspace/builds/worker-5-tc1/target:/opt/rustwide/target:rw,Z" "-v" "/var/lib/crater-agent-workspace/builds/worker-5-tc1/source:/opt/rustwide/workdir:ro,Z" "-v" "/var/lib/crater-agent-workspace/cargo-home:/opt/rustwide/cargo-home:ro,Z" "-v" "/var/lib/crater-agent-workspace/rustup-home:/opt/rustwide/rustup-home:ro,Z" "-e" "SOURCE_DIR=/opt/rustwide/workdir" "-e" "CARGO_TARGET_DIR=/opt/rustwide/target" "-e" "CARGO_HOME=/opt/rustwide/cargo-home" "-e" "RUSTUP_HOME=/opt/rustwide/rustup-home" "-w" "/opt/rustwide/workdir" "-m" "1610612736" "--user" "0:0" "--network" "none" "ghcr.io/rust-lang/crates-build-env/linux@sha256:4a844ea9eb2546a2d2c7022eacef16ef2e8229c7fbb2c7d4d55a9ceca922f72d" "/opt/rustwide/cargo-home/bin/cargo" "+nightly-2024-10-28" "metadata" "--no-deps" "--format-version=1", kill_on_drop: false }`
[INFO] [stdout] 3fd1ec4d2617a12764528af80930e12c61e89cdb378f27f121c82f24eb1b8ce2
[INFO] running `Command { std: "docker" "start" "-a" "3fd1ec4d2617a12764528af80930e12c61e89cdb378f27f121c82f24eb1b8ce2", kill_on_drop: false }`
[INFO] running `Command { std: "docker" "inspect" "3fd1ec4d2617a12764528af80930e12c61e89cdb378f27f121c82f24eb1b8ce2", kill_on_drop: false }`
[INFO] running `Command { std: "docker" "rm" "-f" "3fd1ec4d2617a12764528af80930e12c61e89cdb378f27f121c82f24eb1b8ce2", kill_on_drop: false }`
[INFO] [stdout] 3fd1ec4d2617a12764528af80930e12c61e89cdb378f27f121c82f24eb1b8ce2
[INFO] running `Command { std: "docker" "create" "-v" "/var/lib/crater-agent-workspace/builds/worker-5-tc1/target:/opt/rustwide/target:rw,Z" "-v" "/var/lib/crater-agent-workspace/builds/worker-5-tc1/source:/opt/rustwide/workdir:ro,Z" "-v" "/var/lib/crater-agent-workspace/cargo-home:/opt/rustwide/cargo-home:ro,Z" "-v" "/var/lib/crater-agent-workspace/rustup-home:/opt/rustwide/rustup-home:ro,Z" "-e" "SOURCE_DIR=/opt/rustwide/workdir" "-e" "CARGO_TARGET_DIR=/opt/rustwide/target" "-e" "CARGO_INCREMENTAL=0" "-e" "RUST_BACKTRACE=full" "-e" "RUSTFLAGS=--cap-lints=forbid" "-e" "RUSTDOCFLAGS=--cap-lints=forbid" "-e" "CARGO_HOME=/opt/rustwide/cargo-home" "-e" "RUSTUP_HOME=/opt/rustwide/rustup-home" "-w" "/opt/rustwide/workdir" "-m" "1610612736" "--user" "0:0" "--network" "none" "ghcr.io/rust-lang/crates-build-env/linux@sha256:4a844ea9eb2546a2d2c7022eacef16ef2e8229c7fbb2c7d4d55a9ceca922f72d" "/opt/rustwide/cargo-home/bin/cargo" "+nightly-2024-10-28" "build" "--frozen" "--message-format=json", kill_on_drop: false }`
[INFO] [stdout] 03fe3178bc012eee063b7df16221a8964e56d6a31bb368715ebc1e5c60f56e3e
[INFO] running `Command { std: "docker" "start" "-a" "03fe3178bc012eee063b7df16221a8964e56d6a31bb368715ebc1e5c60f56e3e", kill_on_drop: false }`
[INFO] [stderr]    Compiling memchr v2.7.4
[INFO] [stderr]    Compiling cfg-if v1.0.0
[INFO] [stderr]    Compiling byteorder v1.5.0
[INFO] [stderr]    Compiling regex-syntax v0.8.5
[INFO] [stderr]    Compiling siphasher v0.3.11
[INFO] [stderr]    Compiling proc-macro2 v1.0.89
[INFO] [stderr]    Compiling libc v0.2.161
[INFO] [stderr]    Compiling crossbeam-utils v0.8.20
[INFO] [stderr]    Compiling thiserror v1.0.66
[INFO] [stderr]    Compiling num-traits v0.2.19
[INFO] [stderr]    Compiling phf_shared v0.11.2
[INFO] [stderr]    Compiling ucd-trie v0.1.7
[INFO] [stderr]    Compiling phf v0.11.2
[INFO] [stderr]    Compiling quote v1.0.37
[INFO] [stderr]    Compiling same-file v1.0.6
[INFO] [stderr]    Compiling unic-char-range v0.9.0
[INFO] [stderr]    Compiling log v0.4.22
[INFO] [stderr]    Compiling once_cell v1.20.2
[INFO] [stderr]    Compiling syn v2.0.86
[INFO] [stderr]    Compiling aho-corasick v1.1.3
[INFO] [stderr]    Compiling crossbeam-epoch v0.9.18
[INFO] [stderr]    Compiling bstr v1.10.0
[INFO] [stderr]    Compiling unic-common v0.9.0
[INFO] [stderr]    Compiling getrandom v0.2.15
[INFO] [stderr]    Compiling unic-ucd-version v0.9.0
[INFO] [stderr]    Compiling unic-char-property v0.9.0
[INFO] [stderr]    Compiling walkdir v2.5.0
[INFO] [stderr]    Compiling rand_core v0.6.4
[INFO] [stderr]    Compiling crossbeam-deque v0.8.5
[INFO] [stderr]    Compiling serde v1.0.214
[INFO] [stderr]    Compiling libm v0.2.11
[INFO] [stderr]    Compiling iana-time-zone v0.1.61
[INFO] [stderr]    Compiling serde_json v1.0.132
[INFO] [stderr]    Compiling unic-ucd-segment v0.9.0
[INFO] [stderr]    Compiling itoa v1.0.11
[INFO] [stderr]    Compiling ryu v1.0.18
[INFO] [stderr]    Compiling deunicode v1.6.0
[INFO] [stderr]    Compiling bitflags v2.6.0
[INFO] [stderr]    Compiling chrono v0.4.38
[INFO] [stderr]    Compiling unic-segment v0.9.0
[INFO] [stderr]    Compiling slug v0.1.6
[INFO] [stderr]    Compiling humansize v2.1.3
[INFO] [stderr]    Compiling lazy_static v1.5.0
[INFO] [stderr]    Compiling percent-encoding v2.3.1
[INFO] [stderr]    Compiling syn v1.0.109
[INFO] [stderr]    Compiling variant_access_traits v0.4.1
[INFO] [stderr]    Compiling regex-automata v0.4.8
[INFO] [stderr]    Compiling regex v1.11.1
[INFO] [stderr]    Compiling globset v0.4.15
[INFO] [stderr]    Compiling zerocopy-derive v0.7.35
[INFO] [stderr]    Compiling thiserror-impl v1.0.66
[INFO] [stderr]    Compiling parse-zoneinfo v0.3.1
[INFO] [stderr]    Compiling ignore v0.4.23
[INFO] [stderr]    Compiling zerocopy v0.7.35
[INFO] [stderr]    Compiling pest v2.7.14
[INFO] [stderr]    Compiling globwalk v0.9.1
[INFO] [stderr]    Compiling ppv-lite86 v0.2.20
[INFO] [stderr]    Compiling rand_chacha v0.3.1
[INFO] [stderr]    Compiling rand v0.8.5
[INFO] [stderr]    Compiling phf_generator v0.11.2
[INFO] [stderr]    Compiling pest_meta v2.7.14
[INFO] [stderr]    Compiling phf_codegen v0.11.2
[INFO] [stderr]    Compiling chrono-tz-build v0.3.0
[INFO] [stderr]    Compiling chrono-tz v0.9.0
[INFO] [stderr]    Compiling pest_generator v2.7.14
[INFO] [stderr]    Compiling pest_derive v2.7.14
[INFO] [stderr]    Compiling tera v1.20.0
[INFO] [stderr]    Compiling variant_access_derive v0.4.1
[INFO] [stderr]    Compiling variant_access v0.4.1 (/opt/rustwide/workdir)
[INFO] [stderr]     Finished `dev` profile [unoptimized + debuginfo] target(s) in 31.21s
[INFO] running `Command { std: "docker" "inspect" "03fe3178bc012eee063b7df16221a8964e56d6a31bb368715ebc1e5c60f56e3e", kill_on_drop: false }`
[INFO] running `Command { std: "docker" "rm" "-f" "03fe3178bc012eee063b7df16221a8964e56d6a31bb368715ebc1e5c60f56e3e", kill_on_drop: false }`
[INFO] [stdout] 03fe3178bc012eee063b7df16221a8964e56d6a31bb368715ebc1e5c60f56e3e
[INFO] running `Command { std: "docker" "create" "-v" "/var/lib/crater-agent-workspace/builds/worker-5-tc1/target:/opt/rustwide/target:rw,Z" "-v" "/var/lib/crater-agent-workspace/builds/worker-5-tc1/source:/opt/rustwide/workdir:ro,Z" "-v" "/var/lib/crater-agent-workspace/cargo-home:/opt/rustwide/cargo-home:ro,Z" "-v" "/var/lib/crater-agent-workspace/rustup-home:/opt/rustwide/rustup-home:ro,Z" "-e" "SOURCE_DIR=/opt/rustwide/workdir" "-e" "CARGO_TARGET_DIR=/opt/rustwide/target" "-e" "CARGO_INCREMENTAL=0" "-e" "RUST_BACKTRACE=full" "-e" "RUSTFLAGS=--cap-lints=forbid" "-e" "RUSTDOCFLAGS=--cap-lints=forbid" "-e" "CARGO_HOME=/opt/rustwide/cargo-home" "-e" "RUSTUP_HOME=/opt/rustwide/rustup-home" "-w" "/opt/rustwide/workdir" "-m" "1610612736" "--user" "0:0" "--network" "none" "ghcr.io/rust-lang/crates-build-env/linux@sha256:4a844ea9eb2546a2d2c7022eacef16ef2e8229c7fbb2c7d4d55a9ceca922f72d" "/opt/rustwide/cargo-home/bin/cargo" "+nightly-2024-10-28" "test" "--frozen" "--no-run" "--message-format=json", kill_on_drop: false }`
[INFO] [stdout] 162160a3a043005ada0493b73686a0ea69affbca0b8ca489a8da46071cbad445
[INFO] running `Command { std: "docker" "start" "-a" "162160a3a043005ada0493b73686a0ea69affbca0b8ca489a8da46071cbad445", kill_on_drop: false }`
[INFO] [stderr]    Compiling quote v1.0.37
[INFO] [stderr]    Compiling aho-corasick v1.1.3
[INFO] [stderr]    Compiling bstr v1.10.0
[INFO] [stderr]    Compiling serde_json v1.0.132
[INFO] [stderr]    Compiling syn v1.0.109
[INFO] [stderr]    Compiling indexmap v2.6.0
[INFO] [stderr]    Compiling toml_datetime v0.6.8
[INFO] [stderr]    Compiling serde_spanned v0.6.8
[INFO] [stderr]    Compiling target-triple v0.1.3
[INFO] [stderr]    Compiling variant_access_traits v0.4.1
[INFO] [stderr]    Compiling glob v0.3.1
[INFO] [stderr]    Compiling syn v2.0.86
[INFO] [stderr]    Compiling termcolor v1.4.1
[INFO] [stderr]    Compiling toml_edit v0.22.22
[INFO] [stderr]    Compiling regex-automata v0.4.8
[INFO] [stderr]    Compiling toml v0.8.19
[INFO] [stderr]    Compiling regex v1.11.1
[INFO] [stderr]    Compiling globset v0.4.15
[INFO] [stderr]    Compiling parse-zoneinfo v0.3.1
[INFO] [stderr]    Compiling ignore v0.4.23
[INFO] [stderr]    Compiling globwalk v0.9.1
[INFO] [stderr]    Compiling zerocopy-derive v0.7.35
[INFO] [stderr]    Compiling thiserror-impl v1.0.66
[INFO] [stderr]    Compiling serde_derive v1.0.214
[INFO] [stderr]    Compiling zerocopy v0.7.35
[INFO] [stderr]    Compiling thiserror v1.0.66
[INFO] [stderr]    Compiling pest v2.7.14
[INFO] [stderr]    Compiling ppv-lite86 v0.2.20
[INFO] [stderr]    Compiling rand_chacha v0.3.1
[INFO] [stderr]    Compiling rand v0.8.5
[INFO] [stderr]    Compiling pest_meta v2.7.14
[INFO] [stderr]    Compiling trybuild v1.0.101
[INFO] [stderr]    Compiling phf_generator v0.11.2
[INFO] [stderr]    Compiling phf_codegen v0.11.2
[INFO] [stderr]    Compiling chrono-tz-build v0.3.0
[INFO] [stderr]    Compiling pest_generator v2.7.14
[INFO] [stderr]    Compiling chrono-tz v0.9.0
[INFO] [stderr]    Compiling pest_derive v2.7.14
[INFO] [stderr]    Compiling tera v1.20.0
[INFO] [stderr]    Compiling variant_access_derive v0.4.1
[INFO] [stderr]    Compiling variant_access v0.4.1 (/opt/rustwide/workdir)
[INFO] [stderr]     Finished `test` profile [unoptimized + debuginfo] target(s) in 31.36s
[INFO] running `Command { std: "docker" "inspect" "162160a3a043005ada0493b73686a0ea69affbca0b8ca489a8da46071cbad445", kill_on_drop: false }`
[INFO] running `Command { std: "docker" "rm" "-f" "162160a3a043005ada0493b73686a0ea69affbca0b8ca489a8da46071cbad445", kill_on_drop: false }`
[INFO] [stdout] 162160a3a043005ada0493b73686a0ea69affbca0b8ca489a8da46071cbad445
[INFO] running `Command { std: "docker" "create" "-v" "/var/lib/crater-agent-workspace/builds/worker-5-tc1/target:/opt/rustwide/target:rw,Z" "-v" "/var/lib/crater-agent-workspace/builds/worker-5-tc1/source:/opt/rustwide/workdir:ro,Z" "-v" "/var/lib/crater-agent-workspace/cargo-home:/opt/rustwide/cargo-home:ro,Z" "-v" "/var/lib/crater-agent-workspace/rustup-home:/opt/rustwide/rustup-home:ro,Z" "-e" "SOURCE_DIR=/opt/rustwide/workdir" "-e" "CARGO_TARGET_DIR=/opt/rustwide/target" "-e" "CARGO_INCREMENTAL=0" "-e" "RUST_BACKTRACE=full" "-e" "RUSTFLAGS=--cap-lints=forbid" "-e" "RUSTDOCFLAGS=--cap-lints=forbid" "-e" "CARGO_HOME=/opt/rustwide/cargo-home" "-e" "RUSTUP_HOME=/opt/rustwide/rustup-home" "-w" "/opt/rustwide/workdir" "-m" "1610612736" "--user" "0:0" "--network" "none" "ghcr.io/rust-lang/crates-build-env/linux@sha256:4a844ea9eb2546a2d2c7022eacef16ef2e8229c7fbb2c7d4d55a9ceca922f72d" "/opt/rustwide/cargo-home/bin/cargo" "+nightly-2024-10-28" "test" "--frozen", kill_on_drop: false }`
[INFO] [stdout] 5301b687733766916cffd3575791e28f1efc6dc28dc7f793342e09ec8df31839
[INFO] running `Command { std: "docker" "start" "-a" "5301b687733766916cffd3575791e28f1efc6dc28dc7f793342e09ec8df31839", kill_on_drop: false }`
[INFO] [stderr]     Finished `test` profile [unoptimized + debuginfo] target(s) in 0.16s
[INFO] [stderr]      Running unittests src/lib.rs (/opt/rustwide/target/debug/deps/variant_access-707019489c66e8b3)
[INFO] [stdout] 
[INFO] [stdout] running 0 tests
[INFO] [stdout] 
[INFO] [stdout] test result: ok. 0 passed; 0 failed; 0 ignored; 0 measured; 0 filtered out; finished in 0.00s
[INFO] [stdout] 
[INFO] [stderr]      Running tests/full_example.rs (/opt/rustwide/target/debug/deps/full_example-c68e367325fab49e)
[INFO] [stdout] 
[INFO] [stdout] running 0 tests
[INFO] [stdout] 
[INFO] [stdout] test result: ok. 0 passed; 0 failed; 0 ignored; 0 measured; 0 filtered out; finished in 0.00s
[INFO] [stdout] 
[INFO] [stderr]      Running tests/tests.rs (/opt/rustwide/target/debug/deps/tests-c0e6a89d97d1bdbc)
[INFO] [stdout] 
[INFO] [stdout] running 27 tests
[INFO] [stdout] test test_basic::test_contains_variant ... ok
[INFO] [stdout] test test_basic::test_func_create_variant_from ... ok
[INFO] [stdout] test test_basic::test_get_variant_mut ... ok
[INFO] [stdout] test test_basic::test_get_variant ... ok
[INFO] [stdout] test test_basic::test_contains_variant_error ... ok
[INFO] [stdout] test test_basic::test_func_create_variant_from_ambiguous ... ok
[INFO] [stdout] test test_basic::test_get_variant_ref ... ok
[INFO] [stdout] test test_basic::test_has_variant ... ok
[INFO] [stdout] test test_basic::test_trait_create_variant_from ... ok
[INFO] [stdout] test test_basic::test_trait_create_variant_from_ambiguous ... ok
[INFO] [stdout] test test_basic::test_set_variant ... ok
[INFO] [stdout] test test_template_types::test_contains_variant ... ok
[INFO] [stdout] test test_basic::test_set_variant_ambiguous ... ok
[INFO] [stdout] test test_template_types::test_contains_variant_error ... ok
[INFO] [stdout] test test_template_types::test_func_create_variant_from ... ok
[INFO] [stdout] test test_template_types::test_get_variant ... ok
[INFO] [stdout] test test_template_types::test_get_variant_mut ... ok
[INFO] [stdout] test test_template_types::test_get_variant_ref ... ok
[INFO] [stdout] test test_namespaces::test_correct_namespace_resolution ... ok
[INFO] [stdout] test test_template_types::test_has_variant ... ok
[INFO] [stdout] test test_template_types::test_set_variant ... ok
[INFO] [stdout] test test_template_types::test_trait_create_variant_from ... ok
[INFO] [stdout] test test_basic::test_get_variant_error_from_wrong_variant - should panic ... ok
[INFO] [stdout] test test_basic::test_get_variant_ref_error_from_wrong_variant - should panic ... ok
[INFO] [stdout] test test_basic::test_get_variant_mut_error_from_wrong_variant - should panic ... ok
[INFO] [stderr]    Compiling proc-macro2 v1.0.89
[INFO] [stderr]    Compiling unicode-ident v1.0.13
[INFO] [stderr]    Compiling memchr v2.7.4
[INFO] [stderr]    Compiling libc v0.2.161
[INFO] [stderr]    Compiling byteorder v1.5.0
[INFO] [stderr]    Compiling regex-syntax v0.8.5
[INFO] [stderr]    Compiling cfg-if v1.0.0
[INFO] [stderr]    Compiling siphasher v0.3.11
[INFO] [stderr]    Compiling crossbeam-utils v0.8.20
[INFO] [stderr]    Compiling thiserror v1.0.66
[INFO] [stderr]    Compiling phf_shared v0.11.2
[INFO] [stderr]    Compiling autocfg v1.4.0
[INFO] [stderr]    Compiling phf v0.11.2
[INFO] [stderr]    Compiling ucd-trie v0.1.7
[INFO] [stderr]    Compiling unic-char-range v0.9.0
[INFO] [stderr]    Compiling unic-common v0.9.0
[INFO] [stderr]    Compiling syn v1.0.109
[INFO] [stderr]    Compiling aho-corasick v1.1.3
[INFO] [stderr]    Compiling quote v1.0.37
[INFO] [stderr]    Compiling getrandom v0.2.15
[INFO] [stderr]    Compiling syn v2.0.86
[INFO] [stderr]    Compiling num-traits v0.2.19
[INFO] [stderr]    Compiling crossbeam-epoch v0.9.18
[INFO] [stderr]    Compiling rand_core v0.6.4
[INFO] [stderr]    Compiling bstr v1.10.0
[INFO] [stderr]    Compiling same-file v1.0.6
[INFO] [stderr]    Compiling libm v0.2.11
[INFO] [stderr]    Compiling once_cell v1.20.2
[INFO] [stderr]    Compiling log v0.4.22
[INFO] [stderr]    Compiling serde v1.0.214
[INFO] [stderr]    Compiling crossbeam-deque v0.8.5
[INFO] [stderr]    Compiling walkdir v2.5.0
[INFO] [stderr]    Compiling unic-ucd-version v0.9.0
[INFO] [stderr]    Compiling unic-char-property v0.9.0
[INFO] [stderr]    Compiling serde_json v1.0.132
[INFO] [stderr]    Compiling iana-time-zone v0.1.61
[INFO] [stderr]    Compiling unic-ucd-segment v0.9.0
[INFO] [stderr]    Compiling deunicode v1.6.0
[INFO] [stderr]    Compiling chrono v0.4.38
[INFO] [stderr]    Compiling regex-automata v0.4.8
[INFO] [stderr]    Compiling bitflags v2.6.0
[INFO] [stderr]    Compiling itoa v1.0.11
[INFO] [stderr]    Compiling ryu v1.0.18
[INFO] [stderr]    Compiling humansize v2.1.3
[INFO] [stderr]    Compiling slug v0.1.6
[INFO] [stderr]    Compiling unic-segment v0.9.0
[INFO] [stderr]    Compiling lazy_static v1.5.0
[INFO] [stderr]    Compiling percent-encoding v2.3.1
[INFO] [stderr]    Compiling variant_access_traits v0.4.1
[INFO] [stderr]    Compiling regex v1.11.1
[INFO] [stderr]    Compiling globset v0.4.15
[INFO] [stderr]    Compiling parse-zoneinfo v0.3.1
[INFO] [stderr]    Compiling ignore v0.4.23
[INFO] [stderr]    Compiling zerocopy-derive v0.7.35
[INFO] [stderr]    Compiling thiserror-impl v1.0.66
[INFO] [stderr]    Compiling globwalk v0.9.1
[INFO] [stderr]    Compiling zerocopy v0.7.35
[INFO] [stderr]    Compiling pest v2.7.14
[INFO] [stderr]    Compiling ppv-lite86 v0.2.20
[INFO] [stderr]    Compiling rand_chacha v0.3.1
[INFO] [stderr]    Compiling rand v0.8.5
[INFO] [stderr]    Compiling pest_meta v2.7.14
[INFO] [stderr]    Compiling phf_generator v0.11.2
[INFO] [stderr]    Compiling phf_codegen v0.11.2
[INFO] [stderr]    Compiling chrono-tz-build v0.3.0
[INFO] [stderr]    Compiling pest_generator v2.7.14
[INFO] [stderr]    Compiling chrono-tz v0.9.0
[INFO] [stderr]    Compiling pest_derive v2.7.14
[INFO] [stderr]    Compiling tera v1.20.0
[INFO] [stderr]    Compiling variant_access_derive v0.4.1
[INFO] [stderr]    Compiling variant_access v0.4.1 (/opt/rustwide/workdir)
[INFO] [stderr]     Checking variant_access-tests v0.0.0 (/opt/rustwide/target/tests/trybuild/variant_access)
[INFO] [stderr]     Finished `dev` profile [unoptimized + debuginfo] target(s) in 35.52s
[INFO] [stderr] 
[INFO] [stderr] 
[INFO] [stderr] test tests/uncompilable_examples/bad_func_create_variant_from_type.rs ... mismatch
[INFO] [stderr] 
[INFO] [stderr] EXPECTED:
[INFO] [stderr] ┈┈┈┈┈┈┈┈┈┈┈┈┈┈┈┈┈┈┈┈┈┈┈┈┈┈┈┈┈┈┈┈┈┈┈┈┈┈┈┈┈┈┈┈┈┈┈┈┈┈┈┈┈┈┈┈┈┈┈┈
[INFO] [stderr] error[E0277]: the trait bound `Enum<i64, bool>: CreateVariantFrom<{float}, _>` is not satisfied
[INFO] [stderr]    --> tests/uncompilable_examples/bad_func_create_variant_from_type.rs:13:21
[INFO] [stderr]     |
[INFO] [stderr] 13  |     let _ = Wrapper(create_variant_from(42.0));
[INFO] [stderr]     |             ------- ^^^^^^^^^^^^^^^^^^^^^^^^^ the trait `CreateVariantFrom<{float}, _>` is not implemented for `Enum<i64, bool>`
[INFO] [stderr]     |             |
[INFO] [stderr]     |             required by a bound introduced by this call
[INFO] [stderr]     |
[INFO] [stderr]     = help: the following implementations were found:
[INFO] [stderr]               <Enum<Y, X> as CreateVariantFrom<X, F2>>
[INFO] [stderr]               <Enum<Y, X> as CreateVariantFrom<Y, F1>>
[INFO] [stderr] note: required by a bound in `variant_access_traits::create_variant_from`
[INFO] [stderr]    --> variant_access_traits/src/lib.rs
[INFO] [stderr]     |
[INFO] [stderr]     | pub fn create_variant_from<T: CreateVariantFrom<U, Marker>, Marker, U>(value: U) -> T {
[INFO] [stderr]     |                               ^^^^^^^^^^^^^^^^^^^^^^^^^^^^ required by this bound in `variant_access_traits::create_variant_from`
[INFO] [stderr] ┈┈┈┈┈┈┈┈┈┈┈┈┈┈┈┈┈┈┈┈┈┈┈┈┈┈┈┈┈┈┈┈┈┈┈┈┈┈┈┈┈┈┈┈┈┈┈┈┈┈┈┈┈┈┈┈┈┈┈┈
[INFO] [stderr] 
[INFO] [stderr] ACTUAL OUTPUT:
[INFO] [stderr] ┈┈┈┈┈┈┈┈┈┈┈┈┈┈┈┈┈┈┈┈┈┈┈┈┈┈┈┈┈┈┈┈┈┈┈┈┈┈┈┈┈┈┈┈┈┈┈┈┈┈┈┈┈┈┈┈┈┈┈┈
[INFO] [stderr] error[E0277]: the trait bound `Enum<i64, bool>: CreateVariantFrom<{float}, _>` is not satisfied
[INFO] [stderr]   --> tests/uncompilable_examples/bad_func_create_variant_from_type.rs:13:21
[INFO] [stderr]    |
[INFO] [stderr] 13 |     let _ = Wrapper(create_variant_from(42.0));
[INFO] [stderr]    |                     ^^^^^^^^^^^^^^^^^^^^^^^^^ the trait `CreateVariantFrom<{float}, _>` is not implemented for `Enum<i64, bool>`
[INFO] [stderr]    |
[INFO] [stderr]    = help: the following other types implement trait `CreateVariantFrom<T, Marker>`:
[INFO] [stderr]              `Enum<Y, X>` implements `CreateVariantFrom<X, F2>`
[INFO] [stderr]              `Enum<Y, X>` implements `CreateVariantFrom<Y, F1>`
[INFO] [stderr] note: required by a bound in `variant_access_traits::create_variant_from`
[INFO] [stderr]   --> $CARGO/variant_access_traits-0.4.1/src/lib.rs
[INFO] [stderr]    |
[INFO] [stderr]    | pub fn create_variant_from<T: CreateVariantFrom<U, Marker>, Marker, U>(value: U) -> T {
[INFO] [stderr]    |                               ^^^^^^^^^^^^^^^^^^^^^^^^^^^^ required by this bound in `create_variant_from`
[INFO] [stderr] ┈┈┈┈┈┈┈┈┈┈┈┈┈┈┈┈┈┈┈┈┈┈┈┈┈┈┈┈┈┈┈┈┈┈┈┈┈┈┈┈┈┈┈┈┈┈┈┈┈┈┈┈┈┈┈┈┈┈┈┈
[INFO] [stderr] note: If the actual output is the correct output you can bless it by rerunning
[INFO] [stderr]       your test with the environment variable TRYBUILD=overwrite
[INFO] [stderr] 
[INFO] [stderr] test tests/uncompilable_examples/bad_get_variant_type.rs ... mismatch
[INFO] [stderr] 
[INFO] [stderr] EXPECTED:
[INFO] [stderr] ┈┈┈┈┈┈┈┈┈┈┈┈┈┈┈┈┈┈┈┈┈┈┈┈┈┈┈┈┈┈┈┈┈┈┈┈┈┈┈┈┈┈┈┈┈┈┈┈┈┈┈┈┈┈┈┈┈┈┈┈
[INFO] [stderr] error[E0277]: the trait bound `Enum: variant_access_traits::GetVariant<&i32, _>` is not satisfied
[INFO] [stderr]   --> tests/uncompilable_examples/bad_get_variant_type.rs:12:56
[INFO] [stderr]    |
[INFO] [stderr] 12 |     let _: Result<&i32, VariantAccessError> = instance.get_variant();
[INFO] [stderr]    |                                                        ^^^^^^^^^^^ the trait `variant_access_traits::GetVariant<&i32, _>` is not implemented for `Enum`
[INFO] [stderr]    |
[INFO] [stderr]    = help: the following implementations were found:
[INFO] [stderr]              <Enum as variant_access_traits::GetVariant<bool, F2>>
[INFO] [stderr]              <Enum as variant_access_traits::GetVariant<i64, F1>>
[INFO] [stderr] ┈┈┈┈┈┈┈┈┈┈┈┈┈┈┈┈┈┈┈┈┈┈┈┈┈┈┈┈┈┈┈┈┈┈┈┈┈┈┈┈┈┈┈┈┈┈┈┈┈┈┈┈┈┈┈┈┈┈┈┈
[INFO] [stderr] 
[INFO] [stderr] ACTUAL OUTPUT:
[INFO] [stderr] ┈┈┈┈┈┈┈┈┈┈┈┈┈┈┈┈┈┈┈┈┈┈┈┈┈┈┈┈┈┈┈┈┈┈┈┈┈┈┈┈┈┈┈┈┈┈┈┈┈┈┈┈┈┈┈┈┈┈┈┈
[INFO] [stderr] error[E0277]: the trait bound `Enum: variant_access_traits::GetVariant<&i32, _>` is not satisfied
[INFO] [stderr]   --> tests/uncompilable_examples/bad_get_variant_type.rs:12:56
[INFO] [stderr]    |
[INFO] [stderr] 12 |     let _: Result<&i32, VariantAccessError> = instance.get_variant();
[INFO] [stderr]    |                                                        ^^^^^^^^^^^ the trait `variant_access_traits::GetVariant<&i32, _>` is not implemented for `Enum`
[INFO] [stderr]    |
[INFO] [stderr]    = help: the following other types implement trait `variant_access_traits::GetVariant<T, Marker>`:
[INFO] [stderr]              `Enum` implements `variant_access_traits::GetVariant<bool, F2>`
[INFO] [stderr]              `Enum` implements `variant_access_traits::GetVariant<i64, F1>`
[INFO] [stderr] ┈┈┈┈┈┈┈┈┈┈┈┈┈┈┈┈┈┈┈┈┈┈┈┈┈┈┈┈┈┈┈┈┈┈┈┈┈┈┈┈┈┈┈┈┈┈┈┈┈┈┈┈┈┈┈┈┈┈┈┈
[INFO] [stderr] note: If the actual output is the correct output you can bless it by rerunning
[INFO] [stderr]       your test with the environment variable TRYBUILD=overwrite
[INFO] [stderr] 
[INFO] [stderr] test tests/uncompilable_examples/bad_trait_create_variant_from_type.rs ... mismatch
[INFO] [stderr] 
[INFO] [stderr] EXPECTED:
[INFO] [stderr] ┈┈┈┈┈┈┈┈┈┈┈┈┈┈┈┈┈┈┈┈┈┈┈┈┈┈┈┈┈┈┈┈┈┈┈┈┈┈┈┈┈┈┈┈┈┈┈┈┈┈┈┈┈┈┈┈┈┈┈┈
[INFO] [stderr] error[E0277]: the trait bound `Enum<i64, bool>: variant_access_traits::CreateVariantFrom<{float}, _>` is not satisfied
[INFO] [stderr]   --> tests/uncompilable_examples/bad_trait_create_variant_from_type.rs:11:13
[INFO] [stderr]    |
[INFO] [stderr] 11 |     let _ = Enum::<i64, bool>::create_variant_from(2.0);
[INFO] [stderr]    |             ^^^^^^^^^^^^^^^^^^^^^^^^^^^^^^^^^^^^^^ the trait `variant_access_traits::CreateVariantFrom<{float}, _>` is not implemented for `Enum<i64, bool>`
[INFO] [stderr]    |
[INFO] [stderr]    = help: the following implementations were found:
[INFO] [stderr]              <Enum<Y, X> as variant_access_traits::CreateVariantFrom<X, F2>>
[INFO] [stderr]              <Enum<Y, X> as variant_access_traits::CreateVariantFrom<Y, F1>>
[INFO] [stderr] ┈┈┈┈┈┈┈┈┈┈┈┈┈┈┈┈┈┈┈┈┈┈┈┈┈┈┈┈┈┈┈┈┈┈┈┈┈┈┈┈┈┈┈┈┈┈┈┈┈┈┈┈┈┈┈┈┈┈┈┈
[INFO] [stderr] 
[INFO] [stderr] ACTUAL OUTPUT:
[INFO] [stderr] ┈┈┈┈┈┈┈┈┈┈┈┈┈┈┈┈┈┈┈┈┈┈┈┈┈┈┈┈┈┈┈┈┈┈┈┈┈┈┈┈┈┈┈┈┈┈┈┈┈┈┈┈┈┈┈┈┈┈┈┈
[INFO] [stderr] error[E0277]: the trait bound `Enum<i64, bool>: variant_access_traits::CreateVariantFrom<{float}, _>` is not satisfied
[INFO] [stdout] test test_compile_failures::test_uncompilable_examples ... FAILED
[INFO] [stderr]   --> tests/uncompilable_examples/bad_trait_create_variant_from_type.rs:11:13
[INFO] [stderr]    |
[INFO] [stderr] 11 |     let _ = Enum::<i64, bool>::create_variant_from(2.0);
[INFO] [stderr]    |             ^^^^^^^^^^^^^^^^^ the trait `variant_access_traits::CreateVariantFrom<{float}, _>` is not implemented for `Enum<i64, bool>`
[INFO] [stderr]    |
[INFO] [stderr]    = help: the following other types implement trait `variant_access_traits::CreateVariantFrom<T, Marker>`:
[INFO] [stderr]              `Enum<Y, X>` implements `variant_access_traits::CreateVariantFrom<X, F2>`
[INFO] [stderr]              `Enum<Y, X>` implements `variant_access_traits::CreateVariantFrom<Y, F1>`
[INFO] [stderr] ┈┈┈┈┈┈┈┈┈┈┈┈┈┈┈┈┈┈┈┈┈┈┈┈┈┈┈┈┈┈┈┈┈┈┈┈┈┈┈┈┈┈┈┈┈┈┈┈┈┈┈┈┈┈┈┈┈┈┈┈
[INFO] [stderr] note: If the actual output is the correct output you can bless it by rerunning
[INFO] [stderr]       your test with the environment variable TRYBUILD=overwrite
[INFO] [stderr] 
[INFO] [stderr] test tests/uncompilable_examples/enum_with_named_subfields.rs ... ok
[INFO] [stderr] test tests/uncompilable_examples/enum_with_tuple_field.rs ... ok
[INFO] [stderr] test tests/uncompilable_examples/get_wrong_variant_generics.rs ... mismatch
[INFO] [stderr] 
[INFO] [stderr] EXPECTED:
[INFO] [stderr] ┈┈┈┈┈┈┈┈┈┈┈┈┈┈┈┈┈┈┈┈┈┈┈┈┈┈┈┈┈┈┈┈┈┈┈┈┈┈┈┈┈┈┈┈┈┈┈┈┈┈┈┈┈┈┈┈┈┈┈┈
[INFO] [stderr] error[E0277]: the trait bound `Enum<i64, bool>: variant_access_traits::GetVariant<&bool, _>` is not satisfied
[INFO] [stderr]   --> tests/uncompilable_examples/get_wrong_variant_generics.rs:18:25
[INFO] [stderr]    |
[INFO] [stderr] 18 |     let _: &bool = test.get_variant().expect("");
[INFO] [stderr]    |                         ^^^^^^^^^^^ the trait `variant_access_traits::GetVariant<&bool, _>` is not implemented for `Enum<i64, bool>`
[INFO] [stderr]    |
[INFO] [stderr]    = help: the following implementations were found:
[INFO] [stderr]              <Enum<Y, X> as variant_access_traits::GetVariant<Test<X, Y>, F2>>
[INFO] [stderr]              <Enum<Y, X> as variant_access_traits::GetVariant<Y, F1>>
[INFO] [stderr] ┈┈┈┈┈┈┈┈┈┈┈┈┈┈┈┈┈┈┈┈┈┈┈┈┈┈┈┈┈┈┈┈┈┈┈┈┈┈┈┈┈┈┈┈┈┈┈┈┈┈┈┈┈┈┈┈┈┈┈┈
[INFO] [stderr] 
[INFO] [stderr] ACTUAL OUTPUT:
[INFO] [stderr] ┈┈┈┈┈┈┈┈┈┈┈┈┈┈┈┈┈┈┈┈┈┈┈┈┈┈┈┈┈┈┈┈┈┈┈┈┈┈┈┈┈┈┈┈┈┈┈┈┈┈┈┈┈┈┈┈┈┈┈┈
[INFO] [stderr] error[E0277]: the trait bound `Enum<i64, bool>: variant_access_traits::GetVariant<&bool, _>` is not satisfied
[INFO] [stderr]   --> tests/uncompilable_examples/get_wrong_variant_generics.rs:18:25
[INFO] [stderr]    |
[INFO] [stderr] 18 |     let _: &bool = test.get_variant().expect("");
[INFO] [stderr]    |                         ^^^^^^^^^^^ the trait `variant_access_traits::GetVariant<&bool, _>` is not implemented for `Enum<i64, bool>`
[INFO] [stderr]    |
[INFO] [stderr]    = help: the following other types implement trait `variant_access_traits::GetVariant<T, Marker>`:
[INFO] [stderr]              `Enum<Y, X>` implements `variant_access_traits::GetVariant<Test<X, Y>, F2>`
[INFO] [stderr]              `Enum<Y, X>` implements `variant_access_traits::GetVariant<Y, F1>`
[INFO] [stderr] ┈┈┈┈┈┈┈┈┈┈┈┈┈┈┈┈┈┈┈┈┈┈┈┈┈┈┈┈┈┈┈┈┈┈┈┈┈┈┈┈┈┈┈┈┈┈┈┈┈┈┈┈┈┈┈┈┈┈┈┈
[INFO] [stderr] note: If the actual output is the correct output you can bless it by rerunning
[INFO] [stderr]       your test with the environment variable TRYBUILD=overwrite
[INFO] [stderr] 
[INFO] [stderr] test tests/uncompilable_examples/input_not_enum.rs ... ok
[INFO] [stderr] test tests/uncompilable_examples/non_static_lifetime_parameter.rs ... ok
[INFO] [stderr] test tests/uncompilable_examples/non_static_templates.rs ... mismatch
[INFO] [stderr] 
[INFO] [stderr] EXPECTED:
[INFO] [stderr] ┈┈┈┈┈┈┈┈┈┈┈┈┈┈┈┈┈┈┈┈┈┈┈┈┈┈┈┈┈┈┈┈┈┈┈┈┈┈┈┈┈┈┈┈┈┈┈┈┈┈┈┈┈┈┈┈┈┈┈┈
[INFO] [stderr] error[E0310]: the parameter type `X` may not live long enough
[INFO] [stderr]    --> tests/uncompilable_examples/non_static_templates.rs:4:10
[INFO] [stderr]     |
[INFO] [stderr] 4   | #[derive(VariantAccess, PartialEq, Debug)]
[INFO] [stderr]     |          ^^^^^^^^^^^^^
[INFO] [stderr]     |          |
[INFO] [stderr]     |          ...so that the type `X` will meet its required lifetime bounds...
[INFO] [stderr]     |          help: consider adding an explicit lifetime bound...: `X: 'static`
[INFO] [stderr]     |
[INFO] [stderr] note: ...that is required by this bound
[INFO] [stderr]    --> $RUST/core/src/any.rs
[INFO] [stderr]     |
[INFO] [stderr]     |     pub const fn of<T: ?Sized + 'static>() -> TypeId {
[INFO] [stderr]     |                                 ^^^^^^^
[INFO] [stderr]     = note: this error originates in the derive macro `VariantAccess` (in Nightly builds, run with -Z macro-backtrace for more info)
[INFO] [stderr] 
[INFO] [stderr] warning: unused import: `variant_access_traits`
[INFO] [stderr]  --> tests/uncompilable_examples/non_static_templates.rs:2:5
[INFO] [stderr]   |
[INFO] [stderr] 2 | use variant_access_traits::*;
[INFO] [stderr]   |     ^^^^^^^^^^^^^^^^^^^^^
[INFO] [stderr]   |
[INFO] [stderr]   = note: `#[warn(unused_imports)]` on by default
[INFO] [stderr] ┈┈┈┈┈┈┈┈┈┈┈┈┈┈┈┈┈┈┈┈┈┈┈┈┈┈┈┈┈┈┈┈┈┈┈┈┈┈┈┈┈┈┈┈┈┈┈┈┈┈┈┈┈┈┈┈┈┈┈┈
[INFO] [stderr] 
[INFO] [stderr] ACTUAL OUTPUT:
[INFO] [stderr] ┈┈┈┈┈┈┈┈┈┈┈┈┈┈┈┈┈┈┈┈┈┈┈┈┈┈┈┈┈┈┈┈┈┈┈┈┈┈┈┈┈┈┈┈┈┈┈┈┈┈┈┈┈┈┈┈┈┈┈┈
[INFO] [stderr] warning: unused import: `variant_access_traits`
[INFO] [stderr]  --> tests/uncompilable_examples/non_static_templates.rs:2:5
[INFO] [stderr]   |
[INFO] [stderr] 2 | use variant_access_traits::*;
[INFO] [stderr]   |     ^^^^^^^^^^^^^^^^^^^^^
[INFO] [stderr]   |
[INFO] [stderr]   = note: `#[warn(unused_imports)]` on by default
[INFO] [stderr] 
[INFO] [stderr] error[E0310]: the parameter type `X` may not live long enough
[INFO] [stderr]  --> tests/uncompilable_examples/non_static_templates.rs:4:10
[INFO] [stderr]   |
[INFO] [stderr] 4 | #[derive(VariantAccess, PartialEq, Debug)]
[INFO] [stderr]   |          ^^^^^^^^^^^^^
[INFO] [stderr]   |          |
[INFO] [stderr]   |          the parameter type `X` must be valid for the static lifetime...
[INFO] [stderr]   |          ...so that the type `X` will meet its required lifetime bounds
[INFO] [stderr]   |
[INFO] [stderr]   = note: this error originates in the derive macro `VariantAccess` (in Nightly builds, run with -Z macro-backtrace for more info)
[INFO] [stderr] ┈┈┈┈┈┈┈┈┈┈┈┈┈┈┈┈┈┈┈┈┈┈┈┈┈┈┈┈┈┈┈┈┈┈┈┈┈┈┈┈┈┈┈┈┈┈┈┈┈┈┈┈┈┈┈┈┈┈┈┈
[INFO] [stderr] note: If the actual output is the correct output you can bless it by rerunning
[INFO] [stderr]       your test with the environment variable TRYBUILD=overwrite
[INFO] [stderr] 
[INFO] [stderr] test tests/uncompilable_examples/twice_used_field_type.rs ... ok
[INFO] [stderr] test tests/uncompilable_examples/type_does_not_implement_debug.rs ... mismatch
[INFO] [stderr] 
[INFO] [stderr] EXPECTED:
[INFO] [stderr] ┈┈┈┈┈┈┈┈┈┈┈┈┈┈┈┈┈┈┈┈┈┈┈┈┈┈┈┈┈┈┈┈┈┈┈┈┈┈┈┈┈┈┈┈┈┈┈┈┈┈┈┈┈┈┈┈┈┈┈┈
[INFO] [stderr] error[E0277]: `Test<X, Y>` doesn't implement `Debug`
[INFO] [stderr]   --> tests/uncompilable_examples/type_does_not_implement_debug.rs:13:8
[INFO] [stderr]    |
[INFO] [stderr] 10 | #[derive(VariantAccess, PartialEq, Debug)]
[INFO] [stderr]    |                                    ----- in this derive macro expansion
[INFO] [stderr] ...
[INFO] [stderr] 13 |     F2(Test<X, Y>)
[INFO] [stderr]    |        ^^^^^^^^^^ `Test<X, Y>` cannot be formatted using `{:?}`
[INFO] [stderr]    |
[INFO] [stderr]    = help: the trait `Debug` is not implemented for `Test<X, Y>`
[INFO] [stderr]    = note: add `#[derive(Debug)]` to `Test<X, Y>` or manually `impl Debug for Test<X, Y>`
[INFO] [stderr]    = note: this error originates in the derive macro `Debug` (in Nightly builds, run with -Z macro-backtrace for more info)
[INFO] [stderr] 
[INFO] [stderr] warning: unused import: `variant_access_traits`
[INFO] [stderr]  --> tests/uncompilable_examples/type_does_not_implement_debug.rs:2:5
[INFO] [stderr]   |
[INFO] [stderr] 2 | use variant_access_traits::*;
[INFO] [stderr]   |     ^^^^^^^^^^^^^^^^^^^^^
[INFO] [stderr]   |
[INFO] [stderr]   = note: `#[warn(unused_imports)]` on by default
[INFO] [stderr] ┈┈┈┈┈┈┈┈┈┈┈┈┈┈┈┈┈┈┈┈┈┈┈┈┈┈┈┈┈┈┈┈┈┈┈┈┈┈┈┈┈┈┈┈┈┈┈┈┈┈┈┈┈┈┈┈┈┈┈┈
[INFO] [stderr] 
[INFO] [stderr] ACTUAL OUTPUT:
[INFO] [stderr] ┈┈┈┈┈┈┈┈┈┈┈┈┈┈┈┈┈┈┈┈┈┈┈┈┈┈┈┈┈┈┈┈┈┈┈┈┈┈┈┈┈┈┈┈┈┈┈┈┈┈┈┈┈┈┈┈┈┈┈┈
[INFO] [stderr] error[E0277]: `Test<X, Y>` doesn't implement `Debug`
[INFO] [stderr]   --> tests/uncompilable_examples/type_does_not_implement_debug.rs:13:8
[INFO] [stderr]    |
[INFO] [stderr] 10 | #[derive(VariantAccess, PartialEq, Debug)]
[INFO] [stderr]    |                                    ----- in this derive macro expansion
[INFO] [stderr] ...
[INFO] [stderr] 13 |     F2(Test<X, Y>)
[INFO] [stderr]    |        ^^^^^^^^^^ `Test<X, Y>` cannot be formatted using `{:?}`
[INFO] [stderr]    |
[INFO] [stderr]    = help: the trait `Debug` is not implemented for `Test<X, Y>`, which is required by `&Test<X, Y>: Debug`
[INFO] [stderr]    = note: add `#[derive(Debug)]` to `Test<X, Y>` or manually `impl Debug for Test<X, Y>`
[INFO] [stderr]    = note: this error originates in the derive macro `Debug` (in Nightly builds, run with -Z macro-backtrace for more info)
[INFO] [stderr] help: consider annotating `Test<X, Y>` with `#[derive(Debug)]`
[INFO] [stderr]    |
[INFO] [stderr] 5  + #[derive(Debug)]
[INFO] [stderr] 6  | pub struct Test<T, U>{
[INFO] [stderr]    |
[INFO] [stderr] 
[INFO] [stderr] warning: unused import: `variant_access_traits`
[INFO] [stderr]  --> tests/uncompilable_examples/type_does_not_implement_debug.rs:2:5
[INFO] [stderr]   |
[INFO] [stderr] 2 | use variant_access_traits::*;
[INFO] [stderr]   |     ^^^^^^^^^^^^^^^^^^^^^
[INFO] [stderr]   |
[INFO] [stderr]   = note: `#[warn(unused_imports)]` on by default
[INFO] [stderr] ┈┈┈┈┈┈┈┈┈┈┈┈┈┈┈┈┈┈┈┈┈┈┈┈┈┈┈┈┈┈┈┈┈┈┈┈┈┈┈┈┈┈┈┈┈┈┈┈┈┈┈┈┈┈┈┈┈┈┈┈
[INFO] [stderr] note: If the actual output is the correct output you can bless it by rerunning
[INFO] [stderr]       your test with the environment variable TRYBUILD=overwrite
[INFO] [stderr] 
[INFO] [stderr] test tests/uncompilable_examples/type_does_not_implement_partialeq.rs ... mismatch
[INFO] [stderr] 
[INFO] [stderr] EXPECTED:
[INFO] [stderr] ┈┈┈┈┈┈┈┈┈┈┈┈┈┈┈┈┈┈┈┈┈┈┈┈┈┈┈┈┈┈┈┈┈┈┈┈┈┈┈┈┈┈┈┈┈┈┈┈┈┈┈┈┈┈┈┈┈┈┈┈
[INFO] [stderr] error[E0369]: binary operation `==` cannot be applied to type `Test<X, Y>`
[INFO] [stderr]   --> tests/uncompilable_examples/type_does_not_implement_partialeq.rs:13:8
[INFO] [stderr]    |
[INFO] [stderr] 10 | #[derive(VariantAccess, PartialEq, Debug)]
[INFO] [stderr]    |                         --------- in this derive macro expansion
[INFO] [stderr] ...
[INFO] [stderr] 13 |     F2(Test<X, Y>)
[INFO] [stderr]    |        ^^^^^^^^^^
[INFO] [stderr]    |
[INFO] [stderr] note: an implementation of `PartialEq<_>` might be missing for `Test<X, Y>`
[INFO] [stderr]   --> tests/uncompilable_examples/type_does_not_implement_partialeq.rs:5:1
[INFO] [stderr]    |
[INFO] [stderr] 5  | pub struct Test<T, U>{
[INFO] [stderr]    | ^^^^^^^^^^^^^^^^^^^^^ must implement `PartialEq<_>`
[INFO] [stderr]    = note: this error originates in the derive macro `PartialEq` (in Nightly builds, run with -Z macro-backtrace for more info)
[INFO] [stderr] help: consider annotating `Test<X, Y>` with `#[derive(PartialEq)]`
[INFO] [stderr]    |
[INFO] [stderr] 5  | #[derive(PartialEq)]
[INFO] [stderr]    |
[INFO] [stderr] 
[INFO] [stderr] error[E0369]: binary operation `!=` cannot be applied to type `Test<X, Y>`
[INFO] [stderr]   --> tests/uncompilable_examples/type_does_not_implement_partialeq.rs:13:8
[INFO] [stderr]    |
[INFO] [stderr] 10 | #[derive(VariantAccess, PartialEq, Debug)]
[INFO] [stderr]    |                         --------- in this derive macro expansion
[INFO] [stderr] ...
[INFO] [stderr] 13 |     F2(Test<X, Y>)
[INFO] [stderr]    |        ^^^^^^^^^^
[INFO] [stderr]    |
[INFO] [stderr] note: an implementation of `PartialEq<_>` might be missing for `Test<X, Y>`
[INFO] [stderr]   --> tests/uncompilable_examples/type_does_not_implement_partialeq.rs:5:1
[INFO] [stderr]    |
[INFO] [stderr] 5  | pub struct Test<T, U>{
[INFO] [stderr]    | ^^^^^^^^^^^^^^^^^^^^^ must implement `PartialEq<_>`
[INFO] [stderr]    = note: this error originates in the derive macro `PartialEq` (in Nightly builds, run with -Z macro-backtrace for more info)
[INFO] [stderr] help: consider annotating `Test<X, Y>` with `#[derive(PartialEq)]`
[INFO] [stderr]    |
[INFO] [stderr] 5  | #[derive(PartialEq)]
[INFO] [stderr]    |
[INFO] [stderr] 
[INFO] [stderr] warning: unused import: `variant_access_traits`
[INFO] [stderr]  --> tests/uncompilable_examples/type_does_not_implement_partialeq.rs:2:5
[INFO] [stderr]   |
[INFO] [stderr] 2 | use variant_access_traits::*;
[INFO] [stderr]   |     ^^^^^^^^^^^^^^^^^^^^^
[INFO] [stderr]   |
[INFO] [stderr]   = note: `#[warn(unused_imports)]` on by default
[INFO] [stderr] ┈┈┈┈┈┈┈┈┈┈┈┈┈┈┈┈┈┈┈┈┈┈┈┈┈┈┈┈┈┈┈┈┈┈┈┈┈┈┈┈┈┈┈┈┈┈┈┈┈┈┈┈┈┈┈┈┈┈┈┈
[INFO] [stderr] 
[INFO] [stderr] ACTUAL OUTPUT:
[INFO] [stderr] ┈┈┈┈┈┈┈┈┈┈┈┈┈┈┈┈┈┈┈┈┈┈┈┈┈┈┈┈┈┈┈┈┈┈┈┈┈┈┈┈┈┈┈┈┈┈┈┈┈┈┈┈┈┈┈┈┈┈┈┈
[INFO] [stderr] error[E0369]: binary operation `==` cannot be applied to type `&Test<X, Y>`
[INFO] [stderr]   --> tests/uncompilable_examples/type_does_not_implement_partialeq.rs:13:8
[INFO] [stderr]    |
[INFO] [stderr] 10 | #[derive(VariantAccess, PartialEq, Debug)]
[INFO] [stderr]    |                         --------- in this derive macro expansion
[INFO] [stderr] ...
[INFO] [stderr] 13 |     F2(Test<X, Y>)
[INFO] [stderr]    |        ^^^^^^^^^^
[INFO] [stderr]    |
[INFO] [stderr] note: an implementation of `PartialEq` might be missing for `Test<X, Y>`
[INFO] [stderr]   --> tests/uncompilable_examples/type_does_not_implement_partialeq.rs:5:1
[INFO] [stderr]    |
[INFO] [stderr] 5  | pub struct Test<T, U>{
[INFO] [stderr]    | ^^^^^^^^^^^^^^^^^^^^^ must implement `PartialEq`
[INFO] [stderr]    = note: this error originates in the derive macro `PartialEq` (in Nightly builds, run with -Z macro-backtrace for more info)
[INFO] [stderr] help: consider annotating `Test<X, Y>` with `#[derive(PartialEq)]`
[INFO] [stderr]    |
[INFO] [stderr] 5  + #[derive(PartialEq)]
[INFO] [stderr] 6  | pub struct Test<T, U>{
[INFO] [stderr]    |
[INFO] [stderr] help: consider introducing a `where` clause, but there might be an alternative better way to express this requirement
[INFO] [stderr]    |
[INFO] [stderr] 11 | pub enum Enum<Y: 'static, X: 'static> where Test<X, Y>: PartialEq {
[INFO] [stderr]    |                                       +++++++++++++++++++++++++++
[INFO] [stderr] 
[INFO] [stderr] warning: unused import: `variant_access_traits`
[INFO] [stderr]  --> tests/uncompilable_examples/type_does_not_implement_partialeq.rs:2:5
[INFO] [stderr]   |
[INFO] [stderr] 2 | use variant_access_traits::*;
[INFO] [stderr]   |     ^^^^^^^^^^^^^^^^^^^^^
[INFO] [stderr]   |
[INFO] [stderr]   = note: `#[warn(unused_imports)]` on by default
[INFO] [stderr] ┈┈┈┈┈┈┈┈┈┈┈┈┈┈┈┈┈┈┈┈┈┈┈┈┈┈┈┈┈┈┈┈┈┈┈┈┈┈┈┈┈┈┈┈┈┈┈┈┈┈┈┈┈┈┈┈┈┈┈┈
[INFO] [stderr] note: If the actual output is the correct output you can bless it by rerunning
[INFO] [stderr]       your test with the environment variable TRYBUILD=overwrite
[INFO] [stderr] 
[INFO] [stderr] 
[INFO] [stderr] 
[INFO] [stderr]    Compiling unicode-ident v1.0.13
[INFO] [stderr]    Compiling variant_access_traits v0.4.1
[INFO] [stderr]    Compiling proc-macro2 v1.0.89
[INFO] [stderr]    Compiling quote v1.0.37
[INFO] [stderr]    Compiling syn v1.0.109
[INFO] [stderr]    Compiling variant_access-tests v0.0.0 (/opt/rustwide/target/tests/trybuild/variant_access)
[INFO] [stderr]     Finished `dev` profile [unoptimized + debuginfo] target(s) in 2.25s
[INFO] [stderr] 
[INFO] [stderr] 
[INFO] [stderr] test tests/full_example.rs ... ok
[INFO] [stderr] 
[INFO] [stderr] 
[INFO] [stdout] test test_handwritten_example::test_handwritten_example ... ok
[INFO] [stdout] 
[INFO] [stdout] failures:
[INFO] [stdout] 
[INFO] [stdout] ---- test_compile_failures::test_uncompilable_examples stdout ----
[INFO] [stdout] thread 'test_compile_failures::test_uncompilable_examples' panicked at /opt/rustwide/cargo-home/registry/src/index.crates.io-6f17d22bba15001f/trybuild-1.0.101/src/run.rs:101:13:
[INFO] [stdout] 7 of 12 tests failed
[INFO] [stdout] stack backtrace:
[INFO] [stdout]    0:     0x559d65efb3ca - std::backtrace_rs::backtrace::libunwind::trace::h207520d6e9873551
[INFO] [stdout]                                at /rustc/df4ca44d3fbc9301ee17f30f4d474e6ae4b05252/library/std/src/../../backtrace/src/backtrace/libunwind.rs:116:5
[INFO] [stdout]    1:     0x559d65efb3ca - std::backtrace_rs::backtrace::trace_unsynchronized::h2ed7433f370e3eca
[INFO] [stdout]                                at /rustc/df4ca44d3fbc9301ee17f30f4d474e6ae4b05252/library/std/src/../../backtrace/src/backtrace/mod.rs:66:5
[INFO] [stdout]    2:     0x559d65efb3ca - std::sys::backtrace::_print_fmt::h916fac51166b18d7
[INFO] [stdout]                                at /rustc/df4ca44d3fbc9301ee17f30f4d474e6ae4b05252/library/std/src/sys/backtrace.rs:66:9
[INFO] [stdout]    3:     0x559d65efb3ca - <std::sys::backtrace::BacktraceLock::print::DisplayBacktrace as core::fmt::Display>::fmt::ha0a4c9b8ce3802e6
[INFO] [stdout]                                at /rustc/df4ca44d3fbc9301ee17f30f4d474e6ae4b05252/library/std/src/sys/backtrace.rs:39:26
[INFO] [stdout]    4:     0x559d65f25893 - core::fmt::rt::Argument::fmt::h4cfc8587d52b3eb5
[INFO] [stdout]                                at /rustc/df4ca44d3fbc9301ee17f30f4d474e6ae4b05252/library/core/src/fmt/rt.rs:177:76
[INFO] [stdout]    5:     0x559d65f25893 - core::fmt::write::h522cc39e5b36ae9f
[INFO] [stdout]                                at /rustc/df4ca44d3fbc9301ee17f30f4d474e6ae4b05252/library/core/src/fmt/mod.rs:1190:21
[INFO] [stdout]    6:     0x559d65ef7403 - std::io::Write::write_fmt::h7d3c26752da97734
[INFO] [stdout]                                at /rustc/df4ca44d3fbc9301ee17f30f4d474e6ae4b05252/library/std/src/io/mod.rs:1839:15
[INFO] [stdout]    7:     0x559d65efb212 - std::sys::backtrace::BacktraceLock::print::h4b9e00b29e9c0942
[INFO] [stdout]                                at /rustc/df4ca44d3fbc9301ee17f30f4d474e6ae4b05252/library/std/src/sys/backtrace.rs:42:9
[INFO] [stdout]    8:     0x559d65efce5a - std::panicking::default_hook::{{closure}}::hb59b88280d0324d9
[INFO] [stdout]                                at /rustc/df4ca44d3fbc9301ee17f30f4d474e6ae4b05252/library/std/src/panicking.rs:268:22
[INFO] [stdout]    9:     0x559d65efcc64 - std::panicking::default_hook::he1dd496665be4a29
[INFO] [stdout]                                at /rustc/df4ca44d3fbc9301ee17f30f4d474e6ae4b05252/library/std/src/panicking.rs:292:9
[INFO] [stdout]   10:     0x559d65ec2919 - <alloc::boxed::Box<F,A> as core::ops::function::Fn<Args>>::call::h4ff71de18744e1dc
[INFO] [stdout]                                at /rustc/df4ca44d3fbc9301ee17f30f4d474e6ae4b05252/library/alloc/src/boxed.rs:2468:9
[INFO] [stdout]   11:     0x559d65ec2919 - test::test_main::{{closure}}::hcf7c055ce117aa81
[INFO] [stdout]                                at /rustc/df4ca44d3fbc9301ee17f30f4d474e6ae4b05252/library/test/src/lib.rs:133:21
[INFO] [stdout]   12:     0x559d65efd558 - <alloc::boxed::Box<F,A> as core::ops::function::Fn<Args>>::call::h1d66c6bbd60c9692
[INFO] [stdout]                                at /rustc/df4ca44d3fbc9301ee17f30f4d474e6ae4b05252/library/alloc/src/boxed.rs:2468:9
[INFO] [stdout]   13:     0x559d65efd558 - std::panicking::rust_panic_with_hook::h2ff17fe8f26dfcf8
[INFO] [stdout]                                at /rustc/df4ca44d3fbc9301ee17f30f4d474e6ae4b05252/library/std/src/panicking.rs:809:13
[INFO] [stdout]   14:     0x559d65efd31a - std::panicking::begin_panic_handler::{{closure}}::h4fad77951c07e101
[INFO] [stdout]                                at /rustc/df4ca44d3fbc9301ee17f30f4d474e6ae4b05252/library/std/src/panicking.rs:674:13
[INFO] [stdout]   15:     0x559d65efb8a9 - std::sys::backtrace::__rust_end_short_backtrace::hb1a25b3da5d0ea08
[INFO] [stdout]                                at /rustc/df4ca44d3fbc9301ee17f30f4d474e6ae4b05252/library/std/src/sys/backtrace.rs:170:18
[INFO] [stdout]   16:     0x559d65efcfac - rust_begin_unwind
[INFO] [stdout]                                at /rustc/df4ca44d3fbc9301ee17f30f4d474e6ae4b05252/library/std/src/panicking.rs:665:5
[INFO] [stdout]   17:     0x559d65f23c40 - core::panicking::panic_fmt::ha9db07b529f9b256
[INFO] [stdout]                                at /rustc/df4ca44d3fbc9301ee17f30f4d474e6ae4b05252/library/core/src/panicking.rs:75:14
[INFO] [stdout]   18:     0x559d65be0dbf - trybuild::run::<impl trybuild::Runner>::run::h93415a813daa1443
[INFO] [stdout]                                at /opt/rustwide/cargo-home/registry/src/index.crates.io-6f17d22bba15001f/trybuild-1.0.101/src/run.rs:101:13
[INFO] [stdout]   19:     0x559d65be62d8 - <trybuild::TestCases as core::ops::drop::Drop>::drop::hcd34f88ee883776e
[INFO] [stdout]                                at /opt/rustwide/cargo-home/registry/src/index.crates.io-6f17d22bba15001f/trybuild-1.0.101/src/lib.rs:340:13
[INFO] [stdout]   20:     0x559d65bccea7 - core::ptr::drop_in_place<trybuild::TestCases>::h9d922f1f2a992c5a
[INFO] [stdout]                                at /rustc/df4ca44d3fbc9301ee17f30f4d474e6ae4b05252/library/core/src/ptr/mod.rs:521:1
[INFO] [stdout]   21:     0x559d65bd09ee - tests::test_compile_failures::test_uncompilable_examples::h63da1ab3ed5375a4
[INFO] [stdout]                                at /opt/rustwide/workdir/tests/tests.rs:221:5
[INFO] [stdout]   22:     0x559d65bd0877 - tests::test_compile_failures::test_uncompilable_examples::{{closure}}::hcb053e88fb271228
[INFO] [stdout]                                at /opt/rustwide/workdir/tests/tests.rs:207:36
[INFO] [stdout]   23:     0x559d65bcc786 - core::ops::function::FnOnce::call_once::h15d5a6873b7fa4ad
[INFO] [stdout]                                at /rustc/df4ca44d3fbc9301ee17f30f4d474e6ae4b05252/library/core/src/ops/function.rs:250:5
[INFO] [stdout]   24:     0x559d65ec71eb - core::ops::function::FnOnce::call_once::h22c3ba5715e93f05
[INFO] [stdout]                                at /rustc/df4ca44d3fbc9301ee17f30f4d474e6ae4b05252/library/core/src/ops/function.rs:250:5
[INFO] [stdout]   25:     0x559d65ec71eb - test::__rust_begin_short_backtrace::h8e82d8113d0da17f
[INFO] [stdout]                                at /rustc/df4ca44d3fbc9301ee17f30f4d474e6ae4b05252/library/test/src/lib.rs:621:18
[INFO] [stdout]   26:     0x559d65ec6b67 - test::run_test_in_process::{{closure}}::h33235f4f20b7b7c7
[INFO] [stdout]                                at /rustc/df4ca44d3fbc9301ee17f30f4d474e6ae4b05252/library/test/src/lib.rs:644:60
[INFO] [stdout]   27:     0x559d65ec6b67 - <core::panic::unwind_safe::AssertUnwindSafe<F> as core::ops::function::FnOnce<()>>::call_once::hb5043206310c586f
[INFO] [stdout]                                at /rustc/df4ca44d3fbc9301ee17f30f4d474e6ae4b05252/library/core/src/panic/unwind_safe.rs:272:9
[INFO] [stdout]   28:     0x559d65ec6b67 - std::panicking::try::do_call::h9ad4731a60ab23e2
[INFO] [stdout]                                at /rustc/df4ca44d3fbc9301ee17f30f4d474e6ae4b05252/library/std/src/panicking.rs:557:40
[INFO] [stdout]   29:     0x559d65ec6b67 - std::panicking::try::h3824d23db772a716
[INFO] [stdout]                                at /rustc/df4ca44d3fbc9301ee17f30f4d474e6ae4b05252/library/std/src/panicking.rs:520:19
[INFO] [stdout]   30:     0x559d65ec6b67 - std::panic::catch_unwind::h5afd514605fde46b
[INFO] [stdout]                                at /rustc/df4ca44d3fbc9301ee17f30f4d474e6ae4b05252/library/std/src/panic.rs:358:14
[INFO] [stdout]   31:     0x559d65ec6b67 - test::run_test_in_process::h0d5cbfa7067d1720
[INFO] [stdout]                                at /rustc/df4ca44d3fbc9301ee17f30f4d474e6ae4b05252/library/test/src/lib.rs:644:27
[INFO] [stdout]   32:     0x559d65ec6b67 - test::run_test::{{closure}}::h708eb8872708115d
[INFO] [stdout]                                at /rustc/df4ca44d3fbc9301ee17f30f4d474e6ae4b05252/library/test/src/lib.rs:565:43
[INFO] [stdout]   33:     0x559d65e8a284 - test::run_test::{{closure}}::h392c51cee94713ab
[INFO] [stdout]                                at /rustc/df4ca44d3fbc9301ee17f30f4d474e6ae4b05252/library/test/src/lib.rs:595:41
[INFO] [stdout]   34:     0x559d65e8a284 - std::sys::backtrace::__rust_begin_short_backtrace::h2f40290710935a8b
[INFO] [stdout]                                at /rustc/df4ca44d3fbc9301ee17f30f4d474e6ae4b05252/library/std/src/sys/backtrace.rs:154:18
[INFO] [stdout]   35:     0x559d65e8da2e - std::thread::Builder::spawn_unchecked_::{{closure}}::{{closure}}::h3fd968d89053a903
[INFO] [stdout]                                at /rustc/df4ca44d3fbc9301ee17f30f4d474e6ae4b05252/library/std/src/thread/mod.rs:541:17
[INFO] [stdout]   36:     0x559d65e8da2e - <core::panic::unwind_safe::AssertUnwindSafe<F> as core::ops::function::FnOnce<()>>::call_once::h743f637ba4229880
[INFO] [stdout]                                at /rustc/df4ca44d3fbc9301ee17f30f4d474e6ae4b05252/library/core/src/panic/unwind_safe.rs:272:9
[INFO] [stdout]   37:     0x559d65e8da2e - std::panicking::try::do_call::h07440897322525a6
[INFO] [stdout]                                at /rustc/df4ca44d3fbc9301ee17f30f4d474e6ae4b05252/library/std/src/panicking.rs:557:40
[INFO] [stdout]   38:     0x559d65e8da2e - std::panicking::try::he5a2e00188156637
[INFO] [stdout]                                at /rustc/df4ca44d3fbc9301ee17f30f4d474e6ae4b05252/library/std/src/panicking.rs:520:19
[INFO] [stdout]   39:     0x559d65e8da2e - std::panic::catch_unwind::hbaf3cae49b3c6433
[INFO] [stdout]                                at /rustc/df4ca44d3fbc9301ee17f30f4d474e6ae4b05252/library/std/src/panic.rs:358:14
[INFO] [stdout]   40:     0x559d65e8da2e - std::thread::Builder::spawn_unchecked_::{{closure}}::h8e141ea224820bce
[INFO] [stdout]                                at /rustc/df4ca44d3fbc9301ee17f30f4d474e6ae4b05252/library/std/src/thread/mod.rs:540:30
[INFO] [stdout]   41:     0x559d65e8da2e - core::ops::function::FnOnce::call_once{{vtable.shim}}::h90d312fedd7b8ea8
[INFO] [stdout]                                at /rustc/df4ca44d3fbc9301ee17f30f4d474e6ae4b05252/library/core/src/ops/function.rs:250:5
[INFO] [stdout]   42:     0x559d65f0231b - <alloc::boxed::Box<F,A> as core::ops::function::FnOnce<Args>>::call_once::h69aa08ddb6adb8b6
[INFO] [stdout]                                at /rustc/df4ca44d3fbc9301ee17f30f4d474e6ae4b05252/library/alloc/src/boxed.rs:2454:9
[INFO] [stdout]   43:     0x559d65f0231b - <alloc::boxed::Box<F,A> as core::ops::function::FnOnce<Args>>::call_once::h5aa36efdb79c806f
[INFO] [stdout]                                at /rustc/df4ca44d3fbc9301ee17f30f4d474e6ae4b05252/library/alloc/src/boxed.rs:2454:9
[INFO] [stdout]   44:     0x559d65f0231b - std::sys::pal::unix::thread::Thread::new::thread_start::h6cd80a1b4be5158d
[INFO] [stdout]                                at /rustc/df4ca44d3fbc9301ee17f30f4d474e6ae4b05252/library/std/src/sys/pal/unix/thread.rs:105:17
[INFO] [stdout]   45:     0x7fe8fa280ac3 - <unknown>
[INFO] [stdout]   46:     0x7fe8fa311a04 - clone
[INFO] [stdout]   47:                0x0 - <unknown>
[INFO] [stdout] 
[INFO] [stdout] 
[INFO] [stdout] failures:
[INFO] [stdout]     test_compile_failures::test_uncompilable_examples
[INFO] [stdout] 
[INFO] [stdout] test result: FAILED. 26 passed; 1 failed; 0 ignored; 0 measured; 0 filtered out; finished in 38.77s
[INFO] [stdout] 
[INFO] [stderr] error: test failed, to rerun pass `--test tests`
[INFO] running `Command { std: "docker" "inspect" "5301b687733766916cffd3575791e28f1efc6dc28dc7f793342e09ec8df31839", kill_on_drop: false }`
[INFO] running `Command { std: "docker" "rm" "-f" "5301b687733766916cffd3575791e28f1efc6dc28dc7f793342e09ec8df31839", kill_on_drop: false }`
[INFO] [stdout] 5301b687733766916cffd3575791e28f1efc6dc28dc7f793342e09ec8df31839
