[INFO] fetching crate valensas-rocket 0.1.3...
[INFO] testing valensas-rocket-0.1.3 against nightly-2024-10-28+rustflags=-Zrandomize-layout for randomize-layout
[INFO] extracting crate valensas-rocket 0.1.3 into /workspace/builds/worker-2-tc2/source
[INFO] validating manifest of crates.io crate valensas-rocket 0.1.3 on toolchain nightly-2024-10-28
[INFO] running `Command { std: CARGO_HOME="/workspace/cargo-home" RUSTUP_HOME="/workspace/rustup-home" "/workspace/cargo-home/bin/cargo" "+nightly-2024-10-28" "metadata" "--manifest-path" "Cargo.toml" "--no-deps", kill_on_drop: false }`
[INFO] started tweaking crates.io crate valensas-rocket 0.1.3
[INFO] finished tweaking crates.io crate valensas-rocket 0.1.3
[INFO] tweaked toml for crates.io crate valensas-rocket 0.1.3 written to /workspace/builds/worker-2-tc2/source/Cargo.toml
[INFO] running `Command { std: CARGO_HOME="/workspace/cargo-home" RUSTUP_HOME="/workspace/rustup-home" "/workspace/cargo-home/bin/cargo" "+nightly-2024-10-28" "generate-lockfile" "--manifest-path" "Cargo.toml", kill_on_drop: false }`
[INFO] [stderr]     Updating crates.io index
[INFO] [stderr]      Locking 179 packages to latest compatible versions
[INFO] [stderr]       Adding rocket v0.5.0-rc.3 (available: v0.5.1)
[INFO] [stderr]       Adding rocket_codegen v0.5.0-rc.3 (available: v0.5.1)
[INFO] [stderr]       Adding rocket_http v0.5.0-rc.3 (available: v0.5.1)
[INFO] [stderr]       Adding valensas-actuator v0.2.0 (available: v0.4.1)
[INFO] running `Command { std: CARGO_HOME="/workspace/cargo-home" RUSTUP_HOME="/workspace/rustup-home" "/workspace/cargo-home/bin/cargo" "+nightly-2024-10-28" "fetch" "--manifest-path" "Cargo.toml", kill_on_drop: false }`
[INFO] running `Command { std: "docker" "create" "-v" "/var/lib/crater-agent-workspace/builds/worker-2-tc2/target:/opt/rustwide/target:rw,Z" "-v" "/var/lib/crater-agent-workspace/builds/worker-2-tc2/source:/opt/rustwide/workdir:ro,Z" "-v" "/var/lib/crater-agent-workspace/cargo-home:/opt/rustwide/cargo-home:ro,Z" "-v" "/var/lib/crater-agent-workspace/rustup-home:/opt/rustwide/rustup-home:ro,Z" "-e" "SOURCE_DIR=/opt/rustwide/workdir" "-e" "CARGO_TARGET_DIR=/opt/rustwide/target" "-e" "CARGO_HOME=/opt/rustwide/cargo-home" "-e" "RUSTUP_HOME=/opt/rustwide/rustup-home" "-w" "/opt/rustwide/workdir" "-m" "1610612736" "--user" "0:0" "--network" "none" "ghcr.io/rust-lang/crates-build-env/linux@sha256:4a844ea9eb2546a2d2c7022eacef16ef2e8229c7fbb2c7d4d55a9ceca922f72d" "/opt/rustwide/cargo-home/bin/cargo" "+nightly-2024-10-28" "metadata" "--no-deps" "--format-version=1", kill_on_drop: false }`
[INFO] [stdout] 3bf84f39642f1e064a1844670f6d5e510a78aea85866eaf1720da5f8430382e8
[INFO] running `Command { std: "docker" "start" "-a" "3bf84f39642f1e064a1844670f6d5e510a78aea85866eaf1720da5f8430382e8", kill_on_drop: false }`
[INFO] running `Command { std: "docker" "inspect" "3bf84f39642f1e064a1844670f6d5e510a78aea85866eaf1720da5f8430382e8", kill_on_drop: false }`
[INFO] running `Command { std: "docker" "rm" "-f" "3bf84f39642f1e064a1844670f6d5e510a78aea85866eaf1720da5f8430382e8", kill_on_drop: false }`
[INFO] [stdout] 3bf84f39642f1e064a1844670f6d5e510a78aea85866eaf1720da5f8430382e8
[INFO] running `Command { std: "docker" "create" "-v" "/var/lib/crater-agent-workspace/builds/worker-2-tc2/target:/opt/rustwide/target:rw,Z" "-v" "/var/lib/crater-agent-workspace/builds/worker-2-tc2/source:/opt/rustwide/workdir:ro,Z" "-v" "/var/lib/crater-agent-workspace/cargo-home:/opt/rustwide/cargo-home:ro,Z" "-v" "/var/lib/crater-agent-workspace/rustup-home:/opt/rustwide/rustup-home:ro,Z" "-e" "SOURCE_DIR=/opt/rustwide/workdir" "-e" "CARGO_TARGET_DIR=/opt/rustwide/target" "-e" "CARGO_INCREMENTAL=0" "-e" "RUST_BACKTRACE=full" "-e" "RUSTFLAGS=--cap-lints=forbid -Zrandomize-layout" "-e" "RUSTDOCFLAGS=--cap-lints=forbid" "-e" "CARGO_HOME=/opt/rustwide/cargo-home" "-e" "RUSTUP_HOME=/opt/rustwide/rustup-home" "-w" "/opt/rustwide/workdir" "-m" "1610612736" "--user" "0:0" "--network" "none" "ghcr.io/rust-lang/crates-build-env/linux@sha256:4a844ea9eb2546a2d2c7022eacef16ef2e8229c7fbb2c7d4d55a9ceca922f72d" "/opt/rustwide/cargo-home/bin/cargo" "+nightly-2024-10-28" "build" "--frozen" "--message-format=json", kill_on_drop: false }`
[INFO] [stdout] d10c03de22a01c53a9310721af26c5600976e9794c10e3d3fada96a04ccfc8cb
[INFO] running `Command { std: "docker" "start" "-a" "d10c03de22a01c53a9310721af26c5600976e9794c10e3d3fada96a04ccfc8cb", kill_on_drop: false }`
[INFO] [stderr]    Compiling serde v1.0.214
[INFO] [stderr]    Compiling itoa v1.0.11
[INFO] [stderr]    Compiling fnv v1.0.7
[INFO] [stderr]    Compiling yansi v1.0.1
[INFO] [stderr]    Compiling proc-macro2-diagnostics v0.10.1
[INFO] [stderr]    Compiling httparse v1.9.5
[INFO] [stderr]    Compiling tracing-core v0.1.32
[INFO] [stderr]    Compiling equivalent v1.0.1
[INFO] [stderr]    Compiling hashbrown v0.15.0
[INFO] [stderr]    Compiling futures-core v0.3.31
[INFO] [stderr]    Compiling futures-channel v0.3.31
[INFO] [stderr]    Compiling syn v2.0.86
[INFO] [stderr]    Compiling futures-sink v0.3.31
[INFO] [stderr]    Compiling try-lock v0.2.5
[INFO] [stderr]    Compiling time-macros v0.2.18
[INFO] [stderr]    Compiling cookie v0.17.0
[INFO] [stderr]    Compiling tower-service v0.3.3
[INFO] [stderr]    Compiling inlinable_string v0.1.15
[INFO] [stderr]    Compiling want v0.3.1
[INFO] [stderr]    Compiling httpdate v1.0.3
[INFO] [stderr]    Compiling http v0.2.12
[INFO] [stderr]    Compiling hashbrown v0.12.3
[INFO] [stderr]    Compiling futures-task v0.3.31
[INFO] [stderr]    Compiling ref-cast v1.0.23
[INFO] [stderr]    Compiling futures-util v0.3.31
[INFO] [stderr]    Compiling uncased v0.9.10
[INFO] [stderr]    Compiling bitflags v2.6.0
[INFO] [stderr]    Compiling byteorder v1.5.0
[INFO] [stderr]    Compiling percent-encoding v2.3.1
[INFO] [stderr]    Compiling indexmap v1.9.3
[INFO] [stderr]    Compiling tokio v1.41.0
[INFO] [stderr]    Compiling tracing v0.1.40
[INFO] [stderr]    Compiling stable-pattern v0.1.0
[INFO] [stderr]    Compiling state v0.5.3
[INFO] [stderr]    Compiling either v1.13.0
[INFO] [stderr]    Compiling winnow v0.6.20
[INFO] [stderr]    Compiling futures-io v0.3.31
[INFO] [stderr]    Compiling multer v2.1.0
[INFO] [stderr]    Compiling figment v0.10.19
[INFO] [stderr]    Compiling indexmap v2.6.0
[INFO] [stderr]    Compiling protobuf v2.28.0
[INFO] [stderr]    Compiling serde_json v1.0.132
[INFO] [stderr]    Compiling linux-raw-sys v0.4.14
[INFO] [stderr]    Compiling encoding_rs v0.8.35
[INFO] [stderr]    Compiling rocket v0.5.0-rc.3
[INFO] [stderr]    Compiling prometheus v0.13.4
[INFO] [stderr]    Compiling glob v0.3.1
[INFO] [stderr]    Compiling ryu v1.0.18
[INFO] [stderr]    Compiling spin v0.9.8
[INFO] [stderr]    Compiling unicode-xid v0.2.6
[INFO] [stderr]    Compiling mime v0.3.17
[INFO] [stderr]    Compiling is-terminal v0.4.13
[INFO] [stderr]    Compiling http-body v0.4.6
[INFO] [stderr]    Compiling num_cpus v1.16.0
[INFO] [stderr]    Compiling yansi v0.5.1
[INFO] [stderr]    Compiling atomic v0.5.3
[INFO] [stderr]    Compiling rustix v0.38.38
[INFO] [stderr]    Compiling binascii v0.1.4
[INFO] [stderr]    Compiling time v0.3.36
[INFO] [stderr]    Compiling futures v0.3.31
[INFO] [stderr]    Compiling tempfile v3.13.0
[INFO] [stderr]    Compiling hyper v0.14.31
[INFO] [stderr]    Compiling devise_core v0.4.2
[INFO] [stderr]    Compiling serde_derive v1.0.214
[INFO] [stderr]    Compiling tokio-macros v2.4.0
[INFO] [stderr]    Compiling pear_codegen v0.2.9
[INFO] [stderr]    Compiling ref-cast-impl v1.0.23
[INFO] [stderr]    Compiling zerocopy-derive v0.7.35
[INFO] [stderr]    Compiling async-stream-impl v0.3.6
[INFO] [stderr]    Compiling thiserror-impl v1.0.66
[INFO] [stderr]    Compiling async-trait v0.1.83
[INFO] [stderr]    Compiling devise_codegen v0.4.2
[INFO] [stderr]    Compiling async-stream v0.3.6
[INFO] [stderr]    Compiling zerocopy v0.7.35
[INFO] [stderr]    Compiling pear v0.2.9
[INFO] [stderr]    Compiling devise v0.4.2
[INFO] [stderr]    Compiling thiserror v1.0.66
[INFO] [stderr]    Compiling ppv-lite86 v0.2.20
[INFO] [stderr]    Compiling rocket_http v0.5.0-rc.3
[INFO] [stderr]    Compiling rand_chacha v0.3.1
[INFO] [stderr]    Compiling rand v0.8.5
[INFO] [stderr]    Compiling rocket_codegen v0.5.0-rc.3
[INFO] [stderr]    Compiling tokio-util v0.7.12
[INFO] [stderr]    Compiling tokio-stream v0.1.16
[INFO] [stderr]    Compiling toml_datetime v0.6.8
[INFO] [stderr]    Compiling serde_spanned v0.6.8
[INFO] [stderr]    Compiling ubyte v0.10.4
[INFO] [stderr]    Compiling toml_edit v0.22.22
[INFO] [stderr]    Compiling h2 v0.3.26
[INFO] [stderr]    Compiling toml v0.8.19
[INFO] [stderr]    Compiling valensas-actuator v0.2.0
[INFO] [stderr]    Compiling valensas-rocket v0.1.3 (/opt/rustwide/workdir)
[INFO] [stderr]     Finished `dev` profile [unoptimized + debuginfo] target(s) in 17.22s
[INFO] running `Command { std: "docker" "inspect" "d10c03de22a01c53a9310721af26c5600976e9794c10e3d3fada96a04ccfc8cb", kill_on_drop: false }`
[INFO] running `Command { std: "docker" "rm" "-f" "d10c03de22a01c53a9310721af26c5600976e9794c10e3d3fada96a04ccfc8cb", kill_on_drop: false }`
[INFO] [stdout] d10c03de22a01c53a9310721af26c5600976e9794c10e3d3fada96a04ccfc8cb
[INFO] running `Command { std: "docker" "create" "-v" "/var/lib/crater-agent-workspace/builds/worker-2-tc2/target:/opt/rustwide/target:rw,Z" "-v" "/var/lib/crater-agent-workspace/builds/worker-2-tc2/source:/opt/rustwide/workdir:ro,Z" "-v" "/var/lib/crater-agent-workspace/cargo-home:/opt/rustwide/cargo-home:ro,Z" "-v" "/var/lib/crater-agent-workspace/rustup-home:/opt/rustwide/rustup-home:ro,Z" "-e" "SOURCE_DIR=/opt/rustwide/workdir" "-e" "CARGO_TARGET_DIR=/opt/rustwide/target" "-e" "CARGO_INCREMENTAL=0" "-e" "RUST_BACKTRACE=full" "-e" "RUSTFLAGS=--cap-lints=forbid -Zrandomize-layout" "-e" "RUSTDOCFLAGS=--cap-lints=forbid" "-e" "CARGO_HOME=/opt/rustwide/cargo-home" "-e" "RUSTUP_HOME=/opt/rustwide/rustup-home" "-w" "/opt/rustwide/workdir" "-m" "1610612736" "--user" "0:0" "--network" "none" "ghcr.io/rust-lang/crates-build-env/linux@sha256:4a844ea9eb2546a2d2c7022eacef16ef2e8229c7fbb2c7d4d55a9ceca922f72d" "/opt/rustwide/cargo-home/bin/cargo" "+nightly-2024-10-28" "test" "--frozen" "--no-run" "--message-format=json", kill_on_drop: false }`
[INFO] [stdout] bb0802d99673ea7bba50c8193ec1db9b0b28493bcb09ef3d494cdb39f0c32b84
[INFO] running `Command { std: "docker" "start" "-a" "bb0802d99673ea7bba50c8193ec1db9b0b28493bcb09ef3d494cdb39f0c32b84", kill_on_drop: false }`
[INFO] [stderr]    Compiling valensas-rocket v0.1.3 (/opt/rustwide/workdir)
[INFO] [stderr]     Finished `test` profile [unoptimized + debuginfo] target(s) in 0.25s
[INFO] running `Command { std: "docker" "inspect" "bb0802d99673ea7bba50c8193ec1db9b0b28493bcb09ef3d494cdb39f0c32b84", kill_on_drop: false }`
[INFO] running `Command { std: "docker" "rm" "-f" "bb0802d99673ea7bba50c8193ec1db9b0b28493bcb09ef3d494cdb39f0c32b84", kill_on_drop: false }`
[INFO] [stdout] bb0802d99673ea7bba50c8193ec1db9b0b28493bcb09ef3d494cdb39f0c32b84
[INFO] running `Command { std: "docker" "create" "-v" "/var/lib/crater-agent-workspace/builds/worker-2-tc2/target:/opt/rustwide/target:rw,Z" "-v" "/var/lib/crater-agent-workspace/builds/worker-2-tc2/source:/opt/rustwide/workdir:ro,Z" "-v" "/var/lib/crater-agent-workspace/cargo-home:/opt/rustwide/cargo-home:ro,Z" "-v" "/var/lib/crater-agent-workspace/rustup-home:/opt/rustwide/rustup-home:ro,Z" "-e" "SOURCE_DIR=/opt/rustwide/workdir" "-e" "CARGO_TARGET_DIR=/opt/rustwide/target" "-e" "CARGO_INCREMENTAL=0" "-e" "RUST_BACKTRACE=full" "-e" "RUSTFLAGS=--cap-lints=forbid -Zrandomize-layout" "-e" "RUSTDOCFLAGS=--cap-lints=forbid" "-e" "CARGO_HOME=/opt/rustwide/cargo-home" "-e" "RUSTUP_HOME=/opt/rustwide/rustup-home" "-w" "/opt/rustwide/workdir" "-m" "1610612736" "--user" "0:0" "--network" "none" "ghcr.io/rust-lang/crates-build-env/linux@sha256:4a844ea9eb2546a2d2c7022eacef16ef2e8229c7fbb2c7d4d55a9ceca922f72d" "/opt/rustwide/cargo-home/bin/cargo" "+nightly-2024-10-28" "test" "--frozen", kill_on_drop: false }`
[INFO] [stdout] e5a4bee9059cad4ada2d631de71132e06fbe8ecc5492938d744f14432970efab
[INFO] running `Command { std: "docker" "start" "-a" "e5a4bee9059cad4ada2d631de71132e06fbe8ecc5492938d744f14432970efab", kill_on_drop: false }`
[INFO] [stderr]     Finished `test` profile [unoptimized + debuginfo] target(s) in 0.08s
[INFO] [stderr]      Running unittests src/lib.rs (/opt/rustwide/target/debug/deps/valensas_rocket-6a65bdd133c7e8bc)
[INFO] [stdout] 
[INFO] [stdout] running 0 tests
[INFO] [stdout] 
[INFO] [stdout] test result: ok. 0 passed; 0 failed; 0 ignored; 0 measured; 0 filtered out; finished in 0.00s
[INFO] [stdout] 
[INFO] [stderr]    Doc-tests valensas_rocket
[INFO] [stdout] 
[INFO] [stdout] running 1 test
[INFO] [stdout] test src/lib.rs - (line 7) ... FAILED
[INFO] [stdout] 
[INFO] [stdout] failures:
[INFO] [stdout] 
[INFO] [stdout] ---- src/lib.rs - (line 7) stdout ----
[INFO] [stdout] error[E0308]: mismatched types
[INFO] [stdout]   --> src/lib.rs:28:55
[INFO] [stdout]    |
[INFO] [stdout] 23 |     let prometheus_fairing = ArcRwLockPrometheus::new(prometheus.clone());
[INFO] [stdout]    |                              ------------------------ ^^^^^^^^^^^^^^^^^^ expected `RwLock<PrometheusMetrics>`, found a different `RwLock<PrometheusMetrics>`
[INFO] [stdout]    |                              |
[INFO] [stdout]    |                              arguments to this function are incorrect
[INFO] [stdout]    |
[INFO] [stdout]    = note: `RwLock<PrometheusMetrics>` and `RwLock<PrometheusMetrics>` have similar names, but are actually distinct types
[INFO] [stdout] note: `RwLock<PrometheusMetrics>` is defined in crate `std`
[INFO] [stdout]   --> /rustc/df4ca44d3fbc9301ee17f30f4d474e6ae4b05252/library/std/src/sync/rwlock.rs:83:1
[INFO] [stdout] note: `RwLock<PrometheusMetrics>` is defined in crate `tokio`
[INFO] [stdout]   --> /opt/rustwide/cargo-home/registry/src/index.crates.io-6f17d22bba15001f/tokio-1.41.0/src/sync/rwlock.rs:88:1
[INFO] [stdout]    |
[INFO] [stdout] 88 | pub struct RwLock<T: ?Sized> {
[INFO] [stdout]    | ^^^^^^^^^^^^^^^^^^^^^^^^^^^^
[INFO] [stdout] note: associated function defined here
[INFO] [stdout]   --> /opt/rustwide/cargo-home/registry/src/index.crates.io-6f17d22bba15001f/valensas-actuator-0.2.0/src/metrics.rs:91:12
[INFO] [stdout]    |
[INFO] [stdout] 91 |     pub fn new(prometheus: Arc<RwLock<PrometheusMetrics>>) -> Self {
[INFO] [stdout]    |            ^^^
[INFO] [stdout] 
[INFO] [stdout] error: aborting due to 1 previous error
[INFO] [stdout] 
[INFO] [stdout] For more information about this error, try `rustc --explain E0308`.
[INFO] [stdout] Couldn't compile the test.
[INFO] [stdout] 
[INFO] [stdout] failures:
[INFO] [stdout]     src/lib.rs - (line 7)
[INFO] [stdout] 
[INFO] [stdout] test result: FAILED. 0 passed; 1 failed; 0 ignored; 0 measured; 0 filtered out; finished in 0.09s
[INFO] [stdout] 
[INFO] [stderr] error: doctest failed, to rerun pass `--doc`
[INFO] running `Command { std: "docker" "inspect" "e5a4bee9059cad4ada2d631de71132e06fbe8ecc5492938d744f14432970efab", kill_on_drop: false }`
[INFO] running `Command { std: "docker" "rm" "-f" "e5a4bee9059cad4ada2d631de71132e06fbe8ecc5492938d744f14432970efab", kill_on_drop: false }`
[INFO] [stdout] e5a4bee9059cad4ada2d631de71132e06fbe8ecc5492938d744f14432970efab
