[INFO] fetching crate uymas_cli 2.2.0...
[INFO] testing uymas_cli-2.2.0 against nightly-2024-10-28 for randomize-layout
[INFO] extracting crate uymas_cli 2.2.0 into /workspace/builds/worker-2-tc1/source
[INFO] validating manifest of crates.io crate uymas_cli 2.2.0 on toolchain nightly-2024-10-28
[INFO] running `Command { std: CARGO_HOME="/workspace/cargo-home" RUSTUP_HOME="/workspace/rustup-home" "/workspace/cargo-home/bin/cargo" "+nightly-2024-10-28" "metadata" "--manifest-path" "Cargo.toml" "--no-deps", kill_on_drop: false }`
[INFO] started tweaking crates.io crate uymas_cli 2.2.0
[INFO] finished tweaking crates.io crate uymas_cli 2.2.0
[INFO] tweaked toml for crates.io crate uymas_cli 2.2.0 written to /workspace/builds/worker-2-tc1/source/Cargo.toml
[INFO] running `Command { std: CARGO_HOME="/workspace/cargo-home" RUSTUP_HOME="/workspace/rustup-home" "/workspace/cargo-home/bin/cargo" "+nightly-2024-10-28" "generate-lockfile" "--manifest-path" "Cargo.toml", kill_on_drop: false }`
[INFO] running `Command { std: CARGO_HOME="/workspace/cargo-home" RUSTUP_HOME="/workspace/rustup-home" "/workspace/cargo-home/bin/cargo" "+nightly-2024-10-28" "fetch" "--manifest-path" "Cargo.toml", kill_on_drop: false }`
[INFO] running `Command { std: "docker" "create" "-v" "/var/lib/crater-agent-workspace/builds/worker-2-tc1/target:/opt/rustwide/target:rw,Z" "-v" "/var/lib/crater-agent-workspace/builds/worker-2-tc1/source:/opt/rustwide/workdir:ro,Z" "-v" "/var/lib/crater-agent-workspace/cargo-home:/opt/rustwide/cargo-home:ro,Z" "-v" "/var/lib/crater-agent-workspace/rustup-home:/opt/rustwide/rustup-home:ro,Z" "-e" "SOURCE_DIR=/opt/rustwide/workdir" "-e" "CARGO_TARGET_DIR=/opt/rustwide/target" "-e" "CARGO_HOME=/opt/rustwide/cargo-home" "-e" "RUSTUP_HOME=/opt/rustwide/rustup-home" "-w" "/opt/rustwide/workdir" "-m" "1610612736" "--user" "0:0" "--network" "none" "ghcr.io/rust-lang/crates-build-env/linux@sha256:4a844ea9eb2546a2d2c7022eacef16ef2e8229c7fbb2c7d4d55a9ceca922f72d" "/opt/rustwide/cargo-home/bin/cargo" "+nightly-2024-10-28" "metadata" "--no-deps" "--format-version=1", kill_on_drop: false }`
[INFO] [stdout] 633d247aa296e6fb197da8ce98cd3187d32ea89dba4da8f665cbfc63081bc25a
[INFO] running `Command { std: "docker" "start" "-a" "633d247aa296e6fb197da8ce98cd3187d32ea89dba4da8f665cbfc63081bc25a", kill_on_drop: false }`
[INFO] running `Command { std: "docker" "inspect" "633d247aa296e6fb197da8ce98cd3187d32ea89dba4da8f665cbfc63081bc25a", kill_on_drop: false }`
[INFO] running `Command { std: "docker" "rm" "-f" "633d247aa296e6fb197da8ce98cd3187d32ea89dba4da8f665cbfc63081bc25a", kill_on_drop: false }`
[INFO] [stdout] 633d247aa296e6fb197da8ce98cd3187d32ea89dba4da8f665cbfc63081bc25a
[INFO] running `Command { std: "docker" "create" "-v" "/var/lib/crater-agent-workspace/builds/worker-2-tc1/target:/opt/rustwide/target:rw,Z" "-v" "/var/lib/crater-agent-workspace/builds/worker-2-tc1/source:/opt/rustwide/workdir:ro,Z" "-v" "/var/lib/crater-agent-workspace/cargo-home:/opt/rustwide/cargo-home:ro,Z" "-v" "/var/lib/crater-agent-workspace/rustup-home:/opt/rustwide/rustup-home:ro,Z" "-e" "SOURCE_DIR=/opt/rustwide/workdir" "-e" "CARGO_TARGET_DIR=/opt/rustwide/target" "-e" "CARGO_INCREMENTAL=0" "-e" "RUST_BACKTRACE=full" "-e" "RUSTFLAGS=--cap-lints=forbid" "-e" "RUSTDOCFLAGS=--cap-lints=forbid" "-e" "CARGO_HOME=/opt/rustwide/cargo-home" "-e" "RUSTUP_HOME=/opt/rustwide/rustup-home" "-w" "/opt/rustwide/workdir" "-m" "1610612736" "--user" "0:0" "--network" "none" "ghcr.io/rust-lang/crates-build-env/linux@sha256:4a844ea9eb2546a2d2c7022eacef16ef2e8229c7fbb2c7d4d55a9ceca922f72d" "/opt/rustwide/cargo-home/bin/cargo" "+nightly-2024-10-28" "build" "--frozen" "--message-format=json", kill_on_drop: false }`
[INFO] [stdout] 07a5cd2a85530267790835146c0a5c0e335321f0f2750d455572b506f387a6c8
[INFO] running `Command { std: "docker" "start" "-a" "07a5cd2a85530267790835146c0a5c0e335321f0f2750d455572b506f387a6c8", kill_on_drop: false }`
[INFO] [stderr]    Compiling uymas_cli v2.2.0 (/opt/rustwide/workdir)
[INFO] [stderr]     Finished `dev` profile [unoptimized + debuginfo] target(s) in 0.31s
[INFO] running `Command { std: "docker" "inspect" "07a5cd2a85530267790835146c0a5c0e335321f0f2750d455572b506f387a6c8", kill_on_drop: false }`
[INFO] running `Command { std: "docker" "rm" "-f" "07a5cd2a85530267790835146c0a5c0e335321f0f2750d455572b506f387a6c8", kill_on_drop: false }`
[INFO] [stdout] 07a5cd2a85530267790835146c0a5c0e335321f0f2750d455572b506f387a6c8
[INFO] running `Command { std: "docker" "create" "-v" "/var/lib/crater-agent-workspace/builds/worker-2-tc1/target:/opt/rustwide/target:rw,Z" "-v" "/var/lib/crater-agent-workspace/builds/worker-2-tc1/source:/opt/rustwide/workdir:ro,Z" "-v" "/var/lib/crater-agent-workspace/cargo-home:/opt/rustwide/cargo-home:ro,Z" "-v" "/var/lib/crater-agent-workspace/rustup-home:/opt/rustwide/rustup-home:ro,Z" "-e" "SOURCE_DIR=/opt/rustwide/workdir" "-e" "CARGO_TARGET_DIR=/opt/rustwide/target" "-e" "CARGO_INCREMENTAL=0" "-e" "RUST_BACKTRACE=full" "-e" "RUSTFLAGS=--cap-lints=forbid" "-e" "RUSTDOCFLAGS=--cap-lints=forbid" "-e" "CARGO_HOME=/opt/rustwide/cargo-home" "-e" "RUSTUP_HOME=/opt/rustwide/rustup-home" "-w" "/opt/rustwide/workdir" "-m" "1610612736" "--user" "0:0" "--network" "none" "ghcr.io/rust-lang/crates-build-env/linux@sha256:4a844ea9eb2546a2d2c7022eacef16ef2e8229c7fbb2c7d4d55a9ceca922f72d" "/opt/rustwide/cargo-home/bin/cargo" "+nightly-2024-10-28" "test" "--frozen" "--no-run" "--message-format=json", kill_on_drop: false }`
[INFO] [stdout] 1ced350ec132fa2e13590b45545b2a7ea1b8d3e5a5fe7446077a1af6d642292f
[INFO] running `Command { std: "docker" "start" "-a" "1ced350ec132fa2e13590b45545b2a7ea1b8d3e5a5fe7446077a1af6d642292f", kill_on_drop: false }`
[INFO] [stderr]    Compiling uymas_cli v2.2.0 (/opt/rustwide/workdir)
[INFO] [stdout] warning: variable does not need to be mutable
[INFO] [stdout]    --> tests/test_args.rs:105:9
[INFO] [stdout]     |
[INFO] [stdout] 105 |     let mut data = HashMap::from([
[INFO] [stdout]     |         ----^^^^
[INFO] [stdout]     |         |
[INFO] [stdout]     |         help: remove this `mut`
[INFO] [stdout]     |
[INFO] [stdout]     = note: `#[warn(unused_mut)]` on by default
[INFO] [stdout] 
[INFO] [stdout] 
[INFO] [stderr]     Finished `test` profile [unoptimized + debuginfo] target(s) in 0.18s
[INFO] running `Command { std: "docker" "inspect" "1ced350ec132fa2e13590b45545b2a7ea1b8d3e5a5fe7446077a1af6d642292f", kill_on_drop: false }`
[INFO] running `Command { std: "docker" "rm" "-f" "1ced350ec132fa2e13590b45545b2a7ea1b8d3e5a5fe7446077a1af6d642292f", kill_on_drop: false }`
[INFO] [stdout] 1ced350ec132fa2e13590b45545b2a7ea1b8d3e5a5fe7446077a1af6d642292f
[INFO] running `Command { std: "docker" "create" "-v" "/var/lib/crater-agent-workspace/builds/worker-2-tc1/target:/opt/rustwide/target:rw,Z" "-v" "/var/lib/crater-agent-workspace/builds/worker-2-tc1/source:/opt/rustwide/workdir:ro,Z" "-v" "/var/lib/crater-agent-workspace/cargo-home:/opt/rustwide/cargo-home:ro,Z" "-v" "/var/lib/crater-agent-workspace/rustup-home:/opt/rustwide/rustup-home:ro,Z" "-e" "SOURCE_DIR=/opt/rustwide/workdir" "-e" "CARGO_TARGET_DIR=/opt/rustwide/target" "-e" "CARGO_INCREMENTAL=0" "-e" "RUST_BACKTRACE=full" "-e" "RUSTFLAGS=--cap-lints=forbid" "-e" "RUSTDOCFLAGS=--cap-lints=forbid" "-e" "CARGO_HOME=/opt/rustwide/cargo-home" "-e" "RUSTUP_HOME=/opt/rustwide/rustup-home" "-w" "/opt/rustwide/workdir" "-m" "1610612736" "--user" "0:0" "--network" "none" "ghcr.io/rust-lang/crates-build-env/linux@sha256:4a844ea9eb2546a2d2c7022eacef16ef2e8229c7fbb2c7d4d55a9ceca922f72d" "/opt/rustwide/cargo-home/bin/cargo" "+nightly-2024-10-28" "test" "--frozen", kill_on_drop: false }`
[INFO] [stdout] 509b9b0291b0b0995594514c1badaabcc7882b85ee5aa574724fb70dd4fb93f7
[INFO] running `Command { std: "docker" "start" "-a" "509b9b0291b0b0995594514c1badaabcc7882b85ee5aa574724fb70dd4fb93f7", kill_on_drop: false }`
[INFO] [stderr] warning: variable does not need to be mutable
[INFO] [stderr]    --> tests/test_args.rs:105:9
[INFO] [stderr]     |
[INFO] [stderr] 105 |     let mut data = HashMap::from([
[INFO] [stderr]     |         ----^^^^
[INFO] [stderr]     |         |
[INFO] [stderr]     |         help: remove this `mut`
[INFO] [stderr]     |
[INFO] [stderr]     = note: `#[warn(unused_mut)]` on by default
[INFO] [stderr] 
[INFO] [stderr] warning: `uymas_cli` (test "test_args") generated 1 warning (run `cargo fix --test "test_args"` to apply 1 suggestion)
[INFO] [stderr]     Finished `test` profile [unoptimized + debuginfo] target(s) in 0.00s
[INFO] [stderr]      Running unittests lib.rs (/opt/rustwide/target/debug/deps/uymas_cli-6eb2a4d69d3b6603)
[INFO] [stdout] 
[INFO] [stdout] running 0 tests
[INFO] [stdout] 
[INFO] [stdout] test result: ok. 0 passed; 0 failed; 0 ignored; 0 measured; 0 filtered out; finished in 0.00s
[INFO] [stdout] 
[INFO] [stderr]      Running tests/test_args.rs (/opt/rustwide/target/debug/deps/test_args-7889002f0c2a9c27)
[INFO] [stdout] 
[INFO] [stdout] running 5 tests
[INFO] [stdout] test parse ... ok
[INFO] [stdout] test args_contain_opts ... ok
[INFO] [stdout] test test_get_value_i32 ... ok
[INFO] [stdout] test test_get_value_string ... ok
[INFO] [stdout] test test_parse_string ... ok
[INFO] [stdout] 
[INFO] [stdout] test result: ok. 5 passed; 0 failed; 0 ignored; 0 measured; 0 filtered out; finished in 0.00s
[INFO] [stdout] 
[INFO] [stderr]      Running tests/test_util_number_size.rs (/opt/rustwide/target/debug/deps/test_util_number_size-6c4af23c85af88d4)
[INFO] [stdout] 
[INFO] [stdout] running 1 test
[INFO] [stdout] test test_size_transform_1024 ... ok
[INFO] [stdout] 
[INFO] [stdout] test result: ok. 1 passed; 0 failed; 0 ignored; 0 measured; 0 filtered out; finished in 0.00s
[INFO] [stdout] 
[INFO] [stderr]    Doc-tests uymas_cli
[INFO] [stdout] 
[INFO] [stdout] running 20 tests
[INFO] [stdout] test args.rs - args::Args::from_args (line 126) ... FAILED
[INFO] [stdout] test cmd.rs - cmd::Cmd::run (line 321) ... FAILED
[INFO] [stdout] test err.rs - err::ErrMsg::throw (line 51) ... ok
[INFO] [stdout] test cmd.rs - cmd::Cmd (line 47) ... ok
[INFO] [stdout] test cmd.rs - cmd::Cmd (line 59) ... ok
[INFO] [stdout] test cmd.rs - cmd::Cmd::run (line 363) ... ok
[INFO] [stdout] test cmd.rs - cmd::Cmd (line 65) ... ok
[INFO] [stdout] test args.rs - args::project_path (line 459) ... ok
[INFO] [stdout] test args.rs - args::Args (line 378) ... ok
[INFO] [stdout] test cmd.rs - cmd::Cmd (line 53) ... ok
[INFO] [stdout] test cmd.rs - cmd::Cmd::run (line 334) ... ok
[INFO] [stdout] test args.rs - args::Args (line 362) ... ok
[INFO] [stdout] test args.rs - args::Args (line 373) ... ok
[INFO] [stdout] test err.rs - err::ErrMsg::throw_str (line 66) ... ok
[INFO] [stdout] test cmd.rs - cmd::Cmd (line 27) ... ok
[INFO] [stdout] test lib.rs - err (line 15) ... ok
[INFO] [stdout] test cmd.rs - cmd::Cmd::register_multi (line 345) ... ok
[INFO] [stdout] test args.rs - args::Args::parse_string (line 288) ... FAILED
[INFO] [stdout] test util_number.rs - util_number::size (line 3) ... ok
[INFO] [stdout] test util.rs - util::spend_time_diff (line 5) ... ok
[INFO] [stdout] 
[INFO] [stdout] failures:
[INFO] [stdout] 
[INFO] [stdout] ---- args.rs - args::Args::from_args (line 126) stdout ----
[INFO] [stdout] error[E0034]: multiple applicable items in scope
[INFO] [stdout]  --> args.rs:131:5
[INFO] [stdout]   |
[INFO] [stdout] 8 | cmd.run(vec!["rustc", "--version"]);
[INFO] [stdout]   |     ^^^ multiple `run` found
[INFO] [stdout]   |
[INFO] [stdout]   = note: candidate #1 is defined in an impl of the trait `CmdRunOs` for the type `Cmd`
[INFO] [stdout]   = note: candidate #2 is defined in an impl of the trait `CmdRunStr` for the type `Cmd`
[INFO] [stdout] help: disambiguate the method for candidate #1
[INFO] [stdout]   |
[INFO] [stdout] 8 | CmdRunOs::run(&mut cmd, _);
[INFO] [stdout]   | ~~~~~~~~~~~~~~~~~~~~~~~~~~
[INFO] [stdout] help: disambiguate the method for candidate #2
[INFO] [stdout]   |
[INFO] [stdout] 8 | CmdRunStr::run(&mut cmd, _);
[INFO] [stdout]   | ~~~~~~~~~~~~~~~~~~~~~~~~~~~
[INFO] [stdout] 
[INFO] [stdout] error: aborting due to 1 previous error
[INFO] [stdout] 
[INFO] [stdout] For more information about this error, try `rustc --explain E0034`.
[INFO] [stdout] Couldn't compile the test.
[INFO] [stdout] ---- cmd.rs - cmd::Cmd::run (line 321) stdout ----
[INFO] [stdout] error[E0061]: this method takes 1 argument but 0 arguments were supplied
[INFO] [stdout]    --> cmd.rs:325:5
[INFO] [stdout]     |
[INFO] [stdout] 7   | cmd.run();
[INFO] [stdout]     |     ^^^-- argument #1 of type `Vec<&str>` is missing
[INFO] [stdout]     |
[INFO] [stdout] note: method defined here
[INFO] [stdout]    --> /opt/rustwide/workdir/cmd.rs:102:8
[INFO] [stdout]     |
[INFO] [stdout] 102 |     fn run(&mut self, param: Vec<&str>);
[INFO] [stdout]     |        ^^^
[INFO] [stdout] help: provide the argument
[INFO] [stdout]     |
[INFO] [stdout] 7   | cmd.run(/* Vec<&str> */);
[INFO] [stdout]     |        ~~~~~~~~~~~~~~~~~
[INFO] [stdout] 
[INFO] [stdout] error: aborting due to 1 previous error
[INFO] [stdout] 
[INFO] [stdout] For more information about this error, try `rustc --explain E0061`.
[INFO] [stdout] Couldn't compile the test.
[INFO] [stdout] ---- args.rs - args::Args::parse_string (line 288) stdout ----
[INFO] [stdout] Test executable failed (exit status: 101).
[INFO] [stdout] 
[INFO] [stdout] stderr:
[INFO] [stdout] thread 'main' panicked at args.rs:24:1:
[INFO] [stdout] assertion `left == right` failed
[INFO] [stdout]   left: "jc build --output ./bin/name -x windows unix --stage b1 t2 --arch amd64 --utf8 --release --mini -g"
[INFO] [stdout]  right: "jc build --output ./bin/name --arch amd64 -x windows unix --stage b1 t2 --utf8 --release --mini -g"
[INFO] [stdout] stack backtrace:
[INFO] [stdout]    0:     0x60d2b323f39a - std::backtrace_rs::backtrace::libunwind::trace::h207520d6e9873551
[INFO] [stdout]                                at /rustc/df4ca44d3fbc9301ee17f30f4d474e6ae4b05252/library/std/src/../../backtrace/src/backtrace/libunwind.rs:116:5
[INFO] [stdout]    1:     0x60d2b323f39a - std::backtrace_rs::backtrace::trace_unsynchronized::h2ed7433f370e3eca
[INFO] [stdout]                                at /rustc/df4ca44d3fbc9301ee17f30f4d474e6ae4b05252/library/std/src/../../backtrace/src/backtrace/mod.rs:66:5
[INFO] [stdout]    2:     0x60d2b323f39a - std::sys::backtrace::_print_fmt::h916fac51166b18d7
[INFO] [stdout]                                at /rustc/df4ca44d3fbc9301ee17f30f4d474e6ae4b05252/library/std/src/sys/backtrace.rs:66:9
[INFO] [stdout]    3:     0x60d2b323f39a - <std::sys::backtrace::BacktraceLock::print::DisplayBacktrace as core::fmt::Display>::fmt::ha0a4c9b8ce3802e6
[INFO] [stdout]                                at /rustc/df4ca44d3fbc9301ee17f30f4d474e6ae4b05252/library/std/src/sys/backtrace.rs:39:26
[INFO] [stdout]    4:     0x60d2b325c043 - core::fmt::rt::Argument::fmt::h4cfc8587d52b3eb5
[INFO] [stdout]                                at /rustc/df4ca44d3fbc9301ee17f30f4d474e6ae4b05252/library/core/src/fmt/rt.rs:177:76
[INFO] [stdout]    5:     0x60d2b325c043 - core::fmt::write::h522cc39e5b36ae9f
[INFO] [stdout]                                at /rustc/df4ca44d3fbc9301ee17f30f4d474e6ae4b05252/library/core/src/fmt/mod.rs:1190:21
[INFO] [stdout]    6:     0x60d2b323cce3 - std::io::Write::write_fmt::hf1c1dcc8cc1287f0
[INFO] [stdout]                                at /rustc/df4ca44d3fbc9301ee17f30f4d474e6ae4b05252/library/std/src/io/mod.rs:1839:15
[INFO] [stdout]    7:     0x60d2b323f1e2 - std::sys::backtrace::BacktraceLock::print::h4b9e00b29e9c0942
[INFO] [stdout]                                at /rustc/df4ca44d3fbc9301ee17f30f4d474e6ae4b05252/library/std/src/sys/backtrace.rs:42:9
[INFO] [stdout]    8:     0x60d2b32401ac - std::panicking::default_hook::{{closure}}::hb59b88280d0324d9
[INFO] [stdout]                                at /rustc/df4ca44d3fbc9301ee17f30f4d474e6ae4b05252/library/std/src/panicking.rs:268:22
[INFO] [stdout]    9:     0x60d2b323fff2 - std::panicking::default_hook::he1dd496665be4a29
[INFO] [stdout]                                at /rustc/df4ca44d3fbc9301ee17f30f4d474e6ae4b05252/library/std/src/panicking.rs:295:9
[INFO] [stdout]   10:     0x60d2b32407a7 - std::panicking::rust_panic_with_hook::h2ff17fe8f26dfcf8
[INFO] [stdout]                                at /rustc/df4ca44d3fbc9301ee17f30f4d474e6ae4b05252/library/std/src/panicking.rs:801:13
[INFO] [stdout]   11:     0x60d2b324063a - std::panicking::begin_panic_handler::{{closure}}::h4fad77951c07e101
[INFO] [stdout]                                at /rustc/df4ca44d3fbc9301ee17f30f4d474e6ae4b05252/library/std/src/panicking.rs:674:13
[INFO] [stdout]   12:     0x60d2b323f879 - std::sys::backtrace::__rust_end_short_backtrace::hb1a25b3da5d0ea08
[INFO] [stdout]                                at /rustc/df4ca44d3fbc9301ee17f30f4d474e6ae4b05252/library/std/src/sys/backtrace.rs:170:18
[INFO] [stdout]   13:     0x60d2b32402cc - rust_begin_unwind
[INFO] [stdout]                                at /rustc/df4ca44d3fbc9301ee17f30f4d474e6ae4b05252/library/std/src/panicking.rs:665:5
[INFO] [stdout]   14:     0x60d2b325b1f0 - core::panicking::panic_fmt::ha9db07b529f9b256
[INFO] [stdout]                                at /rustc/df4ca44d3fbc9301ee17f30f4d474e6ae4b05252/library/core/src/panicking.rs:75:14
[INFO] [stdout]   15:     0x60d2b325b582 - core::panicking::assert_failed_inner::h04f38944d74a80a8
[INFO] [stdout]   16:     0x60d2b32112c3 - core::panicking::assert_failed::h86c2598a15f4bd10
[INFO] [stdout]   17:     0x60d2b321272c - rust_out::main::_doctest_main_args_rs_288_0::hbf4f49afa6571d4e
[INFO] [stdout]   18:     0x60d2b3211ad6 - rust_out::main::ha213a30daa5df4da
[INFO] [stdout]   19:     0x60d2b3210c33 - core::ops::function::FnOnce::call_once::hf7edf7132571051c
[INFO] [stdout]   20:     0x60d2b3210b16 - std::sys::backtrace::__rust_begin_short_backtrace::h32fd822fd2ba4079
[INFO] [stdout]   21:     0x60d2b3210af9 - std::rt::lang_start::{{closure}}::h4039a1c394ed4f7c
[INFO] [stdout]   22:     0x60d2b323ae87 - core::ops::function::impls::<impl core::ops::function::FnOnce<A> for &F>::call_once::hd87d66b906e0ccaf
[INFO] [stdout]                                at /rustc/df4ca44d3fbc9301ee17f30f4d474e6ae4b05252/library/core/src/ops/function.rs:284:13
[INFO] [stdout]   23:     0x60d2b323ae87 - std::panicking::try::do_call::hae3703de71fc9e3a
[INFO] [stdout]                                at /rustc/df4ca44d3fbc9301ee17f30f4d474e6ae4b05252/library/std/src/panicking.rs:557:40
[INFO] [stdout]   24:     0x60d2b323ae87 - std::panicking::try::h1178330e9a2b2645
[INFO] [stdout]                                at /rustc/df4ca44d3fbc9301ee17f30f4d474e6ae4b05252/library/std/src/panicking.rs:520:19
[INFO] [stdout]   25:     0x60d2b323ae87 - std::panic::catch_unwind::h0acf49d2305d32ad
[INFO] [stdout]                                at /rustc/df4ca44d3fbc9301ee17f30f4d474e6ae4b05252/library/std/src/panic.rs:358:14
[INFO] [stdout]   26:     0x60d2b323ae87 - std::rt::lang_start_internal::{{closure}}::h2d95182d798177be
[INFO] [stdout]                                at /rustc/df4ca44d3fbc9301ee17f30f4d474e6ae4b05252/library/std/src/rt.rs:174:48
[INFO] [stdout]   27:     0x60d2b323ae87 - std::panicking::try::do_call::hb506f5bfe11fd30c
[INFO] [stdout]                                at /rustc/df4ca44d3fbc9301ee17f30f4d474e6ae4b05252/library/std/src/panicking.rs:557:40
[INFO] [stdout]   28:     0x60d2b323ae87 - std::panicking::try::h54d825c46bd0fa95
[INFO] [stdout]                                at /rustc/df4ca44d3fbc9301ee17f30f4d474e6ae4b05252/library/std/src/panicking.rs:520:19
[INFO] [stdout]   29:     0x60d2b323ae87 - std::panic::catch_unwind::hffbb0ad20c4e9fac
[INFO] [stdout]                                at /rustc/df4ca44d3fbc9301ee17f30f4d474e6ae4b05252/library/std/src/panic.rs:358:14
[INFO] [stdout]   30:     0x60d2b323ae87 - std::rt::lang_start_internal::h52c291ef1962c925
[INFO] [stdout]                                at /rustc/df4ca44d3fbc9301ee17f30f4d474e6ae4b05252/library/std/src/rt.rs:174:20
[INFO] [stdout]   31:     0x60d2b3210ad7 - std::rt::lang_start::h8c6075cd6f225ba1
[INFO] [stdout]   32:     0x60d2b32127e5 - main
[INFO] [stdout]   33:     0x76dc215cdd90 - <unknown>
[INFO] [stdout]   34:     0x76dc215cde40 - __libc_start_main
[INFO] [stdout]   35:     0x60d2b3210695 - _start
[INFO] [stdout]   36:                0x0 - <unknown>
[INFO] [stdout] 
[INFO] [stdout] 
[INFO] [stdout] 
[INFO] [stdout] failures:
[INFO] [stdout]     args.rs - args::Args::from_args (line 126)
[INFO] [stdout]     args.rs - args::Args::parse_string (line 288)
[INFO] [stdout]     cmd.rs - cmd::Cmd::run (line 321)
[INFO] [stdout] 
[INFO] [stdout] test result: FAILED. 17 passed; 3 failed; 0 ignored; 0 measured; 0 filtered out; finished in 4.46s
[INFO] [stdout] 
[INFO] [stderr] error: doctest failed, to rerun pass `--doc`
[INFO] running `Command { std: "docker" "inspect" "509b9b0291b0b0995594514c1badaabcc7882b85ee5aa574724fb70dd4fb93f7", kill_on_drop: false }`
[INFO] running `Command { std: "docker" "rm" "-f" "509b9b0291b0b0995594514c1badaabcc7882b85ee5aa574724fb70dd4fb93f7", kill_on_drop: false }`
[INFO] [stdout] 509b9b0291b0b0995594514c1badaabcc7882b85ee5aa574724fb70dd4fb93f7
