[INFO] fetching crate usearch 2.15.3...
[INFO] testing usearch-2.15.3 against nightly-2024-10-28+rustflags=-Zrandomize-layout for randomize-layout
[INFO] extracting crate usearch 2.15.3 into /workspace/builds/worker-7-tc2/source
[INFO] validating manifest of crates.io crate usearch 2.15.3 on toolchain nightly-2024-10-28
[INFO] running `Command { std: CARGO_HOME="/workspace/cargo-home" RUSTUP_HOME="/workspace/rustup-home" "/workspace/cargo-home/bin/cargo" "+nightly-2024-10-28" "metadata" "--manifest-path" "Cargo.toml" "--no-deps", kill_on_drop: false }`
[INFO] started tweaking crates.io crate usearch 2.15.3
[INFO] finished tweaking crates.io crate usearch 2.15.3
[INFO] tweaked toml for crates.io crate usearch 2.15.3 written to /workspace/builds/worker-7-tc2/source/Cargo.toml
[INFO] running `Command { std: CARGO_HOME="/workspace/cargo-home" RUSTUP_HOME="/workspace/rustup-home" "/workspace/cargo-home/bin/cargo" "+nightly-2024-10-28" "generate-lockfile" "--manifest-path" "Cargo.toml", kill_on_drop: false }`
[INFO] [stderr]     Updating crates.io index
[INFO] [stderr]     Blocking waiting for file lock on package cache
[INFO] [stderr]      Locking 27 packages to latest compatible versions
[INFO] running `Command { std: CARGO_HOME="/workspace/cargo-home" RUSTUP_HOME="/workspace/rustup-home" "/workspace/cargo-home/bin/cargo" "+nightly-2024-10-28" "fetch" "--manifest-path" "Cargo.toml", kill_on_drop: false }`
[INFO] running `Command { std: "docker" "create" "-v" "/var/lib/crater-agent-workspace/builds/worker-7-tc2/target:/opt/rustwide/target:rw,Z" "-v" "/var/lib/crater-agent-workspace/builds/worker-7-tc2/source:/opt/rustwide/workdir:ro,Z" "-v" "/var/lib/crater-agent-workspace/cargo-home:/opt/rustwide/cargo-home:ro,Z" "-v" "/var/lib/crater-agent-workspace/rustup-home:/opt/rustwide/rustup-home:ro,Z" "-e" "SOURCE_DIR=/opt/rustwide/workdir" "-e" "CARGO_TARGET_DIR=/opt/rustwide/target" "-e" "CARGO_HOME=/opt/rustwide/cargo-home" "-e" "RUSTUP_HOME=/opt/rustwide/rustup-home" "-w" "/opt/rustwide/workdir" "-m" "1610612736" "--user" "0:0" "--network" "none" "ghcr.io/rust-lang/crates-build-env/linux@sha256:4a844ea9eb2546a2d2c7022eacef16ef2e8229c7fbb2c7d4d55a9ceca922f72d" "/opt/rustwide/cargo-home/bin/cargo" "+nightly-2024-10-28" "metadata" "--no-deps" "--format-version=1", kill_on_drop: false }`
[INFO] [stdout] 387b6d0f216678bc2ae5d4501b692d65296d8e2d24ce1cf42acebfcb21e2bdc6
[INFO] running `Command { std: "docker" "start" "-a" "387b6d0f216678bc2ae5d4501b692d65296d8e2d24ce1cf42acebfcb21e2bdc6", kill_on_drop: false }`
[INFO] running `Command { std: "docker" "inspect" "387b6d0f216678bc2ae5d4501b692d65296d8e2d24ce1cf42acebfcb21e2bdc6", kill_on_drop: false }`
[INFO] running `Command { std: "docker" "rm" "-f" "387b6d0f216678bc2ae5d4501b692d65296d8e2d24ce1cf42acebfcb21e2bdc6", kill_on_drop: false }`
[INFO] [stdout] 387b6d0f216678bc2ae5d4501b692d65296d8e2d24ce1cf42acebfcb21e2bdc6
[INFO] running `Command { std: "docker" "create" "-v" "/var/lib/crater-agent-workspace/builds/worker-7-tc2/target:/opt/rustwide/target:rw,Z" "-v" "/var/lib/crater-agent-workspace/builds/worker-7-tc2/source:/opt/rustwide/workdir:ro,Z" "-v" "/var/lib/crater-agent-workspace/cargo-home:/opt/rustwide/cargo-home:ro,Z" "-v" "/var/lib/crater-agent-workspace/rustup-home:/opt/rustwide/rustup-home:ro,Z" "-e" "SOURCE_DIR=/opt/rustwide/workdir" "-e" "CARGO_TARGET_DIR=/opt/rustwide/target" "-e" "CARGO_INCREMENTAL=0" "-e" "RUST_BACKTRACE=full" "-e" "RUSTFLAGS=--cap-lints=forbid -Zrandomize-layout" "-e" "RUSTDOCFLAGS=--cap-lints=forbid" "-e" "CARGO_HOME=/opt/rustwide/cargo-home" "-e" "RUSTUP_HOME=/opt/rustwide/rustup-home" "-w" "/opt/rustwide/workdir" "-m" "1610612736" "--user" "0:0" "--network" "none" "ghcr.io/rust-lang/crates-build-env/linux@sha256:4a844ea9eb2546a2d2c7022eacef16ef2e8229c7fbb2c7d4d55a9ceca922f72d" "/opt/rustwide/cargo-home/bin/cargo" "+nightly-2024-10-28" "build" "--frozen" "--message-format=json", kill_on_drop: false }`
[INFO] [stdout] f62f0434519a3580e2edc0acb9b44ebadb7d9d81eff07ee2ab9977cdf6b9cfda
[INFO] running `Command { std: "docker" "start" "-a" "f62f0434519a3580e2edc0acb9b44ebadb7d9d81eff07ee2ab9977cdf6b9cfda", kill_on_drop: false }`
[INFO] [stderr]    Compiling shlex v1.3.0
[INFO] [stderr]    Compiling proc-macro2 v1.0.89
[INFO] [stderr]    Compiling unicode-ident v1.0.13
[INFO] [stderr]    Compiling scratch v1.0.7
[INFO] [stderr]    Compiling cxxbridge-flags v1.0.129
[INFO] [stderr]    Compiling termcolor v1.4.1
[INFO] [stderr]    Compiling unicode-width v0.1.14
[INFO] [stderr]    Compiling once_cell v1.20.2
[INFO] [stderr]    Compiling cc v1.1.31
[INFO] [stderr]    Compiling codespan-reporting v0.11.1
[INFO] [stderr]    Compiling quote v1.0.37
[INFO] [stderr]    Compiling syn v2.0.86
[INFO] [stderr]    Compiling link-cplusplus v1.0.9
[INFO] [stderr]    Compiling cxx v1.0.129
[INFO] [stderr]    Compiling cxx-build v1.0.129
[INFO] [stderr]    Compiling cxxbridge-macro v1.0.129
[INFO] [stderr]    Compiling usearch v2.15.3 (/opt/rustwide/workdir)
[INFO] [stderr] warning: usearch@2.15.3: cc1plus: error: attribute 'avx512fp16' argument 'target' is unknown
[INFO] [stderr] warning: usearch@2.15.3: In file included from simsimd/include/simsimd/curved.h:28,
[INFO] [stderr] warning: usearch@2.15.3:                  from simsimd/include/simsimd/simsimd.h:104,
[INFO] [stderr] warning: usearch@2.15.3:                  from include/usearch/index_plugins.hpp:73,
[INFO] [stderr] warning: usearch@2.15.3:                  from include/usearch/index_dense.hpp:12,
[INFO] [stderr] warning: usearch@2.15.3:                  from rust/lib.hpp:10,
[INFO] [stderr] warning: usearch@2.15.3:                  from /opt/rustwide/target/debug/build/usearch-d6b41831aeec26ec/out/cxxbridge/sources/usearch/rust/lib.rs.cc:1:
[INFO] [stderr] warning: usearch@2.15.3: simsimd/include/simsimd/dot.h: In function 'void simsimd_dot_f16_sapphire(const simsimd_f16_t*, const simsimd_f16_t*, simsimd_size_t, simsimd_distance_t*)':
[INFO] [stderr] warning: usearch@2.15.3: simsimd/include/simsimd/dot.h:1530:5: error: '__m512h' was not declared in this scope; did you mean '__m512i'?
[INFO] [stderr] warning: usearch@2.15.3:  1530 |     __m512h ab_vec = _mm512_setzero_ph();
[INFO] [stderr] warning: usearch@2.15.3:       |     ^~~~~~~
[INFO] [stderr] warning: usearch@2.15.3:       |     __m512i
[INFO] [stderr] warning: usearch@2.15.3: simsimd/include/simsimd/dot.h:1544:5: error: 'ab_vec' was not declared in this scope
[INFO] [stderr] warning: usearch@2.15.3:  1544 |     ab_vec = _mm512_fmadd_ph(_mm512_castsi512_ph(a_i16_vec), _mm512_castsi512_ph(b_i16_vec), ab_vec);
[INFO] [stderr] warning: usearch@2.15.3:       |     ^~~~~~
[INFO] [stderr] warning: usearch@2.15.3: simsimd/include/simsimd/dot.h:1544:30: error: '_mm512_castsi512_ph' was not declared in this scope; did you mean '_mm512_castsi512_ps'?
[INFO] [stderr] warning: usearch@2.15.3:  1544 |     ab_vec = _mm512_fmadd_ph(_mm512_castsi512_ph(a_i16_vec), _mm512_castsi512_ph(b_i16_vec), ab_vec);
[INFO] [stderr] warning: usearch@2.15.3:       |                              ^~~~~~~~~~~~~~~~~~~
[INFO] [stderr] warning: usearch@2.15.3:       |                              _mm512_castsi512_ps
[INFO] [stderr] warning: usearch@2.15.3: simsimd/include/simsimd/dot.h:1544:14: error: '_mm512_fmadd_ph' was not declared in this scope; did you mean '_mm512_fmadd_ps'?
[INFO] [stderr] warning: usearch@2.15.3:  1544 |     ab_vec = _mm512_fmadd_ph(_mm512_castsi512_ph(a_i16_vec), _mm512_castsi512_ph(b_i16_vec), ab_vec);
[INFO] [stderr] warning: usearch@2.15.3:       |              ^~~~~~~~~~~~~~~
[INFO] [stderr] warning: usearch@2.15.3:       |              _mm512_fmadd_ps
[INFO] [stderr] warning: usearch@2.15.3: simsimd/include/simsimd/dot.h:1548:15: error: '_mm512_reduce_add_ph' was not declared in this scope; did you mean '_mm512_reduce_add_ps'?
[INFO] [stderr] warning: usearch@2.15.3:  1548 |     *result = _mm512_reduce_add_ph(ab_vec);
[INFO] [stderr] warning: usearch@2.15.3:       |               ^~~~~~~~~~~~~~~~~~~~
[INFO] [stderr] warning: usearch@2.15.3:       |               _mm512_reduce_add_ps
[INFO] [stderr] warning: usearch@2.15.3: simsimd/include/simsimd/dot.h: In function 'void simsimd_dot_f16c_sapphire(const simsimd_f16_t*, const simsimd_f16_t*, simsimd_size_t, simsimd_distance_t*)':
[INFO] [stderr] warning: usearch@2.15.3: simsimd/include/simsimd/dot.h:1553:5: error: '__m512h' was not declared in this scope; did you mean '__m512i'?
[INFO] [stderr] warning: usearch@2.15.3:  1553 |     __m512h ab_real_vec = _mm512_setzero_ph();
[INFO] [stderr] warning: usearch@2.15.3:       |     ^~~~~~~
[INFO] [stderr] warning: usearch@2.15.3:       |     __m512i
[INFO] [stderr] warning: usearch@2.15.3: simsimd/include/simsimd/dot.h:1554:12: error: expected ';' before 'ab_imag_vec'
[INFO] [stderr] warning: usearch@2.15.3:  1554 |     __m512h ab_imag_vec = _mm512_setzero_ph();
[INFO] [stderr] warning: usearch@2.15.3:       |            ^~~~~~~~~~~~
[INFO] [stderr] warning: usearch@2.15.3:       |            ;
[INFO] [stderr] warning: usearch@2.15.3: simsimd/include/simsimd/dot.h:1583:5: error: 'ab_real_vec' was not declared in this scope
[INFO] [stderr] warning: usearch@2.15.3:  1583 |     ab_real_vec = _mm512_fmadd_ph(_mm512_castsi512_ph(_mm512_xor_si512(b_vec, sign_flip_vec)),
[INFO] [stderr] warning: usearch@2.15.3:       |     ^~~~~~~~~~~
[INFO] [stderr] warning: usearch@2.15.3: simsimd/include/simsimd/dot.h:1583:35: error: '_mm512_castsi512_ph' was not declared in this scope; did you mean '_mm512_castsi512_ps'?
[INFO] [stderr] warning: usearch@2.15.3:  1583 |     ab_real_vec = _mm512_fmadd_ph(_mm512_castsi512_ph(_mm512_xor_si512(b_vec, sign_flip_vec)),
[INFO] [stderr] warning: usearch@2.15.3:       |                                   ^~~~~~~~~~~~~~~~~~~
[INFO] [stderr] warning: usearch@2.15.3:       |                                   _mm512_castsi512_ps
[INFO] [stderr] warning: usearch@2.15.3: simsimd/include/simsimd/dot.h:1583:19: error: '_mm512_fmadd_ph' was not declared in this scope; did you mean '_mm512_fmadd_ps'?
[INFO] [stderr] warning: usearch@2.15.3:  1583 |     ab_real_vec = _mm512_fmadd_ph(_mm512_castsi512_ph(_mm512_xor_si512(b_vec, sign_flip_vec)),
[INFO] [stderr] warning: usearch@2.15.3:       |                   ^~~~~~~~~~~~~~~
[INFO] [stderr] warning: usearch@2.15.3:       |                   _mm512_fmadd_ps
[INFO] [stderr] warning: usearch@2.15.3: simsimd/include/simsimd/dot.h:1585:5: error: 'ab_imag_vec' was not declared in this scope
[INFO] [stderr] warning: usearch@2.15.3:  1585 |     ab_imag_vec = _mm512_fmadd_ph(_mm512_castsi512_ph(_mm512_shuffle_epi8(b_vec, swap_adjacent_vec)),
[INFO] [stderr] warning: usearch@2.15.3:       |     ^~~~~~~~~~~
[INFO] [stderr] warning: usearch@2.15.3: simsimd/include/simsimd/dot.h:1592:18: error: '_mm512_reduce_add_ph' was not declared in this scope; did you mean '_mm512_reduce_add_ps'?
[INFO] [stderr] warning: usearch@2.15.3:  1592 |     results[0] = _mm512_reduce_add_ph(ab_real_vec);
[INFO] [stderr] warning: usearch@2.15.3:       |                  ^~~~~~~~~~~~~~~~~~~~
[INFO] [stderr] warning: usearch@2.15.3:       |                  _mm512_reduce_add_ps
[INFO] [stderr] warning: usearch@2.15.3: simsimd/include/simsimd/dot.h: In function 'void simsimd_vdot_f16c_sapphire(const simsimd_f16_t*, const simsimd_f16_t*, simsimd_size_t, simsimd_distance_t*)':
[INFO] [stderr] warning: usearch@2.15.3: simsimd/include/simsimd/dot.h:1598:5: error: '__m512h' was not declared in this scope; did you mean '__m512i'?
[INFO] [stderr] warning: usearch@2.15.3:  1598 |     __m512h ab_real_vec = _mm512_setzero_ph();
[INFO] [stderr] warning: usearch@2.15.3:       |     ^~~~~~~
[INFO] [stderr] warning: usearch@2.15.3:       |     __m512i
[INFO] [stderr] warning: usearch@2.15.3: simsimd/include/simsimd/dot.h:1599:12: error: expected ';' before 'ab_imag_vec'
[INFO] [stderr] warning: usearch@2.15.3:  1599 |     __m512h ab_imag_vec = _mm512_setzero_ph();
[INFO] [stderr] warning: usearch@2.15.3:       |            ^~~~~~~~~~~~
[INFO] [stderr] warning: usearch@2.15.3:       |            ;
[INFO] [stderr] warning: usearch@2.15.3: simsimd/include/simsimd/dot.h:1627:5: error: 'ab_real_vec' was not declared in this scope
[INFO] [stderr] warning: usearch@2.15.3:  1627 |     ab_real_vec = _mm512_fmadd_ph(_mm512_castsi512_ph(a_vec), _mm512_castsi512_ph(b_vec), ab_real_vec);
[INFO] [stderr] warning: usearch@2.15.3:       |     ^~~~~~~~~~~
[INFO] [stderr] warning: usearch@2.15.3: simsimd/include/simsimd/dot.h:1627:35: error: '_mm512_castsi512_ph' was not declared in this scope; did you mean '_mm512_castsi512_ps'?
[INFO] [stderr] warning: usearch@2.15.3:  1627 |     ab_real_vec = _mm512_fmadd_ph(_mm512_castsi512_ph(a_vec), _mm512_castsi512_ph(b_vec), ab_real_vec);
[INFO] [stderr] warning: usearch@2.15.3:       |                                   ^~~~~~~~~~~~~~~~~~~
[INFO] [stderr] warning: usearch@2.15.3:       |                                   _mm512_castsi512_ps
[INFO] [stderr] warning: usearch@2.15.3: simsimd/include/simsimd/dot.h:1627:19: error: '_mm512_fmadd_ph' was not declared in this scope; did you mean '_mm512_fmadd_ps'?
[INFO] [stderr] warning: usearch@2.15.3:  1627 |     ab_real_vec = _mm512_fmadd_ph(_mm512_castsi512_ph(a_vec), _mm512_castsi512_ph(b_vec), ab_real_vec);
[INFO] [stderr] warning: usearch@2.15.3:       |                   ^~~~~~~~~~~~~~~
[INFO] [stderr] warning: usearch@2.15.3:       |                   _mm512_fmadd_ps
[INFO] [stderr] warning: usearch@2.15.3: simsimd/include/simsimd/dot.h:1630:5: error: 'ab_imag_vec' was not declared in this scope
[INFO] [stderr] warning: usearch@2.15.3:  1630 |     ab_imag_vec = _mm512_fmadd_ph(_mm512_castsi512_ph(a_vec), _mm512_castsi512_ph(b_vec), ab_imag_vec);
[INFO] [stderr] warning: usearch@2.15.3:       |     ^~~~~~~~~~~
[INFO] [stderr] warning: usearch@2.15.3: simsimd/include/simsimd/dot.h:1635:18: error: '_mm512_reduce_add_ph' was not declared in this scope; did you mean '_mm512_reduce_add_ps'?
[INFO] [stderr] warning: usearch@2.15.3:  1635 |     results[0] = _mm512_reduce_add_ph(ab_real_vec);
[INFO] [stderr] warning: usearch@2.15.3:       |                  ^~~~~~~~~~~~~~~~~~~~
[INFO] [stderr] warning: usearch@2.15.3:       |                  _mm512_reduce_add_ps
[INFO] [stderr] warning: usearch@2.15.3: At global scope:
[INFO] [stderr] warning: usearch@2.15.3: cc1plus: error: attribute 'avx512fp16' argument 'target' is unknown
[INFO] [stderr] warning: usearch@2.15.3: In file included from simsimd/include/simsimd/curved.h:29,
[INFO] [stderr] warning: usearch@2.15.3:                  from simsimd/include/simsimd/simsimd.h:104,
[INFO] [stderr] warning: usearch@2.15.3:                  from include/usearch/index_plugins.hpp:73,
[INFO] [stderr] warning: usearch@2.15.3:                  from include/usearch/index_dense.hpp:12,
[INFO] [stderr] warning: usearch@2.15.3:                  from rust/lib.hpp:10,
[INFO] [stderr] warning: usearch@2.15.3:                  from /opt/rustwide/target/debug/build/usearch-d6b41831aeec26ec/out/cxxbridge/sources/usearch/rust/lib.rs.cc:1:
[INFO] [stderr] warning: usearch@2.15.3: simsimd/include/simsimd/spatial.h: In function 'void simsimd_l2sq_f16_sapphire(const simsimd_f16_t*, const simsimd_f16_t*, simsimd_size_t, simsimd_distance_t*)':
[INFO] [stderr] warning: usearch@2.15.3: simsimd/include/simsimd/spatial.h:1595:5: error: '__m512h' was not declared in this scope; did you mean '__m512i'?
[INFO] [stderr] warning: usearch@2.15.3:  1595 |     __m512h d2_vec = _mm512_setzero_ph();
[INFO] [stderr] warning: usearch@2.15.3:       |     ^~~~~~~
[INFO] [stderr] warning: usearch@2.15.3:       |     __m512i
[INFO] [stderr] warning: usearch@2.15.3: simsimd/include/simsimd/spatial.h:1609:12: error: expected ';' before 'd_vec'
[INFO] [stderr] warning: usearch@2.15.3:  1609 |     __m512h d_vec = _mm512_sub_ph(_mm512_castsi512_ph(a_i16_vec), _mm512_castsi512_ph(b_i16_vec));
[INFO] [stderr] warning: usearch@2.15.3:       |            ^~~~~~
[INFO] [stderr] warning: usearch@2.15.3:       |            ;
[INFO] [stderr] warning: usearch@2.15.3: simsimd/include/simsimd/spatial.h:1610:5: error: 'd2_vec' was not declared in this scope
[INFO] [stderr] warning: usearch@2.15.3:  1610 |     d2_vec = _mm512_fmadd_ph(d_vec, d_vec, d2_vec);
[INFO] [stderr] warning: usearch@2.15.3:       |     ^~~~~~
[INFO] [stderr] warning: usearch@2.15.3: simsimd/include/simsimd/spatial.h:1610:30: error: 'd_vec' was not declared in this scope
[INFO] [stderr] warning: usearch@2.15.3:  1610 |     d2_vec = _mm512_fmadd_ph(d_vec, d_vec, d2_vec);
[INFO] [stderr] warning: usearch@2.15.3:       |                              ^~~~~
[INFO] [stderr] warning: usearch@2.15.3: simsimd/include/simsimd/spatial.h:1610:14: error: '_mm512_fmadd_ph' was not declared in this scope; did you mean '_mm512_fmadd_ps'?
[INFO] [stderr] warning: usearch@2.15.3:  1610 |     d2_vec = _mm512_fmadd_ph(d_vec, d_vec, d2_vec);
[INFO] [stderr] warning: usearch@2.15.3:       |              ^~~~~~~~~~~~~~~
[INFO] [stderr] warning: usearch@2.15.3:       |              _mm512_fmadd_ps
[INFO] [stderr] warning: usearch@2.15.3: simsimd/include/simsimd/spatial.h:1614:15: error: '_mm512_reduce_add_ph' was not declared in this scope; did you mean '_mm512_reduce_add_ps'?
[INFO] [stderr] warning: usearch@2.15.3:  1614 |     *result = _mm512_reduce_add_ph(d2_vec);
[INFO] [stderr] warning: usearch@2.15.3:       |               ^~~~~~~~~~~~~~~~~~~~
[INFO] [stderr] warning: usearch@2.15.3:       |               _mm512_reduce_add_ps
[INFO] [stderr] warning: usearch@2.15.3: simsimd/include/simsimd/spatial.h: In function 'void simsimd_cos_f16_sapphire(const simsimd_f16_t*, const simsimd_f16_t*, simsimd_size_t, simsimd_distance_t*)':
[INFO] [stderr] warning: usearch@2.15.3: simsimd/include/simsimd/spatial.h:1619:5: error: '__m512h' was not declared in this scope; did you mean '__m512i'?
[INFO] [stderr] warning: usearch@2.15.3:  1619 |     __m512h ab_vec = _mm512_setzero_ph();
[INFO] [stderr] warning: usearch@2.15.3:       |     ^~~~~~~
[INFO] [stderr] warning: usearch@2.15.3:       |     __m512i
[INFO] [stderr] warning: usearch@2.15.3: simsimd/include/simsimd/spatial.h:1620:12: error: expected ';' before 'a2_vec'
[INFO] [stderr] warning: usearch@2.15.3:  1620 |     __m512h a2_vec = _mm512_setzero_ph();
[INFO] [stderr] warning: usearch@2.15.3:       |            ^~~~~~~
[INFO] [stderr] warning: usearch@2.15.3:       |            ;
[INFO] [stderr] warning: usearch@2.15.3: simsimd/include/simsimd/spatial.h:1621:12: error: expected ';' before 'b2_vec'
[INFO] [stderr] warning: usearch@2.15.3:  1621 |     __m512h b2_vec = _mm512_setzero_ph();
[INFO] [stderr] warning: usearch@2.15.3:       |            ^~~~~~~
[INFO] [stderr] warning: usearch@2.15.3:       |            ;
[INFO] [stderr] warning: usearch@2.15.3: simsimd/include/simsimd/spatial.h:1635:5: error: 'ab_vec' was not declared in this scope
[INFO] [stderr] warning: usearch@2.15.3:  1635 |     ab_vec = _mm512_fmadd_ph(_mm512_castsi512_ph(a_i16_vec), _mm512_castsi512_ph(b_i16_vec), ab_vec);
[INFO] [stderr] warning: usearch@2.15.3:       |     ^~~~~~
[INFO] [stderr] warning: usearch@2.15.3: simsimd/include/simsimd/spatial.h:1635:30: error: '_mm512_castsi512_ph' was not declared in this scope; did you mean '_mm512_castsi512_ps'?
[INFO] [stderr] warning: usearch@2.15.3:  1635 |     ab_vec = _mm512_fmadd_ph(_mm512_castsi512_ph(a_i16_vec), _mm512_castsi512_ph(b_i16_vec), ab_vec);
[INFO] [stderr] warning: usearch@2.15.3:       |                              ^~~~~~~~~~~~~~~~~~~
[INFO] [stderr] warning: usearch@2.15.3:       |                              _mm512_castsi512_ps
[INFO] [stderr] warning: usearch@2.15.3: simsimd/include/simsimd/spatial.h:1635:14: error: '_mm512_fmadd_ph' was not declared in this scope; did you mean '_mm512_fmadd_ps'?
[INFO] [stderr] warning: usearch@2.15.3:  1635 |     ab_vec = _mm512_fmadd_ph(_mm512_castsi512_ph(a_i16_vec), _mm512_castsi512_ph(b_i16_vec), ab_vec);
[INFO] [stderr] warning: usearch@2.15.3:       |              ^~~~~~~~~~~~~~~
[INFO] [stderr] warning: usearch@2.15.3:       |              _mm512_fmadd_ps
[INFO] [stderr] warning: usearch@2.15.3: simsimd/include/simsimd/spatial.h:1636:5: error: 'a2_vec' was not declared in this scope
[INFO] [stderr] warning: usearch@2.15.3:  1636 |     a2_vec = _mm512_fmadd_ph(_mm512_castsi512_ph(a_i16_vec), _mm512_castsi512_ph(a_i16_vec), a2_vec);
[INFO] [stderr] warning: usearch@2.15.3:       |     ^~~~~~
[INFO] [stderr] warning: usearch@2.15.3: simsimd/include/simsimd/spatial.h:1637:5: error: 'b2_vec' was not declared in this scope
[INFO] [stderr] warning: usearch@2.15.3:  1637 |     b2_vec = _mm512_fmadd_ph(_mm512_castsi512_ph(b_i16_vec), _mm512_castsi512_ph(b_i16_vec), b2_vec);
[INFO] [stderr] warning: usearch@2.15.3:       |     ^~~~~~
[INFO] [stderr] warning: usearch@2.15.3: simsimd/include/simsimd/spatial.h:1641:24: error: '_mm512_reduce_add_ph' was not declared in this scope; did you mean '_mm512_reduce_add_ps'?
[INFO] [stderr] warning: usearch@2.15.3:  1641 |     simsimd_f32_t ab = _mm512_reduce_add_ph(ab_vec);
[INFO] [stderr] warning: usearch@2.15.3:       |                        ^~~~~~~~~~~~~~~~~~~~
[INFO] [stderr] warning: usearch@2.15.3:       |                        _mm512_reduce_add_ps
[INFO] [stderr] warning: usearch@2.15.3: At global scope:
[INFO] [stderr] warning: usearch@2.15.3: cc1plus: error: attribute 'avx512fp16' argument 'target' is unknown
[INFO] [stderr] warning: usearch@2.15.3: In file included from simsimd/include/simsimd/simsimd.h:104,
[INFO] [stderr] warning: usearch@2.15.3:                  from include/usearch/index_plugins.hpp:73,
[INFO] [stderr] warning: usearch@2.15.3:                  from include/usearch/index_dense.hpp:12,
[INFO] [stderr] warning: usearch@2.15.3:                  from rust/lib.hpp:10,
[INFO] [stderr] warning: usearch@2.15.3:                  from /opt/rustwide/target/debug/build/usearch-d6b41831aeec26ec/out/cxxbridge/sources/usearch/rust/lib.rs.cc:1:
[INFO] [stderr] warning: usearch@2.15.3: simsimd/include/simsimd/curved.h: In function 'void simsimd_bilinear_f16_sapphire(const simsimd_f16_t*, const simsimd_f16_t*, const simsimd_f16_t*, simsimd_size_t, simsimd_distance_t*)':
[INFO] [stderr] warning: usearch@2.15.3: simsimd/include/simsimd/curved.h:729:5: error: '__m512h' was not declared in this scope; did you mean '__m512i'?
[INFO] [stderr] warning: usearch@2.15.3:   729 |     __m512h sum_vec = _mm512_setzero_ph();
[INFO] [stderr] warning: usearch@2.15.3:       |     ^~~~~~~
[INFO] [stderr] warning: usearch@2.15.3:       |     __m512i
[INFO] [stderr] warning: usearch@2.15.3: simsimd/include/simsimd/curved.h:733:16: error: expected ';' before 'a_vec'
[INFO] [stderr] warning: usearch@2.15.3:   733 |         __m512h a_vec = _mm512_castsi512_ph(_mm512_set1_epi16(*(short const*)(a + i)));
[INFO] [stderr] warning: usearch@2.15.3:       |                ^~~~~~
[INFO] [stderr] warning: usearch@2.15.3:       |                ;
[INFO] [stderr] warning: usearch@2.15.3: simsimd/include/simsimd/curved.h:734:16: error: expected ';' before 'partial_sum_vec'
[INFO] [stderr] warning: usearch@2.15.3:   734 |         __m512h partial_sum_vec = _mm512_setzero_ph();
[INFO] [stderr] warning: usearch@2.15.3:       |                ^~~~~~~~~~~~~~~~
[INFO] [stderr] warning: usearch@2.15.3:       |                ;
[INFO] [stderr] warning: usearch@2.15.3: simsimd/include/simsimd/curved.h:746:9: error: 'partial_sum_vec' was not declared in this scope
[INFO] [stderr] warning: usearch@2.15.3:   746 |         partial_sum_vec = _mm512_fmadd_ph(_mm512_castsi512_ph(b_vec), _mm512_castsi512_ph(c_vec), partial_sum_vec);
[INFO] [stderr] warning: usearch@2.15.3:       |         ^~~~~~~~~~~~~~~
[INFO] [stderr] warning: usearch@2.15.3: simsimd/include/simsimd/curved.h:746:43: error: '_mm512_castsi512_ph' was not declared in this scope; did you mean '_mm512_castsi512_ps'?
[INFO] [stderr] warning: usearch@2.15.3:   746 |         partial_sum_vec = _mm512_fmadd_ph(_mm512_castsi512_ph(b_vec), _mm512_castsi512_ph(c_vec), partial_sum_vec);
[INFO] [stderr] warning: usearch@2.15.3:       |                                           ^~~~~~~~~~~~~~~~~~~
[INFO] [stderr] warning: usearch@2.15.3:       |                                           _mm512_castsi512_ps
[INFO] [stderr] warning: usearch@2.15.3: simsimd/include/simsimd/curved.h:746:27: error: '_mm512_fmadd_ph' was not declared in this scope; did you mean '_mm512_fmadd_ps'?
[INFO] [stderr] warning: usearch@2.15.3:   746 |         partial_sum_vec = _mm512_fmadd_ph(_mm512_castsi512_ph(b_vec), _mm512_castsi512_ph(c_vec), partial_sum_vec);
[INFO] [stderr] warning: usearch@2.15.3:       |                           ^~~~~~~~~~~~~~~
[INFO] [stderr] warning: usearch@2.15.3:       |                           _mm512_fmadd_ps
[INFO] [stderr] warning: usearch@2.15.3: simsimd/include/simsimd/curved.h:750:9: error: 'sum_vec' was not declared in this scope; did you mean 'c_vec'?
[INFO] [stderr] warning: usearch@2.15.3:   750 |         sum_vec = _mm512_fmadd_ph(a_vec, partial_sum_vec, sum_vec);
[INFO] [stderr] warning: usearch@2.15.3:       |         ^~~~~~~
[INFO] [stderr] warning: usearch@2.15.3:       |         c_vec
[INFO] [stderr] warning: usearch@2.15.3: simsimd/include/simsimd/curved.h:750:35: error: 'a_vec' was not declared in this scope; did you mean 'c_vec'?
[INFO] [stderr] warning: usearch@2.15.3:   750 |         sum_vec = _mm512_fmadd_ph(a_vec, partial_sum_vec, sum_vec);
[INFO] [stderr] warning: usearch@2.15.3:       |                                   ^~~~~
[INFO] [stderr] warning: usearch@2.15.3:       |                                   c_vec
[INFO] [stderr] warning: usearch@2.15.3: simsimd/include/simsimd/curved.h:753:36: error: 'sum_vec' was not declared in this scope
[INFO] [stderr] warning: usearch@2.15.3:   753 |     *result = _mm512_reduce_add_ph(sum_vec);
[INFO] [stderr] warning: usearch@2.15.3:       |                                    ^~~~~~~
[INFO] [stderr] warning: usearch@2.15.3: simsimd/include/simsimd/curved.h:753:15: error: '_mm512_reduce_add_ph' was not declared in this scope; did you mean '_mm512_reduce_add_ps'?
[INFO] [stderr] warning: usearch@2.15.3:   753 |     *result = _mm512_reduce_add_ph(sum_vec);
[INFO] [stderr] warning: usearch@2.15.3:       |               ^~~~~~~~~~~~~~~~~~~~
[INFO] [stderr] warning: usearch@2.15.3:       |               _mm512_reduce_add_ps
[INFO] [stderr] warning: usearch@2.15.3: simsimd/include/simsimd/curved.h: In function 'void simsimd_mahalanobis_f16_sapphire(const simsimd_f16_t*, const simsimd_f16_t*, const simsimd_f16_t*, simsimd_size_t, simsimd_distance_t*)':
[INFO] [stderr] warning: usearch@2.15.3: simsimd/include/simsimd/curved.h:761:5: error: '__m512h' was not declared in this scope; did you mean '__m512i'?
[INFO] [stderr] warning: usearch@2.15.3:   761 |     __m512h sum_vec = _mm512_setzero_ph();
[INFO] [stderr] warning: usearch@2.15.3:       |     ^~~~~~~
[INFO] [stderr] warning: usearch@2.15.3:       |     __m512i
[INFO] [stderr] warning: usearch@2.15.3: simsimd/include/simsimd/curved.h:765:16: error: expected ';' before 'a_i_vec'
[INFO] [stderr] warning: usearch@2.15.3:   765 |         __m512h a_i_vec = _mm512_castsi512_ph(_mm512_set1_epi16(*(short const*)(a + i)));
[INFO] [stderr] warning: usearch@2.15.3:       |                ^~~~~~~~
[INFO] [stderr] warning: usearch@2.15.3:       |                ;
[INFO] [stderr] warning: usearch@2.15.3: simsimd/include/simsimd/curved.h:766:16: error: expected ';' before 'b_i_vec'
[INFO] [stderr] warning: usearch@2.15.3:   766 |         __m512h b_i_vec = _mm512_castsi512_ph(_mm512_set1_epi16(*(short const*)(b + i)));
[INFO] [stderr] warning: usearch@2.15.3:       |                ^~~~~~~~
[INFO] [stderr] warning: usearch@2.15.3:       |                ;
[INFO] [stderr] warning: usearch@2.15.3: simsimd/include/simsimd/curved.h:767:16: error: expected ';' before 'diff_i_vec'
[INFO] [stderr] warning: usearch@2.15.3:   767 |         __m512h diff_i_vec = _mm512_sub_ph(a_i_vec, b_i_vec);
[INFO] [stderr] warning: usearch@2.15.3:       |                ^~~~~~~~~~~
[INFO] [stderr] warning: usearch@2.15.3:       |                ;
[INFO] [stderr] warning: usearch@2.15.3: simsimd/include/simsimd/curved.h:768:16: error: expected ';' before 'partial_sum_vec'
[INFO] [stderr] warning: usearch@2.15.3:   768 |         __m512h partial_sum_vec = _mm512_setzero_ph();
[INFO] [stderr] warning: usearch@2.15.3:       |                ^~~~~~~~~~~~~~~~
[INFO] [stderr] warning: usearch@2.15.3:       |                ;
[INFO] [stderr] warning: usearch@2.15.3: simsimd/include/simsimd/curved.h:769:16: error: expected ';' before 'diff_j_vec'
[INFO] [stderr] warning: usearch@2.15.3:   769 |         __m512h diff_j_vec;
[INFO] [stderr] warning: usearch@2.15.3:       |                ^~~~~~~~~~~
[INFO] [stderr] warning: usearch@2.15.3:       |                ;
[INFO] [stderr] warning: usearch@2.15.3: simsimd/include/simsimd/curved.h:784:9: error: 'diff_j_vec' was not declared in this scope; did you mean 'b_j_vec'?
[INFO] [stderr] warning: usearch@2.15.3:   784 |         diff_j_vec = _mm512_sub_ph(_mm512_castsi512_ph(a_j_vec), _mm512_castsi512_ph(b_j_vec));
[INFO] [stderr] warning: usearch@2.15.3:       |         ^~~~~~~~~~
[INFO] [stderr] warning: usearch@2.15.3:       |         b_j_vec
[INFO] [stderr] warning: usearch@2.15.3: simsimd/include/simsimd/curved.h:784:36: error: '_mm512_castsi512_ph' was not declared in this scope; did you mean '_mm512_castsi512_ps'?
[INFO] [stderr] warning: usearch@2.15.3:   784 |         diff_j_vec = _mm512_sub_ph(_mm512_castsi512_ph(a_j_vec), _mm512_castsi512_ph(b_j_vec));
[INFO] [stderr] warning: usearch@2.15.3:       |                                    ^~~~~~~~~~~~~~~~~~~
[INFO] [stderr] warning: usearch@2.15.3:       |                                    _mm512_castsi512_ps
[INFO] [stderr] warning: usearch@2.15.3: simsimd/include/simsimd/curved.h:784:22: error: '_mm512_sub_ph' was not declared in this scope; did you mean '_mm512_sub_ps'?
[INFO] [stderr] warning: usearch@2.15.3:   784 |         diff_j_vec = _mm512_sub_ph(_mm512_castsi512_ph(a_j_vec), _mm512_castsi512_ph(b_j_vec));
[INFO] [stderr] warning: usearch@2.15.3:       |                      ^~~~~~~~~~~~~
[INFO] [stderr] warning: usearch@2.15.3:       |                      _mm512_sub_ps
[INFO] [stderr] warning: usearch@2.15.3: simsimd/include/simsimd/curved.h:785:9: error: 'partial_sum_vec' was not declared in this scope
[INFO] [stderr] warning: usearch@2.15.3:   785 |         partial_sum_vec = _mm512_fmadd_ph(diff_j_vec, _mm512_castsi512_ph(c_vec), partial_sum_vec);
[INFO] [stderr] warning: usearch@2.15.3:       |         ^~~~~~~~~~~~~~~
[INFO] [stderr] warning: usearch@2.15.3: simsimd/include/simsimd/curved.h:785:27: error: '_mm512_fmadd_ph' was not declared in this scope; did you mean '_mm512_fmadd_ps'?
[INFO] [stderr] warning: usearch@2.15.3:   785 |         partial_sum_vec = _mm512_fmadd_ph(diff_j_vec, _mm512_castsi512_ph(c_vec), partial_sum_vec);
[INFO] [stderr] warning: usearch@2.15.3:       |                           ^~~~~~~~~~~~~~~
[INFO] [stderr] warning: usearch@2.15.3:       |                           _mm512_fmadd_ps
[INFO] [stderr] warning: usearch@2.15.3: simsimd/include/simsimd/curved.h:789:9: error: 'sum_vec' was not declared in this scope; did you mean 'c_vec'?
[INFO] [stderr] warning: usearch@2.15.3:   789 |         sum_vec = _mm512_fmadd_ph(diff_i_vec, partial_sum_vec, sum_vec);
[INFO] [stderr] warning: usearch@2.15.3:       |         ^~~~~~~
[INFO] [stderr] warning: usearch@2.15.3:       |         c_vec
[INFO] [stderr] warning: usearch@2.15.3: simsimd/include/simsimd/curved.h:789:35: error: 'diff_i_vec' was not declared in this scope; did you mean 'difftime'?
[INFO] [stderr] warning: usearch@2.15.3:   789 |         sum_vec = _mm512_fmadd_ph(diff_i_vec, partial_sum_vec, sum_vec);
[INFO] [stderr] warning: usearch@2.15.3:       |                                   ^~~~~~~~~~
[INFO] [stderr] warning: usearch@2.15.3:       |                                   difftime
[INFO] [stderr] warning: usearch@2.15.3: simsimd/include/simsimd/curved.h:792:62: error: 'sum_vec' was not declared in this scope
[INFO] [stderr] warning: usearch@2.15.3:   792 |     *result = _simsimd_sqrt_f32_haswell(_mm512_reduce_add_ph(sum_vec));
[INFO] [stderr] warning: usearch@2.15.3:       |                                                              ^~~~~~~
[INFO] [stderr] warning: usearch@2.15.3: simsimd/include/simsimd/curved.h:792:41: error: '_mm512_reduce_add_ph' was not declared in this scope; did you mean '_mm512_reduce_add_ps'?
[INFO] [stderr] warning: usearch@2.15.3:   792 |     *result = _simsimd_sqrt_f32_haswell(_mm512_reduce_add_ph(sum_vec));
[INFO] [stderr] warning: usearch@2.15.3:       |                                         ^~~~~~~~~~~~~~~~~~~~
[INFO] [stderr] warning: usearch@2.15.3:       |                                         _mm512_reduce_add_ps
[INFO] [stderr] warning: usearch@2.15.3: At global scope:
[INFO] [stderr] warning: usearch@2.15.3: cc1plus: error: attribute 'avx512fp16' argument 'target' is unknown
[INFO] [stderr] warning: usearch@2.15.3: In file included from simsimd/include/simsimd/simsimd.h:107,
[INFO] [stderr] warning: usearch@2.15.3:                  from include/usearch/index_plugins.hpp:73,
[INFO] [stderr] warning: usearch@2.15.3:                  from include/usearch/index_dense.hpp:12,
[INFO] [stderr] warning: usearch@2.15.3:                  from rust/lib.hpp:10,
[INFO] [stderr] warning: usearch@2.15.3:                  from /opt/rustwide/target/debug/build/usearch-d6b41831aeec26ec/out/cxxbridge/sources/usearch/rust/lib.rs.cc:1:
[INFO] [stderr] warning: usearch@2.15.3: simsimd/include/simsimd/probability.h:511:18: error: '__m512h' does not name a type; did you mean '__m512i'?
[INFO] [stderr] warning: usearch@2.15.3:   511 | SIMSIMD_INTERNAL __m512h _simsimd_log2_f16_sapphire(__m512h x) {
[INFO] [stderr] warning: usearch@2.15.3:       |                  ^~~~~~~
[INFO] [stderr] warning: usearch@2.15.3:       |                  __m512i
[INFO] [stderr] warning: usearch@2.15.3: simsimd/include/simsimd/probability.h: In function 'void simsimd_kl_f16_sapphire(const simsimd_f16_t*, const simsimd_f16_t*, simsimd_size_t, simsimd_distance_t*)':
[INFO] [stderr] warning: usearch@2.15.3: simsimd/include/simsimd/probability.h:530:5: error: '__m512h' was not declared in this scope; did you mean '__m512i'?
[INFO] [stderr] warning: usearch@2.15.3:   530 |     __m512h sum_vec = _mm512_setzero_ph();
[INFO] [stderr] warning: usearch@2.15.3:       |     ^~~~~~~
[INFO] [stderr] warning: usearch@2.15.3:       |     __m512i
[INFO] [stderr] warning: usearch@2.15.3: simsimd/include/simsimd/probability.h:531:12: error: expected ';' before 'epsilon_vec'
[INFO] [stderr] warning: usearch@2.15.3:   531 |     __m512h epsilon_vec = _mm512_set1_ph((simsimd_f16_t)SIMSIMD_F16_DIVISION_EPSILON);
[INFO] [stderr] warning: usearch@2.15.3:       |            ^~~~~~~~~~~~
[INFO] [stderr] warning: usearch@2.15.3:       |            ;
[INFO] [stderr] warning: usearch@2.15.3: simsimd/include/simsimd/probability.h:532:12: error: expected ';' before 'a_vec'
[INFO] [stderr] warning: usearch@2.15.3:   532 |     __m512h a_vec, b_vec;
[INFO] [stderr] warning: usearch@2.15.3:       |            ^~~~~~
[INFO] [stderr] warning: usearch@2.15.3:       |            ;
[INFO] [stderr] warning: usearch@2.15.3: simsimd/include/simsimd/probability.h:537:9: error: 'a_vec' was not declared in this scope
[INFO] [stderr] warning: usearch@2.15.3:   537 |         a_vec = _mm512_maskz_add_ph(mask, _mm512_castsi512_ph(_mm512_maskz_loadu_epi16(mask, a)), epsilon_vec);
[INFO] [stderr] warning: usearch@2.15.3:       |         ^~~~~
[INFO] [stderr] warning: usearch@2.15.3: simsimd/include/simsimd/probability.h:537:43: error: '_mm512_castsi512_ph' was not declared in this scope; did you mean '_mm512_castsi512_ps'?
[INFO] [stderr] warning: usearch@2.15.3:   537 |         a_vec = _mm512_maskz_add_ph(mask, _mm512_castsi512_ph(_mm512_maskz_loadu_epi16(mask, a)), epsilon_vec);
[INFO] [stderr] warning: usearch@2.15.3:       |                                           ^~~~~~~~~~~~~~~~~~~
[INFO] [stderr] warning: usearch@2.15.3:       |                                           _mm512_castsi512_ps
[INFO] [stderr] warning: usearch@2.15.3: simsimd/include/simsimd/probability.h:537:99: error: 'epsilon_vec' was not declared in this scope
[INFO] [stderr] warning: usearch@2.15.3:   537 |         a_vec = _mm512_maskz_add_ph(mask, _mm512_castsi512_ph(_mm512_maskz_loadu_epi16(mask, a)), epsilon_vec);
[INFO] [stderr] warning: usearch@2.15.3:       |                                                                                                   ^~~~~~~~~~~
[INFO] [stderr] warning: usearch@2.15.3: simsimd/include/simsimd/probability.h:537:17: error: '_mm512_maskz_add_ph' was not declared in this scope; did you mean '_mm512_maskz_add_ps'?
[INFO] [stderr] warning: usearch@2.15.3:   537 |         a_vec = _mm512_maskz_add_ph(mask, _mm512_castsi512_ph(_mm512_maskz_loadu_epi16(mask, a)), epsilon_vec);
[INFO] [stderr] warning: usearch@2.15.3:       |                 ^~~~~~~~~~~~~~~~~~~
[INFO] [stderr] warning: usearch@2.15.3:       |                 _mm512_maskz_add_ps
[INFO] [stderr] warning: usearch@2.15.3: simsimd/include/simsimd/probability.h:538:9: error: 'b_vec' was not declared in this scope
[INFO] [stderr] warning: usearch@2.15.3:   538 |         b_vec = _mm512_maskz_add_ph(mask, _mm512_castsi512_ph(_mm512_maskz_loadu_epi16(mask, b)), epsilon_vec);
[INFO] [stderr] warning: usearch@2.15.3:       |         ^~~~~
[INFO] [stderr] warning: usearch@2.15.3: simsimd/include/simsimd/probability.h:541:9: error: 'a_vec' was not declared in this scope
[INFO] [stderr] warning: usearch@2.15.3:   541 |         a_vec = _mm512_add_ph(_mm512_castsi512_ph(_mm512_loadu_epi16(a)), epsilon_vec);
[INFO] [stderr] warning: usearch@2.15.3:       |         ^~~~~
[INFO] [stderr] warning: usearch@2.15.3: simsimd/include/simsimd/probability.h:541:31: error: '_mm512_castsi512_ph' was not declared in this scope; did you mean '_mm512_castsi512_ps'?
[INFO] [stderr] warning: usearch@2.15.3:   541 |         a_vec = _mm512_add_ph(_mm512_castsi512_ph(_mm512_loadu_epi16(a)), epsilon_vec);
[INFO] [stderr] warning: usearch@2.15.3:       |                               ^~~~~~~~~~~~~~~~~~~
[INFO] [stderr] warning: usearch@2.15.3:       |                               _mm512_castsi512_ps
[INFO] [stderr] warning: usearch@2.15.3: simsimd/include/simsimd/probability.h:541:75: error: 'epsilon_vec' was not declared in this scope
[INFO] [stderr] warning: usearch@2.15.3:   541 |         a_vec = _mm512_add_ph(_mm512_castsi512_ph(_mm512_loadu_epi16(a)), epsilon_vec);
[INFO] [stderr] warning: usearch@2.15.3:       |                                                                           ^~~~~~~~~~~
[INFO] [stderr] warning: usearch@2.15.3: simsimd/include/simsimd/probability.h:541:17: error: '_mm512_add_ph' was not declared in this scope; did you mean '_mm512_add_ps'?
[INFO] [stderr] warning: usearch@2.15.3:   541 |         a_vec = _mm512_add_ph(_mm512_castsi512_ph(_mm512_loadu_epi16(a)), epsilon_vec);
[INFO] [stderr] warning: usearch@2.15.3:       |                 ^~~~~~~~~~~~~
[INFO] [stderr] warning: usearch@2.15.3:       |                 _mm512_add_ps
[INFO] [stderr] warning: usearch@2.15.3: simsimd/include/simsimd/probability.h:542:9: error: 'b_vec' was not declared in this scope
[INFO] [stderr] warning: usearch@2.15.3:   542 |         b_vec = _mm512_add_ph(_mm512_castsi512_ph(_mm512_loadu_epi16(b)), epsilon_vec);
[INFO] [stderr] warning: usearch@2.15.3:       |         ^~~~~
[INFO] [stderr] warning: usearch@2.15.3: simsimd/include/simsimd/probability.h:545:12: error: expected ';' before 'ratio_vec'
[INFO] [stderr] warning: usearch@2.15.3:   545 |     __m512h ratio_vec = _mm512_div_ph(a_vec, b_vec);
[INFO] [stderr] warning: usearch@2.15.3:       |            ^~~~~~~~~~
[INFO] [stderr] warning: usearch@2.15.3:       |            ;
[INFO] [stderr] warning: usearch@2.15.3: simsimd/include/simsimd/probability.h:546:12: error: expected ';' before 'log_ratio_vec'
[INFO] [stderr] warning: usearch@2.15.3:   546 |     __m512h log_ratio_vec = _simsimd_log2_f16_sapphire(ratio_vec);
[INFO] [stderr] warning: usearch@2.15.3:       |            ^~~~~~~~~~~~~~
[INFO] [stderr] warning: usearch@2.15.3:       |            ;
[INFO] [stderr] warning: usearch@2.15.3: simsimd/include/simsimd/probability.h:547:12: error: expected ';' before 'prod_vec'
[INFO] [stderr] warning: usearch@2.15.3:   547 |     __m512h prod_vec = _mm512_mul_ph(a_vec, log_ratio_vec);
[INFO] [stderr] warning: usearch@2.15.3:       |            ^~~~~~~~~
[INFO] [stderr] warning: usearch@2.15.3:       |            ;
[INFO] [stderr] warning: usearch@2.15.3: simsimd/include/simsimd/probability.h:548:5: error: 'sum_vec' was not declared in this scope
[INFO] [stderr] warning: usearch@2.15.3:   548 |     sum_vec = _mm512_add_ph(sum_vec, prod_vec);
[INFO] [stderr] warning: usearch@2.15.3:       |     ^~~~~~~
[INFO] [stderr] warning: usearch@2.15.3: simsimd/include/simsimd/probability.h:548:38: error: 'prod_vec' was not declared in this scope
[INFO] [stderr] warning: usearch@2.15.3:   548 |     sum_vec = _mm512_add_ph(sum_vec, prod_vec);
[INFO] [stderr] warning: usearch@2.15.3:       |                                      ^~~~~~~~
[INFO] [stderr] warning: usearch@2.15.3: simsimd/include/simsimd/probability.h:548:15: error: '_mm512_add_ph' was not declared in this scope; did you mean '_mm512_add_ps'?
[INFO] [stderr] warning: usearch@2.15.3:   548 |     sum_vec = _mm512_add_ph(sum_vec, prod_vec);
[INFO] [stderr] warning: usearch@2.15.3:       |               ^~~~~~~~~~~~~
[INFO] [stderr] warning: usearch@2.15.3:       |               _mm512_add_ps
[INFO] [stderr] warning: usearch@2.15.3: simsimd/include/simsimd/probability.h:553:15: error: '_mm512_reduce_add_ph' was not declared in this scope; did you mean '_mm512_reduce_add_ps'?
[INFO] [stderr] warning: usearch@2.15.3:   553 |     *result = _mm512_reduce_add_ph(sum_vec) * log2_normalizer;
[INFO] [stderr] warning: usearch@2.15.3:       |               ^~~~~~~~~~~~~~~~~~~~
[INFO] [stderr] warning: usearch@2.15.3:       |               _mm512_reduce_add_ps
[INFO] [stderr] warning: usearch@2.15.3: simsimd/include/simsimd/probability.h: In function 'void simsimd_js_f16_sapphire(const simsimd_f16_t*, const simsimd_f16_t*, simsimd_size_t, simsimd_distance_t*)':
[INFO] [stderr] warning: usearch@2.15.3: simsimd/include/simsimd/probability.h:558:5: error: '__m512h' was not declared in this scope; did you mean '__m512i'?
[INFO] [stderr] warning: usearch@2.15.3:   558 |     __m512h sum_a_vec = _mm512_setzero_ph();
[INFO] [stderr] warning: usearch@2.15.3:       |     ^~~~~~~
[INFO] [stderr] warning: usearch@2.15.3:       |     __m512i
[INFO] [stderr] warning: usearch@2.15.3: simsimd/include/simsimd/probability.h:559:12: error: expected ';' before 'sum_b_vec'
[INFO] [stderr] warning: usearch@2.15.3:   559 |     __m512h sum_b_vec = _mm512_setzero_ph();
[INFO] [stderr] warning: usearch@2.15.3:       |            ^~~~~~~~~~
[INFO] [stderr] warning: usearch@2.15.3:       |            ;
[INFO] [stderr] warning: usearch@2.15.3: simsimd/include/simsimd/probability.h:560:12: error: expected ';' before 'epsilon_vec'
[INFO] [stderr] warning: usearch@2.15.3:   560 |     __m512h epsilon_vec = _mm512_set1_ph((simsimd_f16_t)SIMSIMD_F16_DIVISION_EPSILON);
[INFO] [stderr] warning: usearch@2.15.3:       |            ^~~~~~~~~~~~
[INFO] [stderr] warning: usearch@2.15.3:       |            ;
[INFO] [stderr] warning: usearch@2.15.3: simsimd/include/simsimd/probability.h:561:12: error: expected ';' before 'a_vec'
[INFO] [stderr] warning: usearch@2.15.3:   561 |     __m512h a_vec, b_vec;
[INFO] [stderr] warning: usearch@2.15.3:       |            ^~~~~~
[INFO] [stderr] warning: usearch@2.15.3:       |            ;
[INFO] [stderr] warning: usearch@2.15.3: simsimd/include/simsimd/probability.h:566:9: error: 'a_vec' was not declared in this scope
[INFO] [stderr] warning: usearch@2.15.3:   566 |         a_vec = _mm512_castsi512_ph(_mm512_maskz_loadu_epi16(mask, a));
[INFO] [stderr] warning: usearch@2.15.3:       |         ^~~~~
[INFO] [stderr] warning: usearch@2.15.3: simsimd/include/simsimd/probability.h:566:17: error: '_mm512_castsi512_ph' was not declared in this scope; did you mean '_mm512_castsi512_ps'?
[INFO] [stderr] warning: usearch@2.15.3:   566 |         a_vec = _mm512_castsi512_ph(_mm512_maskz_loadu_epi16(mask, a));
[INFO] [stderr] warning: usearch@2.15.3:       |                 ^~~~~~~~~~~~~~~~~~~
[INFO] [stderr] warning: usearch@2.15.3:       |                 _mm512_castsi512_ps
[INFO] [stderr] warning: usearch@2.15.3: simsimd/include/simsimd/probability.h:567:9: error: 'b_vec' was not declared in this scope
[INFO] [stderr] warning: usearch@2.15.3:   567 |         b_vec = _mm512_castsi512_ph(_mm512_maskz_loadu_epi16(mask, b));
[INFO] [stderr] warning: usearch@2.15.3:       |         ^~~~~
[INFO] [stderr] warning: usearch@2.15.3: simsimd/include/simsimd/probability.h:570:9: error: 'a_vec' was not declared in this scope
[INFO] [stderr] warning: usearch@2.15.3:   570 |         a_vec = _mm512_castsi512_ph(_mm512_loadu_epi16(a));
[INFO] [stderr] warning: usearch@2.15.3:       |         ^~~~~
[INFO] [stderr] warning: usearch@2.15.3: simsimd/include/simsimd/probability.h:570:17: error: '_mm512_castsi512_ph' was not declared in this scope; did you mean '_mm512_castsi512_ps'?
[INFO] [stderr] warning: usearch@2.15.3:   570 |         a_vec = _mm512_castsi512_ph(_mm512_loadu_epi16(a));
[INFO] [stderr] warning: usearch@2.15.3:       |                 ^~~~~~~~~~~~~~~~~~~
[INFO] [stderr] warning: usearch@2.15.3:       |                 _mm512_castsi512_ps
[INFO] [stderr] warning: usearch@2.15.3: simsimd/include/simsimd/probability.h:571:9: error: 'b_vec' was not declared in this scope
[INFO] [stderr] warning: usearch@2.15.3:   571 |         b_vec = _mm512_castsi512_ph(_mm512_loadu_epi16(b));
[INFO] [stderr] warning: usearch@2.15.3:       |         ^~~~~
[INFO] [stderr] warning: usearch@2.15.3: simsimd/include/simsimd/probability.h:574:12: error: expected ';' before 'm_vec'
[INFO] [stderr] warning: usearch@2.15.3:   574 |     __m512h m_vec = _mm512_mul_ph(_mm512_add_ph(a_vec, b_vec), _mm512_set1_ph((simsimd_f16_t)0.5f));
[INFO] [stderr] warning: usearch@2.15.3:       |            ^~~~~~
[INFO] [stderr] warning: usearch@2.15.3:       |            ;
[INFO] [stderr] warning: usearch@2.15.3: simsimd/include/simsimd/probability.h:575:51: error: 'a_vec' was not declared in this scope
[INFO] [stderr] warning: usearch@2.15.3:   575 |     __mmask32 nonzero_mask_a = _mm512_cmp_ph_mask(a_vec, epsilon_vec, _CMP_GE_OQ);
[INFO] [stderr] warning: usearch@2.15.3:       |                                                   ^~~~~
[INFO] [stderr] warning: usearch@2.15.3: simsimd/include/simsimd/probability.h:575:58: error: 'epsilon_vec' was not declared in this scope
[INFO] [stderr] warning: usearch@2.15.3:   575 |     __mmask32 nonzero_mask_a = _mm512_cmp_ph_mask(a_vec, epsilon_vec, _CMP_GE_OQ);
[INFO] [stderr] warning: usearch@2.15.3:       |                                                          ^~~~~~~~~~~
[INFO] [stderr] warning: usearch@2.15.3: simsimd/include/simsimd/probability.h:575:32: error: '_mm512_cmp_ph_mask' was not declared in this scope; did you mean '_mm512_cmp_ps_mask'?
[INFO] [stderr] warning: usearch@2.15.3:   575 |     __mmask32 nonzero_mask_a = _mm512_cmp_ph_mask(a_vec, epsilon_vec, _CMP_GE_OQ);
[INFO] [stderr] warning: usearch@2.15.3:       |                                ^~~~~~~~~~~~~~~~~~
[INFO] [stderr] warning: usearch@2.15.3:       |                                _mm512_cmp_ps_mask
[INFO] [stderr] warning: usearch@2.15.3: simsimd/include/simsimd/probability.h:576:51: error: 'b_vec' was not declared in this scope
[INFO] [stderr] warning: usearch@2.15.3:   576 |     __mmask32 nonzero_mask_b = _mm512_cmp_ph_mask(b_vec, epsilon_vec, _CMP_GE_OQ);
[INFO] [stderr] warning: usearch@2.15.3:       |                                                   ^~~~~
[INFO] [stderr] warning: usearch@2.15.3: simsimd/include/simsimd/probability.h:578:12: error: expected ';' before 'm_recip_approx'
[INFO] [stderr] warning: usearch@2.15.3:   578 |     __m512h m_recip_approx = _mm512_rcp_ph(m_vec);
[INFO] [stderr] warning: usearch@2.15.3:       |            ^~~~~~~~~~~~~~~
[INFO] [stderr] warning: usearch@2.15.3:       |            ;
[INFO] [stderr] warning: usearch@2.15.3: simsimd/include/simsimd/probability.h:579:12: error: expected ';' before 'ratio_a_vec'
[INFO] [stderr] warning: usearch@2.15.3:   579 |     __m512h ratio_a_vec = _mm512_mul_ph(a_vec, m_recip_approx);
[INFO] [stderr] warning: usearch@2.15.3:       |            ^~~~~~~~~~~~
[INFO] [stderr] warning: usearch@2.15.3:       |            ;
[INFO] [stderr] warning: usearch@2.15.3: simsimd/include/simsimd/probability.h:580:12: error: expected ';' before 'ratio_b_vec'
[INFO] [stderr] warning: usearch@2.15.3:   580 |     __m512h ratio_b_vec = _mm512_mul_ph(b_vec, m_recip_approx);
[INFO] [stderr] warning: usearch@2.15.3:       |            ^~~~~~~~~~~~
[INFO] [stderr] warning: usearch@2.15.3:       |            ;
[INFO] [stderr] warning: usearch@2.15.3: simsimd/include/simsimd/probability.h:581:12: error: expected ';' before 'log_ratio_a_vec'
[INFO] [stderr] warning: usearch@2.15.3:   581 |     __m512h log_ratio_a_vec = _simsimd_log2_f16_sapphire(ratio_a_vec);
[INFO] [stderr] warning: usearch@2.15.3:       |            ^~~~~~~~~~~~~~~~
[INFO] [stderr] warning: usearch@2.15.3:       |            ;
[INFO] [stderr] warning: usearch@2.15.3: simsimd/include/simsimd/probability.h:582:12: error: expected ';' before 'log_ratio_b_vec'
[INFO] [stderr] warning: usearch@2.15.3:   582 |     __m512h log_ratio_b_vec = _simsimd_log2_f16_sapphire(ratio_b_vec);
[INFO] [stderr] warning: usearch@2.15.3:       |            ^~~~~~~~~~~~~~~~
[INFO] [stderr] warning: usearch@2.15.3:       |            ;
[INFO] [stderr] warning: usearch@2.15.3: simsimd/include/simsimd/probability.h:583:5: error: 'sum_a_vec' was not declared in this scope
[INFO] [stderr] warning: usearch@2.15.3:   583 |     sum_a_vec = _mm512_maskz_fmadd_ph(nonzero_mask, a_vec, log_ratio_a_vec, sum_a_vec);
[INFO] [stderr] warning: usearch@2.15.3:       |     ^~~~~~~~~
[INFO] [stderr] warning: usearch@2.15.3: simsimd/include/simsimd/probability.h:583:60: error: 'log_ratio_a_vec' was not declared in this scope
[INFO] [stderr] warning: usearch@2.15.3:   583 |     sum_a_vec = _mm512_maskz_fmadd_ph(nonzero_mask, a_vec, log_ratio_a_vec, sum_a_vec);
[INFO] [stderr] warning: usearch@2.15.3:       |                                                            ^~~~~~~~~~~~~~~
[INFO] [stderr] warning: usearch@2.15.3: simsimd/include/simsimd/probability.h:583:17: error: '_mm512_maskz_fmadd_ph' was not declared in this scope; did you mean '_mm512_maskz_fmadd_ps'?
[INFO] [stderr] warning: usearch@2.15.3:   583 |     sum_a_vec = _mm512_maskz_fmadd_ph(nonzero_mask, a_vec, log_ratio_a_vec, sum_a_vec);
[INFO] [stderr] warning: usearch@2.15.3:       |                 ^~~~~~~~~~~~~~~~~~~~~
[INFO] [stderr] warning: usearch@2.15.3:       |                 _mm512_maskz_fmadd_ps
[INFO] [stderr] warning: usearch@2.15.3: simsimd/include/simsimd/probability.h:584:5: error: 'sum_b_vec' was not declared in this scope
[INFO] [stderr] warning: usearch@2.15.3:   584 |     sum_b_vec = _mm512_maskz_fmadd_ph(nonzero_mask, b_vec, log_ratio_b_vec, sum_b_vec);
[INFO] [stderr] warning: usearch@2.15.3:       |     ^~~~~~~~~
[INFO] [stderr] warning: usearch@2.15.3: simsimd/include/simsimd/probability.h:584:60: error: 'log_ratio_b_vec' was not declared in this scope
[INFO] [stderr] warning: usearch@2.15.3:   584 |     sum_b_vec = _mm512_maskz_fmadd_ph(nonzero_mask, b_vec, log_ratio_b_vec, sum_b_vec);
[INFO] [stderr] warning: usearch@2.15.3:       |                                                            ^~~~~~~~~~~~~~~
[INFO] [stderr] warning: usearch@2.15.3: simsimd/include/simsimd/probability.h:589:36: error: '_mm512_add_ph' was not declared in this scope; did you mean '_mm512_add_ps'?
[INFO] [stderr] warning: usearch@2.15.3:   589 |     *result = _mm512_reduce_add_ph(_mm512_add_ph(sum_a_vec, sum_b_vec)) * log2_normalizer / 2;
[INFO] [stderr] warning: usearch@2.15.3:       |                                    ^~~~~~~~~~~~~
[INFO] [stderr] warning: usearch@2.15.3:       |                                    _mm512_add_ps
[INFO] [stderr] warning: usearch@2.15.3: simsimd/include/simsimd/probability.h:589:15: error: '_mm512_reduce_add_ph' was not declared in this scope; did you mean '_mm512_reduce_add_ps'?
[INFO] [stderr] warning: usearch@2.15.3:   589 |     *result = _mm512_reduce_add_ph(_mm512_add_ph(sum_a_vec, sum_b_vec)) * log2_normalizer / 2;
[INFO] [stderr] warning: usearch@2.15.3:       |               ^~~~~~~~~~~~~~~~~~~~
[INFO] [stderr] warning: usearch@2.15.3:       |               _mm512_reduce_add_ps
[INFO] [stderr] warning: usearch@2.15.3: Failed to compile with all SIMD backends...cargo:warning=<command-line>: warning: "SIMSIMD_TARGET_SAPPHIRE" redefined
[INFO] [stderr] warning: usearch@2.15.3: <command-line>: note: this is the location of the previous definition
[INFO] [stderr] warning: usearch@2.15.3: <command-line>: warning: "SIMSIMD_TARGET_SAPPHIRE" redefined
[INFO] [stderr] warning: usearch@2.15.3: <command-line>: note: this is the location of the previous definition
[INFO] [stderr] warning: usearch@2.15.3: <command-line>: warning: "SIMSIMD_TARGET_SAPPHIRE" redefined
[INFO] [stderr] warning: usearch@2.15.3: <command-line>: note: this is the location of the previous definition
[INFO] [stderr]     Finished `dev` profile [unoptimized + debuginfo] target(s) in 17.25s
[INFO] running `Command { std: "docker" "inspect" "f62f0434519a3580e2edc0acb9b44ebadb7d9d81eff07ee2ab9977cdf6b9cfda", kill_on_drop: false }`
[INFO] running `Command { std: "docker" "rm" "-f" "f62f0434519a3580e2edc0acb9b44ebadb7d9d81eff07ee2ab9977cdf6b9cfda", kill_on_drop: false }`
[INFO] [stdout] f62f0434519a3580e2edc0acb9b44ebadb7d9d81eff07ee2ab9977cdf6b9cfda
[INFO] running `Command { std: "docker" "create" "-v" "/var/lib/crater-agent-workspace/builds/worker-7-tc2/target:/opt/rustwide/target:rw,Z" "-v" "/var/lib/crater-agent-workspace/builds/worker-7-tc2/source:/opt/rustwide/workdir:ro,Z" "-v" "/var/lib/crater-agent-workspace/cargo-home:/opt/rustwide/cargo-home:ro,Z" "-v" "/var/lib/crater-agent-workspace/rustup-home:/opt/rustwide/rustup-home:ro,Z" "-e" "SOURCE_DIR=/opt/rustwide/workdir" "-e" "CARGO_TARGET_DIR=/opt/rustwide/target" "-e" "CARGO_INCREMENTAL=0" "-e" "RUST_BACKTRACE=full" "-e" "RUSTFLAGS=--cap-lints=forbid -Zrandomize-layout" "-e" "RUSTDOCFLAGS=--cap-lints=forbid" "-e" "CARGO_HOME=/opt/rustwide/cargo-home" "-e" "RUSTUP_HOME=/opt/rustwide/rustup-home" "-w" "/opt/rustwide/workdir" "-m" "1610612736" "--user" "0:0" "--network" "none" "ghcr.io/rust-lang/crates-build-env/linux@sha256:4a844ea9eb2546a2d2c7022eacef16ef2e8229c7fbb2c7d4d55a9ceca922f72d" "/opt/rustwide/cargo-home/bin/cargo" "+nightly-2024-10-28" "test" "--frozen" "--no-run" "--message-format=json", kill_on_drop: false }`
[INFO] [stdout] d1a292872dfdcdc73a50520320d4aed64b64c3b5f863fd2307ccc5e8086179ea
[INFO] running `Command { std: "docker" "start" "-a" "d1a292872dfdcdc73a50520320d4aed64b64c3b5f863fd2307ccc5e8086179ea", kill_on_drop: false }`
[INFO] [stderr]    Compiling usearch v2.15.3 (/opt/rustwide/workdir)
[INFO] [stderr] warning: usearch@2.15.3: cc1plus: error: attribute 'avx512fp16' argument 'target' is unknown
[INFO] [stderr] warning: usearch@2.15.3: In file included from simsimd/include/simsimd/curved.h:28,
[INFO] [stderr] warning: usearch@2.15.3:                  from simsimd/include/simsimd/simsimd.h:104,
[INFO] [stderr] warning: usearch@2.15.3:                  from include/usearch/index_plugins.hpp:73,
[INFO] [stderr] warning: usearch@2.15.3:                  from include/usearch/index_dense.hpp:12,
[INFO] [stderr] warning: usearch@2.15.3:                  from rust/lib.hpp:10,
[INFO] [stderr] warning: usearch@2.15.3:                  from /opt/rustwide/target/debug/build/usearch-d6b41831aeec26ec/out/cxxbridge/sources/usearch/rust/lib.rs.cc:1:
[INFO] [stderr] warning: usearch@2.15.3: simsimd/include/simsimd/dot.h: In function 'void simsimd_dot_f16_sapphire(const simsimd_f16_t*, const simsimd_f16_t*, simsimd_size_t, simsimd_distance_t*)':
[INFO] [stderr] warning: usearch@2.15.3: simsimd/include/simsimd/dot.h:1530:5: error: '__m512h' was not declared in this scope; did you mean '__m512i'?
[INFO] [stderr] warning: usearch@2.15.3:  1530 |     __m512h ab_vec = _mm512_setzero_ph();
[INFO] [stderr] warning: usearch@2.15.3:       |     ^~~~~~~
[INFO] [stderr] warning: usearch@2.15.3:       |     __m512i
[INFO] [stderr] warning: usearch@2.15.3: simsimd/include/simsimd/dot.h:1544:5: error: 'ab_vec' was not declared in this scope
[INFO] [stderr] warning: usearch@2.15.3:  1544 |     ab_vec = _mm512_fmadd_ph(_mm512_castsi512_ph(a_i16_vec), _mm512_castsi512_ph(b_i16_vec), ab_vec);
[INFO] [stderr] warning: usearch@2.15.3:       |     ^~~~~~
[INFO] [stderr] warning: usearch@2.15.3: simsimd/include/simsimd/dot.h:1544:30: error: '_mm512_castsi512_ph' was not declared in this scope; did you mean '_mm512_castsi512_ps'?
[INFO] [stderr] warning: usearch@2.15.3:  1544 |     ab_vec = _mm512_fmadd_ph(_mm512_castsi512_ph(a_i16_vec), _mm512_castsi512_ph(b_i16_vec), ab_vec);
[INFO] [stderr] warning: usearch@2.15.3:       |                              ^~~~~~~~~~~~~~~~~~~
[INFO] [stderr] warning: usearch@2.15.3:       |                              _mm512_castsi512_ps
[INFO] [stderr] warning: usearch@2.15.3: simsimd/include/simsimd/dot.h:1544:14: error: '_mm512_fmadd_ph' was not declared in this scope; did you mean '_mm512_fmadd_ps'?
[INFO] [stderr] warning: usearch@2.15.3:  1544 |     ab_vec = _mm512_fmadd_ph(_mm512_castsi512_ph(a_i16_vec), _mm512_castsi512_ph(b_i16_vec), ab_vec);
[INFO] [stderr] warning: usearch@2.15.3:       |              ^~~~~~~~~~~~~~~
[INFO] [stderr] warning: usearch@2.15.3:       |              _mm512_fmadd_ps
[INFO] [stderr] warning: usearch@2.15.3: simsimd/include/simsimd/dot.h:1548:15: error: '_mm512_reduce_add_ph' was not declared in this scope; did you mean '_mm512_reduce_add_ps'?
[INFO] [stderr] warning: usearch@2.15.3:  1548 |     *result = _mm512_reduce_add_ph(ab_vec);
[INFO] [stderr] warning: usearch@2.15.3:       |               ^~~~~~~~~~~~~~~~~~~~
[INFO] [stderr] warning: usearch@2.15.3:       |               _mm512_reduce_add_ps
[INFO] [stderr] warning: usearch@2.15.3: simsimd/include/simsimd/dot.h: In function 'void simsimd_dot_f16c_sapphire(const simsimd_f16_t*, const simsimd_f16_t*, simsimd_size_t, simsimd_distance_t*)':
[INFO] [stderr] warning: usearch@2.15.3: simsimd/include/simsimd/dot.h:1553:5: error: '__m512h' was not declared in this scope; did you mean '__m512i'?
[INFO] [stderr] warning: usearch@2.15.3:  1553 |     __m512h ab_real_vec = _mm512_setzero_ph();
[INFO] [stderr] warning: usearch@2.15.3:       |     ^~~~~~~
[INFO] [stderr] warning: usearch@2.15.3:       |     __m512i
[INFO] [stderr] warning: usearch@2.15.3: simsimd/include/simsimd/dot.h:1554:12: error: expected ';' before 'ab_imag_vec'
[INFO] [stderr] warning: usearch@2.15.3:  1554 |     __m512h ab_imag_vec = _mm512_setzero_ph();
[INFO] [stderr] warning: usearch@2.15.3:       |            ^~~~~~~~~~~~
[INFO] [stderr] warning: usearch@2.15.3:       |            ;
[INFO] [stderr] warning: usearch@2.15.3: simsimd/include/simsimd/dot.h:1583:5: error: 'ab_real_vec' was not declared in this scope
[INFO] [stderr] warning: usearch@2.15.3:  1583 |     ab_real_vec = _mm512_fmadd_ph(_mm512_castsi512_ph(_mm512_xor_si512(b_vec, sign_flip_vec)),
[INFO] [stderr] warning: usearch@2.15.3:       |     ^~~~~~~~~~~
[INFO] [stderr] warning: usearch@2.15.3: simsimd/include/simsimd/dot.h:1583:35: error: '_mm512_castsi512_ph' was not declared in this scope; did you mean '_mm512_castsi512_ps'?
[INFO] [stderr] warning: usearch@2.15.3:  1583 |     ab_real_vec = _mm512_fmadd_ph(_mm512_castsi512_ph(_mm512_xor_si512(b_vec, sign_flip_vec)),
[INFO] [stderr] warning: usearch@2.15.3:       |                                   ^~~~~~~~~~~~~~~~~~~
[INFO] [stderr] warning: usearch@2.15.3:       |                                   _mm512_castsi512_ps
[INFO] [stderr] warning: usearch@2.15.3: simsimd/include/simsimd/dot.h:1583:19: error: '_mm512_fmadd_ph' was not declared in this scope; did you mean '_mm512_fmadd_ps'?
[INFO] [stderr] warning: usearch@2.15.3:  1583 |     ab_real_vec = _mm512_fmadd_ph(_mm512_castsi512_ph(_mm512_xor_si512(b_vec, sign_flip_vec)),
[INFO] [stderr] warning: usearch@2.15.3:       |                   ^~~~~~~~~~~~~~~
[INFO] [stderr] warning: usearch@2.15.3:       |                   _mm512_fmadd_ps
[INFO] [stderr] warning: usearch@2.15.3: simsimd/include/simsimd/dot.h:1585:5: error: 'ab_imag_vec' was not declared in this scope
[INFO] [stderr] warning: usearch@2.15.3:  1585 |     ab_imag_vec = _mm512_fmadd_ph(_mm512_castsi512_ph(_mm512_shuffle_epi8(b_vec, swap_adjacent_vec)),
[INFO] [stderr] warning: usearch@2.15.3:       |     ^~~~~~~~~~~
[INFO] [stderr] warning: usearch@2.15.3: simsimd/include/simsimd/dot.h:1592:18: error: '_mm512_reduce_add_ph' was not declared in this scope; did you mean '_mm512_reduce_add_ps'?
[INFO] [stderr] warning: usearch@2.15.3:  1592 |     results[0] = _mm512_reduce_add_ph(ab_real_vec);
[INFO] [stderr] warning: usearch@2.15.3:       |                  ^~~~~~~~~~~~~~~~~~~~
[INFO] [stderr] warning: usearch@2.15.3:       |                  _mm512_reduce_add_ps
[INFO] [stderr] warning: usearch@2.15.3: simsimd/include/simsimd/dot.h: In function 'void simsimd_vdot_f16c_sapphire(const simsimd_f16_t*, const simsimd_f16_t*, simsimd_size_t, simsimd_distance_t*)':
[INFO] [stderr] warning: usearch@2.15.3: simsimd/include/simsimd/dot.h:1598:5: error: '__m512h' was not declared in this scope; did you mean '__m512i'?
[INFO] [stderr] warning: usearch@2.15.3:  1598 |     __m512h ab_real_vec = _mm512_setzero_ph();
[INFO] [stderr] warning: usearch@2.15.3:       |     ^~~~~~~
[INFO] [stderr] warning: usearch@2.15.3:       |     __m512i
[INFO] [stderr] warning: usearch@2.15.3: simsimd/include/simsimd/dot.h:1599:12: error: expected ';' before 'ab_imag_vec'
[INFO] [stderr] warning: usearch@2.15.3:  1599 |     __m512h ab_imag_vec = _mm512_setzero_ph();
[INFO] [stderr] warning: usearch@2.15.3:       |            ^~~~~~~~~~~~
[INFO] [stderr] warning: usearch@2.15.3:       |            ;
[INFO] [stderr] warning: usearch@2.15.3: simsimd/include/simsimd/dot.h:1627:5: error: 'ab_real_vec' was not declared in this scope
[INFO] [stderr] warning: usearch@2.15.3:  1627 |     ab_real_vec = _mm512_fmadd_ph(_mm512_castsi512_ph(a_vec), _mm512_castsi512_ph(b_vec), ab_real_vec);
[INFO] [stderr] warning: usearch@2.15.3:       |     ^~~~~~~~~~~
[INFO] [stderr] warning: usearch@2.15.3: simsimd/include/simsimd/dot.h:1627:35: error: '_mm512_castsi512_ph' was not declared in this scope; did you mean '_mm512_castsi512_ps'?
[INFO] [stderr] warning: usearch@2.15.3:  1627 |     ab_real_vec = _mm512_fmadd_ph(_mm512_castsi512_ph(a_vec), _mm512_castsi512_ph(b_vec), ab_real_vec);
[INFO] [stderr] warning: usearch@2.15.3:       |                                   ^~~~~~~~~~~~~~~~~~~
[INFO] [stderr] warning: usearch@2.15.3:       |                                   _mm512_castsi512_ps
[INFO] [stderr] warning: usearch@2.15.3: simsimd/include/simsimd/dot.h:1627:19: error: '_mm512_fmadd_ph' was not declared in this scope; did you mean '_mm512_fmadd_ps'?
[INFO] [stderr] warning: usearch@2.15.3:  1627 |     ab_real_vec = _mm512_fmadd_ph(_mm512_castsi512_ph(a_vec), _mm512_castsi512_ph(b_vec), ab_real_vec);
[INFO] [stderr] warning: usearch@2.15.3:       |                   ^~~~~~~~~~~~~~~
[INFO] [stderr] warning: usearch@2.15.3:       |                   _mm512_fmadd_ps
[INFO] [stderr] warning: usearch@2.15.3: simsimd/include/simsimd/dot.h:1630:5: error: 'ab_imag_vec' was not declared in this scope
[INFO] [stderr] warning: usearch@2.15.3:  1630 |     ab_imag_vec = _mm512_fmadd_ph(_mm512_castsi512_ph(a_vec), _mm512_castsi512_ph(b_vec), ab_imag_vec);
[INFO] [stderr] warning: usearch@2.15.3:       |     ^~~~~~~~~~~
[INFO] [stderr] warning: usearch@2.15.3: simsimd/include/simsimd/dot.h:1635:18: error: '_mm512_reduce_add_ph' was not declared in this scope; did you mean '_mm512_reduce_add_ps'?
[INFO] [stderr] warning: usearch@2.15.3:  1635 |     results[0] = _mm512_reduce_add_ph(ab_real_vec);
[INFO] [stderr] warning: usearch@2.15.3:       |                  ^~~~~~~~~~~~~~~~~~~~
[INFO] [stderr] warning: usearch@2.15.3:       |                  _mm512_reduce_add_ps
[INFO] [stderr] warning: usearch@2.15.3: At global scope:
[INFO] [stderr] warning: usearch@2.15.3: cc1plus: error: attribute 'avx512fp16' argument 'target' is unknown
[INFO] [stderr] warning: usearch@2.15.3: In file included from simsimd/include/simsimd/curved.h:29,
[INFO] [stderr] warning: usearch@2.15.3:                  from simsimd/include/simsimd/simsimd.h:104,
[INFO] [stderr] warning: usearch@2.15.3:                  from include/usearch/index_plugins.hpp:73,
[INFO] [stderr] warning: usearch@2.15.3:                  from include/usearch/index_dense.hpp:12,
[INFO] [stderr] warning: usearch@2.15.3:                  from rust/lib.hpp:10,
[INFO] [stderr] warning: usearch@2.15.3:                  from /opt/rustwide/target/debug/build/usearch-d6b41831aeec26ec/out/cxxbridge/sources/usearch/rust/lib.rs.cc:1:
[INFO] [stderr] warning: usearch@2.15.3: simsimd/include/simsimd/spatial.h: In function 'void simsimd_l2sq_f16_sapphire(const simsimd_f16_t*, const simsimd_f16_t*, simsimd_size_t, simsimd_distance_t*)':
[INFO] [stderr] warning: usearch@2.15.3: simsimd/include/simsimd/spatial.h:1595:5: error: '__m512h' was not declared in this scope; did you mean '__m512i'?
[INFO] [stderr] warning: usearch@2.15.3:  1595 |     __m512h d2_vec = _mm512_setzero_ph();
[INFO] [stderr] warning: usearch@2.15.3:       |     ^~~~~~~
[INFO] [stderr] warning: usearch@2.15.3:       |     __m512i
[INFO] [stderr] warning: usearch@2.15.3: simsimd/include/simsimd/spatial.h:1609:12: error: expected ';' before 'd_vec'
[INFO] [stderr] warning: usearch@2.15.3:  1609 |     __m512h d_vec = _mm512_sub_ph(_mm512_castsi512_ph(a_i16_vec), _mm512_castsi512_ph(b_i16_vec));
[INFO] [stderr] warning: usearch@2.15.3:       |            ^~~~~~
[INFO] [stderr] warning: usearch@2.15.3:       |            ;
[INFO] [stderr] warning: usearch@2.15.3: simsimd/include/simsimd/spatial.h:1610:5: error: 'd2_vec' was not declared in this scope
[INFO] [stderr] warning: usearch@2.15.3:  1610 |     d2_vec = _mm512_fmadd_ph(d_vec, d_vec, d2_vec);
[INFO] [stderr] warning: usearch@2.15.3:       |     ^~~~~~
[INFO] [stderr] warning: usearch@2.15.3: simsimd/include/simsimd/spatial.h:1610:30: error: 'd_vec' was not declared in this scope
[INFO] [stderr] warning: usearch@2.15.3:  1610 |     d2_vec = _mm512_fmadd_ph(d_vec, d_vec, d2_vec);
[INFO] [stderr] warning: usearch@2.15.3:       |                              ^~~~~
[INFO] [stderr] warning: usearch@2.15.3: simsimd/include/simsimd/spatial.h:1610:14: error: '_mm512_fmadd_ph' was not declared in this scope; did you mean '_mm512_fmadd_ps'?
[INFO] [stderr] warning: usearch@2.15.3:  1610 |     d2_vec = _mm512_fmadd_ph(d_vec, d_vec, d2_vec);
[INFO] [stderr] warning: usearch@2.15.3:       |              ^~~~~~~~~~~~~~~
[INFO] [stderr] warning: usearch@2.15.3:       |              _mm512_fmadd_ps
[INFO] [stderr] warning: usearch@2.15.3: simsimd/include/simsimd/spatial.h:1614:15: error: '_mm512_reduce_add_ph' was not declared in this scope; did you mean '_mm512_reduce_add_ps'?
[INFO] [stderr] warning: usearch@2.15.3:  1614 |     *result = _mm512_reduce_add_ph(d2_vec);
[INFO] [stderr] warning: usearch@2.15.3:       |               ^~~~~~~~~~~~~~~~~~~~
[INFO] [stderr] warning: usearch@2.15.3:       |               _mm512_reduce_add_ps
[INFO] [stderr] warning: usearch@2.15.3: simsimd/include/simsimd/spatial.h: In function 'void simsimd_cos_f16_sapphire(const simsimd_f16_t*, const simsimd_f16_t*, simsimd_size_t, simsimd_distance_t*)':
[INFO] [stderr] warning: usearch@2.15.3: simsimd/include/simsimd/spatial.h:1619:5: error: '__m512h' was not declared in this scope; did you mean '__m512i'?
[INFO] [stderr] warning: usearch@2.15.3:  1619 |     __m512h ab_vec = _mm512_setzero_ph();
[INFO] [stderr] warning: usearch@2.15.3:       |     ^~~~~~~
[INFO] [stderr] warning: usearch@2.15.3:       |     __m512i
[INFO] [stderr] warning: usearch@2.15.3: simsimd/include/simsimd/spatial.h:1620:12: error: expected ';' before 'a2_vec'
[INFO] [stderr] warning: usearch@2.15.3:  1620 |     __m512h a2_vec = _mm512_setzero_ph();
[INFO] [stderr] warning: usearch@2.15.3:       |            ^~~~~~~
[INFO] [stderr] warning: usearch@2.15.3:       |            ;
[INFO] [stderr] warning: usearch@2.15.3: simsimd/include/simsimd/spatial.h:1621:12: error: expected ';' before 'b2_vec'
[INFO] [stderr] warning: usearch@2.15.3:  1621 |     __m512h b2_vec = _mm512_setzero_ph();
[INFO] [stderr] warning: usearch@2.15.3:       |            ^~~~~~~
[INFO] [stderr] warning: usearch@2.15.3:       |            ;
[INFO] [stderr] warning: usearch@2.15.3: simsimd/include/simsimd/spatial.h:1635:5: error: 'ab_vec' was not declared in this scope
[INFO] [stderr] warning: usearch@2.15.3:  1635 |     ab_vec = _mm512_fmadd_ph(_mm512_castsi512_ph(a_i16_vec), _mm512_castsi512_ph(b_i16_vec), ab_vec);
[INFO] [stderr] warning: usearch@2.15.3:       |     ^~~~~~
[INFO] [stderr] warning: usearch@2.15.3: simsimd/include/simsimd/spatial.h:1635:30: error: '_mm512_castsi512_ph' was not declared in this scope; did you mean '_mm512_castsi512_ps'?
[INFO] [stderr] warning: usearch@2.15.3:  1635 |     ab_vec = _mm512_fmadd_ph(_mm512_castsi512_ph(a_i16_vec), _mm512_castsi512_ph(b_i16_vec), ab_vec);
[INFO] [stderr] warning: usearch@2.15.3:       |                              ^~~~~~~~~~~~~~~~~~~
[INFO] [stderr] warning: usearch@2.15.3:       |                              _mm512_castsi512_ps
[INFO] [stderr] warning: usearch@2.15.3: simsimd/include/simsimd/spatial.h:1635:14: error: '_mm512_fmadd_ph' was not declared in this scope; did you mean '_mm512_fmadd_ps'?
[INFO] [stderr] warning: usearch@2.15.3:  1635 |     ab_vec = _mm512_fmadd_ph(_mm512_castsi512_ph(a_i16_vec), _mm512_castsi512_ph(b_i16_vec), ab_vec);
[INFO] [stderr] warning: usearch@2.15.3:       |              ^~~~~~~~~~~~~~~
[INFO] [stderr] warning: usearch@2.15.3:       |              _mm512_fmadd_ps
[INFO] [stderr] warning: usearch@2.15.3: simsimd/include/simsimd/spatial.h:1636:5: error: 'a2_vec' was not declared in this scope
[INFO] [stderr] warning: usearch@2.15.3:  1636 |     a2_vec = _mm512_fmadd_ph(_mm512_castsi512_ph(a_i16_vec), _mm512_castsi512_ph(a_i16_vec), a2_vec);
[INFO] [stderr] warning: usearch@2.15.3:       |     ^~~~~~
[INFO] [stderr] warning: usearch@2.15.3: simsimd/include/simsimd/spatial.h:1637:5: error: 'b2_vec' was not declared in this scope
[INFO] [stderr] warning: usearch@2.15.3:  1637 |     b2_vec = _mm512_fmadd_ph(_mm512_castsi512_ph(b_i16_vec), _mm512_castsi512_ph(b_i16_vec), b2_vec);
[INFO] [stderr] warning: usearch@2.15.3:       |     ^~~~~~
[INFO] [stderr] warning: usearch@2.15.3: simsimd/include/simsimd/spatial.h:1641:24: error: '_mm512_reduce_add_ph' was not declared in this scope; did you mean '_mm512_reduce_add_ps'?
[INFO] [stderr] warning: usearch@2.15.3:  1641 |     simsimd_f32_t ab = _mm512_reduce_add_ph(ab_vec);
[INFO] [stderr] warning: usearch@2.15.3:       |                        ^~~~~~~~~~~~~~~~~~~~
[INFO] [stderr] warning: usearch@2.15.3:       |                        _mm512_reduce_add_ps
[INFO] [stderr] warning: usearch@2.15.3: At global scope:
[INFO] [stderr] warning: usearch@2.15.3: cc1plus: error: attribute 'avx512fp16' argument 'target' is unknown
[INFO] [stderr] warning: usearch@2.15.3: In file included from simsimd/include/simsimd/simsimd.h:104,
[INFO] [stderr] warning: usearch@2.15.3:                  from include/usearch/index_plugins.hpp:73,
[INFO] [stderr] warning: usearch@2.15.3:                  from include/usearch/index_dense.hpp:12,
[INFO] [stderr] warning: usearch@2.15.3:                  from rust/lib.hpp:10,
[INFO] [stderr] warning: usearch@2.15.3:                  from /opt/rustwide/target/debug/build/usearch-d6b41831aeec26ec/out/cxxbridge/sources/usearch/rust/lib.rs.cc:1:
[INFO] [stderr] warning: usearch@2.15.3: simsimd/include/simsimd/curved.h: In function 'void simsimd_bilinear_f16_sapphire(const simsimd_f16_t*, const simsimd_f16_t*, const simsimd_f16_t*, simsimd_size_t, simsimd_distance_t*)':
[INFO] [stderr] warning: usearch@2.15.3: simsimd/include/simsimd/curved.h:729:5: error: '__m512h' was not declared in this scope; did you mean '__m512i'?
[INFO] [stderr] warning: usearch@2.15.3:   729 |     __m512h sum_vec = _mm512_setzero_ph();
[INFO] [stderr] warning: usearch@2.15.3:       |     ^~~~~~~
[INFO] [stderr] warning: usearch@2.15.3:       |     __m512i
[INFO] [stderr] warning: usearch@2.15.3: simsimd/include/simsimd/curved.h:733:16: error: expected ';' before 'a_vec'
[INFO] [stderr] warning: usearch@2.15.3:   733 |         __m512h a_vec = _mm512_castsi512_ph(_mm512_set1_epi16(*(short const*)(a + i)));
[INFO] [stderr] warning: usearch@2.15.3:       |                ^~~~~~
[INFO] [stderr] warning: usearch@2.15.3:       |                ;
[INFO] [stderr] warning: usearch@2.15.3: simsimd/include/simsimd/curved.h:734:16: error: expected ';' before 'partial_sum_vec'
[INFO] [stderr] warning: usearch@2.15.3:   734 |         __m512h partial_sum_vec = _mm512_setzero_ph();
[INFO] [stderr] warning: usearch@2.15.3:       |                ^~~~~~~~~~~~~~~~
[INFO] [stderr] warning: usearch@2.15.3:       |                ;
[INFO] [stderr] warning: usearch@2.15.3: simsimd/include/simsimd/curved.h:746:9: error: 'partial_sum_vec' was not declared in this scope
[INFO] [stderr] warning: usearch@2.15.3:   746 |         partial_sum_vec = _mm512_fmadd_ph(_mm512_castsi512_ph(b_vec), _mm512_castsi512_ph(c_vec), partial_sum_vec);
[INFO] [stderr] warning: usearch@2.15.3:       |         ^~~~~~~~~~~~~~~
[INFO] [stderr] warning: usearch@2.15.3: simsimd/include/simsimd/curved.h:746:43: error: '_mm512_castsi512_ph' was not declared in this scope; did you mean '_mm512_castsi512_ps'?
[INFO] [stderr] warning: usearch@2.15.3:   746 |         partial_sum_vec = _mm512_fmadd_ph(_mm512_castsi512_ph(b_vec), _mm512_castsi512_ph(c_vec), partial_sum_vec);
[INFO] [stderr] warning: usearch@2.15.3:       |                                           ^~~~~~~~~~~~~~~~~~~
[INFO] [stderr] warning: usearch@2.15.3:       |                                           _mm512_castsi512_ps
[INFO] [stderr] warning: usearch@2.15.3: simsimd/include/simsimd/curved.h:746:27: error: '_mm512_fmadd_ph' was not declared in this scope; did you mean '_mm512_fmadd_ps'?
[INFO] [stderr] warning: usearch@2.15.3:   746 |         partial_sum_vec = _mm512_fmadd_ph(_mm512_castsi512_ph(b_vec), _mm512_castsi512_ph(c_vec), partial_sum_vec);
[INFO] [stderr] warning: usearch@2.15.3:       |                           ^~~~~~~~~~~~~~~
[INFO] [stderr] warning: usearch@2.15.3:       |                           _mm512_fmadd_ps
[INFO] [stderr] warning: usearch@2.15.3: simsimd/include/simsimd/curved.h:750:9: error: 'sum_vec' was not declared in this scope; did you mean 'c_vec'?
[INFO] [stderr] warning: usearch@2.15.3:   750 |         sum_vec = _mm512_fmadd_ph(a_vec, partial_sum_vec, sum_vec);
[INFO] [stderr] warning: usearch@2.15.3:       |         ^~~~~~~
[INFO] [stderr] warning: usearch@2.15.3:       |         c_vec
[INFO] [stderr] warning: usearch@2.15.3: simsimd/include/simsimd/curved.h:750:35: error: 'a_vec' was not declared in this scope; did you mean 'c_vec'?
[INFO] [stderr] warning: usearch@2.15.3:   750 |         sum_vec = _mm512_fmadd_ph(a_vec, partial_sum_vec, sum_vec);
[INFO] [stderr] warning: usearch@2.15.3:       |                                   ^~~~~
[INFO] [stderr] warning: usearch@2.15.3:       |                                   c_vec
[INFO] [stderr] warning: usearch@2.15.3: simsimd/include/simsimd/curved.h:753:36: error: 'sum_vec' was not declared in this scope
[INFO] [stderr] warning: usearch@2.15.3:   753 |     *result = _mm512_reduce_add_ph(sum_vec);
[INFO] [stderr] warning: usearch@2.15.3:       |                                    ^~~~~~~
[INFO] [stderr] warning: usearch@2.15.3: simsimd/include/simsimd/curved.h:753:15: error: '_mm512_reduce_add_ph' was not declared in this scope; did you mean '_mm512_reduce_add_ps'?
[INFO] [stderr] warning: usearch@2.15.3:   753 |     *result = _mm512_reduce_add_ph(sum_vec);
[INFO] [stderr] warning: usearch@2.15.3:       |               ^~~~~~~~~~~~~~~~~~~~
[INFO] [stderr] warning: usearch@2.15.3:       |               _mm512_reduce_add_ps
[INFO] [stderr] warning: usearch@2.15.3: simsimd/include/simsimd/curved.h: In function 'void simsimd_mahalanobis_f16_sapphire(const simsimd_f16_t*, const simsimd_f16_t*, const simsimd_f16_t*, simsimd_size_t, simsimd_distance_t*)':
[INFO] [stderr] warning: usearch@2.15.3: simsimd/include/simsimd/curved.h:761:5: error: '__m512h' was not declared in this scope; did you mean '__m512i'?
[INFO] [stderr] warning: usearch@2.15.3:   761 |     __m512h sum_vec = _mm512_setzero_ph();
[INFO] [stderr] warning: usearch@2.15.3:       |     ^~~~~~~
[INFO] [stderr] warning: usearch@2.15.3:       |     __m512i
[INFO] [stderr] warning: usearch@2.15.3: simsimd/include/simsimd/curved.h:765:16: error: expected ';' before 'a_i_vec'
[INFO] [stderr] warning: usearch@2.15.3:   765 |         __m512h a_i_vec = _mm512_castsi512_ph(_mm512_set1_epi16(*(short const*)(a + i)));
[INFO] [stderr] warning: usearch@2.15.3:       |                ^~~~~~~~
[INFO] [stderr] warning: usearch@2.15.3:       |                ;
[INFO] [stderr] warning: usearch@2.15.3: simsimd/include/simsimd/curved.h:766:16: error: expected ';' before 'b_i_vec'
[INFO] [stderr] warning: usearch@2.15.3:   766 |         __m512h b_i_vec = _mm512_castsi512_ph(_mm512_set1_epi16(*(short const*)(b + i)));
[INFO] [stderr] warning: usearch@2.15.3:       |                ^~~~~~~~
[INFO] [stderr] warning: usearch@2.15.3:       |                ;
[INFO] [stderr] warning: usearch@2.15.3: simsimd/include/simsimd/curved.h:767:16: error: expected ';' before 'diff_i_vec'
[INFO] [stderr] warning: usearch@2.15.3:   767 |         __m512h diff_i_vec = _mm512_sub_ph(a_i_vec, b_i_vec);
[INFO] [stderr] warning: usearch@2.15.3:       |                ^~~~~~~~~~~
[INFO] [stderr] warning: usearch@2.15.3:       |                ;
[INFO] [stderr] warning: usearch@2.15.3: simsimd/include/simsimd/curved.h:768:16: error: expected ';' before 'partial_sum_vec'
[INFO] [stderr] warning: usearch@2.15.3:   768 |         __m512h partial_sum_vec = _mm512_setzero_ph();
[INFO] [stderr] warning: usearch@2.15.3:       |                ^~~~~~~~~~~~~~~~
[INFO] [stderr] warning: usearch@2.15.3:       |                ;
[INFO] [stderr] warning: usearch@2.15.3: simsimd/include/simsimd/curved.h:769:16: error: expected ';' before 'diff_j_vec'
[INFO] [stderr] warning: usearch@2.15.3:   769 |         __m512h diff_j_vec;
[INFO] [stderr] warning: usearch@2.15.3:       |                ^~~~~~~~~~~
[INFO] [stderr] warning: usearch@2.15.3:       |                ;
[INFO] [stderr] warning: usearch@2.15.3: simsimd/include/simsimd/curved.h:784:9: error: 'diff_j_vec' was not declared in this scope; did you mean 'b_j_vec'?
[INFO] [stderr] warning: usearch@2.15.3:   784 |         diff_j_vec = _mm512_sub_ph(_mm512_castsi512_ph(a_j_vec), _mm512_castsi512_ph(b_j_vec));
[INFO] [stderr] warning: usearch@2.15.3:       |         ^~~~~~~~~~
[INFO] [stderr] warning: usearch@2.15.3:       |         b_j_vec
[INFO] [stderr] warning: usearch@2.15.3: simsimd/include/simsimd/curved.h:784:36: error: '_mm512_castsi512_ph' was not declared in this scope; did you mean '_mm512_castsi512_ps'?
[INFO] [stderr] warning: usearch@2.15.3:   784 |         diff_j_vec = _mm512_sub_ph(_mm512_castsi512_ph(a_j_vec), _mm512_castsi512_ph(b_j_vec));
[INFO] [stderr] warning: usearch@2.15.3:       |                                    ^~~~~~~~~~~~~~~~~~~
[INFO] [stderr] warning: usearch@2.15.3:       |                                    _mm512_castsi512_ps
[INFO] [stderr] warning: usearch@2.15.3: simsimd/include/simsimd/curved.h:784:22: error: '_mm512_sub_ph' was not declared in this scope; did you mean '_mm512_sub_ps'?
[INFO] [stderr] warning: usearch@2.15.3:   784 |         diff_j_vec = _mm512_sub_ph(_mm512_castsi512_ph(a_j_vec), _mm512_castsi512_ph(b_j_vec));
[INFO] [stderr] warning: usearch@2.15.3:       |                      ^~~~~~~~~~~~~
[INFO] [stderr] warning: usearch@2.15.3:       |                      _mm512_sub_ps
[INFO] [stderr] warning: usearch@2.15.3: simsimd/include/simsimd/curved.h:785:9: error: 'partial_sum_vec' was not declared in this scope
[INFO] [stderr] warning: usearch@2.15.3:   785 |         partial_sum_vec = _mm512_fmadd_ph(diff_j_vec, _mm512_castsi512_ph(c_vec), partial_sum_vec);
[INFO] [stderr] warning: usearch@2.15.3:       |         ^~~~~~~~~~~~~~~
[INFO] [stderr] warning: usearch@2.15.3: simsimd/include/simsimd/curved.h:785:27: error: '_mm512_fmadd_ph' was not declared in this scope; did you mean '_mm512_fmadd_ps'?
[INFO] [stderr] warning: usearch@2.15.3:   785 |         partial_sum_vec = _mm512_fmadd_ph(diff_j_vec, _mm512_castsi512_ph(c_vec), partial_sum_vec);
[INFO] [stderr] warning: usearch@2.15.3:       |                           ^~~~~~~~~~~~~~~
[INFO] [stderr] warning: usearch@2.15.3:       |                           _mm512_fmadd_ps
[INFO] [stderr] warning: usearch@2.15.3: simsimd/include/simsimd/curved.h:789:9: error: 'sum_vec' was not declared in this scope; did you mean 'c_vec'?
[INFO] [stderr] warning: usearch@2.15.3:   789 |         sum_vec = _mm512_fmadd_ph(diff_i_vec, partial_sum_vec, sum_vec);
[INFO] [stderr] warning: usearch@2.15.3:       |         ^~~~~~~
[INFO] [stderr] warning: usearch@2.15.3:       |         c_vec
[INFO] [stderr] warning: usearch@2.15.3: simsimd/include/simsimd/curved.h:789:35: error: 'diff_i_vec' was not declared in this scope; did you mean 'difftime'?
[INFO] [stderr] warning: usearch@2.15.3:   789 |         sum_vec = _mm512_fmadd_ph(diff_i_vec, partial_sum_vec, sum_vec);
[INFO] [stderr] warning: usearch@2.15.3:       |                                   ^~~~~~~~~~
[INFO] [stderr] warning: usearch@2.15.3:       |                                   difftime
[INFO] [stderr] warning: usearch@2.15.3: simsimd/include/simsimd/curved.h:792:62: error: 'sum_vec' was not declared in this scope
[INFO] [stderr] warning: usearch@2.15.3:   792 |     *result = _simsimd_sqrt_f32_haswell(_mm512_reduce_add_ph(sum_vec));
[INFO] [stderr] warning: usearch@2.15.3:       |                                                              ^~~~~~~
[INFO] [stderr] warning: usearch@2.15.3: simsimd/include/simsimd/curved.h:792:41: error: '_mm512_reduce_add_ph' was not declared in this scope; did you mean '_mm512_reduce_add_ps'?
[INFO] [stderr] warning: usearch@2.15.3:   792 |     *result = _simsimd_sqrt_f32_haswell(_mm512_reduce_add_ph(sum_vec));
[INFO] [stderr] warning: usearch@2.15.3:       |                                         ^~~~~~~~~~~~~~~~~~~~
[INFO] [stderr] warning: usearch@2.15.3:       |                                         _mm512_reduce_add_ps
[INFO] [stderr] warning: usearch@2.15.3: At global scope:
[INFO] [stderr] warning: usearch@2.15.3: cc1plus: error: attribute 'avx512fp16' argument 'target' is unknown
[INFO] [stderr] warning: usearch@2.15.3: In file included from simsimd/include/simsimd/simsimd.h:107,
[INFO] [stderr] warning: usearch@2.15.3:                  from include/usearch/index_plugins.hpp:73,
[INFO] [stderr] warning: usearch@2.15.3:                  from include/usearch/index_dense.hpp:12,
[INFO] [stderr] warning: usearch@2.15.3:                  from rust/lib.hpp:10,
[INFO] [stderr] warning: usearch@2.15.3:                  from /opt/rustwide/target/debug/build/usearch-d6b41831aeec26ec/out/cxxbridge/sources/usearch/rust/lib.rs.cc:1:
[INFO] [stderr] warning: usearch@2.15.3: simsimd/include/simsimd/probability.h:511:18: error: '__m512h' does not name a type; did you mean '__m512i'?
[INFO] [stderr] warning: usearch@2.15.3:   511 | SIMSIMD_INTERNAL __m512h _simsimd_log2_f16_sapphire(__m512h x) {
[INFO] [stderr] warning: usearch@2.15.3:       |                  ^~~~~~~
[INFO] [stderr] warning: usearch@2.15.3:       |                  __m512i
[INFO] [stderr] warning: usearch@2.15.3: simsimd/include/simsimd/probability.h: In function 'void simsimd_kl_f16_sapphire(const simsimd_f16_t*, const simsimd_f16_t*, simsimd_size_t, simsimd_distance_t*)':
[INFO] [stderr] warning: usearch@2.15.3: simsimd/include/simsimd/probability.h:530:5: error: '__m512h' was not declared in this scope; did you mean '__m512i'?
[INFO] [stderr] warning: usearch@2.15.3:   530 |     __m512h sum_vec = _mm512_setzero_ph();
[INFO] [stderr] warning: usearch@2.15.3:       |     ^~~~~~~
[INFO] [stderr] warning: usearch@2.15.3:       |     __m512i
[INFO] [stderr] warning: usearch@2.15.3: simsimd/include/simsimd/probability.h:531:12: error: expected ';' before 'epsilon_vec'
[INFO] [stderr] warning: usearch@2.15.3:   531 |     __m512h epsilon_vec = _mm512_set1_ph((simsimd_f16_t)SIMSIMD_F16_DIVISION_EPSILON);
[INFO] [stderr] warning: usearch@2.15.3:       |            ^~~~~~~~~~~~
[INFO] [stderr] warning: usearch@2.15.3:       |            ;
[INFO] [stderr] warning: usearch@2.15.3: simsimd/include/simsimd/probability.h:532:12: error: expected ';' before 'a_vec'
[INFO] [stderr] warning: usearch@2.15.3:   532 |     __m512h a_vec, b_vec;
[INFO] [stderr] warning: usearch@2.15.3:       |            ^~~~~~
[INFO] [stderr] warning: usearch@2.15.3:       |            ;
[INFO] [stderr] warning: usearch@2.15.3: simsimd/include/simsimd/probability.h:537:9: error: 'a_vec' was not declared in this scope
[INFO] [stderr] warning: usearch@2.15.3:   537 |         a_vec = _mm512_maskz_add_ph(mask, _mm512_castsi512_ph(_mm512_maskz_loadu_epi16(mask, a)), epsilon_vec);
[INFO] [stderr] warning: usearch@2.15.3:       |         ^~~~~
[INFO] [stderr] warning: usearch@2.15.3: simsimd/include/simsimd/probability.h:537:43: error: '_mm512_castsi512_ph' was not declared in this scope; did you mean '_mm512_castsi512_ps'?
[INFO] [stderr] warning: usearch@2.15.3:   537 |         a_vec = _mm512_maskz_add_ph(mask, _mm512_castsi512_ph(_mm512_maskz_loadu_epi16(mask, a)), epsilon_vec);
[INFO] [stderr] warning: usearch@2.15.3:       |                                           ^~~~~~~~~~~~~~~~~~~
[INFO] [stderr] warning: usearch@2.15.3:       |                                           _mm512_castsi512_ps
[INFO] [stderr] warning: usearch@2.15.3: simsimd/include/simsimd/probability.h:537:99: error: 'epsilon_vec' was not declared in this scope
[INFO] [stderr] warning: usearch@2.15.3:   537 |         a_vec = _mm512_maskz_add_ph(mask, _mm512_castsi512_ph(_mm512_maskz_loadu_epi16(mask, a)), epsilon_vec);
[INFO] [stderr] warning: usearch@2.15.3:       |                                                                                                   ^~~~~~~~~~~
[INFO] [stderr] warning: usearch@2.15.3: simsimd/include/simsimd/probability.h:537:17: error: '_mm512_maskz_add_ph' was not declared in this scope; did you mean '_mm512_maskz_add_ps'?
[INFO] [stderr] warning: usearch@2.15.3:   537 |         a_vec = _mm512_maskz_add_ph(mask, _mm512_castsi512_ph(_mm512_maskz_loadu_epi16(mask, a)), epsilon_vec);
[INFO] [stderr] warning: usearch@2.15.3:       |                 ^~~~~~~~~~~~~~~~~~~
[INFO] [stderr] warning: usearch@2.15.3:       |                 _mm512_maskz_add_ps
[INFO] [stderr] warning: usearch@2.15.3: simsimd/include/simsimd/probability.h:538:9: error: 'b_vec' was not declared in this scope
[INFO] [stderr] warning: usearch@2.15.3:   538 |         b_vec = _mm512_maskz_add_ph(mask, _mm512_castsi512_ph(_mm512_maskz_loadu_epi16(mask, b)), epsilon_vec);
[INFO] [stderr] warning: usearch@2.15.3:       |         ^~~~~
[INFO] [stderr] warning: usearch@2.15.3: simsimd/include/simsimd/probability.h:541:9: error: 'a_vec' was not declared in this scope
[INFO] [stderr] warning: usearch@2.15.3:   541 |         a_vec = _mm512_add_ph(_mm512_castsi512_ph(_mm512_loadu_epi16(a)), epsilon_vec);
[INFO] [stderr] warning: usearch@2.15.3:       |         ^~~~~
[INFO] [stderr] warning: usearch@2.15.3: simsimd/include/simsimd/probability.h:541:31: error: '_mm512_castsi512_ph' was not declared in this scope; did you mean '_mm512_castsi512_ps'?
[INFO] [stderr] warning: usearch@2.15.3:   541 |         a_vec = _mm512_add_ph(_mm512_castsi512_ph(_mm512_loadu_epi16(a)), epsilon_vec);
[INFO] [stderr] warning: usearch@2.15.3:       |                               ^~~~~~~~~~~~~~~~~~~
[INFO] [stderr] warning: usearch@2.15.3:       |                               _mm512_castsi512_ps
[INFO] [stderr] warning: usearch@2.15.3: simsimd/include/simsimd/probability.h:541:75: error: 'epsilon_vec' was not declared in this scope
[INFO] [stderr] warning: usearch@2.15.3:   541 |         a_vec = _mm512_add_ph(_mm512_castsi512_ph(_mm512_loadu_epi16(a)), epsilon_vec);
[INFO] [stderr] warning: usearch@2.15.3:       |                                                                           ^~~~~~~~~~~
[INFO] [stderr] warning: usearch@2.15.3: simsimd/include/simsimd/probability.h:541:17: error: '_mm512_add_ph' was not declared in this scope; did you mean '_mm512_add_ps'?
[INFO] [stderr] warning: usearch@2.15.3:   541 |         a_vec = _mm512_add_ph(_mm512_castsi512_ph(_mm512_loadu_epi16(a)), epsilon_vec);
[INFO] [stderr] warning: usearch@2.15.3:       |                 ^~~~~~~~~~~~~
[INFO] [stderr] warning: usearch@2.15.3:       |                 _mm512_add_ps
[INFO] [stderr] warning: usearch@2.15.3: simsimd/include/simsimd/probability.h:542:9: error: 'b_vec' was not declared in this scope
[INFO] [stderr] warning: usearch@2.15.3:   542 |         b_vec = _mm512_add_ph(_mm512_castsi512_ph(_mm512_loadu_epi16(b)), epsilon_vec);
[INFO] [stderr] warning: usearch@2.15.3:       |         ^~~~~
[INFO] [stderr] warning: usearch@2.15.3: simsimd/include/simsimd/probability.h:545:12: error: expected ';' before 'ratio_vec'
[INFO] [stderr] warning: usearch@2.15.3:   545 |     __m512h ratio_vec = _mm512_div_ph(a_vec, b_vec);
[INFO] [stderr] warning: usearch@2.15.3:       |            ^~~~~~~~~~
[INFO] [stderr] warning: usearch@2.15.3:       |            ;
[INFO] [stderr] warning: usearch@2.15.3: simsimd/include/simsimd/probability.h:546:12: error: expected ';' before 'log_ratio_vec'
[INFO] [stderr] warning: usearch@2.15.3:   546 |     __m512h log_ratio_vec = _simsimd_log2_f16_sapphire(ratio_vec);
[INFO] [stderr] warning: usearch@2.15.3:       |            ^~~~~~~~~~~~~~
[INFO] [stderr] warning: usearch@2.15.3:       |            ;
[INFO] [stderr] warning: usearch@2.15.3: simsimd/include/simsimd/probability.h:547:12: error: expected ';' before 'prod_vec'
[INFO] [stderr] warning: usearch@2.15.3:   547 |     __m512h prod_vec = _mm512_mul_ph(a_vec, log_ratio_vec);
[INFO] [stderr] warning: usearch@2.15.3:       |            ^~~~~~~~~
[INFO] [stderr] warning: usearch@2.15.3:       |            ;
[INFO] [stderr] warning: usearch@2.15.3: simsimd/include/simsimd/probability.h:548:5: error: 'sum_vec' was not declared in this scope
[INFO] [stderr] warning: usearch@2.15.3:   548 |     sum_vec = _mm512_add_ph(sum_vec, prod_vec);
[INFO] [stderr] warning: usearch@2.15.3:       |     ^~~~~~~
[INFO] [stderr] warning: usearch@2.15.3: simsimd/include/simsimd/probability.h:548:38: error: 'prod_vec' was not declared in this scope
[INFO] [stderr] warning: usearch@2.15.3:   548 |     sum_vec = _mm512_add_ph(sum_vec, prod_vec);
[INFO] [stderr] warning: usearch@2.15.3:       |                                      ^~~~~~~~
[INFO] [stderr] warning: usearch@2.15.3: simsimd/include/simsimd/probability.h:548:15: error: '_mm512_add_ph' was not declared in this scope; did you mean '_mm512_add_ps'?
[INFO] [stderr] warning: usearch@2.15.3:   548 |     sum_vec = _mm512_add_ph(sum_vec, prod_vec);
[INFO] [stderr] warning: usearch@2.15.3:       |               ^~~~~~~~~~~~~
[INFO] [stderr] warning: usearch@2.15.3:       |               _mm512_add_ps
[INFO] [stderr] warning: usearch@2.15.3: simsimd/include/simsimd/probability.h:553:15: error: '_mm512_reduce_add_ph' was not declared in this scope; did you mean '_mm512_reduce_add_ps'?
[INFO] [stderr] warning: usearch@2.15.3:   553 |     *result = _mm512_reduce_add_ph(sum_vec) * log2_normalizer;
[INFO] [stderr] warning: usearch@2.15.3:       |               ^~~~~~~~~~~~~~~~~~~~
[INFO] [stderr] warning: usearch@2.15.3:       |               _mm512_reduce_add_ps
[INFO] [stderr] warning: usearch@2.15.3: simsimd/include/simsimd/probability.h: In function 'void simsimd_js_f16_sapphire(const simsimd_f16_t*, const simsimd_f16_t*, simsimd_size_t, simsimd_distance_t*)':
[INFO] [stderr] warning: usearch@2.15.3: simsimd/include/simsimd/probability.h:558:5: error: '__m512h' was not declared in this scope; did you mean '__m512i'?
[INFO] [stderr] warning: usearch@2.15.3:   558 |     __m512h sum_a_vec = _mm512_setzero_ph();
[INFO] [stderr] warning: usearch@2.15.3:       |     ^~~~~~~
[INFO] [stderr] warning: usearch@2.15.3:       |     __m512i
[INFO] [stderr] warning: usearch@2.15.3: simsimd/include/simsimd/probability.h:559:12: error: expected ';' before 'sum_b_vec'
[INFO] [stderr] warning: usearch@2.15.3:   559 |     __m512h sum_b_vec = _mm512_setzero_ph();
[INFO] [stderr] warning: usearch@2.15.3:       |            ^~~~~~~~~~
[INFO] [stderr] warning: usearch@2.15.3:       |            ;
[INFO] [stderr] warning: usearch@2.15.3: simsimd/include/simsimd/probability.h:560:12: error: expected ';' before 'epsilon_vec'
[INFO] [stderr] warning: usearch@2.15.3:   560 |     __m512h epsilon_vec = _mm512_set1_ph((simsimd_f16_t)SIMSIMD_F16_DIVISION_EPSILON);
[INFO] [stderr] warning: usearch@2.15.3:       |            ^~~~~~~~~~~~
[INFO] [stderr] warning: usearch@2.15.3:       |            ;
[INFO] [stderr] warning: usearch@2.15.3: simsimd/include/simsimd/probability.h:561:12: error: expected ';' before 'a_vec'
[INFO] [stderr] warning: usearch@2.15.3:   561 |     __m512h a_vec, b_vec;
[INFO] [stderr] warning: usearch@2.15.3:       |            ^~~~~~
[INFO] [stderr] warning: usearch@2.15.3:       |            ;
[INFO] [stderr] warning: usearch@2.15.3: simsimd/include/simsimd/probability.h:566:9: error: 'a_vec' was not declared in this scope
[INFO] [stderr] warning: usearch@2.15.3:   566 |         a_vec = _mm512_castsi512_ph(_mm512_maskz_loadu_epi16(mask, a));
[INFO] [stderr] warning: usearch@2.15.3:       |         ^~~~~
[INFO] [stderr] warning: usearch@2.15.3: simsimd/include/simsimd/probability.h:566:17: error: '_mm512_castsi512_ph' was not declared in this scope; did you mean '_mm512_castsi512_ps'?
[INFO] [stderr] warning: usearch@2.15.3:   566 |         a_vec = _mm512_castsi512_ph(_mm512_maskz_loadu_epi16(mask, a));
[INFO] [stderr] warning: usearch@2.15.3:       |                 ^~~~~~~~~~~~~~~~~~~
[INFO] [stderr] warning: usearch@2.15.3:       |                 _mm512_castsi512_ps
[INFO] [stderr] warning: usearch@2.15.3: simsimd/include/simsimd/probability.h:567:9: error: 'b_vec' was not declared in this scope
[INFO] [stderr] warning: usearch@2.15.3:   567 |         b_vec = _mm512_castsi512_ph(_mm512_maskz_loadu_epi16(mask, b));
[INFO] [stderr] warning: usearch@2.15.3:       |         ^~~~~
[INFO] [stderr] warning: usearch@2.15.3: simsimd/include/simsimd/probability.h:570:9: error: 'a_vec' was not declared in this scope
[INFO] [stderr] warning: usearch@2.15.3:   570 |         a_vec = _mm512_castsi512_ph(_mm512_loadu_epi16(a));
[INFO] [stderr] warning: usearch@2.15.3:       |         ^~~~~
[INFO] [stderr] warning: usearch@2.15.3: simsimd/include/simsimd/probability.h:570:17: error: '_mm512_castsi512_ph' was not declared in this scope; did you mean '_mm512_castsi512_ps'?
[INFO] [stderr] warning: usearch@2.15.3:   570 |         a_vec = _mm512_castsi512_ph(_mm512_loadu_epi16(a));
[INFO] [stderr] warning: usearch@2.15.3:       |                 ^~~~~~~~~~~~~~~~~~~
[INFO] [stderr] warning: usearch@2.15.3:       |                 _mm512_castsi512_ps
[INFO] [stderr] warning: usearch@2.15.3: simsimd/include/simsimd/probability.h:571:9: error: 'b_vec' was not declared in this scope
[INFO] [stderr] warning: usearch@2.15.3:   571 |         b_vec = _mm512_castsi512_ph(_mm512_loadu_epi16(b));
[INFO] [stderr] warning: usearch@2.15.3:       |         ^~~~~
[INFO] [stderr] warning: usearch@2.15.3: simsimd/include/simsimd/probability.h:574:12: error: expected ';' before 'm_vec'
[INFO] [stderr] warning: usearch@2.15.3:   574 |     __m512h m_vec = _mm512_mul_ph(_mm512_add_ph(a_vec, b_vec), _mm512_set1_ph((simsimd_f16_t)0.5f));
[INFO] [stderr] warning: usearch@2.15.3:       |            ^~~~~~
[INFO] [stderr] warning: usearch@2.15.3:       |            ;
[INFO] [stderr] warning: usearch@2.15.3: simsimd/include/simsimd/probability.h:575:51: error: 'a_vec' was not declared in this scope
[INFO] [stderr] warning: usearch@2.15.3:   575 |     __mmask32 nonzero_mask_a = _mm512_cmp_ph_mask(a_vec, epsilon_vec, _CMP_GE_OQ);
[INFO] [stderr] warning: usearch@2.15.3:       |                                                   ^~~~~
[INFO] [stderr] warning: usearch@2.15.3: simsimd/include/simsimd/probability.h:575:58: error: 'epsilon_vec' was not declared in this scope
[INFO] [stderr] warning: usearch@2.15.3:   575 |     __mmask32 nonzero_mask_a = _mm512_cmp_ph_mask(a_vec, epsilon_vec, _CMP_GE_OQ);
[INFO] [stderr] warning: usearch@2.15.3:       |                                                          ^~~~~~~~~~~
[INFO] [stderr] warning: usearch@2.15.3: simsimd/include/simsimd/probability.h:575:32: error: '_mm512_cmp_ph_mask' was not declared in this scope; did you mean '_mm512_cmp_ps_mask'?
[INFO] [stderr] warning: usearch@2.15.3:   575 |     __mmask32 nonzero_mask_a = _mm512_cmp_ph_mask(a_vec, epsilon_vec, _CMP_GE_OQ);
[INFO] [stderr] warning: usearch@2.15.3:       |                                ^~~~~~~~~~~~~~~~~~
[INFO] [stderr] warning: usearch@2.15.3:       |                                _mm512_cmp_ps_mask
[INFO] [stderr] warning: usearch@2.15.3: simsimd/include/simsimd/probability.h:576:51: error: 'b_vec' was not declared in this scope
[INFO] [stderr] warning: usearch@2.15.3:   576 |     __mmask32 nonzero_mask_b = _mm512_cmp_ph_mask(b_vec, epsilon_vec, _CMP_GE_OQ);
[INFO] [stderr] warning: usearch@2.15.3:       |                                                   ^~~~~
[INFO] [stderr] warning: usearch@2.15.3: simsimd/include/simsimd/probability.h:578:12: error: expected ';' before 'm_recip_approx'
[INFO] [stderr] warning: usearch@2.15.3:   578 |     __m512h m_recip_approx = _mm512_rcp_ph(m_vec);
[INFO] [stderr] warning: usearch@2.15.3:       |            ^~~~~~~~~~~~~~~
[INFO] [stderr] warning: usearch@2.15.3:       |            ;
[INFO] [stderr] warning: usearch@2.15.3: simsimd/include/simsimd/probability.h:579:12: error: expected ';' before 'ratio_a_vec'
[INFO] [stderr] warning: usearch@2.15.3:   579 |     __m512h ratio_a_vec = _mm512_mul_ph(a_vec, m_recip_approx);
[INFO] [stderr] warning: usearch@2.15.3:       |            ^~~~~~~~~~~~
[INFO] [stderr] warning: usearch@2.15.3:       |            ;
[INFO] [stderr] warning: usearch@2.15.3: simsimd/include/simsimd/probability.h:580:12: error: expected ';' before 'ratio_b_vec'
[INFO] [stderr] warning: usearch@2.15.3:   580 |     __m512h ratio_b_vec = _mm512_mul_ph(b_vec, m_recip_approx);
[INFO] [stderr] warning: usearch@2.15.3:       |            ^~~~~~~~~~~~
[INFO] [stderr] warning: usearch@2.15.3:       |            ;
[INFO] [stderr] warning: usearch@2.15.3: simsimd/include/simsimd/probability.h:581:12: error: expected ';' before 'log_ratio_a_vec'
[INFO] [stderr] warning: usearch@2.15.3:   581 |     __m512h log_ratio_a_vec = _simsimd_log2_f16_sapphire(ratio_a_vec);
[INFO] [stderr] warning: usearch@2.15.3:       |            ^~~~~~~~~~~~~~~~
[INFO] [stderr] warning: usearch@2.15.3:       |            ;
[INFO] [stderr] warning: usearch@2.15.3: simsimd/include/simsimd/probability.h:582:12: error: expected ';' before 'log_ratio_b_vec'
[INFO] [stderr] warning: usearch@2.15.3:   582 |     __m512h log_ratio_b_vec = _simsimd_log2_f16_sapphire(ratio_b_vec);
[INFO] [stderr] warning: usearch@2.15.3:       |            ^~~~~~~~~~~~~~~~
[INFO] [stderr] warning: usearch@2.15.3:       |            ;
[INFO] [stderr] warning: usearch@2.15.3: simsimd/include/simsimd/probability.h:583:5: error: 'sum_a_vec' was not declared in this scope
[INFO] [stderr] warning: usearch@2.15.3:   583 |     sum_a_vec = _mm512_maskz_fmadd_ph(nonzero_mask, a_vec, log_ratio_a_vec, sum_a_vec);
[INFO] [stderr] warning: usearch@2.15.3:       |     ^~~~~~~~~
[INFO] [stderr] warning: usearch@2.15.3: simsimd/include/simsimd/probability.h:583:60: error: 'log_ratio_a_vec' was not declared in this scope
[INFO] [stderr] warning: usearch@2.15.3:   583 |     sum_a_vec = _mm512_maskz_fmadd_ph(nonzero_mask, a_vec, log_ratio_a_vec, sum_a_vec);
[INFO] [stderr] warning: usearch@2.15.3:       |                                                            ^~~~~~~~~~~~~~~
[INFO] [stderr] warning: usearch@2.15.3: simsimd/include/simsimd/probability.h:583:17: error: '_mm512_maskz_fmadd_ph' was not declared in this scope; did you mean '_mm512_maskz_fmadd_ps'?
[INFO] [stderr] warning: usearch@2.15.3:   583 |     sum_a_vec = _mm512_maskz_fmadd_ph(nonzero_mask, a_vec, log_ratio_a_vec, sum_a_vec);
[INFO] [stderr] warning: usearch@2.15.3:       |                 ^~~~~~~~~~~~~~~~~~~~~
[INFO] [stderr] warning: usearch@2.15.3:       |                 _mm512_maskz_fmadd_ps
[INFO] [stderr] warning: usearch@2.15.3: simsimd/include/simsimd/probability.h:584:5: error: 'sum_b_vec' was not declared in this scope
[INFO] [stderr] warning: usearch@2.15.3:   584 |     sum_b_vec = _mm512_maskz_fmadd_ph(nonzero_mask, b_vec, log_ratio_b_vec, sum_b_vec);
[INFO] [stderr] warning: usearch@2.15.3:       |     ^~~~~~~~~
[INFO] [stderr] warning: usearch@2.15.3: simsimd/include/simsimd/probability.h:584:60: error: 'log_ratio_b_vec' was not declared in this scope
[INFO] [stderr] warning: usearch@2.15.3:   584 |     sum_b_vec = _mm512_maskz_fmadd_ph(nonzero_mask, b_vec, log_ratio_b_vec, sum_b_vec);
[INFO] [stderr] warning: usearch@2.15.3:       |                                                            ^~~~~~~~~~~~~~~
[INFO] [stderr] warning: usearch@2.15.3: simsimd/include/simsimd/probability.h:589:36: error: '_mm512_add_ph' was not declared in this scope; did you mean '_mm512_add_ps'?
[INFO] [stderr] warning: usearch@2.15.3:   589 |     *result = _mm512_reduce_add_ph(_mm512_add_ph(sum_a_vec, sum_b_vec)) * log2_normalizer / 2;
[INFO] [stderr] warning: usearch@2.15.3:       |                                    ^~~~~~~~~~~~~
[INFO] [stderr] warning: usearch@2.15.3:       |                                    _mm512_add_ps
[INFO] [stderr] warning: usearch@2.15.3: simsimd/include/simsimd/probability.h:589:15: error: '_mm512_reduce_add_ph' was not declared in this scope; did you mean '_mm512_reduce_add_ps'?
[INFO] [stderr] warning: usearch@2.15.3:   589 |     *result = _mm512_reduce_add_ph(_mm512_add_ph(sum_a_vec, sum_b_vec)) * log2_normalizer / 2;
[INFO] [stderr] warning: usearch@2.15.3:       |               ^~~~~~~~~~~~~~~~~~~~
[INFO] [stderr] warning: usearch@2.15.3:       |               _mm512_reduce_add_ps
[INFO] [stderr] warning: usearch@2.15.3: Failed to compile with all SIMD backends...cargo:warning=<command-line>: warning: "SIMSIMD_TARGET_SAPPHIRE" redefined
[INFO] [stderr] warning: usearch@2.15.3: <command-line>: note: this is the location of the previous definition
[INFO] [stderr] warning: usearch@2.15.3: <command-line>: warning: "SIMSIMD_TARGET_SAPPHIRE" redefined
[INFO] [stderr] warning: usearch@2.15.3: <command-line>: note: this is the location of the previous definition
[INFO] [stderr] warning: usearch@2.15.3: <command-line>: warning: "SIMSIMD_TARGET_SAPPHIRE" redefined
[INFO] [stderr] warning: usearch@2.15.3: <command-line>: note: this is the location of the previous definition
[INFO] [stdout] warning: unused import: `crate::f16`
[INFO] [stdout]     --> rust/lib.rs:1314:9
[INFO] [stdout]      |
[INFO] [stdout] 1314 |     use crate::f16;
[INFO] [stdout]      |         ^^^^^^^^^^
[INFO] [stdout]      |
[INFO] [stdout]      = note: `#[warn(unused_imports)]` on by default
[INFO] [stdout] 
[INFO] [stdout] 
[INFO] [stdout] warning: unused import: `crate::Distance`
[INFO] [stdout]     --> rust/lib.rs:1316:9
[INFO] [stdout]      |
[INFO] [stdout] 1316 |     use crate::Distance;
[INFO] [stdout]      |         ^^^^^^^^^^^^^^^
[INFO] [stdout] 
[INFO] [stdout] 
[INFO] [stderr]     Finished `test` profile [unoptimized + debuginfo] target(s) in 11.22s
[INFO] running `Command { std: "docker" "inspect" "d1a292872dfdcdc73a50520320d4aed64b64c3b5f863fd2307ccc5e8086179ea", kill_on_drop: false }`
[INFO] running `Command { std: "docker" "rm" "-f" "d1a292872dfdcdc73a50520320d4aed64b64c3b5f863fd2307ccc5e8086179ea", kill_on_drop: false }`
[INFO] [stdout] d1a292872dfdcdc73a50520320d4aed64b64c3b5f863fd2307ccc5e8086179ea
[INFO] running `Command { std: "docker" "create" "-v" "/var/lib/crater-agent-workspace/builds/worker-7-tc2/target:/opt/rustwide/target:rw,Z" "-v" "/var/lib/crater-agent-workspace/builds/worker-7-tc2/source:/opt/rustwide/workdir:ro,Z" "-v" "/var/lib/crater-agent-workspace/cargo-home:/opt/rustwide/cargo-home:ro,Z" "-v" "/var/lib/crater-agent-workspace/rustup-home:/opt/rustwide/rustup-home:ro,Z" "-e" "SOURCE_DIR=/opt/rustwide/workdir" "-e" "CARGO_TARGET_DIR=/opt/rustwide/target" "-e" "CARGO_INCREMENTAL=0" "-e" "RUST_BACKTRACE=full" "-e" "RUSTFLAGS=--cap-lints=forbid -Zrandomize-layout" "-e" "RUSTDOCFLAGS=--cap-lints=forbid" "-e" "CARGO_HOME=/opt/rustwide/cargo-home" "-e" "RUSTUP_HOME=/opt/rustwide/rustup-home" "-w" "/opt/rustwide/workdir" "-m" "1610612736" "--user" "0:0" "--network" "none" "ghcr.io/rust-lang/crates-build-env/linux@sha256:4a844ea9eb2546a2d2c7022eacef16ef2e8229c7fbb2c7d4d55a9ceca922f72d" "/opt/rustwide/cargo-home/bin/cargo" "+nightly-2024-10-28" "test" "--frozen", kill_on_drop: false }`
[INFO] [stdout] 761d14f9661f2bd7c2d219c16a0788f0dcca89e6fdbbf3ddfcc8bf7f8d9ca96a
[INFO] running `Command { std: "docker" "start" "-a" "761d14f9661f2bd7c2d219c16a0788f0dcca89e6fdbbf3ddfcc8bf7f8d9ca96a", kill_on_drop: false }`
[INFO] [stderr]    Compiling usearch v2.15.3 (/opt/rustwide/workdir)
[INFO] [stderr] warning: usearch@2.15.3: cc1plus: error: attribute 'avx512fp16' argument 'target' is unknown
[INFO] [stderr] warning: usearch@2.15.3: In file included from simsimd/include/simsimd/curved.h:28,
[INFO] [stderr] warning: usearch@2.15.3:                  from simsimd/include/simsimd/simsimd.h:104,
[INFO] [stderr] warning: usearch@2.15.3:                  from include/usearch/index_plugins.hpp:73,
[INFO] [stderr] warning: usearch@2.15.3:                  from include/usearch/index_dense.hpp:12,
[INFO] [stderr] warning: usearch@2.15.3:                  from rust/lib.hpp:10,
[INFO] [stderr] warning: usearch@2.15.3:                  from /opt/rustwide/target/debug/build/usearch-d6b41831aeec26ec/out/cxxbridge/sources/usearch/rust/lib.rs.cc:1:
[INFO] [stderr] warning: usearch@2.15.3: simsimd/include/simsimd/dot.h: In function 'void simsimd_dot_f16_sapphire(const simsimd_f16_t*, const simsimd_f16_t*, simsimd_size_t, simsimd_distance_t*)':
[INFO] [stderr] warning: usearch@2.15.3: simsimd/include/simsimd/dot.h:1530:5: error: '__m512h' was not declared in this scope; did you mean '__m512i'?
[INFO] [stderr] warning: usearch@2.15.3:  1530 |     __m512h ab_vec = _mm512_setzero_ph();
[INFO] [stderr] warning: usearch@2.15.3:       |     ^~~~~~~
[INFO] [stderr] warning: usearch@2.15.3:       |     __m512i
[INFO] [stderr] warning: usearch@2.15.3: simsimd/include/simsimd/dot.h:1544:5: error: 'ab_vec' was not declared in this scope
[INFO] [stderr] warning: usearch@2.15.3:  1544 |     ab_vec = _mm512_fmadd_ph(_mm512_castsi512_ph(a_i16_vec), _mm512_castsi512_ph(b_i16_vec), ab_vec);
[INFO] [stderr] warning: usearch@2.15.3:       |     ^~~~~~
[INFO] [stderr] warning: usearch@2.15.3: simsimd/include/simsimd/dot.h:1544:30: error: '_mm512_castsi512_ph' was not declared in this scope; did you mean '_mm512_castsi512_ps'?
[INFO] [stderr] warning: usearch@2.15.3:  1544 |     ab_vec = _mm512_fmadd_ph(_mm512_castsi512_ph(a_i16_vec), _mm512_castsi512_ph(b_i16_vec), ab_vec);
[INFO] [stderr] warning: usearch@2.15.3:       |                              ^~~~~~~~~~~~~~~~~~~
[INFO] [stderr] warning: usearch@2.15.3:       |                              _mm512_castsi512_ps
[INFO] [stderr] warning: usearch@2.15.3: simsimd/include/simsimd/dot.h:1544:14: error: '_mm512_fmadd_ph' was not declared in this scope; did you mean '_mm512_fmadd_ps'?
[INFO] [stderr] warning: usearch@2.15.3:  1544 |     ab_vec = _mm512_fmadd_ph(_mm512_castsi512_ph(a_i16_vec), _mm512_castsi512_ph(b_i16_vec), ab_vec);
[INFO] [stderr] warning: usearch@2.15.3:       |              ^~~~~~~~~~~~~~~
[INFO] [stderr] warning: usearch@2.15.3:       |              _mm512_fmadd_ps
[INFO] [stderr] warning: usearch@2.15.3: simsimd/include/simsimd/dot.h:1548:15: error: '_mm512_reduce_add_ph' was not declared in this scope; did you mean '_mm512_reduce_add_ps'?
[INFO] [stderr] warning: usearch@2.15.3:  1548 |     *result = _mm512_reduce_add_ph(ab_vec);
[INFO] [stderr] warning: usearch@2.15.3:       |               ^~~~~~~~~~~~~~~~~~~~
[INFO] [stderr] warning: usearch@2.15.3:       |               _mm512_reduce_add_ps
[INFO] [stderr] warning: usearch@2.15.3: simsimd/include/simsimd/dot.h: In function 'void simsimd_dot_f16c_sapphire(const simsimd_f16_t*, const simsimd_f16_t*, simsimd_size_t, simsimd_distance_t*)':
[INFO] [stderr] warning: usearch@2.15.3: simsimd/include/simsimd/dot.h:1553:5: error: '__m512h' was not declared in this scope; did you mean '__m512i'?
[INFO] [stderr] warning: usearch@2.15.3:  1553 |     __m512h ab_real_vec = _mm512_setzero_ph();
[INFO] [stderr] warning: usearch@2.15.3:       |     ^~~~~~~
[INFO] [stderr] warning: usearch@2.15.3:       |     __m512i
[INFO] [stderr] warning: usearch@2.15.3: simsimd/include/simsimd/dot.h:1554:12: error: expected ';' before 'ab_imag_vec'
[INFO] [stderr] warning: usearch@2.15.3:  1554 |     __m512h ab_imag_vec = _mm512_setzero_ph();
[INFO] [stderr] warning: usearch@2.15.3:       |            ^~~~~~~~~~~~
[INFO] [stderr] warning: usearch@2.15.3:       |            ;
[INFO] [stderr] warning: usearch@2.15.3: simsimd/include/simsimd/dot.h:1583:5: error: 'ab_real_vec' was not declared in this scope
[INFO] [stderr] warning: usearch@2.15.3:  1583 |     ab_real_vec = _mm512_fmadd_ph(_mm512_castsi512_ph(_mm512_xor_si512(b_vec, sign_flip_vec)),
[INFO] [stderr] warning: usearch@2.15.3:       |     ^~~~~~~~~~~
[INFO] [stderr] warning: usearch@2.15.3: simsimd/include/simsimd/dot.h:1583:35: error: '_mm512_castsi512_ph' was not declared in this scope; did you mean '_mm512_castsi512_ps'?
[INFO] [stderr] warning: usearch@2.15.3:  1583 |     ab_real_vec = _mm512_fmadd_ph(_mm512_castsi512_ph(_mm512_xor_si512(b_vec, sign_flip_vec)),
[INFO] [stderr] warning: usearch@2.15.3:       |                                   ^~~~~~~~~~~~~~~~~~~
[INFO] [stderr] warning: usearch@2.15.3:       |                                   _mm512_castsi512_ps
[INFO] [stderr] warning: usearch@2.15.3: simsimd/include/simsimd/dot.h:1583:19: error: '_mm512_fmadd_ph' was not declared in this scope; did you mean '_mm512_fmadd_ps'?
[INFO] [stderr] warning: usearch@2.15.3:  1583 |     ab_real_vec = _mm512_fmadd_ph(_mm512_castsi512_ph(_mm512_xor_si512(b_vec, sign_flip_vec)),
[INFO] [stderr] warning: usearch@2.15.3:       |                   ^~~~~~~~~~~~~~~
[INFO] [stderr] warning: usearch@2.15.3:       |                   _mm512_fmadd_ps
[INFO] [stderr] warning: usearch@2.15.3: simsimd/include/simsimd/dot.h:1585:5: error: 'ab_imag_vec' was not declared in this scope
[INFO] [stderr] warning: usearch@2.15.3:  1585 |     ab_imag_vec = _mm512_fmadd_ph(_mm512_castsi512_ph(_mm512_shuffle_epi8(b_vec, swap_adjacent_vec)),
[INFO] [stderr] warning: usearch@2.15.3:       |     ^~~~~~~~~~~
[INFO] [stderr] warning: usearch@2.15.3: simsimd/include/simsimd/dot.h:1592:18: error: '_mm512_reduce_add_ph' was not declared in this scope; did you mean '_mm512_reduce_add_ps'?
[INFO] [stderr] warning: usearch@2.15.3:  1592 |     results[0] = _mm512_reduce_add_ph(ab_real_vec);
[INFO] [stderr] warning: usearch@2.15.3:       |                  ^~~~~~~~~~~~~~~~~~~~
[INFO] [stderr] warning: usearch@2.15.3:       |                  _mm512_reduce_add_ps
[INFO] [stderr] warning: usearch@2.15.3: simsimd/include/simsimd/dot.h: In function 'void simsimd_vdot_f16c_sapphire(const simsimd_f16_t*, const simsimd_f16_t*, simsimd_size_t, simsimd_distance_t*)':
[INFO] [stderr] warning: usearch@2.15.3: simsimd/include/simsimd/dot.h:1598:5: error: '__m512h' was not declared in this scope; did you mean '__m512i'?
[INFO] [stderr] warning: usearch@2.15.3:  1598 |     __m512h ab_real_vec = _mm512_setzero_ph();
[INFO] [stderr] warning: usearch@2.15.3:       |     ^~~~~~~
[INFO] [stderr] warning: usearch@2.15.3:       |     __m512i
[INFO] [stderr] warning: usearch@2.15.3: simsimd/include/simsimd/dot.h:1599:12: error: expected ';' before 'ab_imag_vec'
[INFO] [stderr] warning: usearch@2.15.3:  1599 |     __m512h ab_imag_vec = _mm512_setzero_ph();
[INFO] [stderr] warning: usearch@2.15.3:       |            ^~~~~~~~~~~~
[INFO] [stderr] warning: usearch@2.15.3:       |            ;
[INFO] [stderr] warning: usearch@2.15.3: simsimd/include/simsimd/dot.h:1627:5: error: 'ab_real_vec' was not declared in this scope
[INFO] [stderr] warning: usearch@2.15.3:  1627 |     ab_real_vec = _mm512_fmadd_ph(_mm512_castsi512_ph(a_vec), _mm512_castsi512_ph(b_vec), ab_real_vec);
[INFO] [stderr] warning: usearch@2.15.3:       |     ^~~~~~~~~~~
[INFO] [stderr] warning: usearch@2.15.3: simsimd/include/simsimd/dot.h:1627:35: error: '_mm512_castsi512_ph' was not declared in this scope; did you mean '_mm512_castsi512_ps'?
[INFO] [stderr] warning: usearch@2.15.3:  1627 |     ab_real_vec = _mm512_fmadd_ph(_mm512_castsi512_ph(a_vec), _mm512_castsi512_ph(b_vec), ab_real_vec);
[INFO] [stderr] warning: usearch@2.15.3:       |                                   ^~~~~~~~~~~~~~~~~~~
[INFO] [stderr] warning: usearch@2.15.3:       |                                   _mm512_castsi512_ps
[INFO] [stderr] warning: usearch@2.15.3: simsimd/include/simsimd/dot.h:1627:19: error: '_mm512_fmadd_ph' was not declared in this scope; did you mean '_mm512_fmadd_ps'?
[INFO] [stderr] warning: usearch@2.15.3:  1627 |     ab_real_vec = _mm512_fmadd_ph(_mm512_castsi512_ph(a_vec), _mm512_castsi512_ph(b_vec), ab_real_vec);
[INFO] [stderr] warning: usearch@2.15.3:       |                   ^~~~~~~~~~~~~~~
[INFO] [stderr] warning: usearch@2.15.3:       |                   _mm512_fmadd_ps
[INFO] [stderr] warning: usearch@2.15.3: simsimd/include/simsimd/dot.h:1630:5: error: 'ab_imag_vec' was not declared in this scope
[INFO] [stderr] warning: usearch@2.15.3:  1630 |     ab_imag_vec = _mm512_fmadd_ph(_mm512_castsi512_ph(a_vec), _mm512_castsi512_ph(b_vec), ab_imag_vec);
[INFO] [stderr] warning: usearch@2.15.3:       |     ^~~~~~~~~~~
[INFO] [stderr] warning: usearch@2.15.3: simsimd/include/simsimd/dot.h:1635:18: error: '_mm512_reduce_add_ph' was not declared in this scope; did you mean '_mm512_reduce_add_ps'?
[INFO] [stderr] warning: usearch@2.15.3:  1635 |     results[0] = _mm512_reduce_add_ph(ab_real_vec);
[INFO] [stderr] warning: usearch@2.15.3:       |                  ^~~~~~~~~~~~~~~~~~~~
[INFO] [stderr] warning: usearch@2.15.3:       |                  _mm512_reduce_add_ps
[INFO] [stderr] warning: usearch@2.15.3: At global scope:
[INFO] [stderr] warning: usearch@2.15.3: cc1plus: error: attribute 'avx512fp16' argument 'target' is unknown
[INFO] [stderr] warning: usearch@2.15.3: In file included from simsimd/include/simsimd/curved.h:29,
[INFO] [stderr] warning: usearch@2.15.3:                  from simsimd/include/simsimd/simsimd.h:104,
[INFO] [stderr] warning: usearch@2.15.3:                  from include/usearch/index_plugins.hpp:73,
[INFO] [stderr] warning: usearch@2.15.3:                  from include/usearch/index_dense.hpp:12,
[INFO] [stderr] warning: usearch@2.15.3:                  from rust/lib.hpp:10,
[INFO] [stderr] warning: usearch@2.15.3:                  from /opt/rustwide/target/debug/build/usearch-d6b41831aeec26ec/out/cxxbridge/sources/usearch/rust/lib.rs.cc:1:
[INFO] [stderr] warning: usearch@2.15.3: simsimd/include/simsimd/spatial.h: In function 'void simsimd_l2sq_f16_sapphire(const simsimd_f16_t*, const simsimd_f16_t*, simsimd_size_t, simsimd_distance_t*)':
[INFO] [stderr] warning: usearch@2.15.3: simsimd/include/simsimd/spatial.h:1595:5: error: '__m512h' was not declared in this scope; did you mean '__m512i'?
[INFO] [stderr] warning: usearch@2.15.3:  1595 |     __m512h d2_vec = _mm512_setzero_ph();
[INFO] [stderr] warning: usearch@2.15.3:       |     ^~~~~~~
[INFO] [stderr] warning: usearch@2.15.3:       |     __m512i
[INFO] [stderr] warning: usearch@2.15.3: simsimd/include/simsimd/spatial.h:1609:12: error: expected ';' before 'd_vec'
[INFO] [stderr] warning: usearch@2.15.3:  1609 |     __m512h d_vec = _mm512_sub_ph(_mm512_castsi512_ph(a_i16_vec), _mm512_castsi512_ph(b_i16_vec));
[INFO] [stderr] warning: usearch@2.15.3:       |            ^~~~~~
[INFO] [stderr] warning: usearch@2.15.3:       |            ;
[INFO] [stderr] warning: usearch@2.15.3: simsimd/include/simsimd/spatial.h:1610:5: error: 'd2_vec' was not declared in this scope
[INFO] [stderr] warning: usearch@2.15.3:  1610 |     d2_vec = _mm512_fmadd_ph(d_vec, d_vec, d2_vec);
[INFO] [stderr] warning: usearch@2.15.3:       |     ^~~~~~
[INFO] [stderr] warning: usearch@2.15.3: simsimd/include/simsimd/spatial.h:1610:30: error: 'd_vec' was not declared in this scope
[INFO] [stderr] warning: usearch@2.15.3:  1610 |     d2_vec = _mm512_fmadd_ph(d_vec, d_vec, d2_vec);
[INFO] [stderr] warning: usearch@2.15.3:       |                              ^~~~~
[INFO] [stderr] warning: usearch@2.15.3: simsimd/include/simsimd/spatial.h:1610:14: error: '_mm512_fmadd_ph' was not declared in this scope; did you mean '_mm512_fmadd_ps'?
[INFO] [stderr] warning: usearch@2.15.3:  1610 |     d2_vec = _mm512_fmadd_ph(d_vec, d_vec, d2_vec);
[INFO] [stderr] warning: usearch@2.15.3:       |              ^~~~~~~~~~~~~~~
[INFO] [stderr] warning: usearch@2.15.3:       |              _mm512_fmadd_ps
[INFO] [stderr] warning: usearch@2.15.3: simsimd/include/simsimd/spatial.h:1614:15: error: '_mm512_reduce_add_ph' was not declared in this scope; did you mean '_mm512_reduce_add_ps'?
[INFO] [stderr] warning: usearch@2.15.3:  1614 |     *result = _mm512_reduce_add_ph(d2_vec);
[INFO] [stderr] warning: usearch@2.15.3:       |               ^~~~~~~~~~~~~~~~~~~~
[INFO] [stderr] warning: usearch@2.15.3:       |               _mm512_reduce_add_ps
[INFO] [stderr] warning: usearch@2.15.3: simsimd/include/simsimd/spatial.h: In function 'void simsimd_cos_f16_sapphire(const simsimd_f16_t*, const simsimd_f16_t*, simsimd_size_t, simsimd_distance_t*)':
[INFO] [stderr] warning: usearch@2.15.3: simsimd/include/simsimd/spatial.h:1619:5: error: '__m512h' was not declared in this scope; did you mean '__m512i'?
[INFO] [stderr] warning: usearch@2.15.3:  1619 |     __m512h ab_vec = _mm512_setzero_ph();
[INFO] [stderr] warning: usearch@2.15.3:       |     ^~~~~~~
[INFO] [stderr] warning: usearch@2.15.3:       |     __m512i
[INFO] [stderr] warning: usearch@2.15.3: simsimd/include/simsimd/spatial.h:1620:12: error: expected ';' before 'a2_vec'
[INFO] [stderr] warning: usearch@2.15.3:  1620 |     __m512h a2_vec = _mm512_setzero_ph();
[INFO] [stderr] warning: usearch@2.15.3:       |            ^~~~~~~
[INFO] [stderr] warning: usearch@2.15.3:       |            ;
[INFO] [stderr] warning: usearch@2.15.3: simsimd/include/simsimd/spatial.h:1621:12: error: expected ';' before 'b2_vec'
[INFO] [stderr] warning: usearch@2.15.3:  1621 |     __m512h b2_vec = _mm512_setzero_ph();
[INFO] [stderr] warning: usearch@2.15.3:       |            ^~~~~~~
[INFO] [stderr] warning: usearch@2.15.3:       |            ;
[INFO] [stderr] warning: usearch@2.15.3: simsimd/include/simsimd/spatial.h:1635:5: error: 'ab_vec' was not declared in this scope
[INFO] [stderr] warning: usearch@2.15.3:  1635 |     ab_vec = _mm512_fmadd_ph(_mm512_castsi512_ph(a_i16_vec), _mm512_castsi512_ph(b_i16_vec), ab_vec);
[INFO] [stderr] warning: usearch@2.15.3:       |     ^~~~~~
[INFO] [stderr] warning: usearch@2.15.3: simsimd/include/simsimd/spatial.h:1635:30: error: '_mm512_castsi512_ph' was not declared in this scope; did you mean '_mm512_castsi512_ps'?
[INFO] [stderr] warning: usearch@2.15.3:  1635 |     ab_vec = _mm512_fmadd_ph(_mm512_castsi512_ph(a_i16_vec), _mm512_castsi512_ph(b_i16_vec), ab_vec);
[INFO] [stderr] warning: usearch@2.15.3:       |                              ^~~~~~~~~~~~~~~~~~~
[INFO] [stderr] warning: usearch@2.15.3:       |                              _mm512_castsi512_ps
[INFO] [stderr] warning: usearch@2.15.3: simsimd/include/simsimd/spatial.h:1635:14: error: '_mm512_fmadd_ph' was not declared in this scope; did you mean '_mm512_fmadd_ps'?
[INFO] [stderr] warning: usearch@2.15.3:  1635 |     ab_vec = _mm512_fmadd_ph(_mm512_castsi512_ph(a_i16_vec), _mm512_castsi512_ph(b_i16_vec), ab_vec);
[INFO] [stderr] warning: usearch@2.15.3:       |              ^~~~~~~~~~~~~~~
[INFO] [stderr] warning: usearch@2.15.3:       |              _mm512_fmadd_ps
[INFO] [stderr] warning: usearch@2.15.3: simsimd/include/simsimd/spatial.h:1636:5: error: 'a2_vec' was not declared in this scope
[INFO] [stderr] warning: usearch@2.15.3:  1636 |     a2_vec = _mm512_fmadd_ph(_mm512_castsi512_ph(a_i16_vec), _mm512_castsi512_ph(a_i16_vec), a2_vec);
[INFO] [stderr] warning: usearch@2.15.3:       |     ^~~~~~
[INFO] [stderr] warning: usearch@2.15.3: simsimd/include/simsimd/spatial.h:1637:5: error: 'b2_vec' was not declared in this scope
[INFO] [stderr] warning: usearch@2.15.3:  1637 |     b2_vec = _mm512_fmadd_ph(_mm512_castsi512_ph(b_i16_vec), _mm512_castsi512_ph(b_i16_vec), b2_vec);
[INFO] [stderr] warning: usearch@2.15.3:       |     ^~~~~~
[INFO] [stderr] warning: usearch@2.15.3: simsimd/include/simsimd/spatial.h:1641:24: error: '_mm512_reduce_add_ph' was not declared in this scope; did you mean '_mm512_reduce_add_ps'?
[INFO] [stderr] warning: usearch@2.15.3:  1641 |     simsimd_f32_t ab = _mm512_reduce_add_ph(ab_vec);
[INFO] [stderr] warning: usearch@2.15.3:       |                        ^~~~~~~~~~~~~~~~~~~~
[INFO] [stderr] warning: usearch@2.15.3:       |                        _mm512_reduce_add_ps
[INFO] [stderr] warning: usearch@2.15.3: At global scope:
[INFO] [stderr] warning: usearch@2.15.3: cc1plus: error: attribute 'avx512fp16' argument 'target' is unknown
[INFO] [stderr] warning: usearch@2.15.3: In file included from simsimd/include/simsimd/simsimd.h:104,
[INFO] [stderr] warning: usearch@2.15.3:                  from include/usearch/index_plugins.hpp:73,
[INFO] [stderr] warning: usearch@2.15.3:                  from include/usearch/index_dense.hpp:12,
[INFO] [stderr] warning: usearch@2.15.3:                  from rust/lib.hpp:10,
[INFO] [stderr] warning: usearch@2.15.3:                  from /opt/rustwide/target/debug/build/usearch-d6b41831aeec26ec/out/cxxbridge/sources/usearch/rust/lib.rs.cc:1:
[INFO] [stderr] warning: usearch@2.15.3: simsimd/include/simsimd/curved.h: In function 'void simsimd_bilinear_f16_sapphire(const simsimd_f16_t*, const simsimd_f16_t*, const simsimd_f16_t*, simsimd_size_t, simsimd_distance_t*)':
[INFO] [stderr] warning: usearch@2.15.3: simsimd/include/simsimd/curved.h:729:5: error: '__m512h' was not declared in this scope; did you mean '__m512i'?
[INFO] [stderr] warning: usearch@2.15.3:   729 |     __m512h sum_vec = _mm512_setzero_ph();
[INFO] [stderr] warning: usearch@2.15.3:       |     ^~~~~~~
[INFO] [stderr] warning: usearch@2.15.3:       |     __m512i
[INFO] [stderr] warning: usearch@2.15.3: simsimd/include/simsimd/curved.h:733:16: error: expected ';' before 'a_vec'
[INFO] [stderr] warning: usearch@2.15.3:   733 |         __m512h a_vec = _mm512_castsi512_ph(_mm512_set1_epi16(*(short const*)(a + i)));
[INFO] [stderr] warning: usearch@2.15.3:       |                ^~~~~~
[INFO] [stderr] warning: usearch@2.15.3:       |                ;
[INFO] [stderr] warning: usearch@2.15.3: simsimd/include/simsimd/curved.h:734:16: error: expected ';' before 'partial_sum_vec'
[INFO] [stderr] warning: usearch@2.15.3:   734 |         __m512h partial_sum_vec = _mm512_setzero_ph();
[INFO] [stderr] warning: usearch@2.15.3:       |                ^~~~~~~~~~~~~~~~
[INFO] [stderr] warning: usearch@2.15.3:       |                ;
[INFO] [stderr] warning: usearch@2.15.3: simsimd/include/simsimd/curved.h:746:9: error: 'partial_sum_vec' was not declared in this scope
[INFO] [stderr] warning: usearch@2.15.3:   746 |         partial_sum_vec = _mm512_fmadd_ph(_mm512_castsi512_ph(b_vec), _mm512_castsi512_ph(c_vec), partial_sum_vec);
[INFO] [stderr] warning: usearch@2.15.3:       |         ^~~~~~~~~~~~~~~
[INFO] [stderr] warning: usearch@2.15.3: simsimd/include/simsimd/curved.h:746:43: error: '_mm512_castsi512_ph' was not declared in this scope; did you mean '_mm512_castsi512_ps'?
[INFO] [stderr] warning: usearch@2.15.3:   746 |         partial_sum_vec = _mm512_fmadd_ph(_mm512_castsi512_ph(b_vec), _mm512_castsi512_ph(c_vec), partial_sum_vec);
[INFO] [stderr] warning: usearch@2.15.3:       |                                           ^~~~~~~~~~~~~~~~~~~
[INFO] [stderr] warning: usearch@2.15.3:       |                                           _mm512_castsi512_ps
[INFO] [stderr] warning: usearch@2.15.3: simsimd/include/simsimd/curved.h:746:27: error: '_mm512_fmadd_ph' was not declared in this scope; did you mean '_mm512_fmadd_ps'?
[INFO] [stderr] warning: usearch@2.15.3:   746 |         partial_sum_vec = _mm512_fmadd_ph(_mm512_castsi512_ph(b_vec), _mm512_castsi512_ph(c_vec), partial_sum_vec);
[INFO] [stderr] warning: usearch@2.15.3:       |                           ^~~~~~~~~~~~~~~
[INFO] [stderr] warning: usearch@2.15.3:       |                           _mm512_fmadd_ps
[INFO] [stderr] warning: usearch@2.15.3: simsimd/include/simsimd/curved.h:750:9: error: 'sum_vec' was not declared in this scope; did you mean 'c_vec'?
[INFO] [stderr] warning: usearch@2.15.3:   750 |         sum_vec = _mm512_fmadd_ph(a_vec, partial_sum_vec, sum_vec);
[INFO] [stderr] warning: usearch@2.15.3:       |         ^~~~~~~
[INFO] [stderr] warning: usearch@2.15.3:       |         c_vec
[INFO] [stderr] warning: usearch@2.15.3: simsimd/include/simsimd/curved.h:750:35: error: 'a_vec' was not declared in this scope; did you mean 'c_vec'?
[INFO] [stderr] warning: usearch@2.15.3:   750 |         sum_vec = _mm512_fmadd_ph(a_vec, partial_sum_vec, sum_vec);
[INFO] [stderr] warning: usearch@2.15.3:       |                                   ^~~~~
[INFO] [stderr] warning: usearch@2.15.3:       |                                   c_vec
[INFO] [stderr] warning: usearch@2.15.3: simsimd/include/simsimd/curved.h:753:36: error: 'sum_vec' was not declared in this scope
[INFO] [stderr] warning: usearch@2.15.3:   753 |     *result = _mm512_reduce_add_ph(sum_vec);
[INFO] [stderr] warning: usearch@2.15.3:       |                                    ^~~~~~~
[INFO] [stderr] warning: usearch@2.15.3: simsimd/include/simsimd/curved.h:753:15: error: '_mm512_reduce_add_ph' was not declared in this scope; did you mean '_mm512_reduce_add_ps'?
[INFO] [stderr] warning: usearch@2.15.3:   753 |     *result = _mm512_reduce_add_ph(sum_vec);
[INFO] [stderr] warning: usearch@2.15.3:       |               ^~~~~~~~~~~~~~~~~~~~
[INFO] [stderr] warning: usearch@2.15.3:       |               _mm512_reduce_add_ps
[INFO] [stderr] warning: usearch@2.15.3: simsimd/include/simsimd/curved.h: In function 'void simsimd_mahalanobis_f16_sapphire(const simsimd_f16_t*, const simsimd_f16_t*, const simsimd_f16_t*, simsimd_size_t, simsimd_distance_t*)':
[INFO] [stderr] warning: usearch@2.15.3: simsimd/include/simsimd/curved.h:761:5: error: '__m512h' was not declared in this scope; did you mean '__m512i'?
[INFO] [stderr] warning: usearch@2.15.3:   761 |     __m512h sum_vec = _mm512_setzero_ph();
[INFO] [stderr] warning: usearch@2.15.3:       |     ^~~~~~~
[INFO] [stderr] warning: usearch@2.15.3:       |     __m512i
[INFO] [stderr] warning: usearch@2.15.3: simsimd/include/simsimd/curved.h:765:16: error: expected ';' before 'a_i_vec'
[INFO] [stderr] warning: usearch@2.15.3:   765 |         __m512h a_i_vec = _mm512_castsi512_ph(_mm512_set1_epi16(*(short const*)(a + i)));
[INFO] [stderr] warning: usearch@2.15.3:       |                ^~~~~~~~
[INFO] [stderr] warning: usearch@2.15.3:       |                ;
[INFO] [stderr] warning: usearch@2.15.3: simsimd/include/simsimd/curved.h:766:16: error: expected ';' before 'b_i_vec'
[INFO] [stderr] warning: usearch@2.15.3:   766 |         __m512h b_i_vec = _mm512_castsi512_ph(_mm512_set1_epi16(*(short const*)(b + i)));
[INFO] [stderr] warning: usearch@2.15.3:       |                ^~~~~~~~
[INFO] [stderr] warning: usearch@2.15.3:       |                ;
[INFO] [stderr] warning: usearch@2.15.3: simsimd/include/simsimd/curved.h:767:16: error: expected ';' before 'diff_i_vec'
[INFO] [stderr] warning: usearch@2.15.3:   767 |         __m512h diff_i_vec = _mm512_sub_ph(a_i_vec, b_i_vec);
[INFO] [stderr] warning: usearch@2.15.3:       |                ^~~~~~~~~~~
[INFO] [stderr] warning: usearch@2.15.3:       |                ;
[INFO] [stderr] warning: usearch@2.15.3: simsimd/include/simsimd/curved.h:768:16: error: expected ';' before 'partial_sum_vec'
[INFO] [stderr] warning: usearch@2.15.3:   768 |         __m512h partial_sum_vec = _mm512_setzero_ph();
[INFO] [stderr] warning: usearch@2.15.3:       |                ^~~~~~~~~~~~~~~~
[INFO] [stderr] warning: usearch@2.15.3:       |                ;
[INFO] [stderr] warning: usearch@2.15.3: simsimd/include/simsimd/curved.h:769:16: error: expected ';' before 'diff_j_vec'
[INFO] [stderr] warning: usearch@2.15.3:   769 |         __m512h diff_j_vec;
[INFO] [stderr] warning: usearch@2.15.3:       |                ^~~~~~~~~~~
[INFO] [stderr] warning: usearch@2.15.3:       |                ;
[INFO] [stderr] warning: usearch@2.15.3: simsimd/include/simsimd/curved.h:784:9: error: 'diff_j_vec' was not declared in this scope; did you mean 'b_j_vec'?
[INFO] [stderr] warning: usearch@2.15.3:   784 |         diff_j_vec = _mm512_sub_ph(_mm512_castsi512_ph(a_j_vec), _mm512_castsi512_ph(b_j_vec));
[INFO] [stderr] warning: usearch@2.15.3:       |         ^~~~~~~~~~
[INFO] [stderr] warning: usearch@2.15.3:       |         b_j_vec
[INFO] [stderr] warning: usearch@2.15.3: simsimd/include/simsimd/curved.h:784:36: error: '_mm512_castsi512_ph' was not declared in this scope; did you mean '_mm512_castsi512_ps'?
[INFO] [stderr] warning: usearch@2.15.3:   784 |         diff_j_vec = _mm512_sub_ph(_mm512_castsi512_ph(a_j_vec), _mm512_castsi512_ph(b_j_vec));
[INFO] [stderr] warning: usearch@2.15.3:       |                                    ^~~~~~~~~~~~~~~~~~~
[INFO] [stderr] warning: usearch@2.15.3:       |                                    _mm512_castsi512_ps
[INFO] [stderr] warning: usearch@2.15.3: simsimd/include/simsimd/curved.h:784:22: error: '_mm512_sub_ph' was not declared in this scope; did you mean '_mm512_sub_ps'?
[INFO] [stderr] warning: usearch@2.15.3:   784 |         diff_j_vec = _mm512_sub_ph(_mm512_castsi512_ph(a_j_vec), _mm512_castsi512_ph(b_j_vec));
[INFO] [stderr] warning: usearch@2.15.3:       |                      ^~~~~~~~~~~~~
[INFO] [stderr] warning: usearch@2.15.3:       |                      _mm512_sub_ps
[INFO] [stderr] warning: usearch@2.15.3: simsimd/include/simsimd/curved.h:785:9: error: 'partial_sum_vec' was not declared in this scope
[INFO] [stderr] warning: usearch@2.15.3:   785 |         partial_sum_vec = _mm512_fmadd_ph(diff_j_vec, _mm512_castsi512_ph(c_vec), partial_sum_vec);
[INFO] [stderr] warning: usearch@2.15.3:       |         ^~~~~~~~~~~~~~~
[INFO] [stderr] warning: usearch@2.15.3: simsimd/include/simsimd/curved.h:785:27: error: '_mm512_fmadd_ph' was not declared in this scope; did you mean '_mm512_fmadd_ps'?
[INFO] [stderr] warning: usearch@2.15.3:   785 |         partial_sum_vec = _mm512_fmadd_ph(diff_j_vec, _mm512_castsi512_ph(c_vec), partial_sum_vec);
[INFO] [stderr] warning: usearch@2.15.3:       |                           ^~~~~~~~~~~~~~~
[INFO] [stderr] warning: usearch@2.15.3:       |                           _mm512_fmadd_ps
[INFO] [stderr] warning: usearch@2.15.3: simsimd/include/simsimd/curved.h:789:9: error: 'sum_vec' was not declared in this scope; did you mean 'c_vec'?
[INFO] [stderr] warning: usearch@2.15.3:   789 |         sum_vec = _mm512_fmadd_ph(diff_i_vec, partial_sum_vec, sum_vec);
[INFO] [stderr] warning: usearch@2.15.3:       |         ^~~~~~~
[INFO] [stderr] warning: usearch@2.15.3:       |         c_vec
[INFO] [stderr] warning: usearch@2.15.3: simsimd/include/simsimd/curved.h:789:35: error: 'diff_i_vec' was not declared in this scope; did you mean 'difftime'?
[INFO] [stderr] warning: usearch@2.15.3:   789 |         sum_vec = _mm512_fmadd_ph(diff_i_vec, partial_sum_vec, sum_vec);
[INFO] [stderr] warning: usearch@2.15.3:       |                                   ^~~~~~~~~~
[INFO] [stderr] warning: usearch@2.15.3:       |                                   difftime
[INFO] [stderr] warning: usearch@2.15.3: simsimd/include/simsimd/curved.h:792:62: error: 'sum_vec' was not declared in this scope
[INFO] [stderr] warning: usearch@2.15.3:   792 |     *result = _simsimd_sqrt_f32_haswell(_mm512_reduce_add_ph(sum_vec));
[INFO] [stderr] warning: usearch@2.15.3:       |                                                              ^~~~~~~
[INFO] [stderr] warning: usearch@2.15.3: simsimd/include/simsimd/curved.h:792:41: error: '_mm512_reduce_add_ph' was not declared in this scope; did you mean '_mm512_reduce_add_ps'?
[INFO] [stderr] warning: usearch@2.15.3:   792 |     *result = _simsimd_sqrt_f32_haswell(_mm512_reduce_add_ph(sum_vec));
[INFO] [stderr] warning: usearch@2.15.3:       |                                         ^~~~~~~~~~~~~~~~~~~~
[INFO] [stderr] warning: usearch@2.15.3:       |                                         _mm512_reduce_add_ps
[INFO] [stderr] warning: usearch@2.15.3: At global scope:
[INFO] [stderr] warning: usearch@2.15.3: cc1plus: error: attribute 'avx512fp16' argument 'target' is unknown
[INFO] [stderr] warning: usearch@2.15.3: In file included from simsimd/include/simsimd/simsimd.h:107,
[INFO] [stderr] warning: usearch@2.15.3:                  from include/usearch/index_plugins.hpp:73,
[INFO] [stderr] warning: usearch@2.15.3:                  from include/usearch/index_dense.hpp:12,
[INFO] [stderr] warning: usearch@2.15.3:                  from rust/lib.hpp:10,
[INFO] [stderr] warning: usearch@2.15.3:                  from /opt/rustwide/target/debug/build/usearch-d6b41831aeec26ec/out/cxxbridge/sources/usearch/rust/lib.rs.cc:1:
[INFO] [stderr] warning: usearch@2.15.3: simsimd/include/simsimd/probability.h:511:18: error: '__m512h' does not name a type; did you mean '__m512i'?
[INFO] [stderr] warning: usearch@2.15.3:   511 | SIMSIMD_INTERNAL __m512h _simsimd_log2_f16_sapphire(__m512h x) {
[INFO] [stderr] warning: usearch@2.15.3:       |                  ^~~~~~~
[INFO] [stderr] warning: usearch@2.15.3:       |                  __m512i
[INFO] [stderr] warning: usearch@2.15.3: simsimd/include/simsimd/probability.h: In function 'void simsimd_kl_f16_sapphire(const simsimd_f16_t*, const simsimd_f16_t*, simsimd_size_t, simsimd_distance_t*)':
[INFO] [stderr] warning: usearch@2.15.3: simsimd/include/simsimd/probability.h:530:5: error: '__m512h' was not declared in this scope; did you mean '__m512i'?
[INFO] [stderr] warning: usearch@2.15.3:   530 |     __m512h sum_vec = _mm512_setzero_ph();
[INFO] [stderr] warning: usearch@2.15.3:       |     ^~~~~~~
[INFO] [stderr] warning: usearch@2.15.3:       |     __m512i
[INFO] [stderr] warning: usearch@2.15.3: simsimd/include/simsimd/probability.h:531:12: error: expected ';' before 'epsilon_vec'
[INFO] [stderr] warning: usearch@2.15.3:   531 |     __m512h epsilon_vec = _mm512_set1_ph((simsimd_f16_t)SIMSIMD_F16_DIVISION_EPSILON);
[INFO] [stderr] warning: usearch@2.15.3:       |            ^~~~~~~~~~~~
[INFO] [stderr] warning: usearch@2.15.3:       |            ;
[INFO] [stderr] warning: usearch@2.15.3: simsimd/include/simsimd/probability.h:532:12: error: expected ';' before 'a_vec'
[INFO] [stderr] warning: usearch@2.15.3:   532 |     __m512h a_vec, b_vec;
[INFO] [stderr] warning: usearch@2.15.3:       |            ^~~~~~
[INFO] [stderr] warning: usearch@2.15.3:       |            ;
[INFO] [stderr] warning: usearch@2.15.3: simsimd/include/simsimd/probability.h:537:9: error: 'a_vec' was not declared in this scope
[INFO] [stderr] warning: usearch@2.15.3:   537 |         a_vec = _mm512_maskz_add_ph(mask, _mm512_castsi512_ph(_mm512_maskz_loadu_epi16(mask, a)), epsilon_vec);
[INFO] [stderr] warning: usearch@2.15.3:       |         ^~~~~
[INFO] [stderr] warning: usearch@2.15.3: simsimd/include/simsimd/probability.h:537:43: error: '_mm512_castsi512_ph' was not declared in this scope; did you mean '_mm512_castsi512_ps'?
[INFO] [stderr] warning: usearch@2.15.3:   537 |         a_vec = _mm512_maskz_add_ph(mask, _mm512_castsi512_ph(_mm512_maskz_loadu_epi16(mask, a)), epsilon_vec);
[INFO] [stderr] warning: usearch@2.15.3:       |                                           ^~~~~~~~~~~~~~~~~~~
[INFO] [stderr] warning: usearch@2.15.3:       |                                           _mm512_castsi512_ps
[INFO] [stderr] warning: usearch@2.15.3: simsimd/include/simsimd/probability.h:537:99: error: 'epsilon_vec' was not declared in this scope
[INFO] [stderr] warning: usearch@2.15.3:   537 |         a_vec = _mm512_maskz_add_ph(mask, _mm512_castsi512_ph(_mm512_maskz_loadu_epi16(mask, a)), epsilon_vec);
[INFO] [stderr] warning: usearch@2.15.3:       |                                                                                                   ^~~~~~~~~~~
[INFO] [stderr] warning: usearch@2.15.3: simsimd/include/simsimd/probability.h:537:17: error: '_mm512_maskz_add_ph' was not declared in this scope; did you mean '_mm512_maskz_add_ps'?
[INFO] [stderr] warning: usearch@2.15.3:   537 |         a_vec = _mm512_maskz_add_ph(mask, _mm512_castsi512_ph(_mm512_maskz_loadu_epi16(mask, a)), epsilon_vec);
[INFO] [stderr] warning: usearch@2.15.3:       |                 ^~~~~~~~~~~~~~~~~~~
[INFO] [stderr] warning: usearch@2.15.3:       |                 _mm512_maskz_add_ps
[INFO] [stderr] warning: usearch@2.15.3: simsimd/include/simsimd/probability.h:538:9: error: 'b_vec' was not declared in this scope
[INFO] [stderr] warning: usearch@2.15.3:   538 |         b_vec = _mm512_maskz_add_ph(mask, _mm512_castsi512_ph(_mm512_maskz_loadu_epi16(mask, b)), epsilon_vec);
[INFO] [stderr] warning: usearch@2.15.3:       |         ^~~~~
[INFO] [stderr] warning: usearch@2.15.3: simsimd/include/simsimd/probability.h:541:9: error: 'a_vec' was not declared in this scope
[INFO] [stderr] warning: usearch@2.15.3:   541 |         a_vec = _mm512_add_ph(_mm512_castsi512_ph(_mm512_loadu_epi16(a)), epsilon_vec);
[INFO] [stderr] warning: usearch@2.15.3:       |         ^~~~~
[INFO] [stderr] warning: usearch@2.15.3: simsimd/include/simsimd/probability.h:541:31: error: '_mm512_castsi512_ph' was not declared in this scope; did you mean '_mm512_castsi512_ps'?
[INFO] [stderr] warning: usearch@2.15.3:   541 |         a_vec = _mm512_add_ph(_mm512_castsi512_ph(_mm512_loadu_epi16(a)), epsilon_vec);
[INFO] [stderr] warning: usearch@2.15.3:       |                               ^~~~~~~~~~~~~~~~~~~
[INFO] [stderr] warning: usearch@2.15.3:       |                               _mm512_castsi512_ps
[INFO] [stderr] warning: usearch@2.15.3: simsimd/include/simsimd/probability.h:541:75: error: 'epsilon_vec' was not declared in this scope
[INFO] [stderr] warning: usearch@2.15.3:   541 |         a_vec = _mm512_add_ph(_mm512_castsi512_ph(_mm512_loadu_epi16(a)), epsilon_vec);
[INFO] [stderr] warning: usearch@2.15.3:       |                                                                           ^~~~~~~~~~~
[INFO] [stderr] warning: usearch@2.15.3: simsimd/include/simsimd/probability.h:541:17: error: '_mm512_add_ph' was not declared in this scope; did you mean '_mm512_add_ps'?
[INFO] [stderr] warning: usearch@2.15.3:   541 |         a_vec = _mm512_add_ph(_mm512_castsi512_ph(_mm512_loadu_epi16(a)), epsilon_vec);
[INFO] [stderr] warning: usearch@2.15.3:       |                 ^~~~~~~~~~~~~
[INFO] [stderr] warning: usearch@2.15.3:       |                 _mm512_add_ps
[INFO] [stderr] warning: usearch@2.15.3: simsimd/include/simsimd/probability.h:542:9: error: 'b_vec' was not declared in this scope
[INFO] [stderr] warning: usearch@2.15.3:   542 |         b_vec = _mm512_add_ph(_mm512_castsi512_ph(_mm512_loadu_epi16(b)), epsilon_vec);
[INFO] [stderr] warning: usearch@2.15.3:       |         ^~~~~
[INFO] [stderr] warning: usearch@2.15.3: simsimd/include/simsimd/probability.h:545:12: error: expected ';' before 'ratio_vec'
[INFO] [stderr] warning: usearch@2.15.3:   545 |     __m512h ratio_vec = _mm512_div_ph(a_vec, b_vec);
[INFO] [stderr] warning: usearch@2.15.3:       |            ^~~~~~~~~~
[INFO] [stderr] warning: usearch@2.15.3:       |            ;
[INFO] [stderr] warning: usearch@2.15.3: simsimd/include/simsimd/probability.h:546:12: error: expected ';' before 'log_ratio_vec'
[INFO] [stderr] warning: usearch@2.15.3:   546 |     __m512h log_ratio_vec = _simsimd_log2_f16_sapphire(ratio_vec);
[INFO] [stderr] warning: usearch@2.15.3:       |            ^~~~~~~~~~~~~~
[INFO] [stderr] warning: usearch@2.15.3:       |            ;
[INFO] [stderr] warning: usearch@2.15.3: simsimd/include/simsimd/probability.h:547:12: error: expected ';' before 'prod_vec'
[INFO] [stderr] warning: usearch@2.15.3:   547 |     __m512h prod_vec = _mm512_mul_ph(a_vec, log_ratio_vec);
[INFO] [stderr] warning: usearch@2.15.3:       |            ^~~~~~~~~
[INFO] [stderr] warning: usearch@2.15.3:       |            ;
[INFO] [stderr] warning: usearch@2.15.3: simsimd/include/simsimd/probability.h:548:5: error: 'sum_vec' was not declared in this scope
[INFO] [stderr] warning: usearch@2.15.3:   548 |     sum_vec = _mm512_add_ph(sum_vec, prod_vec);
[INFO] [stderr] warning: usearch@2.15.3:       |     ^~~~~~~
[INFO] [stderr] warning: usearch@2.15.3: simsimd/include/simsimd/probability.h:548:38: error: 'prod_vec' was not declared in this scope
[INFO] [stderr] warning: usearch@2.15.3:   548 |     sum_vec = _mm512_add_ph(sum_vec, prod_vec);
[INFO] [stderr] warning: usearch@2.15.3:       |                                      ^~~~~~~~
[INFO] [stderr] warning: usearch@2.15.3: simsimd/include/simsimd/probability.h:548:15: error: '_mm512_add_ph' was not declared in this scope; did you mean '_mm512_add_ps'?
[INFO] [stderr] warning: usearch@2.15.3:   548 |     sum_vec = _mm512_add_ph(sum_vec, prod_vec);
[INFO] [stderr] warning: usearch@2.15.3:       |               ^~~~~~~~~~~~~
[INFO] [stderr] warning: usearch@2.15.3:       |               _mm512_add_ps
[INFO] [stderr] warning: usearch@2.15.3: simsimd/include/simsimd/probability.h:553:15: error: '_mm512_reduce_add_ph' was not declared in this scope; did you mean '_mm512_reduce_add_ps'?
[INFO] [stderr] warning: usearch@2.15.3:   553 |     *result = _mm512_reduce_add_ph(sum_vec) * log2_normalizer;
[INFO] [stderr] warning: usearch@2.15.3:       |               ^~~~~~~~~~~~~~~~~~~~
[INFO] [stderr] warning: usearch@2.15.3:       |               _mm512_reduce_add_ps
[INFO] [stderr] warning: usearch@2.15.3: simsimd/include/simsimd/probability.h: In function 'void simsimd_js_f16_sapphire(const simsimd_f16_t*, const simsimd_f16_t*, simsimd_size_t, simsimd_distance_t*)':
[INFO] [stderr] warning: usearch@2.15.3: simsimd/include/simsimd/probability.h:558:5: error: '__m512h' was not declared in this scope; did you mean '__m512i'?
[INFO] [stderr] warning: usearch@2.15.3:   558 |     __m512h sum_a_vec = _mm512_setzero_ph();
[INFO] [stderr] warning: usearch@2.15.3:       |     ^~~~~~~
[INFO] [stderr] warning: usearch@2.15.3:       |     __m512i
[INFO] [stderr] warning: usearch@2.15.3: simsimd/include/simsimd/probability.h:559:12: error: expected ';' before 'sum_b_vec'
[INFO] [stderr] warning: usearch@2.15.3:   559 |     __m512h sum_b_vec = _mm512_setzero_ph();
[INFO] [stderr] warning: usearch@2.15.3:       |            ^~~~~~~~~~
[INFO] [stderr] warning: usearch@2.15.3:       |            ;
[INFO] [stderr] warning: usearch@2.15.3: simsimd/include/simsimd/probability.h:560:12: error: expected ';' before 'epsilon_vec'
[INFO] [stderr] warning: usearch@2.15.3:   560 |     __m512h epsilon_vec = _mm512_set1_ph((simsimd_f16_t)SIMSIMD_F16_DIVISION_EPSILON);
[INFO] [stderr] warning: usearch@2.15.3:       |            ^~~~~~~~~~~~
[INFO] [stderr] warning: usearch@2.15.3:       |            ;
[INFO] [stderr] warning: usearch@2.15.3: simsimd/include/simsimd/probability.h:561:12: error: expected ';' before 'a_vec'
[INFO] [stderr] warning: usearch@2.15.3:   561 |     __m512h a_vec, b_vec;
[INFO] [stderr] warning: usearch@2.15.3:       |            ^~~~~~
[INFO] [stderr] warning: usearch@2.15.3:       |            ;
[INFO] [stderr] warning: usearch@2.15.3: simsimd/include/simsimd/probability.h:566:9: error: 'a_vec' was not declared in this scope
[INFO] [stderr] warning: usearch@2.15.3:   566 |         a_vec = _mm512_castsi512_ph(_mm512_maskz_loadu_epi16(mask, a));
[INFO] [stderr] warning: usearch@2.15.3:       |         ^~~~~
[INFO] [stderr] warning: usearch@2.15.3: simsimd/include/simsimd/probability.h:566:17: error: '_mm512_castsi512_ph' was not declared in this scope; did you mean '_mm512_castsi512_ps'?
[INFO] [stderr] warning: usearch@2.15.3:   566 |         a_vec = _mm512_castsi512_ph(_mm512_maskz_loadu_epi16(mask, a));
[INFO] [stderr] warning: usearch@2.15.3:       |                 ^~~~~~~~~~~~~~~~~~~
[INFO] [stderr] warning: usearch@2.15.3:       |                 _mm512_castsi512_ps
[INFO] [stderr] warning: usearch@2.15.3: simsimd/include/simsimd/probability.h:567:9: error: 'b_vec' was not declared in this scope
[INFO] [stderr] warning: usearch@2.15.3:   567 |         b_vec = _mm512_castsi512_ph(_mm512_maskz_loadu_epi16(mask, b));
[INFO] [stderr] warning: usearch@2.15.3:       |         ^~~~~
[INFO] [stderr] warning: usearch@2.15.3: simsimd/include/simsimd/probability.h:570:9: error: 'a_vec' was not declared in this scope
[INFO] [stderr] warning: usearch@2.15.3:   570 |         a_vec = _mm512_castsi512_ph(_mm512_loadu_epi16(a));
[INFO] [stderr] warning: usearch@2.15.3:       |         ^~~~~
[INFO] [stderr] warning: usearch@2.15.3: simsimd/include/simsimd/probability.h:570:17: error: '_mm512_castsi512_ph' was not declared in this scope; did you mean '_mm512_castsi512_ps'?
[INFO] [stderr] warning: usearch@2.15.3:   570 |         a_vec = _mm512_castsi512_ph(_mm512_loadu_epi16(a));
[INFO] [stderr] warning: usearch@2.15.3:       |                 ^~~~~~~~~~~~~~~~~~~
[INFO] [stderr] warning: usearch@2.15.3:       |                 _mm512_castsi512_ps
[INFO] [stderr] warning: usearch@2.15.3: simsimd/include/simsimd/probability.h:571:9: error: 'b_vec' was not declared in this scope
[INFO] [stderr] warning: usearch@2.15.3:   571 |         b_vec = _mm512_castsi512_ph(_mm512_loadu_epi16(b));
[INFO] [stderr] warning: usearch@2.15.3:       |         ^~~~~
[INFO] [stderr] warning: usearch@2.15.3: simsimd/include/simsimd/probability.h:574:12: error: expected ';' before 'm_vec'
[INFO] [stderr] warning: usearch@2.15.3:   574 |     __m512h m_vec = _mm512_mul_ph(_mm512_add_ph(a_vec, b_vec), _mm512_set1_ph((simsimd_f16_t)0.5f));
[INFO] [stderr] warning: usearch@2.15.3:       |            ^~~~~~
[INFO] [stderr] warning: usearch@2.15.3:       |            ;
[INFO] [stderr] warning: usearch@2.15.3: simsimd/include/simsimd/probability.h:575:51: error: 'a_vec' was not declared in this scope
[INFO] [stderr] warning: usearch@2.15.3:   575 |     __mmask32 nonzero_mask_a = _mm512_cmp_ph_mask(a_vec, epsilon_vec, _CMP_GE_OQ);
[INFO] [stderr] warning: usearch@2.15.3:       |                                                   ^~~~~
[INFO] [stderr] warning: usearch@2.15.3: simsimd/include/simsimd/probability.h:575:58: error: 'epsilon_vec' was not declared in this scope
[INFO] [stderr] warning: usearch@2.15.3:   575 |     __mmask32 nonzero_mask_a = _mm512_cmp_ph_mask(a_vec, epsilon_vec, _CMP_GE_OQ);
[INFO] [stderr] warning: usearch@2.15.3:       |                                                          ^~~~~~~~~~~
[INFO] [stderr] warning: usearch@2.15.3: simsimd/include/simsimd/probability.h:575:32: error: '_mm512_cmp_ph_mask' was not declared in this scope; did you mean '_mm512_cmp_ps_mask'?
[INFO] [stderr] warning: usearch@2.15.3:   575 |     __mmask32 nonzero_mask_a = _mm512_cmp_ph_mask(a_vec, epsilon_vec, _CMP_GE_OQ);
[INFO] [stderr] warning: usearch@2.15.3:       |                                ^~~~~~~~~~~~~~~~~~
[INFO] [stderr] warning: usearch@2.15.3:       |                                _mm512_cmp_ps_mask
[INFO] [stderr] warning: usearch@2.15.3: simsimd/include/simsimd/probability.h:576:51: error: 'b_vec' was not declared in this scope
[INFO] [stderr] warning: usearch@2.15.3:   576 |     __mmask32 nonzero_mask_b = _mm512_cmp_ph_mask(b_vec, epsilon_vec, _CMP_GE_OQ);
[INFO] [stderr] warning: usearch@2.15.3:       |                                                   ^~~~~
[INFO] [stderr] warning: usearch@2.15.3: simsimd/include/simsimd/probability.h:578:12: error: expected ';' before 'm_recip_approx'
[INFO] [stderr] warning: usearch@2.15.3:   578 |     __m512h m_recip_approx = _mm512_rcp_ph(m_vec);
[INFO] [stderr] warning: usearch@2.15.3:       |            ^~~~~~~~~~~~~~~
[INFO] [stderr] warning: usearch@2.15.3:       |            ;
[INFO] [stderr] warning: usearch@2.15.3: simsimd/include/simsimd/probability.h:579:12: error: expected ';' before 'ratio_a_vec'
[INFO] [stderr] warning: usearch@2.15.3:   579 |     __m512h ratio_a_vec = _mm512_mul_ph(a_vec, m_recip_approx);
[INFO] [stderr] warning: usearch@2.15.3:       |            ^~~~~~~~~~~~
[INFO] [stderr] warning: usearch@2.15.3:       |            ;
[INFO] [stderr] warning: usearch@2.15.3: simsimd/include/simsimd/probability.h:580:12: error: expected ';' before 'ratio_b_vec'
[INFO] [stderr] warning: usearch@2.15.3:   580 |     __m512h ratio_b_vec = _mm512_mul_ph(b_vec, m_recip_approx);
[INFO] [stderr] warning: usearch@2.15.3:       |            ^~~~~~~~~~~~
[INFO] [stderr] warning: usearch@2.15.3:       |            ;
[INFO] [stderr] warning: usearch@2.15.3: simsimd/include/simsimd/probability.h:581:12: error: expected ';' before 'log_ratio_a_vec'
[INFO] [stderr] warning: usearch@2.15.3:   581 |     __m512h log_ratio_a_vec = _simsimd_log2_f16_sapphire(ratio_a_vec);
[INFO] [stderr] warning: usearch@2.15.3:       |            ^~~~~~~~~~~~~~~~
[INFO] [stderr] warning: usearch@2.15.3:       |            ;
[INFO] [stderr] warning: usearch@2.15.3: simsimd/include/simsimd/probability.h:582:12: error: expected ';' before 'log_ratio_b_vec'
[INFO] [stderr] warning: usearch@2.15.3:   582 |     __m512h log_ratio_b_vec = _simsimd_log2_f16_sapphire(ratio_b_vec);
[INFO] [stderr] warning: usearch@2.15.3:       |            ^~~~~~~~~~~~~~~~
[INFO] [stderr] warning: usearch@2.15.3:       |            ;
[INFO] [stderr] warning: usearch@2.15.3: simsimd/include/simsimd/probability.h:583:5: error: 'sum_a_vec' was not declared in this scope
[INFO] [stderr] warning: usearch@2.15.3:   583 |     sum_a_vec = _mm512_maskz_fmadd_ph(nonzero_mask, a_vec, log_ratio_a_vec, sum_a_vec);
[INFO] [stderr] warning: usearch@2.15.3:       |     ^~~~~~~~~
[INFO] [stderr] warning: usearch@2.15.3: simsimd/include/simsimd/probability.h:583:60: error: 'log_ratio_a_vec' was not declared in this scope
[INFO] [stderr] warning: usearch@2.15.3:   583 |     sum_a_vec = _mm512_maskz_fmadd_ph(nonzero_mask, a_vec, log_ratio_a_vec, sum_a_vec);
[INFO] [stderr] warning: usearch@2.15.3:       |                                                            ^~~~~~~~~~~~~~~
[INFO] [stderr] warning: usearch@2.15.3: simsimd/include/simsimd/probability.h:583:17: error: '_mm512_maskz_fmadd_ph' was not declared in this scope; did you mean '_mm512_maskz_fmadd_ps'?
[INFO] [stderr] warning: usearch@2.15.3:   583 |     sum_a_vec = _mm512_maskz_fmadd_ph(nonzero_mask, a_vec, log_ratio_a_vec, sum_a_vec);
[INFO] [stderr] warning: usearch@2.15.3:       |                 ^~~~~~~~~~~~~~~~~~~~~
[INFO] [stderr] warning: usearch@2.15.3:       |                 _mm512_maskz_fmadd_ps
[INFO] [stderr] warning: usearch@2.15.3: simsimd/include/simsimd/probability.h:584:5: error: 'sum_b_vec' was not declared in this scope
[INFO] [stderr] warning: usearch@2.15.3:   584 |     sum_b_vec = _mm512_maskz_fmadd_ph(nonzero_mask, b_vec, log_ratio_b_vec, sum_b_vec);
[INFO] [stderr] warning: usearch@2.15.3:       |     ^~~~~~~~~
[INFO] [stderr] warning: usearch@2.15.3: simsimd/include/simsimd/probability.h:584:60: error: 'log_ratio_b_vec' was not declared in this scope
[INFO] [stderr] warning: usearch@2.15.3:   584 |     sum_b_vec = _mm512_maskz_fmadd_ph(nonzero_mask, b_vec, log_ratio_b_vec, sum_b_vec);
[INFO] [stderr] warning: usearch@2.15.3:       |                                                            ^~~~~~~~~~~~~~~
[INFO] [stderr] warning: usearch@2.15.3: simsimd/include/simsimd/probability.h:589:36: error: '_mm512_add_ph' was not declared in this scope; did you mean '_mm512_add_ps'?
[INFO] [stderr] warning: usearch@2.15.3:   589 |     *result = _mm512_reduce_add_ph(_mm512_add_ph(sum_a_vec, sum_b_vec)) * log2_normalizer / 2;
[INFO] [stderr] warning: usearch@2.15.3:       |                                    ^~~~~~~~~~~~~
[INFO] [stderr] warning: usearch@2.15.3:       |                                    _mm512_add_ps
[INFO] [stderr] warning: usearch@2.15.3: simsimd/include/simsimd/probability.h:589:15: error: '_mm512_reduce_add_ph' was not declared in this scope; did you mean '_mm512_reduce_add_ps'?
[INFO] [stderr] warning: usearch@2.15.3:   589 |     *result = _mm512_reduce_add_ph(_mm512_add_ph(sum_a_vec, sum_b_vec)) * log2_normalizer / 2;
[INFO] [stderr] warning: usearch@2.15.3:       |               ^~~~~~~~~~~~~~~~~~~~
[INFO] [stderr] warning: usearch@2.15.3:       |               _mm512_reduce_add_ps
[INFO] [stderr] warning: usearch@2.15.3: Failed to compile with all SIMD backends...cargo:warning=<command-line>: warning: "SIMSIMD_TARGET_SAPPHIRE" redefined
[INFO] [stderr] warning: usearch@2.15.3: <command-line>: note: this is the location of the previous definition
[INFO] [stderr] warning: usearch@2.15.3: <command-line>: warning: "SIMSIMD_TARGET_SAPPHIRE" redefined
[INFO] [stderr] warning: usearch@2.15.3: <command-line>: note: this is the location of the previous definition
[INFO] [stderr] warning: usearch@2.15.3: <command-line>: warning: "SIMSIMD_TARGET_SAPPHIRE" redefined
[INFO] [stderr] warning: usearch@2.15.3: <command-line>: note: this is the location of the previous definition
[INFO] [stderr] warning: unused import: `crate::f16`
[INFO] [stderr]     --> rust/lib.rs:1314:9
[INFO] [stderr]      |
[INFO] [stderr] 1314 |     use crate::f16;
[INFO] [stderr]      |         ^^^^^^^^^^
[INFO] [stderr]      |
[INFO] [stderr]      = note: `#[warn(unused_imports)]` on by default
[INFO] [stderr] 
[INFO] [stderr] warning: unused import: `crate::Distance`
[INFO] [stderr]     --> rust/lib.rs:1316:9
[INFO] [stderr]      |
[INFO] [stderr] 1316 |     use crate::Distance;
[INFO] [stderr]      |         ^^^^^^^^^^^^^^^
[INFO] [stderr] 
[INFO] [stderr] warning: `usearch` (lib test) generated 2 warnings (run `cargo fix --lib -p usearch --tests` to apply 2 suggestions)
[INFO] [stderr]     Finished `test` profile [unoptimized + debuginfo] target(s) in 11.20s
[INFO] [stderr]      Running unittests rust/lib.rs (/opt/rustwide/target/debug/deps/usearch-e964fc24694eb366)
[INFO] [stdout] 
[INFO] [stdout] running 10 tests
[INFO] [stdout] test tests::print_specs ... ok
[INFO] [stdout] test tests::test_add_get_vector ... ok
[INFO] [stdout] test tests::test_binary_vectors_and_hamming_distance ... ok
[INFO] [stdout] test tests::test_search_vector ... ok
[INFO] [stdout] test tests::test_add_remove_vector ... ok
[INFO] [stdout] test tests::test_search_with_stateful_filter ... ok
[INFO] [stdout] test tests::test_change_distance_function ... ok
[INFO] [stdout] test tests::test_zero_distances ... ok
[INFO] [stdout] test tests::test_search_with_stateless_filter ... ok
[INFO] [stdout] test tests::integration ... FAILED
[INFO] [stdout] 
[INFO] [stdout] failures:
[INFO] [stdout] 
[INFO] [stdout] ---- tests::integration stdout ----
[INFO] [stdout] --------------------------------------------------
[INFO] [stdout] before add, memory_usage: 2560 cap: 64 
[INFO] [stdout] after add, memory_usage: 20974016 cap: 64 
[INFO] [stdout] Matches { keys: [42, 43], distances: [1.1210375e-8, 0.20456606] }
[INFO] [stdout] Matches { keys: [42, 43], distances: [1.1210375e-8, 0.20456606] }
[INFO] [stdout] --------------------------------------------------
[INFO] [stdout] thread 'tests::integration' panicked at rust/lib.rs:1553:9:
[INFO] [stdout] assertion failed: index.save("index.rust.usearch").is_ok()
[INFO] [stdout] stack backtrace:
[INFO] [stdout]    0:     0x64d12326afba - std::backtrace_rs::backtrace::libunwind::trace::h207520d6e9873551
[INFO] [stdout]                                at /rustc/df4ca44d3fbc9301ee17f30f4d474e6ae4b05252/library/std/src/../../backtrace/src/backtrace/libunwind.rs:116:5
[INFO] [stdout]    1:     0x64d12326afba - std::backtrace_rs::backtrace::trace_unsynchronized::h2ed7433f370e3eca
[INFO] [stdout]                                at /rustc/df4ca44d3fbc9301ee17f30f4d474e6ae4b05252/library/std/src/../../backtrace/src/backtrace/mod.rs:66:5
[INFO] [stdout]    2:     0x64d12326afba - std::sys::backtrace::_print_fmt::h916fac51166b18d7
[INFO] [stdout]                                at /rustc/df4ca44d3fbc9301ee17f30f4d474e6ae4b05252/library/std/src/sys/backtrace.rs:66:9
[INFO] [stdout]    3:     0x64d12326afba - <std::sys::backtrace::BacktraceLock::print::DisplayBacktrace as core::fmt::Display>::fmt::ha0a4c9b8ce3802e6
[INFO] [stdout]                                at /rustc/df4ca44d3fbc9301ee17f30f4d474e6ae4b05252/library/std/src/sys/backtrace.rs:39:26
[INFO] [stdout]    4:     0x64d123291f23 - core::fmt::rt::Argument::fmt::h4cfc8587d52b3eb5
[INFO] [stdout]                                at /rustc/df4ca44d3fbc9301ee17f30f4d474e6ae4b05252/library/core/src/fmt/rt.rs:177:76
[INFO] [stdout]    5:     0x64d123291f23 - core::fmt::write::h522cc39e5b36ae9f
[INFO] [stdout]                                at /rustc/df4ca44d3fbc9301ee17f30f4d474e6ae4b05252/library/core/src/fmt/mod.rs:1190:21
[INFO] [stdout]    6:     0x64d123267c23 - std::io::Write::write_fmt::h7d3c26752da97734
[INFO] [stdout]                                at /rustc/df4ca44d3fbc9301ee17f30f4d474e6ae4b05252/library/std/src/io/mod.rs:1839:15
[INFO] [stdout]    7:     0x64d12326ae02 - std::sys::backtrace::BacktraceLock::print::h4b9e00b29e9c0942
[INFO] [stdout]                                at /rustc/df4ca44d3fbc9301ee17f30f4d474e6ae4b05252/library/std/src/sys/backtrace.rs:42:9
[INFO] [stdout]    8:     0x64d12326c44a - std::panicking::default_hook::{{closure}}::hb59b88280d0324d9
[INFO] [stdout]                                at /rustc/df4ca44d3fbc9301ee17f30f4d474e6ae4b05252/library/std/src/panicking.rs:268:22
[INFO] [stdout]    9:     0x64d12326c254 - std::panicking::default_hook::he1dd496665be4a29
[INFO] [stdout]                                at /rustc/df4ca44d3fbc9301ee17f30f4d474e6ae4b05252/library/std/src/panicking.rs:292:9
[INFO] [stdout]   10:     0x64d123232219 - <alloc::boxed::Box<F,A> as core::ops::function::Fn<Args>>::call::h4ff71de18744e1dc
[INFO] [stdout]                                at /rustc/df4ca44d3fbc9301ee17f30f4d474e6ae4b05252/library/alloc/src/boxed.rs:2468:9
[INFO] [stdout]   11:     0x64d123232219 - test::test_main::{{closure}}::hcf7c055ce117aa81
[INFO] [stdout]                                at /rustc/df4ca44d3fbc9301ee17f30f4d474e6ae4b05252/library/test/src/lib.rs:133:21
[INFO] [stdout]   12:     0x64d12326cb48 - <alloc::boxed::Box<F,A> as core::ops::function::Fn<Args>>::call::h1d66c6bbd60c9692
[INFO] [stdout]                                at /rustc/df4ca44d3fbc9301ee17f30f4d474e6ae4b05252/library/alloc/src/boxed.rs:2468:9
[INFO] [stdout]   13:     0x64d12326cb48 - std::panicking::rust_panic_with_hook::h2ff17fe8f26dfcf8
[INFO] [stdout]                                at /rustc/df4ca44d3fbc9301ee17f30f4d474e6ae4b05252/library/std/src/panicking.rs:809:13
[INFO] [stdout]   14:     0x64d12326c8d6 - std::panicking::begin_panic_handler::{{closure}}::h4fad77951c07e101
[INFO] [stdout]                                at /rustc/df4ca44d3fbc9301ee17f30f4d474e6ae4b05252/library/std/src/panicking.rs:667:13
[INFO] [stdout]   15:     0x64d12326b499 - std::sys::backtrace::__rust_end_short_backtrace::hb1a25b3da5d0ea08
[INFO] [stdout]                                at /rustc/df4ca44d3fbc9301ee17f30f4d474e6ae4b05252/library/std/src/sys/backtrace.rs:170:18
[INFO] [stdout]   16:     0x64d12326c59c - rust_begin_unwind
[INFO] [stdout]                                at /rustc/df4ca44d3fbc9301ee17f30f4d474e6ae4b05252/library/std/src/panicking.rs:665:5
[INFO] [stdout]   17:     0x64d12328ffb0 - core::panicking::panic_fmt::ha9db07b529f9b256
[INFO] [stdout]                                at /rustc/df4ca44d3fbc9301ee17f30f4d474e6ae4b05252/library/core/src/panicking.rs:75:14
[INFO] [stdout]   18:     0x64d12329003c - core::panicking::panic::h993086813d94accc
[INFO] [stdout]                                at /rustc/df4ca44d3fbc9301ee17f30f4d474e6ae4b05252/library/core/src/panicking.rs:152:5
[INFO] [stdout]   19:     0x64d1231bd4b0 - usearch::tests::integration::h53becc2e30f62fe9
[INFO] [stdout]                                at /opt/rustwide/workdir/rust/lib.rs:1553:9
[INFO] [stdout]   20:     0x64d1231bc177 - usearch::tests::integration::{{closure}}::hbe36f71f33e60b43
[INFO] [stdout]                                at /opt/rustwide/workdir/rust/lib.rs:1497:21
[INFO] [stdout]   21:     0x64d1231b6d56 - core::ops::function::FnOnce::call_once::h726d935f67d9c319
[INFO] [stdout]                                at /rustc/df4ca44d3fbc9301ee17f30f4d474e6ae4b05252/library/core/src/ops/function.rs:250:5
[INFO] [stdout]   22:     0x64d123236aeb - core::ops::function::FnOnce::call_once::h22c3ba5715e93f05
[INFO] [stdout]                                at /rustc/df4ca44d3fbc9301ee17f30f4d474e6ae4b05252/library/core/src/ops/function.rs:250:5
[INFO] [stdout]   23:     0x64d123236aeb - test::__rust_begin_short_backtrace::h8e82d8113d0da17f
[INFO] [stdout]                                at /rustc/df4ca44d3fbc9301ee17f30f4d474e6ae4b05252/library/test/src/lib.rs:621:18
[INFO] [stdout]   24:     0x64d123236467 - test::run_test_in_process::{{closure}}::h33235f4f20b7b7c7
[INFO] [stdout]                                at /rustc/df4ca44d3fbc9301ee17f30f4d474e6ae4b05252/library/test/src/lib.rs:644:60
[INFO] [stdout]   25:     0x64d123236467 - <core::panic::unwind_safe::AssertUnwindSafe<F> as core::ops::function::FnOnce<()>>::call_once::hb5043206310c586f
[INFO] [stdout]                                at /rustc/df4ca44d3fbc9301ee17f30f4d474e6ae4b05252/library/core/src/panic/unwind_safe.rs:272:9
[INFO] [stdout]   26:     0x64d123236467 - std::panicking::try::do_call::h9ad4731a60ab23e2
[INFO] [stdout]                                at /rustc/df4ca44d3fbc9301ee17f30f4d474e6ae4b05252/library/std/src/panicking.rs:557:40
[INFO] [stdout]   27:     0x64d123236467 - std::panicking::try::h3824d23db772a716
[INFO] [stdout]                                at /rustc/df4ca44d3fbc9301ee17f30f4d474e6ae4b05252/library/std/src/panicking.rs:520:19
[INFO] [stdout]   28:     0x64d123236467 - std::panic::catch_unwind::h5afd514605fde46b
[INFO] [stdout]                                at /rustc/df4ca44d3fbc9301ee17f30f4d474e6ae4b05252/library/std/src/panic.rs:358:14
[INFO] [stdout]   29:     0x64d123236467 - test::run_test_in_process::h0d5cbfa7067d1720
[INFO] [stdout]                                at /rustc/df4ca44d3fbc9301ee17f30f4d474e6ae4b05252/library/test/src/lib.rs:644:27
[INFO] [stdout]   30:     0x64d123236467 - test::run_test::{{closure}}::h708eb8872708115d
[INFO] [stdout]                                at /rustc/df4ca44d3fbc9301ee17f30f4d474e6ae4b05252/library/test/src/lib.rs:565:43
[INFO] [stdout]   31:     0x64d1231f9b84 - test::run_test::{{closure}}::h392c51cee94713ab
[INFO] [stdout]                                at /rustc/df4ca44d3fbc9301ee17f30f4d474e6ae4b05252/library/test/src/lib.rs:595:41
[INFO] [stdout]   32:     0x64d1231f9b84 - std::sys::backtrace::__rust_begin_short_backtrace::h2f40290710935a8b
[INFO] [stdout]                                at /rustc/df4ca44d3fbc9301ee17f30f4d474e6ae4b05252/library/std/src/sys/backtrace.rs:154:18
[INFO] [stdout]   33:     0x64d1231fd32e - std::thread::Builder::spawn_unchecked_::{{closure}}::{{closure}}::h3fd968d89053a903
[INFO] [stdout]                                at /rustc/df4ca44d3fbc9301ee17f30f4d474e6ae4b05252/library/std/src/thread/mod.rs:541:17
[INFO] [stdout]   34:     0x64d1231fd32e - <core::panic::unwind_safe::AssertUnwindSafe<F> as core::ops::function::FnOnce<()>>::call_once::h743f637ba4229880
[INFO] [stdout]                                at /rustc/df4ca44d3fbc9301ee17f30f4d474e6ae4b05252/library/core/src/panic/unwind_safe.rs:272:9
[INFO] [stdout]   35:     0x64d1231fd32e - std::panicking::try::do_call::h07440897322525a6
[INFO] [stdout]                                at /rustc/df4ca44d3fbc9301ee17f30f4d474e6ae4b05252/library/std/src/panicking.rs:557:40
[INFO] [stdout]   36:     0x64d1231fd32e - std::panicking::try::he5a2e00188156637
[INFO] [stdout]                                at /rustc/df4ca44d3fbc9301ee17f30f4d474e6ae4b05252/library/std/src/panicking.rs:520:19
[INFO] [stdout]   37:     0x64d1231fd32e - std::panic::catch_unwind::hbaf3cae49b3c6433
[INFO] [stdout]                                at /rustc/df4ca44d3fbc9301ee17f30f4d474e6ae4b05252/library/std/src/panic.rs:358:14
[INFO] [stdout]   38:     0x64d1231fd32e - std::thread::Builder::spawn_unchecked_::{{closure}}::h8e141ea224820bce
[INFO] [stdout]                                at /rustc/df4ca44d3fbc9301ee17f30f4d474e6ae4b05252/library/std/src/thread/mod.rs:540:30
[INFO] [stdout]   39:     0x64d1231fd32e - core::ops::function::FnOnce::call_once{{vtable.shim}}::h90d312fedd7b8ea8
[INFO] [stdout]                                at /rustc/df4ca44d3fbc9301ee17f30f4d474e6ae4b05252/library/core/src/ops/function.rs:250:5
[INFO] [stdout]   40:     0x64d12327093b - <alloc::boxed::Box<F,A> as core::ops::function::FnOnce<Args>>::call_once::h69aa08ddb6adb8b6
[INFO] [stdout]                                at /rustc/df4ca44d3fbc9301ee17f30f4d474e6ae4b05252/library/alloc/src/boxed.rs:2454:9
[INFO] [stdout]   41:     0x64d12327093b - <alloc::boxed::Box<F,A> as core::ops::function::FnOnce<Args>>::call_once::h5aa36efdb79c806f
[INFO] [stdout]                                at /rustc/df4ca44d3fbc9301ee17f30f4d474e6ae4b05252/library/alloc/src/boxed.rs:2454:9
[INFO] [stdout]   42:     0x64d12327093b - std::sys::pal::unix::thread::Thread::new::thread_start::h6cd80a1b4be5158d
[INFO] [stdout]                                at /rustc/df4ca44d3fbc9301ee17f30f4d474e6ae4b05252/library/std/src/sys/pal/unix/thread.rs:105:17
[INFO] [stdout]   43:     0x74a5914d3ac3 - <unknown>
[INFO] [stdout]   44:     0x74a591564a04 - clone
[INFO] [stdout]   45:                0x0 - <unknown>
[INFO] [stdout] 
[INFO] [stdout] 
[INFO] [stdout] failures:
[INFO] [stdout]     tests::integration
[INFO] [stdout] 
[INFO] [stdout] test result: FAILED. 9 passed; 1 failed; 0 ignored; 0 measured; 0 filtered out; finished in 0.02s
[INFO] [stdout] 
[INFO] [stderr] error: test failed, to rerun pass `--lib`
[INFO] running `Command { std: "docker" "inspect" "761d14f9661f2bd7c2d219c16a0788f0dcca89e6fdbbf3ddfcc8bf7f8d9ca96a", kill_on_drop: false }`
[INFO] running `Command { std: "docker" "rm" "-f" "761d14f9661f2bd7c2d219c16a0788f0dcca89e6fdbbf3ddfcc8bf7f8d9ca96a", kill_on_drop: false }`
[INFO] [stdout] 761d14f9661f2bd7c2d219c16a0788f0dcca89e6fdbbf3ddfcc8bf7f8d9ca96a
