[INFO] fetching crate update-ssh-keys 0.7.0...
[INFO] testing update-ssh-keys-0.7.0 against nightly-2024-10-28+rustflags=-Zrandomize-layout for randomize-layout
[INFO] extracting crate update-ssh-keys 0.7.0 into /workspace/builds/worker-3-tc2/source
[INFO] validating manifest of crates.io crate update-ssh-keys 0.7.0 on toolchain nightly-2024-10-28
[INFO] running `Command { std: CARGO_HOME="/workspace/cargo-home" RUSTUP_HOME="/workspace/rustup-home" "/workspace/cargo-home/bin/cargo" "+nightly-2024-10-28" "metadata" "--manifest-path" "Cargo.toml" "--no-deps", kill_on_drop: false }`
[INFO] started tweaking crates.io crate update-ssh-keys 0.7.0
[INFO] finished tweaking crates.io crate update-ssh-keys 0.7.0
[INFO] tweaked toml for crates.io crate update-ssh-keys 0.7.0 written to /workspace/builds/worker-3-tc2/source/Cargo.toml
[INFO] crate crates.io crate update-ssh-keys 0.7.0 already has a lockfile, it will not be regenerated
[INFO] running `Command { std: CARGO_HOME="/workspace/cargo-home" RUSTUP_HOME="/workspace/rustup-home" "/workspace/cargo-home/bin/cargo" "+nightly-2024-10-28" "fetch" "--manifest-path" "Cargo.toml", kill_on_drop: false }`
[INFO] [stderr] warning: no edition set: defaulting to the 2015 edition while the latest is 2021
[INFO] running `Command { std: "docker" "create" "-v" "/var/lib/crater-agent-workspace/builds/worker-3-tc2/target:/opt/rustwide/target:rw,Z" "-v" "/var/lib/crater-agent-workspace/builds/worker-3-tc2/source:/opt/rustwide/workdir:ro,Z" "-v" "/var/lib/crater-agent-workspace/cargo-home:/opt/rustwide/cargo-home:ro,Z" "-v" "/var/lib/crater-agent-workspace/rustup-home:/opt/rustwide/rustup-home:ro,Z" "-e" "SOURCE_DIR=/opt/rustwide/workdir" "-e" "CARGO_TARGET_DIR=/opt/rustwide/target" "-e" "CARGO_HOME=/opt/rustwide/cargo-home" "-e" "RUSTUP_HOME=/opt/rustwide/rustup-home" "-w" "/opt/rustwide/workdir" "-m" "1610612736" "--user" "0:0" "--network" "none" "ghcr.io/rust-lang/crates-build-env/linux@sha256:4a844ea9eb2546a2d2c7022eacef16ef2e8229c7fbb2c7d4d55a9ceca922f72d" "/opt/rustwide/cargo-home/bin/cargo" "+nightly-2024-10-28" "metadata" "--no-deps" "--format-version=1", kill_on_drop: false }`
[INFO] [stdout] ebfa8ff99574a140b9bc242ca82e4d32435e2ee57d6178c53cd77421d405bcd9
[INFO] running `Command { std: "docker" "start" "-a" "ebfa8ff99574a140b9bc242ca82e4d32435e2ee57d6178c53cd77421d405bcd9", kill_on_drop: false }`
[INFO] running `Command { std: "docker" "inspect" "ebfa8ff99574a140b9bc242ca82e4d32435e2ee57d6178c53cd77421d405bcd9", kill_on_drop: false }`
[INFO] running `Command { std: "docker" "rm" "-f" "ebfa8ff99574a140b9bc242ca82e4d32435e2ee57d6178c53cd77421d405bcd9", kill_on_drop: false }`
[INFO] [stdout] ebfa8ff99574a140b9bc242ca82e4d32435e2ee57d6178c53cd77421d405bcd9
[INFO] running `Command { std: "docker" "create" "-v" "/var/lib/crater-agent-workspace/builds/worker-3-tc2/target:/opt/rustwide/target:rw,Z" "-v" "/var/lib/crater-agent-workspace/builds/worker-3-tc2/source:/opt/rustwide/workdir:ro,Z" "-v" "/var/lib/crater-agent-workspace/cargo-home:/opt/rustwide/cargo-home:ro,Z" "-v" "/var/lib/crater-agent-workspace/rustup-home:/opt/rustwide/rustup-home:ro,Z" "-e" "SOURCE_DIR=/opt/rustwide/workdir" "-e" "CARGO_TARGET_DIR=/opt/rustwide/target" "-e" "CARGO_INCREMENTAL=0" "-e" "RUST_BACKTRACE=full" "-e" "RUSTFLAGS=--cap-lints=forbid -Zrandomize-layout" "-e" "RUSTDOCFLAGS=--cap-lints=forbid" "-e" "CARGO_HOME=/opt/rustwide/cargo-home" "-e" "RUSTUP_HOME=/opt/rustwide/rustup-home" "-w" "/opt/rustwide/workdir" "-m" "1610612736" "--user" "0:0" "--network" "none" "ghcr.io/rust-lang/crates-build-env/linux@sha256:4a844ea9eb2546a2d2c7022eacef16ef2e8229c7fbb2c7d4d55a9ceca922f72d" "/opt/rustwide/cargo-home/bin/cargo" "+nightly-2024-10-28" "build" "--frozen" "--message-format=json", kill_on_drop: false }`
[INFO] [stdout] 1708a2ac52e2569938a61cacb4c9a1da6d7b13b9b6f0c25e624a3a0513ad82dc
[INFO] running `Command { std: "docker" "start" "-a" "1708a2ac52e2569938a61cacb4c9a1da6d7b13b9b6f0c25e624a3a0513ad82dc", kill_on_drop: false }`
[INFO] [stderr] warning: no edition set: defaulting to the 2015 edition while the latest is 2021
[INFO] [stderr]    Compiling typenum v1.12.0
[INFO] [stderr]    Compiling generic-array v0.14.4
[INFO] [stderr]    Compiling libc v0.2.79
[INFO] [stderr]    Compiling error-chain v0.12.4
[INFO] [stderr]    Compiling byteorder v1.3.4
[INFO] [stderr]    Compiling opaque-debug v0.3.0
[INFO] [stderr]    Compiling unicode-width v0.1.8
[INFO] [stderr]    Compiling cpuid-bool v0.1.2
[INFO] [stderr]    Compiling base64 v0.12.3
[INFO] [stderr]    Compiling textwrap v0.11.0
[INFO] [stderr]    Compiling ansi_term v0.11.0
[INFO] [stderr]    Compiling atty v0.2.14
[INFO] [stderr]    Compiling users v0.11.0
[INFO] [stderr]    Compiling fs2 v0.4.3
[INFO] [stderr]    Compiling clap v2.33.3
[INFO] [stderr]    Compiling block-buffer v0.9.0
[INFO] [stderr]    Compiling digest v0.9.0
[INFO] [stderr]    Compiling md-5 v0.9.1
[INFO] [stderr]    Compiling sha2 v0.9.1
[INFO] [stderr]    Compiling openssh-keys v0.4.2
[INFO] [stderr]    Compiling update-ssh-keys v0.7.0 (/opt/rustwide/workdir)
[INFO] [stdout] warning: field `lock` is never read
[INFO] [stdout]    --> src/lib.rs:149:5
[INFO] [stdout]     |
[INFO] [stdout] 145 | pub struct AuthorizedKeys {
[INFO] [stdout]     |            -------------- field in this struct
[INFO] [stdout] ...
[INFO] [stdout] 149 |     lock: FileLock,
[INFO] [stdout]     |     ^^^^
[INFO] [stdout]     |
[INFO] [stdout]     = note: `AuthorizedKeys` has a derived impl for the trait `Debug`, but this is intentionally ignored during dead code analysis
[INFO] [stdout]     = note: `#[warn(dead_code)]` on by default
[INFO] [stdout] 
[INFO] [stdout] 
[INFO] [stderr]     Finished `dev` profile [unoptimized + debuginfo] target(s) in 2.57s
[INFO] running `Command { std: "docker" "inspect" "1708a2ac52e2569938a61cacb4c9a1da6d7b13b9b6f0c25e624a3a0513ad82dc", kill_on_drop: false }`
[INFO] running `Command { std: "docker" "rm" "-f" "1708a2ac52e2569938a61cacb4c9a1da6d7b13b9b6f0c25e624a3a0513ad82dc", kill_on_drop: false }`
[INFO] [stdout] 1708a2ac52e2569938a61cacb4c9a1da6d7b13b9b6f0c25e624a3a0513ad82dc
[INFO] running `Command { std: "docker" "create" "-v" "/var/lib/crater-agent-workspace/builds/worker-3-tc2/target:/opt/rustwide/target:rw,Z" "-v" "/var/lib/crater-agent-workspace/builds/worker-3-tc2/source:/opt/rustwide/workdir:ro,Z" "-v" "/var/lib/crater-agent-workspace/cargo-home:/opt/rustwide/cargo-home:ro,Z" "-v" "/var/lib/crater-agent-workspace/rustup-home:/opt/rustwide/rustup-home:ro,Z" "-e" "SOURCE_DIR=/opt/rustwide/workdir" "-e" "CARGO_TARGET_DIR=/opt/rustwide/target" "-e" "CARGO_INCREMENTAL=0" "-e" "RUST_BACKTRACE=full" "-e" "RUSTFLAGS=--cap-lints=forbid -Zrandomize-layout" "-e" "RUSTDOCFLAGS=--cap-lints=forbid" "-e" "CARGO_HOME=/opt/rustwide/cargo-home" "-e" "RUSTUP_HOME=/opt/rustwide/rustup-home" "-w" "/opt/rustwide/workdir" "-m" "1610612736" "--user" "0:0" "--network" "none" "ghcr.io/rust-lang/crates-build-env/linux@sha256:4a844ea9eb2546a2d2c7022eacef16ef2e8229c7fbb2c7d4d55a9ceca922f72d" "/opt/rustwide/cargo-home/bin/cargo" "+nightly-2024-10-28" "test" "--frozen" "--no-run" "--message-format=json", kill_on_drop: false }`
[INFO] [stdout] 2ce72831db37938b7004c80bcb5d8801899dfe489d3a8964cb040da5f57a32d5
[INFO] running `Command { std: "docker" "start" "-a" "2ce72831db37938b7004c80bcb5d8801899dfe489d3a8964cb040da5f57a32d5", kill_on_drop: false }`
[INFO] [stderr] warning: no edition set: defaulting to the 2015 edition while the latest is 2021
[INFO] [stderr]    Compiling update-ssh-keys v0.7.0 (/opt/rustwide/workdir)
[INFO] [stdout] warning: field `lock` is never read
[INFO] [stdout]    --> src/lib.rs:149:5
[INFO] [stdout]     |
[INFO] [stdout] 145 | pub struct AuthorizedKeys {
[INFO] [stdout]     |            -------------- field in this struct
[INFO] [stdout] ...
[INFO] [stdout] 149 |     lock: FileLock,
[INFO] [stdout]     |     ^^^^
[INFO] [stdout]     |
[INFO] [stdout]     = note: `AuthorizedKeys` has a derived impl for the trait `Debug`, but this is intentionally ignored during dead code analysis
[INFO] [stdout]     = note: `#[warn(dead_code)]` on by default
[INFO] [stdout] 
[INFO] [stdout] 
[INFO] [stdout] warning: panic message is not a string literal
[INFO] [stdout]   --> tests/compat_python.rs:14:16
[INFO] [stdout]    |
[INFO] [stdout] 14 |           panic!(format!(
[INFO] [stdout]    |  ________________^
[INFO] [stdout] 15 | |             "\nstdout: {}\nstderr: {}",
[INFO] [stdout] 16 | |             String::from_utf8_lossy(&result.stdout),
[INFO] [stdout] 17 | |             String::from_utf8_lossy(&result.stderr)
[INFO] [stdout] 18 | |         ));
[INFO] [stdout]    | |_________^
[INFO] [stdout]    |
[INFO] [stdout]    = note: this usage of `panic!()` is deprecated; it will be a hard error in Rust 2021
[INFO] [stdout]    = note: for more information, see <https://doc.rust-lang.org/nightly/edition-guide/rust-2021/panic-macro-consistency.html>
[INFO] [stdout]    = note: the `panic!()` macro supports formatting, so there's no need for the `format!()` macro here
[INFO] [stdout]    = note: `#[warn(non_fmt_panics)]` on by default
[INFO] [stdout] help: remove the `format!(..)` macro call
[INFO] [stdout]    |
[INFO] [stdout] 14 ~         panic!(
[INFO] [stdout] 15 |             "\nstdout: {}\nstderr: {}",
[INFO] [stdout] 16 |             String::from_utf8_lossy(&result.stdout),
[INFO] [stdout] 17 |             String::from_utf8_lossy(&result.stderr)
[INFO] [stdout] 18 ~         );
[INFO] [stdout]    |
[INFO] [stdout] 
[INFO] [stdout] 
[INFO] [stdout] warning: field `lock` is never read
[INFO] [stdout]    --> src/lib.rs:149:5
[INFO] [stdout]     |
[INFO] [stdout] 145 | pub struct AuthorizedKeys {
[INFO] [stdout]     |            -------------- field in this struct
[INFO] [stdout] ...
[INFO] [stdout] 149 |     lock: FileLock,
[INFO] [stdout]     |     ^^^^
[INFO] [stdout]     |
[INFO] [stdout]     = note: `AuthorizedKeys` has a derived impl for the trait `Debug`, but this is intentionally ignored during dead code analysis
[INFO] [stdout]     = note: `#[warn(dead_code)]` on by default
[INFO] [stdout] 
[INFO] [stdout] 
[INFO] [stderr]     Finished `test` profile [unoptimized + debuginfo] target(s) in 0.17s
[INFO] running `Command { std: "docker" "inspect" "2ce72831db37938b7004c80bcb5d8801899dfe489d3a8964cb040da5f57a32d5", kill_on_drop: false }`
[INFO] running `Command { std: "docker" "rm" "-f" "2ce72831db37938b7004c80bcb5d8801899dfe489d3a8964cb040da5f57a32d5", kill_on_drop: false }`
[INFO] [stdout] 2ce72831db37938b7004c80bcb5d8801899dfe489d3a8964cb040da5f57a32d5
[INFO] running `Command { std: "docker" "create" "-v" "/var/lib/crater-agent-workspace/builds/worker-3-tc2/target:/opt/rustwide/target:rw,Z" "-v" "/var/lib/crater-agent-workspace/builds/worker-3-tc2/source:/opt/rustwide/workdir:ro,Z" "-v" "/var/lib/crater-agent-workspace/cargo-home:/opt/rustwide/cargo-home:ro,Z" "-v" "/var/lib/crater-agent-workspace/rustup-home:/opt/rustwide/rustup-home:ro,Z" "-e" "SOURCE_DIR=/opt/rustwide/workdir" "-e" "CARGO_TARGET_DIR=/opt/rustwide/target" "-e" "CARGO_INCREMENTAL=0" "-e" "RUST_BACKTRACE=full" "-e" "RUSTFLAGS=--cap-lints=forbid -Zrandomize-layout" "-e" "RUSTDOCFLAGS=--cap-lints=forbid" "-e" "CARGO_HOME=/opt/rustwide/cargo-home" "-e" "RUSTUP_HOME=/opt/rustwide/rustup-home" "-w" "/opt/rustwide/workdir" "-m" "1610612736" "--user" "0:0" "--network" "none" "ghcr.io/rust-lang/crates-build-env/linux@sha256:4a844ea9eb2546a2d2c7022eacef16ef2e8229c7fbb2c7d4d55a9ceca922f72d" "/opt/rustwide/cargo-home/bin/cargo" "+nightly-2024-10-28" "test" "--frozen", kill_on_drop: false }`
[INFO] [stdout] 797c6fb5a3706739ef993d8e9181ac559b8cee9e4d5086fcad0d910281c652c1
[INFO] running `Command { std: "docker" "start" "-a" "797c6fb5a3706739ef993d8e9181ac559b8cee9e4d5086fcad0d910281c652c1", kill_on_drop: false }`
[INFO] [stderr] warning: no edition set: defaulting to the 2015 edition while the latest is 2021
[INFO] [stderr] warning: field `lock` is never read
[INFO] [stderr]    --> src/lib.rs:149:5
[INFO] [stderr]     |
[INFO] [stderr] 145 | pub struct AuthorizedKeys {
[INFO] [stderr]     |            -------------- field in this struct
[INFO] [stderr] ...
[INFO] [stderr] 149 |     lock: FileLock,
[INFO] [stderr]     |     ^^^^
[INFO] [stderr]     |
[INFO] [stderr]     = note: `AuthorizedKeys` has a derived impl for the trait `Debug`, but this is intentionally ignored during dead code analysis
[INFO] [stderr]     = note: `#[warn(dead_code)]` on by default
[INFO] [stderr] 
[INFO] [stderr] warning: `update-ssh-keys` (lib) generated 1 warning
[INFO] [stderr] warning: `update-ssh-keys` (lib test) generated 1 warning (1 duplicate)
[INFO] [stderr] warning: panic message is not a string literal
[INFO] [stderr]   --> tests/compat_python.rs:14:16
[INFO] [stderr]    |
[INFO] [stderr] 14 |           panic!(format!(
[INFO] [stderr]    |  ________________^
[INFO] [stderr] 15 | |             "\nstdout: {}\nstderr: {}",
[INFO] [stderr] 16 | |             String::from_utf8_lossy(&result.stdout),
[INFO] [stderr] 17 | |             String::from_utf8_lossy(&result.stderr)
[INFO] [stderr] 18 | |         ));
[INFO] [stderr]    | |_________^
[INFO] [stderr]    |
[INFO] [stderr]    = note: this usage of `panic!()` is deprecated; it will be a hard error in Rust 2021
[INFO] [stderr]    = note: for more information, see <https://doc.rust-lang.org/nightly/edition-guide/rust-2021/panic-macro-consistency.html>
[INFO] [stderr]    = note: the `panic!()` macro supports formatting, so there's no need for the `format!()` macro here
[INFO] [stderr]    = note: `#[warn(non_fmt_panics)]` on by default
[INFO] [stderr] help: remove the `format!(..)` macro call
[INFO] [stderr]    |
[INFO] [stderr] 14 ~         panic!(
[INFO] [stderr] 15 |             "\nstdout: {}\nstderr: {}",
[INFO] [stderr] 16 |             String::from_utf8_lossy(&result.stdout),
[INFO] [stderr] 17 |             String::from_utf8_lossy(&result.stderr)
[INFO] [stderr] 18 ~         );
[INFO] [stderr]    |
[INFO] [stderr] 
[INFO] [stderr] warning: `update-ssh-keys` (test "compat_python") generated 1 warning (run `cargo fix --test "compat_python"` to apply 1 suggestion)
[INFO] [stderr]     Finished `test` profile [unoptimized + debuginfo] target(s) in 0.02s
[INFO] [stderr]      Running unittests src/lib.rs (/opt/rustwide/target/debug/deps/update_ssh_keys-5156fe8a76bbc4a3)
[INFO] [stdout] 
[INFO] [stdout] running 0 tests
[INFO] [stdout] 
[INFO] [stdout] test result: ok. 0 passed; 0 failed; 0 ignored; 0 measured; 0 filtered out; finished in 0.00s
[INFO] [stdout] 
[INFO] [stderr]      Running unittests src/main.rs (/opt/rustwide/target/debug/deps/update_ssh_keys-4604bd3a0c18c7e9)
[INFO] [stdout] 
[INFO] [stdout] running 0 tests
[INFO] [stdout] 
[INFO] [stdout] test result: ok. 0 passed; 0 failed; 0 ignored; 0 measured; 0 filtered out; finished in 0.00s
[INFO] [stdout] 
[INFO] [stderr]      Running tests/compat_python.rs (/opt/rustwide/target/debug/deps/compat_python-eb70984d9cfaa248)
[INFO] [stdout] 
[INFO] [stdout] running 1 test
[INFO] [stdout] test test_compat_python_suite ... FAILED
[INFO] [stdout] 
[INFO] [stdout] failures:
[INFO] [stdout] 
[INFO] [stdout] ---- test_compat_python_suite stdout ----
[INFO] [stdout] thread 'test_compat_python_suite' panicked at tests/compat_python.rs:14:9:
[INFO] [stdout] 
[INFO] [stdout] stdout: 
[INFO] [stdout] stderr: EEEEEEEEEEEEE
[INFO] [stdout] ======================================================================
[INFO] [stdout] ERROR: test_add_bad (__main__.UpdateSshKeysTestCase)
[INFO] [stdout] ----------------------------------------------------------------------
[INFO] [stdout] Traceback (most recent call last):
[INFO] [stdout]   File "/opt/rustwide/workdir/tests/test_update_ssh_keys.py", line 225, in test_add_bad
[INFO] [stdout]     self.test_add_one_file()
[INFO] [stdout]   File "/opt/rustwide/workdir/tests/test_update_ssh_keys.py", line 120, in test_add_one_file
[INFO] [stdout]     proc = self.run_script('-a', 'one', self.pub_files['valid1'])
[INFO] [stdout]   File "/opt/rustwide/workdir/tests/test_update_ssh_keys.py", line 88, in run_script
[INFO] [stdout]     **kwargs)
[INFO] [stdout]   File "/usr/lib/python2.7/subprocess.py", line 394, in __init__
[INFO] [stdout]     errread, errwrite)
[INFO] [stdout]   File "/usr/lib/python2.7/subprocess.py", line 1047, in _execute_child
[INFO] [stdout]     raise child_exception
[INFO] [stdout] OSError: [Errno 2] No such file or directory
[INFO] [stdout] 
[INFO] [stdout] ======================================================================
[INFO] [stdout] ERROR: test_add_one_file (__main__.UpdateSshKeysTestCase)
[INFO] [stdout] ----------------------------------------------------------------------
[INFO] [stdout] Traceback (most recent call last):
[INFO] [stdout]   File "/opt/rustwide/workdir/tests/test_update_ssh_keys.py", line 120, in test_add_one_file
[INFO] [stdout]     proc = self.run_script('-a', 'one', self.pub_files['valid1'])
[INFO] [stdout]   File "/opt/rustwide/workdir/tests/test_update_ssh_keys.py", line 88, in run_script
[INFO] [stdout]     **kwargs)
[INFO] [stdout]   File "/usr/lib/python2.7/subprocess.py", line 394, in __init__
[INFO] [stdout]     errread, errwrite)
[INFO] [stdout]   File "/usr/lib/python2.7/subprocess.py", line 1047, in _execute_child
[INFO] [stdout]     raise child_exception
[INFO] [stdout] OSError: [Errno 2] No such file or directory
[INFO] [stdout] 
[INFO] [stdout] ======================================================================
[INFO] [stdout] ERROR: test_add_one_stdin (__main__.UpdateSshKeysTestCase)
[INFO] [stdout] ----------------------------------------------------------------------
[INFO] [stdout] Traceback (most recent call last):
[INFO] [stdout]   File "/opt/rustwide/workdir/tests/test_update_ssh_keys.py", line 132, in test_add_one_stdin
[INFO] [stdout]     proc = self.run_script('-a', 'one', stdin=subprocess.PIPE)
[INFO] [stdout]   File "/opt/rustwide/workdir/tests/test_update_ssh_keys.py", line 88, in run_script
[INFO] [stdout]     **kwargs)
[INFO] [stdout]   File "/usr/lib/python2.7/subprocess.py", line 394, in __init__
[INFO] [stdout]     errread, errwrite)
[INFO] [stdout]   File "/usr/lib/python2.7/subprocess.py", line 1047, in _execute_child
[INFO] [stdout]     raise child_exception
[INFO] [stdout] OSError: [Errno 2] No such file or directory
[INFO] [stdout] 
[INFO] [stdout] ======================================================================
[INFO] [stdout] ERROR: test_add_two (__main__.UpdateSshKeysTestCase)
[INFO] [stdout] ----------------------------------------------------------------------
[INFO] [stdout] Traceback (most recent call last):
[INFO] [stdout]   File "/opt/rustwide/workdir/tests/test_update_ssh_keys.py", line 169, in test_add_two
[INFO] [stdout]     self.test_add_one_file()
[INFO] [stdout]   File "/opt/rustwide/workdir/tests/test_update_ssh_keys.py", line 120, in test_add_one_file
[INFO] [stdout]     proc = self.run_script('-a', 'one', self.pub_files['valid1'])
[INFO] [stdout]   File "/opt/rustwide/workdir/tests/test_update_ssh_keys.py", line 88, in run_script
[INFO] [stdout]     **kwargs)
[INFO] [stdout]   File "/usr/lib/python2.7/subprocess.py", line 394, in __init__
[INFO] [stdout]     errread, errwrite)
[INFO] [stdout]   File "/usr/lib/python2.7/subprocess.py", line 1047, in _execute_child
[INFO] [stdout]     raise child_exception
[INFO] [stdout] OSError: [Errno 2] No such file or directory
[INFO] [stdout] 
[INFO] [stdout] ======================================================================
[INFO] [stdout] ERROR: test_del_one (__main__.UpdateSshKeysTestCase)
[INFO] [stdout] ----------------------------------------------------------------------
[INFO] [stdout] Traceback (most recent call last):
[INFO] [stdout]   File "/opt/rustwide/workdir/tests/test_update_ssh_keys.py", line 178, in test_del_one
[INFO] [stdout]     self.test_add_one_file()
[INFO] [stdout]   File "/opt/rustwide/workdir/tests/test_update_ssh_keys.py", line 120, in test_add_one_file
[INFO] [stdout]     proc = self.run_script('-a', 'one', self.pub_files['valid1'])
[INFO] [stdout]   File "/opt/rustwide/workdir/tests/test_update_ssh_keys.py", line 88, in run_script
[INFO] [stdout]     **kwargs)
[INFO] [stdout]   File "/usr/lib/python2.7/subprocess.py", line 394, in __init__
[INFO] [stdout]     errread, errwrite)
[INFO] [stdout]   File "/usr/lib/python2.7/subprocess.py", line 1047, in _execute_child
[INFO] [stdout]     raise child_exception
[INFO] [stdout] OSError: [Errno 2] No such file or directory
[INFO] [stdout] 
[INFO] [stdout] ======================================================================
[INFO] [stdout] ERROR: test_del_two (__main__.UpdateSshKeysTestCase)
[INFO] [stdout] ----------------------------------------------------------------------
[INFO] [stdout] Traceback (most recent call last):
[INFO] [stdout]   File "/opt/rustwide/workdir/tests/test_update_ssh_keys.py", line 190, in test_del_two
[INFO] [stdout]     self.test_add_two()
[INFO] [stdout]   File "/opt/rustwide/workdir/tests/test_update_ssh_keys.py", line 169, in test_add_two
[INFO] [stdout]     self.test_add_one_file()
[INFO] [stdout]   File "/opt/rustwide/workdir/tests/test_update_ssh_keys.py", line 120, in test_add_one_file
[INFO] [stdout]     proc = self.run_script('-a', 'one', self.pub_files['valid1'])
[INFO] [stdout]   File "/opt/rustwide/workdir/tests/test_update_ssh_keys.py", line 88, in run_script
[INFO] [stdout]     **kwargs)
[INFO] [stdout]   File "/usr/lib/python2.7/subprocess.py", line 394, in __init__
[INFO] [stdout]     errread, errwrite)
[INFO] [stdout]   File "/usr/lib/python2.7/subprocess.py", line 1047, in _execute_child
[INFO] [stdout]     raise child_exception
[INFO] [stdout] OSError: [Errno 2] No such file or directory
[INFO] [stdout] 
[INFO] [stdout] ======================================================================
[INFO] [stdout] ERROR: test_disable (__main__.UpdateSshKeysTestCase)
[INFO] [stdout] ----------------------------------------------------------------------
[INFO] [stdout] Traceback (most recent call last):
[INFO] [stdout]   File "/opt/rustwide/workdir/tests/test_update_ssh_keys.py", line 199, in test_disable
[INFO] [stdout]     self.test_add_two()
[INFO] [stdout]   File "/opt/rustwide/workdir/tests/test_update_ssh_keys.py", line 169, in test_add_two
[INFO] [stdout]     self.test_add_one_file()
[INFO] [stdout]   File "/opt/rustwide/workdir/tests/test_update_ssh_keys.py", line 120, in test_add_one_file
[INFO] [stdout]     proc = self.run_script('-a', 'one', self.pub_files['valid1'])
[INFO] [stdout]   File "/opt/rustwide/workdir/tests/test_update_ssh_keys.py", line 88, in run_script
[INFO] [stdout]     **kwargs)
[INFO] [stdout]   File "/usr/lib/python2.7/subprocess.py", line 394, in __init__
[INFO] [stdout]     errread, errwrite)
[INFO] [stdout]   File "/usr/lib/python2.7/subprocess.py", line 1047, in _execute_child
[INFO] [stdout]     raise child_exception
[INFO] [stdout] OSError: [Errno 2] No such file or directory
[INFO] [stdout] 
[INFO] [stdout] ======================================================================
[INFO] [stdout] ERROR: test_enable (__main__.UpdateSshKeysTestCase)
[INFO] [stdout] ----------------------------------------------------------------------
[INFO] [stdout] Traceback (most recent call last):
[INFO] [stdout]   File "/opt/rustwide/workdir/tests/test_update_ssh_keys.py", line 216, in test_enable
[INFO] [stdout]     self.test_disable()
[INFO] [stdout]   File "/opt/rustwide/workdir/tests/test_update_ssh_keys.py", line 199, in test_disable
[INFO] [stdout]     self.test_add_two()
[INFO] [stdout]   File "/opt/rustwide/workdir/tests/test_update_ssh_keys.py", line 169, in test_add_two
[INFO] [stdout]     self.test_add_one_file()
[INFO] [stdout]   File "/opt/rustwide/workdir/tests/test_update_ssh_keys.py", line 120, in test_add_one_file
[INFO] [stdout]     proc = self.run_script('-a', 'one', self.pub_files['valid1'])
[INFO] [stdout]   File "/opt/rustwide/workdir/tests/test_update_ssh_keys.py", line 88, in run_script
[INFO] [stdout]     **kwargs)
[INFO] [stdout]   File "/usr/lib/python2.7/subprocess.py", line 394, in __init__
[INFO] [stdout]     errread, errwrite)
[INFO] [stdout]   File "/usr/lib/python2.7/subprocess.py", line 1047, in _execute_child
[INFO] [stdout]     raise child_exception
[INFO] [stdout] OSError: [Errno 2] No such file or directory
[INFO] [stdout] 
[INFO] [stdout] ======================================================================
[INFO] [stdout] ERROR: test_first_run (__main__.UpdateSshKeysTestCase)
[INFO] [stdout] ----------------------------------------------------------------------
[INFO] [stdout] Traceback (most recent call last):
[INFO] [stdout]   File "/opt/rustwide/workdir/tests/test_update_ssh_keys.py", line 110, in test_first_run
[INFO] [stdout]     proc = self.run_script()
[INFO] [stdout]   File "/opt/rustwide/workdir/tests/test_update_ssh_keys.py", line 88, in run_script
[INFO] [stdout]     **kwargs)
[INFO] [stdout]   File "/usr/lib/python2.7/subprocess.py", line 394, in __init__
[INFO] [stdout]     errread, errwrite)
[INFO] [stdout]   File "/usr/lib/python2.7/subprocess.py", line 1047, in _execute_child
[INFO] [stdout]     raise child_exception
[INFO] [stdout] OSError: [Errno 2] No such file or directory
[INFO] [stdout] 
[INFO] [stdout] ======================================================================
[INFO] [stdout] ERROR: test_no_keys (__main__.UpdateSshKeysTestCase)
[INFO] [stdout] ----------------------------------------------------------------------
[INFO] [stdout] Traceback (most recent call last):
[INFO] [stdout]   File "/opt/rustwide/workdir/tests/test_update_ssh_keys.py", line 98, in test_no_keys
[INFO] [stdout]     proc = self.run_script()
[INFO] [stdout]   File "/opt/rustwide/workdir/tests/test_update_ssh_keys.py", line 88, in run_script
[INFO] [stdout]     **kwargs)
[INFO] [stdout]   File "/usr/lib/python2.7/subprocess.py", line 394, in __init__
[INFO] [stdout]     errread, errwrite)
[INFO] [stdout]   File "/usr/lib/python2.7/subprocess.py", line 1047, in _execute_child
[INFO] [stdout]     raise child_exception
[INFO] [stdout] OSError: [Errno 2] No such file or directory
[INFO] [stdout] 
[INFO] [stdout] ======================================================================
[INFO] [stdout] ERROR: test_no_replace (__main__.UpdateSshKeysTestCase)
[INFO] [stdout] ----------------------------------------------------------------------
[INFO] [stdout] Traceback (most recent call last):
[INFO] [stdout]   File "/opt/rustwide/workdir/tests/test_update_ssh_keys.py", line 153, in test_no_replace
[INFO] [stdout]     self.test_add_one_file()
[INFO] [stdout]   File "/opt/rustwide/workdir/tests/test_update_ssh_keys.py", line 120, in test_add_one_file
[INFO] [stdout]     proc = self.run_script('-a', 'one', self.pub_files['valid1'])
[INFO] [stdout]   File "/opt/rustwide/workdir/tests/test_update_ssh_keys.py", line 88, in run_script
[INFO] [stdout]     **kwargs)
[INFO] [stdout]   File "/usr/lib/python2.7/subprocess.py", line 394, in __init__
[INFO] [stdout]     errread, errwrite)
[INFO] [stdout]   File "/usr/lib/python2.7/subprocess.py", line 1047, in _execute_child
[INFO] [stdout]     raise child_exception
[INFO] [stdout] OSError: [Errno 2] No such file or directory
[INFO] [stdout] 
[INFO] [stdout] ======================================================================
[INFO] [stdout] ERROR: test_replace_one (__main__.UpdateSshKeysTestCase)
[INFO] [stdout] ----------------------------------------------------------------------
[INFO] [stdout] Traceback (most recent call last):
[INFO] [stdout]   File "/opt/rustwide/workdir/tests/test_update_ssh_keys.py", line 144, in test_replace_one
[INFO] [stdout]     self.test_add_one_file()
[INFO] [stdout]   File "/opt/rustwide/workdir/tests/test_update_ssh_keys.py", line 120, in test_add_one_file
[INFO] [stdout]     proc = self.run_script('-a', 'one', self.pub_files['valid1'])
[INFO] [stdout]   File "/opt/rustwide/workdir/tests/test_update_ssh_keys.py", line 88, in run_script
[INFO] [stdout]     **kwargs)
[INFO] [stdout]   File "/usr/lib/python2.7/subprocess.py", line 394, in __init__
[INFO] [stdout]     errread, errwrite)
[INFO] [stdout]   File "/usr/lib/python2.7/subprocess.py", line 1047, in _execute_child
[INFO] [stdout]     raise child_exception
[INFO] [stdout] OSError: [Errno 2] No such file or directory
[INFO] [stdout] 
[INFO] [stdout] ======================================================================
[INFO] [stdout] ERROR: test_usage (__main__.UpdateSshKeysTestCase)
[INFO] [stdout] ----------------------------------------------------------------------
[INFO] [stdout] Traceback (most recent call last):
[INFO] [stdout]   File "/opt/rustwide/workdir/tests/test_update_ssh_keys.py", line 91, in test_usage
[INFO] [stdout]     proc = self.run_script('-h')
[INFO] [stdout]   File "/opt/rustwide/workdir/tests/test_update_ssh_keys.py", line 88, in run_script
[INFO] [stdout]     **kwargs)
[INFO] [stdout]   File "/usr/lib/python2.7/subprocess.py", line 394, in __init__
[INFO] [stdout]     errread, errwrite)
[INFO] [stdout]   File "/usr/lib/python2.7/subprocess.py", line 1047, in _execute_child
[INFO] [stdout]     raise child_exception
[INFO] [stdout] OSError: [Errno 2] No such file or directory
[INFO] [stdout] 
[INFO] [stdout] ----------------------------------------------------------------------
[INFO] [stdout] Ran 13 tests in 0.031s
[INFO] [stdout] 
[INFO] [stdout] FAILED (errors=13)
[INFO] [stdout] 
[INFO] [stdout] stack backtrace:
[INFO] [stdout]    0:     0x630f9ceca7fa - std::backtrace_rs::backtrace::libunwind::trace::h207520d6e9873551
[INFO] [stdout]                                at /rustc/df4ca44d3fbc9301ee17f30f4d474e6ae4b05252/library/std/src/../../backtrace/src/backtrace/libunwind.rs:116:5
[INFO] [stdout]    1:     0x630f9ceca7fa - std::backtrace_rs::backtrace::trace_unsynchronized::h2ed7433f370e3eca
[INFO] [stdout]                                at /rustc/df4ca44d3fbc9301ee17f30f4d474e6ae4b05252/library/std/src/../../backtrace/src/backtrace/mod.rs:66:5
[INFO] [stdout]    2:     0x630f9ceca7fa - std::sys::backtrace::_print_fmt::h916fac51166b18d7
[INFO] [stdout]                                at /rustc/df4ca44d3fbc9301ee17f30f4d474e6ae4b05252/library/std/src/sys/backtrace.rs:66:9
[INFO] [stdout]    3:     0x630f9ceca7fa - <std::sys::backtrace::BacktraceLock::print::DisplayBacktrace as core::fmt::Display>::fmt::ha0a4c9b8ce3802e6
[INFO] [stdout]                                at /rustc/df4ca44d3fbc9301ee17f30f4d474e6ae4b05252/library/std/src/sys/backtrace.rs:39:26
[INFO] [stdout]    4:     0x630f9cef0ce3 - core::fmt::rt::Argument::fmt::h4cfc8587d52b3eb5
[INFO] [stdout]                                at /rustc/df4ca44d3fbc9301ee17f30f4d474e6ae4b05252/library/core/src/fmt/rt.rs:177:76
[INFO] [stdout]    5:     0x630f9cef0ce3 - core::fmt::write::h522cc39e5b36ae9f
[INFO] [stdout]                                at /rustc/df4ca44d3fbc9301ee17f30f4d474e6ae4b05252/library/core/src/fmt/mod.rs:1190:21
[INFO] [stdout]    6:     0x630f9cec72c3 - std::io::Write::write_fmt::h7d3c26752da97734
[INFO] [stdout]                                at /rustc/df4ca44d3fbc9301ee17f30f4d474e6ae4b05252/library/std/src/io/mod.rs:1839:15
[INFO] [stdout]    7:     0x630f9ceca642 - std::sys::backtrace::BacktraceLock::print::h4b9e00b29e9c0942
[INFO] [stdout]                                at /rustc/df4ca44d3fbc9301ee17f30f4d474e6ae4b05252/library/std/src/sys/backtrace.rs:42:9
[INFO] [stdout]    8:     0x630f9cecbc8a - std::panicking::default_hook::{{closure}}::hb59b88280d0324d9
[INFO] [stdout]                                at /rustc/df4ca44d3fbc9301ee17f30f4d474e6ae4b05252/library/std/src/panicking.rs:268:22
[INFO] [stdout]    9:     0x630f9cecba94 - std::panicking::default_hook::he1dd496665be4a29
[INFO] [stdout]                                at /rustc/df4ca44d3fbc9301ee17f30f4d474e6ae4b05252/library/std/src/panicking.rs:292:9
[INFO] [stdout]   10:     0x630f9ce956e9 - <alloc::boxed::Box<F,A> as core::ops::function::Fn<Args>>::call::h4ff71de18744e1dc
[INFO] [stdout]                                at /rustc/df4ca44d3fbc9301ee17f30f4d474e6ae4b05252/library/alloc/src/boxed.rs:2468:9
[INFO] [stdout]   11:     0x630f9ce956e9 - test::test_main::{{closure}}::hcf7c055ce117aa81
[INFO] [stdout]                                at /rustc/df4ca44d3fbc9301ee17f30f4d474e6ae4b05252/library/test/src/lib.rs:133:21
[INFO] [stdout]   12:     0x630f9cecc388 - <alloc::boxed::Box<F,A> as core::ops::function::Fn<Args>>::call::h1d66c6bbd60c9692
[INFO] [stdout]                                at /rustc/df4ca44d3fbc9301ee17f30f4d474e6ae4b05252/library/alloc/src/boxed.rs:2468:9
[INFO] [stdout]   13:     0x630f9cecc388 - std::panicking::rust_panic_with_hook::h2ff17fe8f26dfcf8
[INFO] [stdout]                                at /rustc/df4ca44d3fbc9301ee17f30f4d474e6ae4b05252/library/std/src/panicking.rs:809:13
[INFO] [stdout]   14:     0x630f9ce5678b - std::panicking::begin_panic::{{closure}}::h4327dfac749f24c9
[INFO] [stdout]                                at /rustc/df4ca44d3fbc9301ee17f30f4d474e6ae4b05252/library/std/src/panicking.rs:738:9
[INFO] [stdout]   15:     0x630f9ce564e6 - std::sys::backtrace::__rust_end_short_backtrace::hfa08430c554aeed2
[INFO] [stdout]                                at /rustc/df4ca44d3fbc9301ee17f30f4d474e6ae4b05252/library/std/src/sys/backtrace.rs:170:18
[INFO] [stdout]   16:     0x630f9ce56728 - std::panicking::begin_panic::h01b9281a55d1eb02
[INFO] [stdout]                                at /rustc/df4ca44d3fbc9301ee17f30f4d474e6ae4b05252/library/std/src/panicking.rs:737:5
[INFO] [stdout]   17:     0x630f9ce5b70f - compat_python::test_compat_python_suite::h732a9f72f82ea6e6
[INFO] [stdout]                                at /opt/rustwide/workdir/tests/compat_python.rs:14:9
[INFO] [stdout]   18:     0x630f9ce5b047 - compat_python::test_compat_python_suite::{{closure}}::hc54be7e2973efda1
[INFO] [stdout]                                at /opt/rustwide/workdir/tests/compat_python.rs:7:30
[INFO] [stdout]   19:     0x630f9ce56d56 - core::ops::function::FnOnce::call_once::h8c144a6a85fd58a8
[INFO] [stdout]                                at /rustc/df4ca44d3fbc9301ee17f30f4d474e6ae4b05252/library/core/src/ops/function.rs:250:5
[INFO] [stdout]   20:     0x630f9ce99fbb - core::ops::function::FnOnce::call_once::h22c3ba5715e93f05
[INFO] [stdout]                                at /rustc/df4ca44d3fbc9301ee17f30f4d474e6ae4b05252/library/core/src/ops/function.rs:250:5
[INFO] [stdout]   21:     0x630f9ce99fbb - test::__rust_begin_short_backtrace::h8e82d8113d0da17f
[INFO] [stdout]                                at /rustc/df4ca44d3fbc9301ee17f30f4d474e6ae4b05252/library/test/src/lib.rs:621:18
[INFO] [stdout]   22:     0x630f9ce99937 - test::run_test_in_process::{{closure}}::h33235f4f20b7b7c7
[INFO] [stdout]                                at /rustc/df4ca44d3fbc9301ee17f30f4d474e6ae4b05252/library/test/src/lib.rs:644:60
[INFO] [stdout]   23:     0x630f9ce99937 - <core::panic::unwind_safe::AssertUnwindSafe<F> as core::ops::function::FnOnce<()>>::call_once::hb5043206310c586f
[INFO] [stdout]                                at /rustc/df4ca44d3fbc9301ee17f30f4d474e6ae4b05252/library/core/src/panic/unwind_safe.rs:272:9
[INFO] [stdout]   24:     0x630f9ce99937 - std::panicking::try::do_call::h9ad4731a60ab23e2
[INFO] [stdout]                                at /rustc/df4ca44d3fbc9301ee17f30f4d474e6ae4b05252/library/std/src/panicking.rs:557:40
[INFO] [stdout]   25:     0x630f9ce99937 - std::panicking::try::h3824d23db772a716
[INFO] [stdout]                                at /rustc/df4ca44d3fbc9301ee17f30f4d474e6ae4b05252/library/std/src/panicking.rs:520:19
[INFO] [stdout]   26:     0x630f9ce99937 - std::panic::catch_unwind::h5afd514605fde46b
[INFO] [stdout]                                at /rustc/df4ca44d3fbc9301ee17f30f4d474e6ae4b05252/library/std/src/panic.rs:358:14
[INFO] [stdout]   27:     0x630f9ce99937 - test::run_test_in_process::h0d5cbfa7067d1720
[INFO] [stdout]                                at /rustc/df4ca44d3fbc9301ee17f30f4d474e6ae4b05252/library/test/src/lib.rs:644:27
[INFO] [stdout]   28:     0x630f9ce99937 - test::run_test::{{closure}}::h708eb8872708115d
[INFO] [stdout]                                at /rustc/df4ca44d3fbc9301ee17f30f4d474e6ae4b05252/library/test/src/lib.rs:565:43
[INFO] [stdout]   29:     0x630f9ce5d054 - test::run_test::{{closure}}::h392c51cee94713ab
[INFO] [stdout]                                at /rustc/df4ca44d3fbc9301ee17f30f4d474e6ae4b05252/library/test/src/lib.rs:595:41
[INFO] [stdout]   30:     0x630f9ce5d054 - std::sys::backtrace::__rust_begin_short_backtrace::h2f40290710935a8b
[INFO] [stdout]                                at /rustc/df4ca44d3fbc9301ee17f30f4d474e6ae4b05252/library/std/src/sys/backtrace.rs:154:18
[INFO] [stdout]   31:     0x630f9ce607fe - std::thread::Builder::spawn_unchecked_::{{closure}}::{{closure}}::h3fd968d89053a903
[INFO] [stdout]                                at /rustc/df4ca44d3fbc9301ee17f30f4d474e6ae4b05252/library/std/src/thread/mod.rs:541:17
[INFO] [stdout]   32:     0x630f9ce607fe - <core::panic::unwind_safe::AssertUnwindSafe<F> as core::ops::function::FnOnce<()>>::call_once::h743f637ba4229880
[INFO] [stdout]                                at /rustc/df4ca44d3fbc9301ee17f30f4d474e6ae4b05252/library/core/src/panic/unwind_safe.rs:272:9
[INFO] [stdout]   33:     0x630f9ce607fe - std::panicking::try::do_call::h07440897322525a6
[INFO] [stdout]                                at /rustc/df4ca44d3fbc9301ee17f30f4d474e6ae4b05252/library/std/src/panicking.rs:557:40
[INFO] [stdout]   34:     0x630f9ce607fe - std::panicking::try::he5a2e00188156637
[INFO] [stdout]                                at /rustc/df4ca44d3fbc9301ee17f30f4d474e6ae4b05252/library/std/src/panicking.rs:520:19
[INFO] [stdout]   35:     0x630f9ce607fe - std::panic::catch_unwind::hbaf3cae49b3c6433
[INFO] [stdout]                                at /rustc/df4ca44d3fbc9301ee17f30f4d474e6ae4b05252/library/std/src/panic.rs:358:14
[INFO] [stdout]   36:     0x630f9ce607fe - std::thread::Builder::spawn_unchecked_::{{closure}}::h8e141ea224820bce
[INFO] [stdout]                                at /rustc/df4ca44d3fbc9301ee17f30f4d474e6ae4b05252/library/std/src/thread/mod.rs:540:30
[INFO] [stdout]   37:     0x630f9ce607fe - core::ops::function::FnOnce::call_once{{vtable.shim}}::h90d312fedd7b8ea8
[INFO] [stdout]                                at /rustc/df4ca44d3fbc9301ee17f30f4d474e6ae4b05252/library/core/src/ops/function.rs:250:5
[INFO] [stdout]   38:     0x630f9ced018b - <alloc::boxed::Box<F,A> as core::ops::function::FnOnce<Args>>::call_once::h69aa08ddb6adb8b6
[INFO] [stdout]                                at /rustc/df4ca44d3fbc9301ee17f30f4d474e6ae4b05252/library/alloc/src/boxed.rs:2454:9
[INFO] [stdout]   39:     0x630f9ced018b - <alloc::boxed::Box<F,A> as core::ops::function::FnOnce<Args>>::call_once::h5aa36efdb79c806f
[INFO] [stdout]                                at /rustc/df4ca44d3fbc9301ee17f30f4d474e6ae4b05252/library/alloc/src/boxed.rs:2454:9
[INFO] [stdout]   40:     0x630f9ced018b - std::sys::pal::unix::thread::Thread::new::thread_start::h6cd80a1b4be5158d
[INFO] [stdout]                                at /rustc/df4ca44d3fbc9301ee17f30f4d474e6ae4b05252/library/std/src/sys/pal/unix/thread.rs:105:17
[INFO] [stdout]   41:     0x777759c41ac3 - <unknown>
[INFO] [stdout]   42:     0x777759cd2a04 - clone
[INFO] [stdout]   43:                0x0 - <unknown>
[INFO] [stdout] 
[INFO] [stdout] 
[INFO] [stdout] failures:
[INFO] [stdout]     test_compat_python_suite
[INFO] [stdout] 
[INFO] [stdout] test result: FAILED. 0 passed; 1 failed; 0 ignored; 0 measured; 0 filtered out; finished in 0.06s
[INFO] [stdout] 
[INFO] [stderr] error: test failed, to rerun pass `--test compat_python`
[INFO] running `Command { std: "docker" "inspect" "797c6fb5a3706739ef993d8e9181ac559b8cee9e4d5086fcad0d910281c652c1", kill_on_drop: false }`
[INFO] running `Command { std: "docker" "rm" "-f" "797c6fb5a3706739ef993d8e9181ac559b8cee9e4d5086fcad0d910281c652c1", kill_on_drop: false }`
[INFO] [stdout] 797c6fb5a3706739ef993d8e9181ac559b8cee9e4d5086fcad0d910281c652c1
