[INFO] fetching crate unwrap_helpers_proc_macros 0.1.1...
[INFO] testing unwrap_helpers_proc_macros-0.1.1 against nightly-2024-10-28 for randomize-layout
[INFO] extracting crate unwrap_helpers_proc_macros 0.1.1 into /workspace/builds/worker-5-tc1/source
[INFO] validating manifest of crates.io crate unwrap_helpers_proc_macros 0.1.1 on toolchain nightly-2024-10-28
[INFO] running `Command { std: CARGO_HOME="/workspace/cargo-home" RUSTUP_HOME="/workspace/rustup-home" "/workspace/cargo-home/bin/cargo" "+nightly-2024-10-28" "metadata" "--manifest-path" "Cargo.toml" "--no-deps", kill_on_drop: false }`
[INFO] started tweaking crates.io crate unwrap_helpers_proc_macros 0.1.1
[INFO] finished tweaking crates.io crate unwrap_helpers_proc_macros 0.1.1
[INFO] tweaked toml for crates.io crate unwrap_helpers_proc_macros 0.1.1 written to /workspace/builds/worker-5-tc1/source/Cargo.toml
[INFO] running `Command { std: CARGO_HOME="/workspace/cargo-home" RUSTUP_HOME="/workspace/rustup-home" "/workspace/cargo-home/bin/cargo" "+nightly-2024-10-28" "generate-lockfile" "--manifest-path" "Cargo.toml", kill_on_drop: false }`
[INFO] [stderr]     Updating crates.io index
[INFO] [stderr]      Locking 4 packages to latest compatible versions
[INFO] [stderr]       Adding syn v1.0.109 (available: v2.0.86)
[INFO] running `Command { std: CARGO_HOME="/workspace/cargo-home" RUSTUP_HOME="/workspace/rustup-home" "/workspace/cargo-home/bin/cargo" "+nightly-2024-10-28" "fetch" "--manifest-path" "Cargo.toml", kill_on_drop: false }`
[INFO] running `Command { std: "docker" "create" "-v" "/var/lib/crater-agent-workspace/builds/worker-5-tc1/target:/opt/rustwide/target:rw,Z" "-v" "/var/lib/crater-agent-workspace/builds/worker-5-tc1/source:/opt/rustwide/workdir:ro,Z" "-v" "/var/lib/crater-agent-workspace/cargo-home:/opt/rustwide/cargo-home:ro,Z" "-v" "/var/lib/crater-agent-workspace/rustup-home:/opt/rustwide/rustup-home:ro,Z" "-e" "SOURCE_DIR=/opt/rustwide/workdir" "-e" "CARGO_TARGET_DIR=/opt/rustwide/target" "-e" "CARGO_HOME=/opt/rustwide/cargo-home" "-e" "RUSTUP_HOME=/opt/rustwide/rustup-home" "-w" "/opt/rustwide/workdir" "-m" "1610612736" "--user" "0:0" "--network" "none" "ghcr.io/rust-lang/crates-build-env/linux@sha256:4a844ea9eb2546a2d2c7022eacef16ef2e8229c7fbb2c7d4d55a9ceca922f72d" "/opt/rustwide/cargo-home/bin/cargo" "+nightly-2024-10-28" "metadata" "--no-deps" "--format-version=1", kill_on_drop: false }`
[INFO] [stdout] c25976444e81dcbcc4c6c9cf489a1f33264d2a24b164387fe817aa37b3b02f3b
[INFO] running `Command { std: "docker" "start" "-a" "c25976444e81dcbcc4c6c9cf489a1f33264d2a24b164387fe817aa37b3b02f3b", kill_on_drop: false }`
[INFO] running `Command { std: "docker" "inspect" "c25976444e81dcbcc4c6c9cf489a1f33264d2a24b164387fe817aa37b3b02f3b", kill_on_drop: false }`
[INFO] running `Command { std: "docker" "rm" "-f" "c25976444e81dcbcc4c6c9cf489a1f33264d2a24b164387fe817aa37b3b02f3b", kill_on_drop: false }`
[INFO] [stdout] c25976444e81dcbcc4c6c9cf489a1f33264d2a24b164387fe817aa37b3b02f3b
[INFO] running `Command { std: "docker" "create" "-v" "/var/lib/crater-agent-workspace/builds/worker-5-tc1/target:/opt/rustwide/target:rw,Z" "-v" "/var/lib/crater-agent-workspace/builds/worker-5-tc1/source:/opt/rustwide/workdir:ro,Z" "-v" "/var/lib/crater-agent-workspace/cargo-home:/opt/rustwide/cargo-home:ro,Z" "-v" "/var/lib/crater-agent-workspace/rustup-home:/opt/rustwide/rustup-home:ro,Z" "-e" "SOURCE_DIR=/opt/rustwide/workdir" "-e" "CARGO_TARGET_DIR=/opt/rustwide/target" "-e" "CARGO_INCREMENTAL=0" "-e" "RUST_BACKTRACE=full" "-e" "RUSTFLAGS=--cap-lints=forbid" "-e" "RUSTDOCFLAGS=--cap-lints=forbid" "-e" "CARGO_HOME=/opt/rustwide/cargo-home" "-e" "RUSTUP_HOME=/opt/rustwide/rustup-home" "-w" "/opt/rustwide/workdir" "-m" "1610612736" "--user" "0:0" "--network" "none" "ghcr.io/rust-lang/crates-build-env/linux@sha256:4a844ea9eb2546a2d2c7022eacef16ef2e8229c7fbb2c7d4d55a9ceca922f72d" "/opt/rustwide/cargo-home/bin/cargo" "+nightly-2024-10-28" "build" "--frozen" "--message-format=json", kill_on_drop: false }`
[INFO] [stdout] 2138e4d021c621397ee11bbb72a88116095be43fc8587bfbb93fee81b5f425d9
[INFO] running `Command { std: "docker" "start" "-a" "2138e4d021c621397ee11bbb72a88116095be43fc8587bfbb93fee81b5f425d9", kill_on_drop: false }`
[INFO] [stderr]    Compiling proc-macro2 v1.0.89
[INFO] [stderr]    Compiling quote v1.0.37
[INFO] [stderr]    Compiling syn v1.0.109
[INFO] [stderr]    Compiling unwrap_helpers_proc_macros v0.1.1 (/opt/rustwide/workdir)
[INFO] [stderr]     Finished `dev` profile [unoptimized + debuginfo] target(s) in 3.56s
[INFO] running `Command { std: "docker" "inspect" "2138e4d021c621397ee11bbb72a88116095be43fc8587bfbb93fee81b5f425d9", kill_on_drop: false }`
[INFO] running `Command { std: "docker" "rm" "-f" "2138e4d021c621397ee11bbb72a88116095be43fc8587bfbb93fee81b5f425d9", kill_on_drop: false }`
[INFO] [stdout] 2138e4d021c621397ee11bbb72a88116095be43fc8587bfbb93fee81b5f425d9
[INFO] running `Command { std: "docker" "create" "-v" "/var/lib/crater-agent-workspace/builds/worker-5-tc1/target:/opt/rustwide/target:rw,Z" "-v" "/var/lib/crater-agent-workspace/builds/worker-5-tc1/source:/opt/rustwide/workdir:ro,Z" "-v" "/var/lib/crater-agent-workspace/cargo-home:/opt/rustwide/cargo-home:ro,Z" "-v" "/var/lib/crater-agent-workspace/rustup-home:/opt/rustwide/rustup-home:ro,Z" "-e" "SOURCE_DIR=/opt/rustwide/workdir" "-e" "CARGO_TARGET_DIR=/opt/rustwide/target" "-e" "CARGO_INCREMENTAL=0" "-e" "RUST_BACKTRACE=full" "-e" "RUSTFLAGS=--cap-lints=forbid" "-e" "RUSTDOCFLAGS=--cap-lints=forbid" "-e" "CARGO_HOME=/opt/rustwide/cargo-home" "-e" "RUSTUP_HOME=/opt/rustwide/rustup-home" "-w" "/opt/rustwide/workdir" "-m" "1610612736" "--user" "0:0" "--network" "none" "ghcr.io/rust-lang/crates-build-env/linux@sha256:4a844ea9eb2546a2d2c7022eacef16ef2e8229c7fbb2c7d4d55a9ceca922f72d" "/opt/rustwide/cargo-home/bin/cargo" "+nightly-2024-10-28" "test" "--frozen" "--no-run" "--message-format=json", kill_on_drop: false }`
[INFO] [stdout] 9c564208fe49d24a404f1848f102f58be2c191f9043f253a9ea4774a8e9d06a0
[INFO] running `Command { std: "docker" "start" "-a" "9c564208fe49d24a404f1848f102f58be2c191f9043f253a9ea4774a8e9d06a0", kill_on_drop: false }`
[INFO] [stderr]    Compiling unwrap_helpers_proc_macros v0.1.1 (/opt/rustwide/workdir)
[INFO] [stderr]     Finished `test` profile [unoptimized + debuginfo] target(s) in 0.21s
[INFO] running `Command { std: "docker" "inspect" "9c564208fe49d24a404f1848f102f58be2c191f9043f253a9ea4774a8e9d06a0", kill_on_drop: false }`
[INFO] running `Command { std: "docker" "rm" "-f" "9c564208fe49d24a404f1848f102f58be2c191f9043f253a9ea4774a8e9d06a0", kill_on_drop: false }`
[INFO] [stdout] 9c564208fe49d24a404f1848f102f58be2c191f9043f253a9ea4774a8e9d06a0
[INFO] running `Command { std: "docker" "create" "-v" "/var/lib/crater-agent-workspace/builds/worker-5-tc1/target:/opt/rustwide/target:rw,Z" "-v" "/var/lib/crater-agent-workspace/builds/worker-5-tc1/source:/opt/rustwide/workdir:ro,Z" "-v" "/var/lib/crater-agent-workspace/cargo-home:/opt/rustwide/cargo-home:ro,Z" "-v" "/var/lib/crater-agent-workspace/rustup-home:/opt/rustwide/rustup-home:ro,Z" "-e" "SOURCE_DIR=/opt/rustwide/workdir" "-e" "CARGO_TARGET_DIR=/opt/rustwide/target" "-e" "CARGO_INCREMENTAL=0" "-e" "RUST_BACKTRACE=full" "-e" "RUSTFLAGS=--cap-lints=forbid" "-e" "RUSTDOCFLAGS=--cap-lints=forbid" "-e" "CARGO_HOME=/opt/rustwide/cargo-home" "-e" "RUSTUP_HOME=/opt/rustwide/rustup-home" "-w" "/opt/rustwide/workdir" "-m" "1610612736" "--user" "0:0" "--network" "none" "ghcr.io/rust-lang/crates-build-env/linux@sha256:4a844ea9eb2546a2d2c7022eacef16ef2e8229c7fbb2c7d4d55a9ceca922f72d" "/opt/rustwide/cargo-home/bin/cargo" "+nightly-2024-10-28" "test" "--frozen", kill_on_drop: false }`
[INFO] [stdout] 39d7ee4e4c9a9baac31906efbd379c2c0b229d791c34bb627ed37e98ebe0c703
[INFO] running `Command { std: "docker" "start" "-a" "39d7ee4e4c9a9baac31906efbd379c2c0b229d791c34bb627ed37e98ebe0c703", kill_on_drop: false }`
[INFO] [stderr]     Finished `test` profile [unoptimized + debuginfo] target(s) in 0.01s
[INFO] [stderr]      Running unittests src/lib.rs (/opt/rustwide/target/debug/deps/unwrap_helpers_proc_macros-49152d0a6ec97bde)
[INFO] [stdout] 
[INFO] [stdout] running 0 tests
[INFO] [stdout] 
[INFO] [stdout] test result: ok. 0 passed; 0 failed; 0 ignored; 0 measured; 0 filtered out; finished in 0.00s
[INFO] [stdout] 
[INFO] [stderr]    Doc-tests unwrap_helpers_proc_macros
[INFO] [stdout] 
[INFO] [stdout] running 2 tests
[INFO] [stdout] test src/lib.rs - unwrap_or_return (line 14) ... FAILED
[INFO] [stdout] test src/lib.rs - unwrap_or_return (line 28) ... FAILED
[INFO] [stdout] 
[INFO] [stdout] failures:
[INFO] [stdout] 
[INFO] [stdout] ---- src/lib.rs - unwrap_or_return (line 14) stdout ----
[INFO] [stdout] error: cannot find macro `unwrap_or_return` in this scope
[INFO] [stdout]  --> src/lib.rs:16:12
[INFO] [stdout]   |
[INFO] [stdout] 4 |     return unwrap_or_return!(value, 0);
[INFO] [stdout]   |            ^^^^^^^^^^^^^^^^
[INFO] [stdout]   |
[INFO] [stdout] help: consider importing this macro
[INFO] [stdout]   |
[INFO] [stdout] 2 + use unwrap_helpers_proc_macros::unwrap_or_return;
[INFO] [stdout]   |
[INFO] [stdout] 
[INFO] [stdout] error: aborting due to 1 previous error
[INFO] [stdout] 
[INFO] [stdout] Couldn't compile the test.
[INFO] [stdout] ---- src/lib.rs - unwrap_or_return (line 28) stdout ----
[INFO] [stdout] error: cannot find macro `unwrap_or_return` in this scope
[INFO] [stdout]  --> src/lib.rs:29:1
[INFO] [stdout]   |
[INFO] [stdout] 3 | unwrap_or_return!(None, |x| println("{}", x), 12)
[INFO] [stdout]   | ^^^^^^^^^^^^^^^^
[INFO] [stdout]   |
[INFO] [stdout] help: consider importing this macro
[INFO] [stdout]   |
[INFO] [stdout] 2 + use unwrap_helpers_proc_macros::unwrap_or_return;
[INFO] [stdout]   |
[INFO] [stdout] 
[INFO] [stdout] error: aborting due to 1 previous error
[INFO] [stdout] 
[INFO] [stdout] Couldn't compile the test.
[INFO] [stdout] 
[INFO] [stdout] failures:
[INFO] [stdout]     src/lib.rs - unwrap_or_return (line 14)
[INFO] [stdout]     src/lib.rs - unwrap_or_return (line 28)
[INFO] [stdout] 
[INFO] [stdout] test result: FAILED. 0 passed; 2 failed; 0 ignored; 0 measured; 0 filtered out; finished in 0.06s
[INFO] [stdout] 
[INFO] [stderr] error: doctest failed, to rerun pass `--doc`
[INFO] running `Command { std: "docker" "inspect" "39d7ee4e4c9a9baac31906efbd379c2c0b229d791c34bb627ed37e98ebe0c703", kill_on_drop: false }`
[INFO] running `Command { std: "docker" "rm" "-f" "39d7ee4e4c9a9baac31906efbd379c2c0b229d791c34bb627ed37e98ebe0c703", kill_on_drop: false }`
[INFO] [stdout] 39d7ee4e4c9a9baac31906efbd379c2c0b229d791c34bb627ed37e98ebe0c703
