[INFO] fetching crate unitycatalog-rs 0.0.1...
[INFO] testing unitycatalog-rs-0.0.1 against nightly-2024-10-28+rustflags=-Zrandomize-layout for randomize-layout
[INFO] extracting crate unitycatalog-rs 0.0.1 into /workspace/builds/worker-2-tc2/source
[INFO] validating manifest of crates.io crate unitycatalog-rs 0.0.1 on toolchain nightly-2024-10-28
[INFO] running `Command { std: CARGO_HOME="/workspace/cargo-home" RUSTUP_HOME="/workspace/rustup-home" "/workspace/cargo-home/bin/cargo" "+nightly-2024-10-28" "metadata" "--manifest-path" "Cargo.toml" "--no-deps", kill_on_drop: false }`
[INFO] started tweaking crates.io crate unitycatalog-rs 0.0.1
[INFO] finished tweaking crates.io crate unitycatalog-rs 0.0.1
[INFO] tweaked toml for crates.io crate unitycatalog-rs 0.0.1 written to /workspace/builds/worker-2-tc2/source/Cargo.toml
[INFO] running `Command { std: CARGO_HOME="/workspace/cargo-home" RUSTUP_HOME="/workspace/rustup-home" "/workspace/cargo-home/bin/cargo" "+nightly-2024-10-28" "generate-lockfile" "--manifest-path" "Cargo.toml", kill_on_drop: false }`
[INFO] [stderr]     Updating crates.io index
[INFO] [stderr]      Locking 180 packages to latest compatible versions
[INFO] running `Command { std: CARGO_HOME="/workspace/cargo-home" RUSTUP_HOME="/workspace/rustup-home" "/workspace/cargo-home/bin/cargo" "+nightly-2024-10-28" "fetch" "--manifest-path" "Cargo.toml", kill_on_drop: false }`
[INFO] running `Command { std: "docker" "create" "-v" "/var/lib/crater-agent-workspace/builds/worker-2-tc2/target:/opt/rustwide/target:rw,Z" "-v" "/var/lib/crater-agent-workspace/builds/worker-2-tc2/source:/opt/rustwide/workdir:ro,Z" "-v" "/var/lib/crater-agent-workspace/cargo-home:/opt/rustwide/cargo-home:ro,Z" "-v" "/var/lib/crater-agent-workspace/rustup-home:/opt/rustwide/rustup-home:ro,Z" "-e" "SOURCE_DIR=/opt/rustwide/workdir" "-e" "CARGO_TARGET_DIR=/opt/rustwide/target" "-e" "CARGO_HOME=/opt/rustwide/cargo-home" "-e" "RUSTUP_HOME=/opt/rustwide/rustup-home" "-w" "/opt/rustwide/workdir" "-m" "1610612736" "--user" "0:0" "--network" "none" "ghcr.io/rust-lang/crates-build-env/linux@sha256:4a844ea9eb2546a2d2c7022eacef16ef2e8229c7fbb2c7d4d55a9ceca922f72d" "/opt/rustwide/cargo-home/bin/cargo" "+nightly-2024-10-28" "metadata" "--no-deps" "--format-version=1", kill_on_drop: false }`
[INFO] [stdout] 8182219ea4d1416601644462e442125048828d5647b02e2a3297029e5d507b83
[INFO] running `Command { std: "docker" "start" "-a" "8182219ea4d1416601644462e442125048828d5647b02e2a3297029e5d507b83", kill_on_drop: false }`
[INFO] running `Command { std: "docker" "inspect" "8182219ea4d1416601644462e442125048828d5647b02e2a3297029e5d507b83", kill_on_drop: false }`
[INFO] running `Command { std: "docker" "rm" "-f" "8182219ea4d1416601644462e442125048828d5647b02e2a3297029e5d507b83", kill_on_drop: false }`
[INFO] [stdout] 8182219ea4d1416601644462e442125048828d5647b02e2a3297029e5d507b83
[INFO] running `Command { std: "docker" "create" "-v" "/var/lib/crater-agent-workspace/builds/worker-2-tc2/target:/opt/rustwide/target:rw,Z" "-v" "/var/lib/crater-agent-workspace/builds/worker-2-tc2/source:/opt/rustwide/workdir:ro,Z" "-v" "/var/lib/crater-agent-workspace/cargo-home:/opt/rustwide/cargo-home:ro,Z" "-v" "/var/lib/crater-agent-workspace/rustup-home:/opt/rustwide/rustup-home:ro,Z" "-e" "SOURCE_DIR=/opt/rustwide/workdir" "-e" "CARGO_TARGET_DIR=/opt/rustwide/target" "-e" "CARGO_INCREMENTAL=0" "-e" "RUST_BACKTRACE=full" "-e" "RUSTFLAGS=--cap-lints=forbid -Zrandomize-layout" "-e" "RUSTDOCFLAGS=--cap-lints=forbid" "-e" "CARGO_HOME=/opt/rustwide/cargo-home" "-e" "RUSTUP_HOME=/opt/rustwide/rustup-home" "-w" "/opt/rustwide/workdir" "-m" "1610612736" "--user" "0:0" "--network" "none" "ghcr.io/rust-lang/crates-build-env/linux@sha256:4a844ea9eb2546a2d2c7022eacef16ef2e8229c7fbb2c7d4d55a9ceca922f72d" "/opt/rustwide/cargo-home/bin/cargo" "+nightly-2024-10-28" "build" "--frozen" "--message-format=json", kill_on_drop: false }`
[INFO] [stdout] d013738237af154c57690acc8fe4fdc413f1e36836228f28abd99604ce20278e
[INFO] running `Command { std: "docker" "start" "-a" "d013738237af154c57690acc8fe4fdc413f1e36836228f28abd99604ce20278e", kill_on_drop: false }`
[INFO] [stderr]    Compiling ident_case v1.0.1
[INFO] [stderr]    Compiling syn v2.0.86
[INFO] [stderr]    Compiling tokio v1.41.0
[INFO] [stderr]    Compiling strsim v0.11.1
[INFO] [stderr]    Compiling rustversion v1.0.18
[INFO] [stderr]    Compiling darling_core v0.20.10
[INFO] [stderr]    Compiling tokio-util v0.7.12
[INFO] [stderr]    Compiling tracing-attributes v0.1.27
[INFO] [stderr]    Compiling openssl-macros v0.1.1
[INFO] [stderr]    Compiling serde_derive v1.0.214
[INFO] [stderr]    Compiling thiserror-impl v1.0.66
[INFO] [stderr]    Compiling strum_macros v0.26.4
[INFO] [stderr]    Compiling openssl v0.10.68
[INFO] [stderr]    Compiling tracing v0.1.40
[INFO] [stderr]    Compiling h2 v0.4.6
[INFO] [stderr]    Compiling thiserror v1.0.66
[INFO] [stderr]    Compiling darling_macro v0.20.10
[INFO] [stderr]    Compiling strum v0.26.3
[INFO] [stderr]    Compiling darling v0.20.10
[INFO] [stderr]    Compiling derive_builder_core v0.20.2
[INFO] [stderr]    Compiling derive_builder_macro v0.20.2
[INFO] [stderr]    Compiling serde v1.0.214
[INFO] [stderr]    Compiling derive_builder v0.20.2
[INFO] [stderr]    Compiling native-tls v0.2.12
[INFO] [stderr]    Compiling tokio-native-tls v0.3.1
[INFO] [stderr]    Compiling hyper v1.5.0
[INFO] [stderr]    Compiling hyper-util v0.1.10
[INFO] [stderr]    Compiling serde_json v1.0.132
[INFO] [stderr]    Compiling serde_urlencoded v0.7.1
[INFO] [stderr]    Compiling hyper-tls v0.6.0
[INFO] [stderr]    Compiling reqwest v0.12.9
[INFO] [stderr]    Compiling unitycatalog-rs v0.0.1 (/opt/rustwide/workdir)
[INFO] [stdout] warning: struct `RequestClient` is never constructed
[INFO] [stdout]  --> src/request.rs:7:12
[INFO] [stdout]   |
[INFO] [stdout] 7 | pub struct RequestClient {
[INFO] [stdout]   |            ^^^^^^^^^^^^^
[INFO] [stdout]   |
[INFO] [stdout]   = note: `#[warn(dead_code)]` on by default
[INFO] [stdout] 
[INFO] [stdout] 
[INFO] [stdout] warning: multiple variants are never constructed
[INFO] [stdout]   --> src/errors.rs:6:5
[INFO] [stdout]    |
[INFO] [stdout] 4  | pub enum UCRSError {
[INFO] [stdout]    |          --------- variants in this enum
[INFO] [stdout] 5  |     #[error("Malformed URL")]
[INFO] [stdout] 6  |     MalformedURL(#[source] url::ParseError),
[INFO] [stdout]    |     ^^^^^^^^^^^^
[INFO] [stdout] 7  |     #[error("Error building client")]
[INFO] [stdout] 8  |     ClientBuildError(#[source] reqwest::Error),
[INFO] [stdout]    |     ^^^^^^^^^^^^^^^^
[INFO] [stdout] 9  |     #[error("Error formatting request body")]
[INFO] [stdout] 10 |     JSONFormattingError(#[source] serde_json::Error),
[INFO] [stdout]    |     ^^^^^^^^^^^^^^^^^^^
[INFO] [stdout] 11 |     #[error("Request error")]
[INFO] [stdout] 12 |     RequestError(#[source] reqwest::Error),
[INFO] [stdout]    |     ^^^^^^^^^^^^
[INFO] [stdout] 13 |     #[error("Request error with response")]
[INFO] [stdout] 14 |     RequestErrorWithResponse(#[source] reqwest::Error, String),
[INFO] [stdout]    |     ^^^^^^^^^^^^^^^^^^^^^^^^
[INFO] [stdout] 15 |     #[error("JSON Parsing error")]
[INFO] [stdout] 16 |     JSONParsingError(#[source] reqwest::Error),
[INFO] [stdout]    |     ^^^^^^^^^^^^^^^^
[INFO] [stdout] 17 |     #[error("Duplicate Catalog name")]
[INFO] [stdout] 18 |     DuplicateCatalogName(String),
[INFO] [stdout]    |     ^^^^^^^^^^^^^^^^^^^^
[INFO] [stdout] 19 |     #[error("Duplicate Schema")]
[INFO] [stdout] 20 |     DuplicateSchemaName(String),
[INFO] [stdout]    |     ^^^^^^^^^^^^^^^^^^^
[INFO] [stdout] 21 |     #[error("Duplicate table name")]
[INFO] [stdout] 22 |     DuplicateTableName(String),
[INFO] [stdout]    |     ^^^^^^^^^^^^^^^^^^
[INFO] [stdout] 23 |     #[error("Catalog not found")]
[INFO] [stdout] 24 |     CatalogNotFound(String),
[INFO] [stdout]    |     ^^^^^^^^^^^^^^^
[INFO] [stdout] 25 |     #[error("Schema not found")]
[INFO] [stdout] 26 |     SchemaNotFound(String),
[INFO] [stdout]    |     ^^^^^^^^^^^^^^
[INFO] [stdout] 27 |     #[error("Table not found")]
[INFO] [stdout] 28 |     TableNotFound(String)
[INFO] [stdout]    |     ^^^^^^^^^^^^^
[INFO] [stdout]    |
[INFO] [stdout]    = note: `UCRSError` has a derived impl for the trait `Debug`, but this is intentionally ignored during dead code analysis
[INFO] [stdout] 
[INFO] [stdout] 
[INFO] [stdout] warning: type alias `UCRSResult` is never used
[INFO] [stdout]   --> src/errors.rs:31:10
[INFO] [stdout]    |
[INFO] [stdout] 31 | pub type UCRSResult<T> = Result<T, UCRSError>;
[INFO] [stdout]    |          ^^^^^^^^^^
[INFO] [stdout] 
[INFO] [stdout] 
[INFO] [stdout] warning: struct `CatalogsClient` is never constructed
[INFO] [stdout]  --> src/oss/api/catalogs.rs:8:12
[INFO] [stdout]   |
[INFO] [stdout] 8 | pub struct CatalogsClient<'a> {
[INFO] [stdout]   |            ^^^^^^^^^^^^^^
[INFO] [stdout] 
[INFO] [stdout] 
[INFO] [stdout] warning: associated items `new`, `list`, `create`, `get`, `delete`, and `update` are never used
[INFO] [stdout]   --> src/oss/api/catalogs.rs:13:12
[INFO] [stdout]    |
[INFO] [stdout] 12 | impl<'a> CatalogsClient<'a> {
[INFO] [stdout]    | --------------------------- associated items in this implementation
[INFO] [stdout] 13 |     pub fn new(client: &'a RequestClient) -> Self {
[INFO] [stdout]    |            ^^^
[INFO] [stdout] ...
[INFO] [stdout] 17 |     pub async fn list(&self, page_token:Option<String>, max_results: Option<i32>) -> UCRSResult<ListCatalogResponse> {
[INFO] [stdout]    |                  ^^^^
[INFO] [stdout] ...
[INFO] [stdout] 29 |     pub async fn create(&self, props: CreateCatalog) -> UCRSResult<CatalogInfo> {
[INFO] [stdout]    |                  ^^^^^^
[INFO] [stdout] ...
[INFO] [stdout] 44 |     pub async fn get(&self, name: &str) -> UCRSResult<CatalogInfo> {
[INFO] [stdout]    |                  ^^^
[INFO] [stdout] ...
[INFO] [stdout] 59 |     pub async fn delete(&self, name: &str, force: bool) -> UCRSResult<()> {
[INFO] [stdout]    |                  ^^^^^^
[INFO] [stdout] ...
[INFO] [stdout] 79 |     pub async fn update(&self, name: &str, update_props: UpdateCatalog)
[INFO] [stdout]    |                  ^^^^^^
[INFO] [stdout] 
[INFO] [stdout] 
[INFO] [stdout] warning: struct `SchemasClient` is never constructed
[INFO] [stdout]  --> src/oss/api/schemas.rs:8:12
[INFO] [stdout]   |
[INFO] [stdout] 8 | pub struct SchemasClient<'a> {
[INFO] [stdout]   |            ^^^^^^^^^^^^^
[INFO] [stdout] 
[INFO] [stdout] 
[INFO] [stdout] warning: multiple associated items are never used
[INFO] [stdout]   --> src/oss/api/schemas.rs:13:12
[INFO] [stdout]    |
[INFO] [stdout] 12 | impl<'a> SchemasClient<'a> {
[INFO] [stdout]    | -------------------------- associated items in this implementation
[INFO] [stdout] 13 |     pub fn new(client: &'a RequestClient) -> Self {
[INFO] [stdout]    |            ^^^
[INFO] [stdout] ...
[INFO] [stdout] 17 |     pub fn full_name(catalog_name: &str, name: &str) -> String {
[INFO] [stdout]    |            ^^^^^^^^^
[INFO] [stdout] ...
[INFO] [stdout] 21 |     pub async fn list(&self, catalog_name: &str, page_token: Option<String>, max_results: Option<i32>) -> UCRSResult<ListSchemasResponse> {
[INFO] [stdout]    |                  ^^^^
[INFO] [stdout] ...
[INFO] [stdout] 34 |     pub async fn create(&self, props: CreateSchema) -> UCRSResult<SchemaInfo> {
[INFO] [stdout]    |                  ^^^^^^
[INFO] [stdout] ...
[INFO] [stdout] 49 |     pub async fn get(&self, full_name: &str) -> UCRSResult<SchemaInfo> {
[INFO] [stdout]    |                  ^^^
[INFO] [stdout] ...
[INFO] [stdout] 64 |     pub async fn delete(&self, full_name: &str, force: bool) -> UCRSResult<()> {
[INFO] [stdout]    |                  ^^^^^^
[INFO] [stdout] ...
[INFO] [stdout] 84 |     pub async fn update(&self, full_name: &str, update_props: UpdateSchema)
[INFO] [stdout]    |                  ^^^^^^
[INFO] [stdout] 
[INFO] [stdout] 
[INFO] [stdout] warning: struct `TablesClient` is never constructed
[INFO] [stdout]  --> src/oss/api/tables.rs:8:12
[INFO] [stdout]   |
[INFO] [stdout] 8 | pub struct TablesClient<'a> {
[INFO] [stdout]   |            ^^^^^^^^^^^^
[INFO] [stdout] 
[INFO] [stdout] 
[INFO] [stdout] warning: associated items `new`, `full_name`, `list`, `create`, `get`, and `delete` are never used
[INFO] [stdout]   --> src/oss/api/tables.rs:13:12
[INFO] [stdout]    |
[INFO] [stdout] 12 | impl <'a> TablesClient<'a> {
[INFO] [stdout]    | -------------------------- associated items in this implementation
[INFO] [stdout] 13 |     pub fn new(client: &'a RequestClient) -> Self {
[INFO] [stdout]    |            ^^^
[INFO] [stdout] ...
[INFO] [stdout] 17 |     pub fn full_name(catalog_name: &str, schema_name: &str, name: &str) -> String {
[INFO] [stdout]    |            ^^^^^^^^^
[INFO] [stdout] ...
[INFO] [stdout] 21 |     pub async fn list(&self, catalog_name: &str, schema_name: &str, page_token:Option<String>, max_results: Option<i32>) -> UCRSResult<Li...
[INFO] [stdout]    |                  ^^^^
[INFO] [stdout] ...
[INFO] [stdout] 36 |     pub async fn create(&self, props: CreateTable) -> UCRSResult<TableInfo> {
[INFO] [stdout]    |                  ^^^^^^
[INFO] [stdout] ...
[INFO] [stdout] 51 |     pub async fn get(&self, full_name: &str) -> UCRSResult<TableInfo> {
[INFO] [stdout]    |                  ^^^
[INFO] [stdout] ...
[INFO] [stdout] 66 |     pub async fn delete(&self, full_name: &str) -> UCRSResult<()> {
[INFO] [stdout]    |                  ^^^^^^
[INFO] [stdout] 
[INFO] [stdout] 
[INFO] [stdout] warning: associated function `builder` is never used
[INFO] [stdout]    --> src/oss/api/tables.rs:142:12
[INFO] [stdout]     |
[INFO] [stdout] 141 | impl ColumnInfo {
[INFO] [stdout]     | --------------- associated function in this implementation
[INFO] [stdout] 142 |     pub fn builder() -> ColumnInfoBuilder {
[INFO] [stdout]     |            ^^^^^^^
[INFO] [stdout] 
[INFO] [stdout] 
[INFO] [stdout] warning: method `generate_type_json` is never used
[INFO] [stdout]    --> src/oss/api/tables.rs:148:12
[INFO] [stdout]     |
[INFO] [stdout] 147 | impl ColumnInfoBuilder {
[INFO] [stdout]     | ---------------------- method in this implementation
[INFO] [stdout] 148 |     pub fn generate_type_json(&mut self) -> &mut Self {
[INFO] [stdout]     |            ^^^^^^^^^^^^^^^^^^
[INFO] [stdout] 
[INFO] [stdout] 
[INFO] [stdout] warning: associated function `builder` is never used
[INFO] [stdout]    --> src/oss/api/tables.rs:237:12
[INFO] [stdout]     |
[INFO] [stdout] 236 | impl CreateTable {
[INFO] [stdout]     | ---------------- associated function in this implementation
[INFO] [stdout] 237 |     pub fn builder() -> CreateTableBuilder {
[INFO] [stdout]     |            ^^^^^^^
[INFO] [stdout] 
[INFO] [stdout] 
[INFO] [stderr]     Finished `dev` profile [unoptimized + debuginfo] target(s) in 15.55s
[INFO] running `Command { std: "docker" "inspect" "d013738237af154c57690acc8fe4fdc413f1e36836228f28abd99604ce20278e", kill_on_drop: false }`
[INFO] running `Command { std: "docker" "rm" "-f" "d013738237af154c57690acc8fe4fdc413f1e36836228f28abd99604ce20278e", kill_on_drop: false }`
[INFO] [stdout] d013738237af154c57690acc8fe4fdc413f1e36836228f28abd99604ce20278e
[INFO] running `Command { std: "docker" "create" "-v" "/var/lib/crater-agent-workspace/builds/worker-2-tc2/target:/opt/rustwide/target:rw,Z" "-v" "/var/lib/crater-agent-workspace/builds/worker-2-tc2/source:/opt/rustwide/workdir:ro,Z" "-v" "/var/lib/crater-agent-workspace/cargo-home:/opt/rustwide/cargo-home:ro,Z" "-v" "/var/lib/crater-agent-workspace/rustup-home:/opt/rustwide/rustup-home:ro,Z" "-e" "SOURCE_DIR=/opt/rustwide/workdir" "-e" "CARGO_TARGET_DIR=/opt/rustwide/target" "-e" "CARGO_INCREMENTAL=0" "-e" "RUST_BACKTRACE=full" "-e" "RUSTFLAGS=--cap-lints=forbid -Zrandomize-layout" "-e" "RUSTDOCFLAGS=--cap-lints=forbid" "-e" "CARGO_HOME=/opt/rustwide/cargo-home" "-e" "RUSTUP_HOME=/opt/rustwide/rustup-home" "-w" "/opt/rustwide/workdir" "-m" "1610612736" "--user" "0:0" "--network" "none" "ghcr.io/rust-lang/crates-build-env/linux@sha256:4a844ea9eb2546a2d2c7022eacef16ef2e8229c7fbb2c7d4d55a9ceca922f72d" "/opt/rustwide/cargo-home/bin/cargo" "+nightly-2024-10-28" "test" "--frozen" "--no-run" "--message-format=json", kill_on_drop: false }`
[INFO] [stdout] cdc17935b5ab6b410c539695f10318679bfa9a4b278ee6a4af3a9bbf225808e2
[INFO] running `Command { std: "docker" "start" "-a" "cdc17935b5ab6b410c539695f10318679bfa9a4b278ee6a4af3a9bbf225808e2", kill_on_drop: false }`
[INFO] [stderr]    Compiling parking_lot_core v0.9.10
[INFO] [stderr]    Compiling tokio-macros v2.4.0
[INFO] [stderr]    Compiling log v0.4.22
[INFO] [stderr]    Compiling tracing v0.1.40
[INFO] [stderr]    Compiling futures-macro v0.3.31
[INFO] [stderr]    Compiling regex-automata v0.1.10
[INFO] [stderr]    Compiling sharded-slab v0.1.7
[INFO] [stderr]    Compiling console v0.15.8
[INFO] [stderr]    Compiling native-tls v0.2.12
[INFO] [stderr]    Compiling tracing-log v0.2.0
[INFO] [stderr]    Compiling parking_lot v0.12.3
[INFO] [stderr]    Compiling tracing-test-macro v0.2.5
[INFO] [stderr]    Compiling similar v2.6.0
[INFO] [stderr]    Compiling port_scanner v0.1.5
[INFO] [stderr]    Compiling matchers v0.1.0
[INFO] [stderr]    Compiling futures-util v0.3.31
[INFO] [stderr]    Compiling tokio v1.41.0
[INFO] [stderr]    Compiling tracing-subscriber v0.3.18
[INFO] [stderr]    Compiling insta v1.41.1
[INFO] [stderr]    Compiling tracing-test v0.2.5
[INFO] [stderr]    Compiling http-body-util v0.1.2
[INFO] [stderr]    Compiling tokio-util v0.7.12
[INFO] [stderr]    Compiling tokio-native-tls v0.3.1
[INFO] [stderr]    Compiling h2 v0.4.6
[INFO] [stderr]    Compiling hyper v1.5.0
[INFO] [stderr]    Compiling hyper-util v0.1.10
[INFO] [stderr]    Compiling hyper-tls v0.6.0
[INFO] [stderr]    Compiling reqwest v0.12.9
[INFO] [stderr]    Compiling unitycatalog-rs v0.0.1 (/opt/rustwide/workdir)
[INFO] [stdout] warning: struct `RequestClient` is never constructed
[INFO] [stdout]  --> src/request.rs:7:12
[INFO] [stdout]   |
[INFO] [stdout] 7 | pub struct RequestClient {
[INFO] [stdout]   |            ^^^^^^^^^^^^^
[INFO] [stdout]   |
[INFO] [stdout]   = note: `#[warn(dead_code)]` on by default
[INFO] [stdout] 
[INFO] [stdout] 
[INFO] [stdout] warning: multiple variants are never constructed
[INFO] [stdout]   --> src/errors.rs:6:5
[INFO] [stdout]    |
[INFO] [stdout] 4  | pub enum UCRSError {
[INFO] [stdout]    |          --------- variants in this enum
[INFO] [stdout] 5  |     #[error("Malformed URL")]
[INFO] [stdout] 6  |     MalformedURL(#[source] url::ParseError),
[INFO] [stdout]    |     ^^^^^^^^^^^^
[INFO] [stdout] 7  |     #[error("Error building client")]
[INFO] [stdout] 8  |     ClientBuildError(#[source] reqwest::Error),
[INFO] [stdout]    |     ^^^^^^^^^^^^^^^^
[INFO] [stdout] 9  |     #[error("Error formatting request body")]
[INFO] [stdout] 10 |     JSONFormattingError(#[source] serde_json::Error),
[INFO] [stdout]    |     ^^^^^^^^^^^^^^^^^^^
[INFO] [stdout] 11 |     #[error("Request error")]
[INFO] [stdout] 12 |     RequestError(#[source] reqwest::Error),
[INFO] [stdout]    |     ^^^^^^^^^^^^
[INFO] [stdout] 13 |     #[error("Request error with response")]
[INFO] [stdout] 14 |     RequestErrorWithResponse(#[source] reqwest::Error, String),
[INFO] [stdout]    |     ^^^^^^^^^^^^^^^^^^^^^^^^
[INFO] [stdout] 15 |     #[error("JSON Parsing error")]
[INFO] [stdout] 16 |     JSONParsingError(#[source] reqwest::Error),
[INFO] [stdout]    |     ^^^^^^^^^^^^^^^^
[INFO] [stdout] 17 |     #[error("Duplicate Catalog name")]
[INFO] [stdout] 18 |     DuplicateCatalogName(String),
[INFO] [stdout]    |     ^^^^^^^^^^^^^^^^^^^^
[INFO] [stdout] 19 |     #[error("Duplicate Schema")]
[INFO] [stdout] 20 |     DuplicateSchemaName(String),
[INFO] [stdout]    |     ^^^^^^^^^^^^^^^^^^^
[INFO] [stdout] 21 |     #[error("Duplicate table name")]
[INFO] [stdout] 22 |     DuplicateTableName(String),
[INFO] [stdout]    |     ^^^^^^^^^^^^^^^^^^
[INFO] [stdout] 23 |     #[error("Catalog not found")]
[INFO] [stdout] 24 |     CatalogNotFound(String),
[INFO] [stdout]    |     ^^^^^^^^^^^^^^^
[INFO] [stdout] 25 |     #[error("Schema not found")]
[INFO] [stdout] 26 |     SchemaNotFound(String),
[INFO] [stdout]    |     ^^^^^^^^^^^^^^
[INFO] [stdout] 27 |     #[error("Table not found")]
[INFO] [stdout] 28 |     TableNotFound(String)
[INFO] [stdout]    |     ^^^^^^^^^^^^^
[INFO] [stdout]    |
[INFO] [stdout]    = note: `UCRSError` has a derived impl for the trait `Debug`, but this is intentionally ignored during dead code analysis
[INFO] [stdout] 
[INFO] [stdout] 
[INFO] [stdout] warning: type alias `UCRSResult` is never used
[INFO] [stdout]   --> src/errors.rs:31:10
[INFO] [stdout]    |
[INFO] [stdout] 31 | pub type UCRSResult<T> = Result<T, UCRSError>;
[INFO] [stdout]    |          ^^^^^^^^^^
[INFO] [stdout] 
[INFO] [stdout] 
[INFO] [stdout] warning: struct `CatalogsClient` is never constructed
[INFO] [stdout]  --> src/oss/api/catalogs.rs:8:12
[INFO] [stdout]   |
[INFO] [stdout] 8 | pub struct CatalogsClient<'a> {
[INFO] [stdout]   |            ^^^^^^^^^^^^^^
[INFO] [stdout] 
[INFO] [stdout] 
[INFO] [stdout] warning: associated items `new`, `list`, `create`, `get`, `delete`, and `update` are never used
[INFO] [stdout]   --> src/oss/api/catalogs.rs:13:12
[INFO] [stdout]    |
[INFO] [stdout] 12 | impl<'a> CatalogsClient<'a> {
[INFO] [stdout]    | --------------------------- associated items in this implementation
[INFO] [stdout] 13 |     pub fn new(client: &'a RequestClient) -> Self {
[INFO] [stdout]    |            ^^^
[INFO] [stdout] ...
[INFO] [stdout] 17 |     pub async fn list(&self, page_token:Option<String>, max_results: Option<i32>) -> UCRSResult<ListCatalogResponse> {
[INFO] [stdout]    |                  ^^^^
[INFO] [stdout] ...
[INFO] [stdout] 29 |     pub async fn create(&self, props: CreateCatalog) -> UCRSResult<CatalogInfo> {
[INFO] [stdout]    |                  ^^^^^^
[INFO] [stdout] ...
[INFO] [stdout] 44 |     pub async fn get(&self, name: &str) -> UCRSResult<CatalogInfo> {
[INFO] [stdout]    |                  ^^^
[INFO] [stdout] ...
[INFO] [stdout] 59 |     pub async fn delete(&self, name: &str, force: bool) -> UCRSResult<()> {
[INFO] [stdout]    |                  ^^^^^^
[INFO] [stdout] ...
[INFO] [stdout] 79 |     pub async fn update(&self, name: &str, update_props: UpdateCatalog)
[INFO] [stdout]    |                  ^^^^^^
[INFO] [stdout] 
[INFO] [stdout] 
[INFO] [stdout] warning: struct `SchemasClient` is never constructed
[INFO] [stdout]  --> src/oss/api/schemas.rs:8:12
[INFO] [stdout]   |
[INFO] [stdout] 8 | pub struct SchemasClient<'a> {
[INFO] [stdout]   |            ^^^^^^^^^^^^^
[INFO] [stdout] 
[INFO] [stdout] 
[INFO] [stdout] warning: multiple associated items are never used
[INFO] [stdout]   --> src/oss/api/schemas.rs:13:12
[INFO] [stdout]    |
[INFO] [stdout] 12 | impl<'a> SchemasClient<'a> {
[INFO] [stdout]    | -------------------------- associated items in this implementation
[INFO] [stdout] 13 |     pub fn new(client: &'a RequestClient) -> Self {
[INFO] [stdout]    |            ^^^
[INFO] [stdout] ...
[INFO] [stdout] 17 |     pub fn full_name(catalog_name: &str, name: &str) -> String {
[INFO] [stdout]    |            ^^^^^^^^^
[INFO] [stdout] ...
[INFO] [stdout] 21 |     pub async fn list(&self, catalog_name: &str, page_token: Option<String>, max_results: Option<i32>) -> UCRSResult<ListSchemasResponse> {
[INFO] [stdout]    |                  ^^^^
[INFO] [stdout] ...
[INFO] [stdout] 34 |     pub async fn create(&self, props: CreateSchema) -> UCRSResult<SchemaInfo> {
[INFO] [stdout]    |                  ^^^^^^
[INFO] [stdout] ...
[INFO] [stdout] 49 |     pub async fn get(&self, full_name: &str) -> UCRSResult<SchemaInfo> {
[INFO] [stdout]    |                  ^^^
[INFO] [stdout] ...
[INFO] [stdout] 64 |     pub async fn delete(&self, full_name: &str, force: bool) -> UCRSResult<()> {
[INFO] [stdout]    |                  ^^^^^^
[INFO] [stdout] ...
[INFO] [stdout] 84 |     pub async fn update(&self, full_name: &str, update_props: UpdateSchema)
[INFO] [stdout]    |                  ^^^^^^
[INFO] [stdout] 
[INFO] [stdout] 
[INFO] [stdout] warning: struct `TablesClient` is never constructed
[INFO] [stdout]  --> src/oss/api/tables.rs:8:12
[INFO] [stdout]   |
[INFO] [stdout] 8 | pub struct TablesClient<'a> {
[INFO] [stdout]   |            ^^^^^^^^^^^^
[INFO] [stdout] 
[INFO] [stdout] 
[INFO] [stdout] warning: associated items `new`, `full_name`, `list`, `create`, `get`, and `delete` are never used
[INFO] [stdout]   --> src/oss/api/tables.rs:13:12
[INFO] [stdout]    |
[INFO] [stdout] 12 | impl <'a> TablesClient<'a> {
[INFO] [stdout]    | -------------------------- associated items in this implementation
[INFO] [stdout] 13 |     pub fn new(client: &'a RequestClient) -> Self {
[INFO] [stdout]    |            ^^^
[INFO] [stdout] ...
[INFO] [stdout] 17 |     pub fn full_name(catalog_name: &str, schema_name: &str, name: &str) -> String {
[INFO] [stdout]    |            ^^^^^^^^^
[INFO] [stdout] ...
[INFO] [stdout] 21 |     pub async fn list(&self, catalog_name: &str, schema_name: &str, page_token:Option<String>, max_results: Option<i32>) -> UCRSResult<Li...
[INFO] [stdout]    |                  ^^^^
[INFO] [stdout] ...
[INFO] [stdout] 36 |     pub async fn create(&self, props: CreateTable) -> UCRSResult<TableInfo> {
[INFO] [stdout]    |                  ^^^^^^
[INFO] [stdout] ...
[INFO] [stdout] 51 |     pub async fn get(&self, full_name: &str) -> UCRSResult<TableInfo> {
[INFO] [stdout]    |                  ^^^
[INFO] [stdout] ...
[INFO] [stdout] 66 |     pub async fn delete(&self, full_name: &str) -> UCRSResult<()> {
[INFO] [stdout]    |                  ^^^^^^
[INFO] [stdout] 
[INFO] [stdout] 
[INFO] [stdout] warning: associated function `builder` is never used
[INFO] [stdout]    --> src/oss/api/tables.rs:142:12
[INFO] [stdout]     |
[INFO] [stdout] 141 | impl ColumnInfo {
[INFO] [stdout]     | --------------- associated function in this implementation
[INFO] [stdout] 142 |     pub fn builder() -> ColumnInfoBuilder {
[INFO] [stdout]     |            ^^^^^^^
[INFO] [stdout] 
[INFO] [stdout] 
[INFO] [stdout] warning: method `generate_type_json` is never used
[INFO] [stdout]    --> src/oss/api/tables.rs:148:12
[INFO] [stdout]     |
[INFO] [stdout] 147 | impl ColumnInfoBuilder {
[INFO] [stdout]     | ---------------------- method in this implementation
[INFO] [stdout] 148 |     pub fn generate_type_json(&mut self) -> &mut Self {
[INFO] [stdout]     |            ^^^^^^^^^^^^^^^^^^
[INFO] [stdout] 
[INFO] [stdout] 
[INFO] [stdout] warning: associated function `builder` is never used
[INFO] [stdout]    --> src/oss/api/tables.rs:237:12
[INFO] [stdout]     |
[INFO] [stdout] 236 | impl CreateTable {
[INFO] [stdout]     | ---------------- associated function in this implementation
[INFO] [stdout] 237 |     pub fn builder() -> CreateTableBuilder {
[INFO] [stdout]     |            ^^^^^^^
[INFO] [stdout] 
[INFO] [stdout] 
[INFO] [stdout] warning: associated functions `new_with_headers` and `new_with_client` are never used
[INFO] [stdout]   --> src/request.rs:30:12
[INFO] [stdout]    |
[INFO] [stdout] 12 | impl RequestClient {
[INFO] [stdout]    | ------------------ associated functions in this implementation
[INFO] [stdout] ...
[INFO] [stdout] 30 |     pub fn new_with_headers(base_url: &str, disable_ssl: bool, headers: HeaderMap) -> UCRSResult<Self> {
[INFO] [stdout]    |            ^^^^^^^^^^^^^^^^
[INFO] [stdout] ...
[INFO] [stdout] 48 |     pub fn new_with_client(base_url: &str, client: Client) -> UCRSResult<Self> {
[INFO] [stdout]    |            ^^^^^^^^^^^^^^^
[INFO] [stdout]    |
[INFO] [stdout]    = note: `#[warn(dead_code)]` on by default
[INFO] [stdout] 
[INFO] [stdout] 
[INFO] [stdout] warning: method `get` is never used
[INFO] [stdout]   --> src/oss/api/catalogs.rs:44:18
[INFO] [stdout]    |
[INFO] [stdout] 12 | impl<'a> CatalogsClient<'a> {
[INFO] [stdout]    | --------------------------- method in this implementation
[INFO] [stdout] ...
[INFO] [stdout] 44 |     pub async fn get(&self, name: &str) -> UCRSResult<CatalogInfo> {
[INFO] [stdout]    |                  ^^^
[INFO] [stdout] 
[INFO] [stdout] 
[INFO] [stdout] warning: method `get` is never used
[INFO] [stdout]   --> src/oss/api/tables.rs:51:18
[INFO] [stdout]    |
[INFO] [stdout] 12 | impl <'a> TablesClient<'a> {
[INFO] [stdout]    | -------------------------- method in this implementation
[INFO] [stdout] ...
[INFO] [stdout] 51 |     pub async fn get(&self, full_name: &str) -> UCRSResult<TableInfo> {
[INFO] [stdout]    |                  ^^^
[INFO] [stdout] 
[INFO] [stdout] 
[INFO] [stdout] warning: associated function `builder` is never used
[INFO] [stdout]    --> src/oss/api/tables.rs:142:12
[INFO] [stdout]     |
[INFO] [stdout] 141 | impl ColumnInfo {
[INFO] [stdout]     | --------------- associated function in this implementation
[INFO] [stdout] 142 |     pub fn builder() -> ColumnInfoBuilder {
[INFO] [stdout]     |            ^^^^^^^
[INFO] [stdout] 
[INFO] [stdout] 
[INFO] [stderr]     Finished `test` profile [unoptimized + debuginfo] target(s) in 19.89s
[INFO] running `Command { std: "docker" "inspect" "cdc17935b5ab6b410c539695f10318679bfa9a4b278ee6a4af3a9bbf225808e2", kill_on_drop: false }`
[INFO] running `Command { std: "docker" "rm" "-f" "cdc17935b5ab6b410c539695f10318679bfa9a4b278ee6a4af3a9bbf225808e2", kill_on_drop: false }`
[INFO] [stdout] cdc17935b5ab6b410c539695f10318679bfa9a4b278ee6a4af3a9bbf225808e2
[INFO] running `Command { std: "docker" "create" "-v" "/var/lib/crater-agent-workspace/builds/worker-2-tc2/target:/opt/rustwide/target:rw,Z" "-v" "/var/lib/crater-agent-workspace/builds/worker-2-tc2/source:/opt/rustwide/workdir:ro,Z" "-v" "/var/lib/crater-agent-workspace/cargo-home:/opt/rustwide/cargo-home:ro,Z" "-v" "/var/lib/crater-agent-workspace/rustup-home:/opt/rustwide/rustup-home:ro,Z" "-e" "SOURCE_DIR=/opt/rustwide/workdir" "-e" "CARGO_TARGET_DIR=/opt/rustwide/target" "-e" "CARGO_INCREMENTAL=0" "-e" "RUST_BACKTRACE=full" "-e" "RUSTFLAGS=--cap-lints=forbid -Zrandomize-layout" "-e" "RUSTDOCFLAGS=--cap-lints=forbid" "-e" "CARGO_HOME=/opt/rustwide/cargo-home" "-e" "RUSTUP_HOME=/opt/rustwide/rustup-home" "-w" "/opt/rustwide/workdir" "-m" "1610612736" "--user" "0:0" "--network" "none" "ghcr.io/rust-lang/crates-build-env/linux@sha256:4a844ea9eb2546a2d2c7022eacef16ef2e8229c7fbb2c7d4d55a9ceca922f72d" "/opt/rustwide/cargo-home/bin/cargo" "+nightly-2024-10-28" "test" "--frozen", kill_on_drop: false }`
[INFO] [stdout] 8cd7cc2ffeb8e0a5d8456ab8455e4d6f353d9433b82fcf847961dd4a5e03e53f
[INFO] running `Command { std: "docker" "start" "-a" "8cd7cc2ffeb8e0a5d8456ab8455e4d6f353d9433b82fcf847961dd4a5e03e53f", kill_on_drop: false }`
[INFO] [stderr] warning: struct `RequestClient` is never constructed
[INFO] [stderr]  --> src/request.rs:7:12
[INFO] [stderr]   |
[INFO] [stderr] 7 | pub struct RequestClient {
[INFO] [stderr]   |            ^^^^^^^^^^^^^
[INFO] [stderr]   |
[INFO] [stderr]   = note: `#[warn(dead_code)]` on by default
[INFO] [stderr] 
[INFO] [stderr] warning: multiple variants are never constructed
[INFO] [stderr]   --> src/errors.rs:6:5
[INFO] [stderr]    |
[INFO] [stderr] 4  | pub enum UCRSError {
[INFO] [stderr]    |          --------- variants in this enum
[INFO] [stderr] 5  |     #[error("Malformed URL")]
[INFO] [stderr] 6  |     MalformedURL(#[source] url::ParseError),
[INFO] [stderr]    |     ^^^^^^^^^^^^
[INFO] [stderr] 7  |     #[error("Error building client")]
[INFO] [stderr] 8  |     ClientBuildError(#[source] reqwest::Error),
[INFO] [stderr]    |     ^^^^^^^^^^^^^^^^
[INFO] [stderr] 9  |     #[error("Error formatting request body")]
[INFO] [stderr] 10 |     JSONFormattingError(#[source] serde_json::Error),
[INFO] [stderr]    |     ^^^^^^^^^^^^^^^^^^^
[INFO] [stderr] 11 |     #[error("Request error")]
[INFO] [stderr] 12 |     RequestError(#[source] reqwest::Error),
[INFO] [stderr]    |     ^^^^^^^^^^^^
[INFO] [stderr] 13 |     #[error("Request error with response")]
[INFO] [stderr] 14 |     RequestErrorWithResponse(#[source] reqwest::Error, String),
[INFO] [stderr]    |     ^^^^^^^^^^^^^^^^^^^^^^^^
[INFO] [stderr] 15 |     #[error("JSON Parsing error")]
[INFO] [stderr] 16 |     JSONParsingError(#[source] reqwest::Error),
[INFO] [stderr]    |     ^^^^^^^^^^^^^^^^
[INFO] [stderr] 17 |     #[error("Duplicate Catalog name")]
[INFO] [stderr] 18 |     DuplicateCatalogName(String),
[INFO] [stderr]    |     ^^^^^^^^^^^^^^^^^^^^
[INFO] [stderr] 19 |     #[error("Duplicate Schema")]
[INFO] [stderr] 20 |     DuplicateSchemaName(String),
[INFO] [stderr]    |     ^^^^^^^^^^^^^^^^^^^
[INFO] [stderr] 21 |     #[error("Duplicate table name")]
[INFO] [stderr] 22 |     DuplicateTableName(String),
[INFO] [stderr]    |     ^^^^^^^^^^^^^^^^^^
[INFO] [stderr] 23 |     #[error("Catalog not found")]
[INFO] [stderr] 24 |     CatalogNotFound(String),
[INFO] [stderr]    |     ^^^^^^^^^^^^^^^
[INFO] [stderr] 25 |     #[error("Schema not found")]
[INFO] [stderr] 26 |     SchemaNotFound(String),
[INFO] [stderr]    |     ^^^^^^^^^^^^^^
[INFO] [stderr] 27 |     #[error("Table not found")]
[INFO] [stderr] 28 |     TableNotFound(String)
[INFO] [stderr]    |     ^^^^^^^^^^^^^
[INFO] [stderr]    |
[INFO] [stderr]    = note: `UCRSError` has a derived impl for the trait `Debug`, but this is intentionally ignored during dead code analysis
[INFO] [stderr] 
[INFO] [stderr] warning: type alias `UCRSResult` is never used
[INFO] [stderr]   --> src/errors.rs:31:10
[INFO] [stderr]    |
[INFO] [stderr] 31 | pub type UCRSResult<T> = Result<T, UCRSError>;
[INFO] [stderr]    |          ^^^^^^^^^^
[INFO] [stderr] 
[INFO] [stderr] warning: struct `CatalogsClient` is never constructed
[INFO] [stderr]  --> src/oss/api/catalogs.rs:8:12
[INFO] [stderr]   |
[INFO] [stderr] 8 | pub struct CatalogsClient<'a> {
[INFO] [stderr]   |            ^^^^^^^^^^^^^^
[INFO] [stderr] 
[INFO] [stderr] warning: associated items `new`, `list`, `create`, `get`, `delete`, and `update` are never used
[INFO] [stderr]   --> src/oss/api/catalogs.rs:13:12
[INFO] [stderr]    |
[INFO] [stderr] 12 | impl<'a> CatalogsClient<'a> {
[INFO] [stderr]    | --------------------------- associated items in this implementation
[INFO] [stderr] 13 |     pub fn new(client: &'a RequestClient) -> Self {
[INFO] [stderr]    |            ^^^
[INFO] [stderr] ...
[INFO] [stderr] 17 |     pub async fn list(&self, page_token:Option<String>, max_results: Option<i32>) -> UCRSResult<ListCatalogResponse> {
[INFO] [stderr]    |                  ^^^^
[INFO] [stderr] ...
[INFO] [stderr] 29 |     pub async fn create(&self, props: CreateCatalog) -> UCRSResult<CatalogInfo> {
[INFO] [stderr]    |                  ^^^^^^
[INFO] [stderr] ...
[INFO] [stderr] 44 |     pub async fn get(&self, name: &str) -> UCRSResult<CatalogInfo> {
[INFO] [stderr]    |                  ^^^
[INFO] [stderr] ...
[INFO] [stderr] 59 |     pub async fn delete(&self, name: &str, force: bool) -> UCRSResult<()> {
[INFO] [stderr]    |                  ^^^^^^
[INFO] [stderr] ...
[INFO] [stderr] 79 |     pub async fn update(&self, name: &str, update_props: UpdateCatalog)
[INFO] [stderr]    |                  ^^^^^^
[INFO] [stderr] 
[INFO] [stderr] warning: struct `SchemasClient` is never constructed
[INFO] [stderr]  --> src/oss/api/schemas.rs:8:12
[INFO] [stderr]   |
[INFO] [stderr] 8 | pub struct SchemasClient<'a> {
[INFO] [stderr]   |            ^^^^^^^^^^^^^
[INFO] [stderr] 
[INFO] [stderr] warning: multiple associated items are never used
[INFO] [stderr]   --> src/oss/api/schemas.rs:13:12
[INFO] [stderr]    |
[INFO] [stderr] 12 | impl<'a> SchemasClient<'a> {
[INFO] [stderr]    | -------------------------- associated items in this implementation
[INFO] [stderr] 13 |     pub fn new(client: &'a RequestClient) -> Self {
[INFO] [stderr]    |            ^^^
[INFO] [stderr] ...
[INFO] [stderr] 17 |     pub fn full_name(catalog_name: &str, name: &str) -> String {
[INFO] [stderr]    |            ^^^^^^^^^
[INFO] [stderr] ...
[INFO] [stderr] 21 |     pub async fn list(&self, catalog_name: &str, page_token: Option<String>, max_results: Option<i32>) -> UCRSResult<ListSchemasResponse> {
[INFO] [stderr]    |                  ^^^^
[INFO] [stderr] ...
[INFO] [stderr] 34 |     pub async fn create(&self, props: CreateSchema) -> UCRSResult<SchemaInfo> {
[INFO] [stderr]    |                  ^^^^^^
[INFO] [stderr] ...
[INFO] [stderr] 49 |     pub async fn get(&self, full_name: &str) -> UCRSResult<SchemaInfo> {
[INFO] [stderr]    |                  ^^^
[INFO] [stderr] ...
[INFO] [stderr] 64 |     pub async fn delete(&self, full_name: &str, force: bool) -> UCRSResult<()> {
[INFO] [stderr]    |                  ^^^^^^
[INFO] [stderr] ...
[INFO] [stderr] 84 |     pub async fn update(&self, full_name: &str, update_props: UpdateSchema)
[INFO] [stderr]    |                  ^^^^^^
[INFO] [stderr] 
[INFO] [stderr] warning: struct `TablesClient` is never constructed
[INFO] [stderr]  --> src/oss/api/tables.rs:8:12
[INFO] [stderr]   |
[INFO] [stderr] 8 | pub struct TablesClient<'a> {
[INFO] [stderr]   |            ^^^^^^^^^^^^
[INFO] [stderr] 
[INFO] [stderr] warning: associated items `new`, `full_name`, `list`, `create`, `get`, and `delete` are never used
[INFO] [stderr]   --> src/oss/api/tables.rs:13:12
[INFO] [stderr]    |
[INFO] [stderr] 12 | impl <'a> TablesClient<'a> {
[INFO] [stderr]    | -------------------------- associated items in this implementation
[INFO] [stderr] 13 |     pub fn new(client: &'a RequestClient) -> Self {
[INFO] [stderr]    |            ^^^
[INFO] [stderr] ...
[INFO] [stderr] 17 |     pub fn full_name(catalog_name: &str, schema_name: &str, name: &str) -> String {
[INFO] [stderr]    |            ^^^^^^^^^
[INFO] [stderr] ...
[INFO] [stderr] 21 |     pub async fn list(&self, catalog_name: &str, schema_name: &str, page_token:Option<String>, max_results: Option<i32>) -> UCRSResult<Li...
[INFO] [stderr]    |                  ^^^^
[INFO] [stderr] ...
[INFO] [stderr] 36 |     pub async fn create(&self, props: CreateTable) -> UCRSResult<TableInfo> {
[INFO] [stderr]    |                  ^^^^^^
[INFO] [stderr] ...
[INFO] [stderr] 51 |     pub async fn get(&self, full_name: &str) -> UCRSResult<TableInfo> {
[INFO] [stderr]    |                  ^^^
[INFO] [stderr] ...
[INFO] [stderr] 66 |     pub async fn delete(&self, full_name: &str) -> UCRSResult<()> {
[INFO] [stderr]    |                  ^^^^^^
[INFO] [stderr] 
[INFO] [stderr] warning: associated function `builder` is never used
[INFO] [stderr]    --> src/oss/api/tables.rs:142:12
[INFO] [stderr]     |
[INFO] [stderr] 141 | impl ColumnInfo {
[INFO] [stderr]     | --------------- associated function in this implementation
[INFO] [stderr] 142 |     pub fn builder() -> ColumnInfoBuilder {
[INFO] [stderr]     |            ^^^^^^^
[INFO] [stderr] 
[INFO] [stderr] warning: method `generate_type_json` is never used
[INFO] [stderr]    --> src/oss/api/tables.rs:148:12
[INFO] [stderr]     |
[INFO] [stderr] 147 | impl ColumnInfoBuilder {
[INFO] [stderr]     | ---------------------- method in this implementation
[INFO] [stderr] 148 |     pub fn generate_type_json(&mut self) -> &mut Self {
[INFO] [stderr]     |            ^^^^^^^^^^^^^^^^^^
[INFO] [stderr] 
[INFO] [stderr] warning: associated function `builder` is never used
[INFO] [stderr]    --> src/oss/api/tables.rs:237:12
[INFO] [stderr]     |
[INFO] [stderr] 236 | impl CreateTable {
[INFO] [stderr]     | ---------------- associated function in this implementation
[INFO] [stderr] 237 |     pub fn builder() -> CreateTableBuilder {
[INFO] [stderr]     |            ^^^^^^^
[INFO] [stderr] 
[INFO] [stderr] warning: `unitycatalog-rs` (lib) generated 12 warnings
[INFO] [stderr] warning: associated functions `new_with_headers` and `new_with_client` are never used
[INFO] [stderr]   --> src/request.rs:30:12
[INFO] [stderr]    |
[INFO] [stderr] 12 | impl RequestClient {
[INFO] [stderr]    | ------------------ associated functions in this implementation
[INFO] [stderr] ...
[INFO] [stderr] 30 |     pub fn new_with_headers(base_url: &str, disable_ssl: bool, headers: HeaderMap) -> UCRSResult<Self> {
[INFO] [stderr]    |            ^^^^^^^^^^^^^^^^
[INFO] [stderr] ...
[INFO] [stderr] 48 |     pub fn new_with_client(base_url: &str, client: Client) -> UCRSResult<Self> {
[INFO] [stderr]    |            ^^^^^^^^^^^^^^^
[INFO] [stderr]    |
[INFO] [stderr]    = note: `#[warn(dead_code)]` on by default
[INFO] [stderr] 
[INFO] [stderr] warning: method `get` is never used
[INFO] [stderr]   --> src/oss/api/catalogs.rs:44:18
[INFO] [stderr]    |
[INFO] [stderr] 12 | impl<'a> CatalogsClient<'a> {
[INFO] [stderr]    | --------------------------- method in this implementation
[INFO] [stderr] ...
[INFO] [stderr] 44 |     pub async fn get(&self, name: &str) -> UCRSResult<CatalogInfo> {
[INFO] [stderr]    |                  ^^^
[INFO] [stderr] 
[INFO] [stderr] warning: method `get` is never used
[INFO] [stderr]   --> src/oss/api/tables.rs:51:18
[INFO] [stderr]    |
[INFO] [stderr] 12 | impl <'a> TablesClient<'a> {
[INFO] [stderr]    | -------------------------- method in this implementation
[INFO] [stderr] ...
[INFO] [stderr] 51 |     pub async fn get(&self, full_name: &str) -> UCRSResult<TableInfo> {
[INFO] [stderr]    |                  ^^^
[INFO] [stderr] 
[INFO] [stderr] warning: `unitycatalog-rs` (lib test) generated 4 warnings (1 duplicate)
[INFO] [stderr]     Finished `test` profile [unoptimized + debuginfo] target(s) in 0.16s
[INFO] [stderr]      Running unittests src/lib.rs (/opt/rustwide/target/debug/deps/unitycatalog_rs-583c5985bd4e604c)
[INFO] [stdout] 
[INFO] [stdout] running 7 tests
[INFO] [stdout] test tests::it_works ... ok
[INFO] [stdout] test oss::api::catalogs::tests::test_round_trip ... FAILED
[INFO] [stdout] test oss::api::tables::tests::test_round_trip ... FAILED
[INFO] [stdout] test oss::api::schemas::tests::test_not_found ... FAILED
[INFO] [stdout] test oss::api::catalogs::tests::test_list ... FAILED
[INFO] [stdout] test oss::api::schemas::tests::test_round_trip ... FAILED
[INFO] [stdout] test oss::api::catalogs::tests::test_not_found ... FAILED
[INFO] [stdout] 
[INFO] [stdout] failures:
[INFO] [stdout] 
[INFO] [stdout] ---- oss::api::catalogs::tests::test_round_trip stdout ----
[INFO] [stdout] thread 'oss::api::catalogs::tests::test_round_trip' panicked at /rustc/df4ca44d3fbc9301ee17f30f4d474e6ae4b05252/library/alloc/src/string.rs:1871:9:
[INFO] [stdout] assertion failed: self.is_char_boundary(at)
[INFO] [stdout] stack backtrace:
[INFO] [stdout]    0:     0x5a1cc2e9a0ca - std::backtrace_rs::backtrace::libunwind::trace::h207520d6e9873551
[INFO] [stdout]                                at /rustc/df4ca44d3fbc9301ee17f30f4d474e6ae4b05252/library/std/src/../../backtrace/src/backtrace/libunwind.rs:116:5
[INFO] [stdout]    1:     0x5a1cc2e9a0ca - std::backtrace_rs::backtrace::trace_unsynchronized::h2ed7433f370e3eca
[INFO] [stdout]                                at /rustc/df4ca44d3fbc9301ee17f30f4d474e6ae4b05252/library/std/src/../../backtrace/src/backtrace/mod.rs:66:5
[INFO] [stdout]    2:     0x5a1cc2e9a0ca - std::sys::backtrace::_print_fmt::h916fac51166b18d7
[INFO] [stdout]                                at /rustc/df4ca44d3fbc9301ee17f30f4d474e6ae4b05252/library/std/src/sys/backtrace.rs:66:9
[INFO] [stdout]    3:     0x5a1cc2e9a0ca - <std::sys::backtrace::BacktraceLock::print::DisplayBacktrace as core::fmt::Display>::fmt::ha0a4c9b8ce3802e6
[INFO] [stdout]                                at /rustc/df4ca44d3fbc9301ee17f30f4d474e6ae4b05252/library/std/src/sys/backtrace.rs:39:26
[INFO] [stdout]    4:     0x5a1cc2ec7753 - core::fmt::rt::Argument::fmt::h4cfc8587d52b3eb5
[INFO] [stdout]                                at /rustc/df4ca44d3fbc9301ee17f30f4d474e6ae4b05252/library/core/src/fmt/rt.rs:177:76
[INFO] [stdout]    5:     0x5a1cc2ec7753 - core::fmt::write::h522cc39e5b36ae9f
[INFO] [stdout]                                at /rustc/df4ca44d3fbc9301ee17f30f4d474e6ae4b05252/library/core/src/fmt/mod.rs:1190:21
[INFO] [stdout]    6:     0x5a1cc2e95093 - std::io::Write::write_fmt::h7d3c26752da97734
[INFO] [stdout]                                at /rustc/df4ca44d3fbc9301ee17f30f4d474e6ae4b05252/library/std/src/io/mod.rs:1839:15
[INFO] [stdout]    7:     0x5a1cc2e99f12 - std::sys::backtrace::BacktraceLock::print::h4b9e00b29e9c0942
[INFO] [stdout]                                at /rustc/df4ca44d3fbc9301ee17f30f4d474e6ae4b05252/library/std/src/sys/backtrace.rs:42:9
[INFO] [stdout]    8:     0x5a1cc2e9b55a - std::panicking::default_hook::{{closure}}::hb59b88280d0324d9
[INFO] [stdout]                                at /rustc/df4ca44d3fbc9301ee17f30f4d474e6ae4b05252/library/std/src/panicking.rs:268:22
[INFO] [stdout]    9:     0x5a1cc2e9b364 - std::panicking::default_hook::he1dd496665be4a29
[INFO] [stdout]                                at /rustc/df4ca44d3fbc9301ee17f30f4d474e6ae4b05252/library/std/src/panicking.rs:292:9
[INFO] [stdout]   10:     0x5a1cc2845e69 - <alloc::boxed::Box<F,A> as core::ops::function::Fn<Args>>::call::h4ff71de18744e1dc
[INFO] [stdout]                                at /rustc/df4ca44d3fbc9301ee17f30f4d474e6ae4b05252/library/alloc/src/boxed.rs:2468:9
[INFO] [stdout]   11:     0x5a1cc2845e69 - test::test_main::{{closure}}::hcf7c055ce117aa81
[INFO] [stdout]                                at /rustc/df4ca44d3fbc9301ee17f30f4d474e6ae4b05252/library/test/src/lib.rs:133:21
[INFO] [stdout]   12:     0x5a1cc2e9bc58 - <alloc::boxed::Box<F,A> as core::ops::function::Fn<Args>>::call::h1d66c6bbd60c9692
[INFO] [stdout]                                at /rustc/df4ca44d3fbc9301ee17f30f4d474e6ae4b05252/library/alloc/src/boxed.rs:2468:9
[INFO] [stdout]   13:     0x5a1cc2e9bc58 - std::panicking::rust_panic_with_hook::h2ff17fe8f26dfcf8
[INFO] [stdout]                                at /rustc/df4ca44d3fbc9301ee17f30f4d474e6ae4b05252/library/std/src/panicking.rs:809:13
[INFO] [stdout]   14:     0x5a1cc2e9b9e6 - std::panicking::begin_panic_handler::{{closure}}::h4fad77951c07e101
[INFO] [stdout]                                at /rustc/df4ca44d3fbc9301ee17f30f4d474e6ae4b05252/library/std/src/panicking.rs:667:13
[INFO] [stdout]   15:     0x5a1cc2e9a5a9 - std::sys::backtrace::__rust_end_short_backtrace::hb1a25b3da5d0ea08
[INFO] [stdout]                                at /rustc/df4ca44d3fbc9301ee17f30f4d474e6ae4b05252/library/std/src/sys/backtrace.rs:170:18
[INFO] [stdout]   16:     0x5a1cc2e9b6ac - rust_begin_unwind
[INFO] [stdout]                                at /rustc/df4ca44d3fbc9301ee17f30f4d474e6ae4b05252/library/std/src/panicking.rs:665:5
[INFO] [stdout]   17:     0x5a1cc2ec4c90 - core::panicking::panic_fmt::ha9db07b529f9b256
[INFO] [stdout]                                at /rustc/df4ca44d3fbc9301ee17f30f4d474e6ae4b05252/library/core/src/panicking.rs:75:14
[INFO] [stdout]   18:     0x5a1cc2ec4d1c - core::panicking::panic::h993086813d94accc
[INFO] [stdout]                                at /rustc/df4ca44d3fbc9301ee17f30f4d474e6ae4b05252/library/core/src/panicking.rs:152:5
[INFO] [stdout]   19:     0x5a1cc27d05a0 - alloc::string::String::split_off::h35b1745f082ad60a
[INFO] [stdout]                                at /rustc/df4ca44d3fbc9301ee17f30f4d474e6ae4b05252/library/alloc/src/string.rs:1871:9
[INFO] [stdout]   20:     0x5a1cc27e86c5 - unitycatalog_rs::testing::test_utils::start_uc::{{closure}}::h1ca1e21d791cb82f
[INFO] [stdout]                                at /opt/rustwide/workdir/src/testing.rs:38:17
[INFO] [stdout]   21:     0x5a1cc27ea836 - unitycatalog_rs::testing::test_utils::test_with_uc::{{closure}}::h8b16ae57d058d5c5
[INFO] [stdout]                                at /opt/rustwide/workdir/src/testing.rs:60:44
[INFO] [stdout]   22:     0x5a1cc27f0a55 - unitycatalog_rs::oss::api::catalogs::tests::test_round_trip::{{closure}}::hd168e9f662f94038
[INFO] [stdout]                                at /opt/rustwide/workdir/src/oss/api/catalogs.rs:191:10
[INFO] [stdout]   23:     0x5a1cc27c7d0f - <core::pin::Pin<P> as core::future::future::Future>::poll::h0da7ceb2c62514c9
[INFO] [stdout]                                at /rustc/df4ca44d3fbc9301ee17f30f4d474e6ae4b05252/library/core/src/future/future.rs:123:9
[INFO] [stdout]   24:     0x5a1cc27c7e2b - <core::pin::Pin<P> as core::future::future::Future>::poll::h7709977c684d59af
[INFO] [stdout]                                at /rustc/df4ca44d3fbc9301ee17f30f4d474e6ae4b05252/library/core/src/future/future.rs:123:9
[INFO] [stdout]   25:     0x5a1cc27fc78e - tokio::runtime::scheduler::current_thread::CoreGuard::block_on::{{closure}}::{{closure}}::{{closure}}::h9630f7e2abfb3604
[INFO] [stdout]                                at /opt/rustwide/cargo-home/registry/src/index.crates.io-6f17d22bba15001f/tokio-1.41.0/src/runtime/scheduler/current_thread/mod.rs:729:57
[INFO] [stdout]   26:     0x5a1cc27fc6b5 - tokio::runtime::coop::with_budget::h2a8d519d743b2639
[INFO] [stdout]                                at /opt/rustwide/cargo-home/registry/src/index.crates.io-6f17d22bba15001f/tokio-1.41.0/src/runtime/coop.rs:107:5
[INFO] [stdout]   27:     0x5a1cc27fc6b5 - tokio::runtime::coop::budget::hd73b9b3b3a732eeb
[INFO] [stdout]                                at /opt/rustwide/cargo-home/registry/src/index.crates.io-6f17d22bba15001f/tokio-1.41.0/src/runtime/coop.rs:73:5
[INFO] [stdout]   28:     0x5a1cc27fc6b5 - tokio::runtime::scheduler::current_thread::CoreGuard::block_on::{{closure}}::{{closure}}::h85eb675905cfe536
[INFO] [stdout]                                at /opt/rustwide/cargo-home/registry/src/index.crates.io-6f17d22bba15001f/tokio-1.41.0/src/runtime/scheduler/current_thread/mod.rs:729:25
[INFO] [stdout]   29:     0x5a1cc27f99dd - tokio::runtime::scheduler::current_thread::Context::enter::h4dc42b6aea22b5fe
[INFO] [stdout]                                at /opt/rustwide/cargo-home/registry/src/index.crates.io-6f17d22bba15001f/tokio-1.41.0/src/runtime/scheduler/current_thread/mod.rs:428:19
[INFO] [stdout]   30:     0x5a1cc27fbc9b - tokio::runtime::scheduler::current_thread::CoreGuard::block_on::{{closure}}::hb54816ce4643996c
[INFO] [stdout]                                at /opt/rustwide/cargo-home/registry/src/index.crates.io-6f17d22bba15001f/tokio-1.41.0/src/runtime/scheduler/current_thread/mod.rs:728:36
[INFO] [stdout]   31:     0x5a1cc27fafcb - tokio::runtime::scheduler::current_thread::CoreGuard::enter::{{closure}}::h75aa4fa587fde2db
[INFO] [stdout]                                at /opt/rustwide/cargo-home/registry/src/index.crates.io-6f17d22bba15001f/tokio-1.41.0/src/runtime/scheduler/current_thread/mod.rs:807:68
[INFO] [stdout]   32:     0x5a1cc27de3fa - tokio::runtime::context::scoped::Scoped<T>::set::h5d170ef08505fcf7
[INFO] [stdout]                                at /opt/rustwide/cargo-home/registry/src/index.crates.io-6f17d22bba15001f/tokio-1.41.0/src/runtime/context/scoped.rs:40:9
[INFO] [stdout]   33:     0x5a1cc27d0dba - tokio::runtime::context::set_scheduler::{{closure}}::h6408e4637c4576ac
[INFO] [stdout]                                at /opt/rustwide/cargo-home/registry/src/index.crates.io-6f17d22bba15001f/tokio-1.41.0/src/runtime/context.rs:180:26
[INFO] [stdout]   34:     0x5a1cc27c63ec - std::thread::local::LocalKey<T>::try_with::hef271dc1758b08f3
[INFO] [stdout]                                at /rustc/df4ca44d3fbc9301ee17f30f4d474e6ae4b05252/library/std/src/thread/local.rs:283:12
[INFO] [stdout]   35:     0x5a1cc27c527c - std::thread::local::LocalKey<T>::with::h4ee17baeba196f97
[INFO] [stdout]                                at /rustc/df4ca44d3fbc9301ee17f30f4d474e6ae4b05252/library/std/src/thread/local.rs:260:9
[INFO] [stdout]   36:     0x5a1cc27d0d61 - tokio::runtime::context::set_scheduler::hf165fa572669d563
[INFO] [stdout]                                at /opt/rustwide/cargo-home/registry/src/index.crates.io-6f17d22bba15001f/tokio-1.41.0/src/runtime/context.rs:180:9
[INFO] [stdout]   37:     0x5a1cc27fa8be - tokio::runtime::scheduler::current_thread::CoreGuard::enter::h71eb639020791058
[INFO] [stdout]                                at /opt/rustwide/cargo-home/registry/src/index.crates.io-6f17d22bba15001f/tokio-1.41.0/src/runtime/scheduler/current_thread/mod.rs:807:27
[INFO] [stdout]   38:     0x5a1cc27fb038 - tokio::runtime::scheduler::current_thread::CoreGuard::block_on::h322b6bb32c13f15c
[INFO] [stdout]                                at /opt/rustwide/cargo-home/registry/src/index.crates.io-6f17d22bba15001f/tokio-1.41.0/src/runtime/scheduler/current_thread/mod.rs:716:19
[INFO] [stdout]   39:     0x5a1cc27f8ff1 - tokio::runtime::scheduler::current_thread::CurrentThread::block_on::{{closure}}::h6a4b32445919e4b4
[INFO] [stdout]                                at /opt/rustwide/cargo-home/registry/src/index.crates.io-6f17d22bba15001f/tokio-1.41.0/src/runtime/scheduler/current_thread/mod.rs:196:28
[INFO] [stdout]   40:     0x5a1cc27d1127 - tokio::runtime::context::runtime::enter_runtime::h294d70a65a947e7e
[INFO] [stdout]                                at /opt/rustwide/cargo-home/registry/src/index.crates.io-6f17d22bba15001f/tokio-1.41.0/src/runtime/context/runtime.rs:65:16
[INFO] [stdout]   41:     0x5a1cc27f8836 - tokio::runtime::scheduler::current_thread::CurrentThread::block_on::h62310ebb5f929963
[INFO] [stdout]                                at /opt/rustwide/cargo-home/registry/src/index.crates.io-6f17d22bba15001f/tokio-1.41.0/src/runtime/scheduler/current_thread/mod.rs:184:9
[INFO] [stdout]   42:     0x5a1cc27e6fdf - tokio::runtime::runtime::Runtime::block_on_inner::h18f73efc2dcd6351
[INFO] [stdout]                                at /opt/rustwide/cargo-home/registry/src/index.crates.io-6f17d22bba15001f/tokio-1.41.0/src/runtime/runtime.rs:368:47
[INFO] [stdout]   43:     0x5a1cc27e733f - tokio::runtime::runtime::Runtime::block_on::h96bce444c1272987
[INFO] [stdout]                                at /opt/rustwide/cargo-home/registry/src/index.crates.io-6f17d22bba15001f/tokio-1.41.0/src/runtime/runtime.rs:342:13
[INFO] [stdout]   44:     0x5a1cc27f0861 - unitycatalog_rs::oss::api::catalogs::tests::test_round_trip::h57b87e8d1ef73868
[INFO] [stdout]                                at /opt/rustwide/workdir/src/oss/api/catalogs.rs:156:9
[INFO] [stdout]   45:     0x5a1cc27f06dd - unitycatalog_rs::oss::api::catalogs::tests::test_round_trip::{{closure}}::hf0cfc067139bdc66
[INFO] [stdout]                                at /opt/rustwide/workdir/src/oss/api/catalogs.rs:154:35
[INFO] [stdout]   46:     0x5a1cc276d196 - core::ops::function::FnOnce::call_once::he890579fd7a9e5fc
[INFO] [stdout]                                at /rustc/df4ca44d3fbc9301ee17f30f4d474e6ae4b05252/library/core/src/ops/function.rs:250:5
[INFO] [stdout]   47:     0x5a1cc284a73b - core::ops::function::FnOnce::call_once::h22c3ba5715e93f05
[INFO] [stdout]                                at /rustc/df4ca44d3fbc9301ee17f30f4d474e6ae4b05252/library/core/src/ops/function.rs:250:5
[INFO] [stdout]   48:     0x5a1cc284a73b - test::__rust_begin_short_backtrace::h8e82d8113d0da17f
[INFO] [stdout]                                at /rustc/df4ca44d3fbc9301ee17f30f4d474e6ae4b05252/library/test/src/lib.rs:621:18
[INFO] [stdout]   49:     0x5a1cc284a0b7 - test::run_test_in_process::{{closure}}::h33235f4f20b7b7c7
[INFO] [stdout]                                at /rustc/df4ca44d3fbc9301ee17f30f4d474e6ae4b05252/library/test/src/lib.rs:644:60
[INFO] [stdout]   50:     0x5a1cc284a0b7 - <core::panic::unwind_safe::AssertUnwindSafe<F> as core::ops::function::FnOnce<()>>::call_once::hb5043206310c586f
[INFO] [stdout]                                at /rustc/df4ca44d3fbc9301ee17f30f4d474e6ae4b05252/library/core/src/panic/unwind_safe.rs:272:9
[INFO] [stdout]   51:     0x5a1cc284a0b7 - std::panicking::try::do_call::h9ad4731a60ab23e2
[INFO] [stdout]                                at /rustc/df4ca44d3fbc9301ee17f30f4d474e6ae4b05252/library/std/src/panicking.rs:557:40
[INFO] [stdout]   52:     0x5a1cc284a0b7 - std::panicking::try::h3824d23db772a716
[INFO] [stdout]                                at /rustc/df4ca44d3fbc9301ee17f30f4d474e6ae4b05252/library/std/src/panicking.rs:520:19
[INFO] [stdout]   53:     0x5a1cc284a0b7 - std::panic::catch_unwind::h5afd514605fde46b
[INFO] [stdout]                                at /rustc/df4ca44d3fbc9301ee17f30f4d474e6ae4b05252/library/std/src/panic.rs:358:14
[INFO] [stdout]   54:     0x5a1cc284a0b7 - test::run_test_in_process::h0d5cbfa7067d1720
[INFO] [stdout]                                at /rustc/df4ca44d3fbc9301ee17f30f4d474e6ae4b05252/library/test/src/lib.rs:644:27
[INFO] [stdout]   55:     0x5a1cc284a0b7 - test::run_test::{{closure}}::h708eb8872708115d
[INFO] [stdout]                                at /rustc/df4ca44d3fbc9301ee17f30f4d474e6ae4b05252/library/test/src/lib.rs:565:43
[INFO] [stdout]   56:     0x5a1cc280d7d4 - test::run_test::{{closure}}::h392c51cee94713ab
[INFO] [stdout]                                at /rustc/df4ca44d3fbc9301ee17f30f4d474e6ae4b05252/library/test/src/lib.rs:595:41
[INFO] [stdout]   57:     0x5a1cc280d7d4 - std::sys::backtrace::__rust_begin_short_backtrace::h2f40290710935a8b
[INFO] [stdout]                                at /rustc/df4ca44d3fbc9301ee17f30f4d474e6ae4b05252/library/std/src/sys/backtrace.rs:154:18
[INFO] [stdout]   58:     0x5a1cc2810f7e - std::thread::Builder::spawn_unchecked_::{{closure}}::{{closure}}::h3fd968d89053a903
[INFO] [stdout]                                at /rustc/df4ca44d3fbc9301ee17f30f4d474e6ae4b05252/library/std/src/thread/mod.rs:541:17
[INFO] [stdout]   59:     0x5a1cc2810f7e - <core::panic::unwind_safe::AssertUnwindSafe<F> as core::ops::function::FnOnce<()>>::call_once::h743f637ba4229880
[INFO] [stdout]                                at /rustc/df4ca44d3fbc9301ee17f30f4d474e6ae4b05252/library/core/src/panic/unwind_safe.rs:272:9
[INFO] [stdout]   60:     0x5a1cc2810f7e - std::panicking::try::do_call::h07440897322525a6
[INFO] [stdout]                                at /rustc/df4ca44d3fbc9301ee17f30f4d474e6ae4b05252/library/std/src/panicking.rs:557:40
[INFO] [stdout]   61:     0x5a1cc2810f7e - std::panicking::try::he5a2e00188156637
[INFO] [stdout]                                at /rustc/df4ca44d3fbc9301ee17f30f4d474e6ae4b05252/library/std/src/panicking.rs:520:19
[INFO] [stdout]   62:     0x5a1cc2810f7e - std::panic::catch_unwind::hbaf3cae49b3c6433
[INFO] [stdout]                                at /rustc/df4ca44d3fbc9301ee17f30f4d474e6ae4b05252/library/std/src/panic.rs:358:14
[INFO] [stdout]   63:     0x5a1cc2810f7e - std::thread::Builder::spawn_unchecked_::{{closure}}::h8e141ea224820bce
[INFO] [stdout]                                at /rustc/df4ca44d3fbc9301ee17f30f4d474e6ae4b05252/library/std/src/thread/mod.rs:540:30
[INFO] [stdout]   64:     0x5a1cc2810f7e - core::ops::function::FnOnce::call_once{{vtable.shim}}::h90d312fedd7b8ea8
[INFO] [stdout]                                at /rustc/df4ca44d3fbc9301ee17f30f4d474e6ae4b05252/library/core/src/ops/function.rs:250:5
[INFO] [stdout]   65:     0x5a1cc2ea074b - <alloc::boxed::Box<F,A> as core::ops::function::FnOnce<Args>>::call_once::h69aa08ddb6adb8b6
[INFO] [stdout]                                at /rustc/df4ca44d3fbc9301ee17f30f4d474e6ae4b05252/library/alloc/src/boxed.rs:2454:9
[INFO] [stdout]   66:     0x5a1cc2ea074b - <alloc::boxed::Box<F,A> as core::ops::function::FnOnce<Args>>::call_once::h5aa36efdb79c806f
[INFO] [stdout]                                at /rustc/df4ca44d3fbc9301ee17f30f4d474e6ae4b05252/library/alloc/src/boxed.rs:2454:9
[INFO] [stdout]   67:     0x5a1cc2ea074b - std::sys::pal::unix::thread::Thread::new::thread_start::h6cd80a1b4be5158d
[INFO] [stdout]                                at /rustc/df4ca44d3fbc9301ee17f30f4d474e6ae4b05252/library/std/src/sys/pal/unix/thread.rs:105:17
[INFO] [stdout]   68:     0x7216026d3ac3 - <unknown>
[INFO] [stdout]   69:     0x721602764a04 - clone
[INFO] [stdout]   70:                0x0 - <unknown>
[INFO] [stdout] 
[INFO] [stdout] ---- oss::api::tables::tests::test_round_trip stdout ----
[INFO] [stdout] thread 'oss::api::tables::tests::test_round_trip' panicked at /rustc/df4ca44d3fbc9301ee17f30f4d474e6ae4b05252/library/alloc/src/string.rs:1871:9:
[INFO] [stdout] assertion failed: self.is_char_boundary(at)
[INFO] [stdout] stack backtrace:
[INFO] [stdout]    0:     0x5a1cc2e9a0ca - std::backtrace_rs::backtrace::libunwind::trace::h207520d6e9873551
[INFO] [stdout]                                at /rustc/df4ca44d3fbc9301ee17f30f4d474e6ae4b05252/library/std/src/../../backtrace/src/backtrace/libunwind.rs:116:5
[INFO] [stdout]    1:     0x5a1cc2e9a0ca - std::backtrace_rs::backtrace::trace_unsynchronized::h2ed7433f370e3eca
[INFO] [stdout]                                at /rustc/df4ca44d3fbc9301ee17f30f4d474e6ae4b05252/library/std/src/../../backtrace/src/backtrace/mod.rs:66:5
[INFO] [stdout]    2:     0x5a1cc2e9a0ca - std::sys::backtrace::_print_fmt::h916fac51166b18d7
[INFO] [stdout]                                at /rustc/df4ca44d3fbc9301ee17f30f4d474e6ae4b05252/library/std/src/sys/backtrace.rs:66:9
[INFO] [stdout]    3:     0x5a1cc2e9a0ca - <std::sys::backtrace::BacktraceLock::print::DisplayBacktrace as core::fmt::Display>::fmt::ha0a4c9b8ce3802e6
[INFO] [stdout]                                at /rustc/df4ca44d3fbc9301ee17f30f4d474e6ae4b05252/library/std/src/sys/backtrace.rs:39:26
[INFO] [stdout]    4:     0x5a1cc2ec7753 - core::fmt::rt::Argument::fmt::h4cfc8587d52b3eb5
[INFO] [stdout]                                at /rustc/df4ca44d3fbc9301ee17f30f4d474e6ae4b05252/library/core/src/fmt/rt.rs:177:76
[INFO] [stdout]    5:     0x5a1cc2ec7753 - core::fmt::write::h522cc39e5b36ae9f
[INFO] [stdout]                                at /rustc/df4ca44d3fbc9301ee17f30f4d474e6ae4b05252/library/core/src/fmt/mod.rs:1190:21
[INFO] [stdout]    6:     0x5a1cc2e95093 - std::io::Write::write_fmt::h7d3c26752da97734
[INFO] [stdout]                                at /rustc/df4ca44d3fbc9301ee17f30f4d474e6ae4b05252/library/std/src/io/mod.rs:1839:15
[INFO] [stdout]    7:     0x5a1cc2e99f12 - std::sys::backtrace::BacktraceLock::print::h4b9e00b29e9c0942
[INFO] [stdout]                                at /rustc/df4ca44d3fbc9301ee17f30f4d474e6ae4b05252/library/std/src/sys/backtrace.rs:42:9
[INFO] [stdout]    8:     0x5a1cc2e9b55a - std::panicking::default_hook::{{closure}}::hb59b88280d0324d9
[INFO] [stdout]                                at /rustc/df4ca44d3fbc9301ee17f30f4d474e6ae4b05252/library/std/src/panicking.rs:268:22
[INFO] [stdout]    9:     0x5a1cc2e9b364 - std::panicking::default_hook::he1dd496665be4a29
[INFO] [stdout]                                at /rustc/df4ca44d3fbc9301ee17f30f4d474e6ae4b05252/library/std/src/panicking.rs:292:9
[INFO] [stdout]   10:     0x5a1cc2845e69 - <alloc::boxed::Box<F,A> as core::ops::function::Fn<Args>>::call::h4ff71de18744e1dc
[INFO] [stdout]                                at /rustc/df4ca44d3fbc9301ee17f30f4d474e6ae4b05252/library/alloc/src/boxed.rs:2468:9
[INFO] [stdout]   11:     0x5a1cc2845e69 - test::test_main::{{closure}}::hcf7c055ce117aa81
[INFO] [stdout]                                at /rustc/df4ca44d3fbc9301ee17f30f4d474e6ae4b05252/library/test/src/lib.rs:133:21
[INFO] [stdout]   12:     0x5a1cc2e9bc58 - <alloc::boxed::Box<F,A> as core::ops::function::Fn<Args>>::call::h1d66c6bbd60c9692
[INFO] [stdout]                                at /rustc/df4ca44d3fbc9301ee17f30f4d474e6ae4b05252/library/alloc/src/boxed.rs:2468:9
[INFO] [stdout]   13:     0x5a1cc2e9bc58 - std::panicking::rust_panic_with_hook::h2ff17fe8f26dfcf8
[INFO] [stdout]                                at /rustc/df4ca44d3fbc9301ee17f30f4d474e6ae4b05252/library/std/src/panicking.rs:809:13
[INFO] [stdout]   14:     0x5a1cc2e9b9e6 - std::panicking::begin_panic_handler::{{closure}}::h4fad77951c07e101
[INFO] [stdout]                                at /rustc/df4ca44d3fbc9301ee17f30f4d474e6ae4b05252/library/std/src/panicking.rs:667:13
[INFO] [stdout]   15:     0x5a1cc2e9a5a9 - std::sys::backtrace::__rust_end_short_backtrace::hb1a25b3da5d0ea08
[INFO] [stdout]                                at /rustc/df4ca44d3fbc9301ee17f30f4d474e6ae4b05252/library/std/src/sys/backtrace.rs:170:18
[INFO] [stdout]   16:     0x5a1cc2e9b6ac - rust_begin_unwind
[INFO] [stdout]                                at /rustc/df4ca44d3fbc9301ee17f30f4d474e6ae4b05252/library/std/src/panicking.rs:665:5
[INFO] [stdout]   17:     0x5a1cc2ec4c90 - core::panicking::panic_fmt::ha9db07b529f9b256
[INFO] [stdout]                                at /rustc/df4ca44d3fbc9301ee17f30f4d474e6ae4b05252/library/core/src/panicking.rs:75:14
[INFO] [stdout]   18:     0x5a1cc2ec4d1c - core::panicking::panic::h993086813d94accc
[INFO] [stdout]                                at /rustc/df4ca44d3fbc9301ee17f30f4d474e6ae4b05252/library/core/src/panicking.rs:152:5
[INFO] [stdout]   19:     0x5a1cc27d05a0 - alloc::string::String::split_off::h35b1745f082ad60a
[INFO] [stdout]                                at /rustc/df4ca44d3fbc9301ee17f30f4d474e6ae4b05252/library/alloc/src/string.rs:1871:9
[INFO] [stdout]   20:     0x5a1cc27e86c5 - unitycatalog_rs::testing::test_utils::start_uc::{{closure}}::h1ca1e21d791cb82f
[INFO] [stdout]                                at /opt/rustwide/workdir/src/testing.rs:38:17
[INFO] [stdout]   21:     0x5a1cc27e9506 - unitycatalog_rs::testing::test_utils::test_with_uc::{{closure}}::h31331356b8eaf077
[INFO] [stdout]                                at /opt/rustwide/workdir/src/testing.rs:60:44
[INFO] [stdout]   22:     0x5a1cc27c2205 - unitycatalog_rs::oss::api::tables::tests::test_round_trip::{{closure}}::h21ed5276c92008f9
[INFO] [stdout]                                at /opt/rustwide/workdir/src/oss/api/tables.rs:311:10
[INFO] [stdout]   23:     0x5a1cc27c7d0f - <core::pin::Pin<P> as core::future::future::Future>::poll::h0da7ceb2c62514c9
[INFO] [stdout]                                at /rustc/df4ca44d3fbc9301ee17f30f4d474e6ae4b05252/library/core/src/future/future.rs:123:9
[INFO] [stdout]   24:     0x5a1cc27c7e2b - <core::pin::Pin<P> as core::future::future::Future>::poll::h7709977c684d59af
[INFO] [stdout]                                at /rustc/df4ca44d3fbc9301ee17f30f4d474e6ae4b05252/library/core/src/future/future.rs:123:9
[INFO] [stdout]   25:     0x5a1cc27fc78e - tokio::runtime::scheduler::current_thread::CoreGuard::block_on::{{closure}}::{{closure}}::{{closure}}::h9630f7e2abfb3604
[INFO] [stdout]                                at /opt/rustwide/cargo-home/registry/src/index.crates.io-6f17d22bba15001f/tokio-1.41.0/src/runtime/scheduler/current_thread/mod.rs:729:57
[INFO] [stdout]   26:     0x5a1cc27fc6b5 - tokio::runtime::coop::with_budget::h2a8d519d743b2639
[INFO] [stdout]                                at /opt/rustwide/cargo-home/registry/src/index.crates.io-6f17d22bba15001f/tokio-1.41.0/src/runtime/coop.rs:107:5
[INFO] [stdout]   27:     0x5a1cc27fc6b5 - tokio::runtime::coop::budget::hd73b9b3b3a732eeb
[INFO] [stdout]                                at /opt/rustwide/cargo-home/registry/src/index.crates.io-6f17d22bba15001f/tokio-1.41.0/src/runtime/coop.rs:73:5
[INFO] [stdout]   28:     0x5a1cc27fc6b5 - tokio::runtime::scheduler::current_thread::CoreGuard::block_on::{{closure}}::{{closure}}::h85eb675905cfe536
[INFO] [stdout]                                at /opt/rustwide/cargo-home/registry/src/index.crates.io-6f17d22bba15001f/tokio-1.41.0/src/runtime/scheduler/current_thread/mod.rs:729:25
[INFO] [stdout]   29:     0x5a1cc27f99dd - tokio::runtime::scheduler::current_thread::Context::enter::h4dc42b6aea22b5fe
[INFO] [stdout]                                at /opt/rustwide/cargo-home/registry/src/index.crates.io-6f17d22bba15001f/tokio-1.41.0/src/runtime/scheduler/current_thread/mod.rs:428:19
[INFO] [stdout]   30:     0x5a1cc27fbc9b - tokio::runtime::scheduler::current_thread::CoreGuard::block_on::{{closure}}::hb54816ce4643996c
[INFO] [stdout]                                at /opt/rustwide/cargo-home/registry/src/index.crates.io-6f17d22bba15001f/tokio-1.41.0/src/runtime/scheduler/current_thread/mod.rs:728:36
[INFO] [stdout]   31:     0x5a1cc27fafcb - tokio::runtime::scheduler::current_thread::CoreGuard::enter::{{closure}}::h75aa4fa587fde2db
[INFO] [stdout]                                at /opt/rustwide/cargo-home/registry/src/index.crates.io-6f17d22bba15001f/tokio-1.41.0/src/runtime/scheduler/current_thread/mod.rs:807:68
[INFO] [stdout]   32:     0x5a1cc27de3fa - tokio::runtime::context::scoped::Scoped<T>::set::h5d170ef08505fcf7
[INFO] [stdout]                                at /opt/rustwide/cargo-home/registry/src/index.crates.io-6f17d22bba15001f/tokio-1.41.0/src/runtime/context/scoped.rs:40:9
[INFO] [stdout]   33:     0x5a1cc27d0dba - tokio::runtime::context::set_scheduler::{{closure}}::h6408e4637c4576ac
[INFO] [stdout]                                at /opt/rustwide/cargo-home/registry/src/index.crates.io-6f17d22bba15001f/tokio-1.41.0/src/runtime/context.rs:180:26
[INFO] [stdout]   34:     0x5a1cc27c63ec - std::thread::local::LocalKey<T>::try_with::hef271dc1758b08f3
[INFO] [stdout]                                at /rustc/df4ca44d3fbc9301ee17f30f4d474e6ae4b05252/library/std/src/thread/local.rs:283:12
[INFO] [stdout]   35:     0x5a1cc27c527c - std::thread::local::LocalKey<T>::with::h4ee17baeba196f97
[INFO] [stdout]                                at /rustc/df4ca44d3fbc9301ee17f30f4d474e6ae4b05252/library/std/src/thread/local.rs:260:9
[INFO] [stdout]   36:     0x5a1cc27d0d61 - tokio::runtime::context::set_scheduler::hf165fa572669d563
[INFO] [stdout]                                at /opt/rustwide/cargo-home/registry/src/index.crates.io-6f17d22bba15001f/tokio-1.41.0/src/runtime/context.rs:180:9
[INFO] [stdout]   37:     0x5a1cc27fa8be - tokio::runtime::scheduler::current_thread::CoreGuard::enter::h71eb639020791058
[INFO] [stdout]                                at /opt/rustwide/cargo-home/registry/src/index.crates.io-6f17d22bba15001f/tokio-1.41.0/src/runtime/scheduler/current_thread/mod.rs:807:27
[INFO] [stdout]   38:     0x5a1cc27fb038 - tokio::runtime::scheduler::current_thread::CoreGuard::block_on::h322b6bb32c13f15c
[INFO] [stdout]                                at /opt/rustwide/cargo-home/registry/src/index.crates.io-6f17d22bba15001f/tokio-1.41.0/src/runtime/scheduler/current_thread/mod.rs:716:19
[INFO] [stdout]   39:     0x5a1cc27f8ff1 - tokio::runtime::scheduler::current_thread::CurrentThread::block_on::{{closure}}::h6a4b32445919e4b4
[INFO] [stdout]                                at /opt/rustwide/cargo-home/registry/src/index.crates.io-6f17d22bba15001f/tokio-1.41.0/src/runtime/scheduler/current_thread/mod.rs:196:28
[INFO] [stdout]   40:     0x5a1cc27d1127 - tokio::runtime::context::runtime::enter_runtime::h294d70a65a947e7e
[INFO] [stdout]                                at /opt/rustwide/cargo-home/registry/src/index.crates.io-6f17d22bba15001f/tokio-1.41.0/src/runtime/context/runtime.rs:65:16
[INFO] [stderr] error: test failed, to rerun pass `--lib`
[INFO] [stdout]   41:     0x5a1cc27f8836 - tokio::runtime::scheduler::current_thread::CurrentThread::block_on::h62310ebb5f929963
[INFO] [stdout]                                at /opt/rustwide/cargo-home/registry/src/index.crates.io-6f17d22bba15001f/tokio-1.41.0/src/runtime/scheduler/current_thread/mod.rs:184:9
[INFO] [stdout]   42:     0x5a1cc27e6fdf - tokio::runtime::runtime::Runtime::block_on_inner::h18f73efc2dcd6351
[INFO] [stdout]                                at /opt/rustwide/cargo-home/registry/src/index.crates.io-6f17d22bba15001f/tokio-1.41.0/src/runtime/runtime.rs:368:47
[INFO] [stdout]   43:     0x5a1cc27e733f - tokio::runtime::runtime::Runtime::block_on::h96bce444c1272987
[INFO] [stdout]                                at /opt/rustwide/cargo-home/registry/src/index.crates.io-6f17d22bba15001f/tokio-1.41.0/src/runtime/runtime.rs:342:13
[INFO] [stdout]   44:     0x5a1cc27c2011 - unitycatalog_rs::oss::api::tables::tests::test_round_trip::hf93d7d13cad9008a
[INFO] [stdout]                                at /opt/rustwide/workdir/src/oss/api/tables.rs:256:9
[INFO] [stdout]   45:     0x5a1cc27c1e8d - unitycatalog_rs::oss::api::tables::tests::test_round_trip::{{closure}}::hef06436e6453bfbd
[INFO] [stdout]                                at /opt/rustwide/workdir/src/oss/api/tables.rs:254:35
[INFO] [stdout]   46:     0x5a1cc276ce76 - core::ops::function::FnOnce::call_once::h480f4be06a960f87
[INFO] [stdout]                                at /rustc/df4ca44d3fbc9301ee17f30f4d474e6ae4b05252/library/core/src/ops/function.rs:250:5
[INFO] [stdout]   47:     0x5a1cc284a73b - core::ops::function::FnOnce::call_once::h22c3ba5715e93f05
[INFO] [stdout]                                at /rustc/df4ca44d3fbc9301ee17f30f4d474e6ae4b05252/library/core/src/ops/function.rs:250:5
[INFO] [stdout]   48:     0x5a1cc284a73b - test::__rust_begin_short_backtrace::h8e82d8113d0da17f
[INFO] [stdout]                                at /rustc/df4ca44d3fbc9301ee17f30f4d474e6ae4b05252/library/test/src/lib.rs:621:18
[INFO] [stdout]   49:     0x5a1cc284a0b7 - test::run_test_in_process::{{closure}}::h33235f4f20b7b7c7
[INFO] [stdout]                                at /rustc/df4ca44d3fbc9301ee17f30f4d474e6ae4b05252/library/test/src/lib.rs:644:60
[INFO] [stdout]   50:     0x5a1cc284a0b7 - <core::panic::unwind_safe::AssertUnwindSafe<F> as core::ops::function::FnOnce<()>>::call_once::hb5043206310c586f
[INFO] [stdout]                                at /rustc/df4ca44d3fbc9301ee17f30f4d474e6ae4b05252/library/core/src/panic/unwind_safe.rs:272:9
[INFO] [stdout]   51:     0x5a1cc284a0b7 - std::panicking::try::do_call::h9ad4731a60ab23e2
[INFO] [stdout]                                at /rustc/df4ca44d3fbc9301ee17f30f4d474e6ae4b05252/library/std/src/panicking.rs:557:40
[INFO] [stdout]   52:     0x5a1cc284a0b7 - std::panicking::try::h3824d23db772a716
[INFO] [stdout]                                at /rustc/df4ca44d3fbc9301ee17f30f4d474e6ae4b05252/library/std/src/panicking.rs:520:19
[INFO] [stdout]   53:     0x5a1cc284a0b7 - std::panic::catch_unwind::h5afd514605fde46b
[INFO] [stdout]                                at /rustc/df4ca44d3fbc9301ee17f30f4d474e6ae4b05252/library/std/src/panic.rs:358:14
[INFO] [stdout]   54:     0x5a1cc284a0b7 - test::run_test_in_process::h0d5cbfa7067d1720
[INFO] [stdout]                                at /rustc/df4ca44d3fbc9301ee17f30f4d474e6ae4b05252/library/test/src/lib.rs:644:27
[INFO] [stdout]   55:     0x5a1cc284a0b7 - test::run_test::{{closure}}::h708eb8872708115d
[INFO] [stdout]                                at /rustc/df4ca44d3fbc9301ee17f30f4d474e6ae4b05252/library/test/src/lib.rs:565:43
[INFO] [stdout]   56:     0x5a1cc280d7d4 - test::run_test::{{closure}}::h392c51cee94713ab
[INFO] [stdout]                                at /rustc/df4ca44d3fbc9301ee17f30f4d474e6ae4b05252/library/test/src/lib.rs:595:41
[INFO] [stdout]   57:     0x5a1cc280d7d4 - std::sys::backtrace::__rust_begin_short_backtrace::h2f40290710935a8b
[INFO] [stdout]                                at /rustc/df4ca44d3fbc9301ee17f30f4d474e6ae4b05252/library/std/src/sys/backtrace.rs:154:18
[INFO] [stdout]   58:     0x5a1cc2810f7e - std::thread::Builder::spawn_unchecked_::{{closure}}::{{closure}}::h3fd968d89053a903
[INFO] [stdout]                                at /rustc/df4ca44d3fbc9301ee17f30f4d474e6ae4b05252/library/std/src/thread/mod.rs:541:17
[INFO] [stdout]   59:     0x5a1cc2810f7e - <core::panic::unwind_safe::AssertUnwindSafe<F> as core::ops::function::FnOnce<()>>::call_once::h743f637ba4229880
[INFO] [stdout]                                at /rustc/df4ca44d3fbc9301ee17f30f4d474e6ae4b05252/library/core/src/panic/unwind_safe.rs:272:9
[INFO] [stdout]   60:     0x5a1cc2810f7e - std::panicking::try::do_call::h07440897322525a6
[INFO] [stdout]                                at /rustc/df4ca44d3fbc9301ee17f30f4d474e6ae4b05252/library/std/src/panicking.rs:557:40
[INFO] [stdout]   61:     0x5a1cc2810f7e - std::panicking::try::he5a2e00188156637
[INFO] [stdout]                                at /rustc/df4ca44d3fbc9301ee17f30f4d474e6ae4b05252/library/std/src/panicking.rs:520:19
[INFO] [stdout]   62:     0x5a1cc2810f7e - std::panic::catch_unwind::hbaf3cae49b3c6433
[INFO] [stdout]                                at /rustc/df4ca44d3fbc9301ee17f30f4d474e6ae4b05252/library/std/src/panic.rs:358:14
[INFO] [stdout]   63:     0x5a1cc2810f7e - std::thread::Builder::spawn_unchecked_::{{closure}}::h8e141ea224820bce
[INFO] [stdout]                                at /rustc/df4ca44d3fbc9301ee17f30f4d474e6ae4b05252/library/std/src/thread/mod.rs:540:30
[INFO] [stdout]   64:     0x5a1cc2810f7e - core::ops::function::FnOnce::call_once{{vtable.shim}}::h90d312fedd7b8ea8
[INFO] [stdout]                                at /rustc/df4ca44d3fbc9301ee17f30f4d474e6ae4b05252/library/core/src/ops/function.rs:250:5
[INFO] [stdout]   65:     0x5a1cc2ea074b - <alloc::boxed::Box<F,A> as core::ops::function::FnOnce<Args>>::call_once::h69aa08ddb6adb8b6
[INFO] [stdout]                                at /rustc/df4ca44d3fbc9301ee17f30f4d474e6ae4b05252/library/alloc/src/boxed.rs:2454:9
[INFO] [stdout]   66:     0x5a1cc2ea074b - <alloc::boxed::Box<F,A> as core::ops::function::FnOnce<Args>>::call_once::h5aa36efdb79c806f
[INFO] [stdout]                                at /rustc/df4ca44d3fbc9301ee17f30f4d474e6ae4b05252/library/alloc/src/boxed.rs:2454:9
[INFO] [stdout]   67:     0x5a1cc2ea074b - std::sys::pal::unix::thread::Thread::new::thread_start::h6cd80a1b4be5158d
[INFO] [stdout]                                at /rustc/df4ca44d3fbc9301ee17f30f4d474e6ae4b05252/library/std/src/sys/pal/unix/thread.rs:105:17
[INFO] [stdout]   68:     0x7216026d3ac3 - <unknown>
[INFO] [stdout]   69:     0x721602764a04 - clone
[INFO] [stdout]   70:                0x0 - <unknown>
[INFO] [stdout] 
[INFO] [stdout] ---- oss::api::schemas::tests::test_not_found stdout ----
[INFO] [stdout] thread 'oss::api::schemas::tests::test_not_found' panicked at /rustc/df4ca44d3fbc9301ee17f30f4d474e6ae4b05252/library/alloc/src/string.rs:1871:9:
[INFO] [stdout] assertion failed: self.is_char_boundary(at)
[INFO] [stdout] stack backtrace:
[INFO] [stdout]    0:     0x5a1cc2e9a0ca - std::backtrace_rs::backtrace::libunwind::trace::h207520d6e9873551
[INFO] [stdout]                                at /rustc/df4ca44d3fbc9301ee17f30f4d474e6ae4b05252/library/std/src/../../backtrace/src/backtrace/libunwind.rs:116:5
[INFO] [stdout]    1:     0x5a1cc2e9a0ca - std::backtrace_rs::backtrace::trace_unsynchronized::h2ed7433f370e3eca
[INFO] [stdout]                                at /rustc/df4ca44d3fbc9301ee17f30f4d474e6ae4b05252/library/std/src/../../backtrace/src/backtrace/mod.rs:66:5
[INFO] [stdout]    2:     0x5a1cc2e9a0ca - std::sys::backtrace::_print_fmt::h916fac51166b18d7
[INFO] [stdout]                                at /rustc/df4ca44d3fbc9301ee17f30f4d474e6ae4b05252/library/std/src/sys/backtrace.rs:66:9
[INFO] [stdout]    3:     0x5a1cc2e9a0ca - <std::sys::backtrace::BacktraceLock::print::DisplayBacktrace as core::fmt::Display>::fmt::ha0a4c9b8ce3802e6
[INFO] [stdout]                                at /rustc/df4ca44d3fbc9301ee17f30f4d474e6ae4b05252/library/std/src/sys/backtrace.rs:39:26
[INFO] [stdout]    4:     0x5a1cc2ec7753 - core::fmt::rt::Argument::fmt::h4cfc8587d52b3eb5
[INFO] [stdout]                                at /rustc/df4ca44d3fbc9301ee17f30f4d474e6ae4b05252/library/core/src/fmt/rt.rs:177:76
[INFO] [stdout]    5:     0x5a1cc2ec7753 - core::fmt::write::h522cc39e5b36ae9f
[INFO] [stdout]                                at /rustc/df4ca44d3fbc9301ee17f30f4d474e6ae4b05252/library/core/src/fmt/mod.rs:1190:21
[INFO] [stdout]    6:     0x5a1cc2e95093 - std::io::Write::write_fmt::h7d3c26752da97734
[INFO] [stdout]                                at /rustc/df4ca44d3fbc9301ee17f30f4d474e6ae4b05252/library/std/src/io/mod.rs:1839:15
[INFO] [stdout]    7:     0x5a1cc2e99f12 - std::sys::backtrace::BacktraceLock::print::h4b9e00b29e9c0942
[INFO] [stdout]                                at /rustc/df4ca44d3fbc9301ee17f30f4d474e6ae4b05252/library/std/src/sys/backtrace.rs:42:9
[INFO] [stdout]    8:     0x5a1cc2e9b55a - std::panicking::default_hook::{{closure}}::hb59b88280d0324d9
[INFO] [stdout]                                at /rustc/df4ca44d3fbc9301ee17f30f4d474e6ae4b05252/library/std/src/panicking.rs:268:22
[INFO] [stdout]    9:     0x5a1cc2e9b364 - std::panicking::default_hook::he1dd496665be4a29
[INFO] [stdout]                                at /rustc/df4ca44d3fbc9301ee17f30f4d474e6ae4b05252/library/std/src/panicking.rs:292:9
[INFO] [stdout]   10:     0x5a1cc2845e69 - <alloc::boxed::Box<F,A> as core::ops::function::Fn<Args>>::call::h4ff71de18744e1dc
[INFO] [stdout]                                at /rustc/df4ca44d3fbc9301ee17f30f4d474e6ae4b05252/library/alloc/src/boxed.rs:2468:9
[INFO] [stdout]   11:     0x5a1cc2845e69 - test::test_main::{{closure}}::hcf7c055ce117aa81
[INFO] [stdout]                                at /rustc/df4ca44d3fbc9301ee17f30f4d474e6ae4b05252/library/test/src/lib.rs:133:21
[INFO] [stdout]   12:     0x5a1cc2e9bc58 - <alloc::boxed::Box<F,A> as core::ops::function::Fn<Args>>::call::h1d66c6bbd60c9692
[INFO] [stdout]                                at /rustc/df4ca44d3fbc9301ee17f30f4d474e6ae4b05252/library/alloc/src/boxed.rs:2468:9
[INFO] [stdout]   13:     0x5a1cc2e9bc58 - std::panicking::rust_panic_with_hook::h2ff17fe8f26dfcf8
[INFO] [stdout]                                at /rustc/df4ca44d3fbc9301ee17f30f4d474e6ae4b05252/library/std/src/panicking.rs:809:13
[INFO] [stdout]   14:     0x5a1cc2e9b9e6 - std::panicking::begin_panic_handler::{{closure}}::h4fad77951c07e101
[INFO] [stdout]                                at /rustc/df4ca44d3fbc9301ee17f30f4d474e6ae4b05252/library/std/src/panicking.rs:667:13
[INFO] [stdout]   15:     0x5a1cc2e9a5a9 - std::sys::backtrace::__rust_end_short_backtrace::hb1a25b3da5d0ea08
[INFO] [stdout]                                at /rustc/df4ca44d3fbc9301ee17f30f4d474e6ae4b05252/library/std/src/sys/backtrace.rs:170:18
[INFO] [stdout]   16:     0x5a1cc2e9b6ac - rust_begin_unwind
[INFO] [stdout]                                at /rustc/df4ca44d3fbc9301ee17f30f4d474e6ae4b05252/library/std/src/panicking.rs:665:5
[INFO] [stdout]   17:     0x5a1cc2ec4c90 - core::panicking::panic_fmt::ha9db07b529f9b256
[INFO] [stdout]                                at /rustc/df4ca44d3fbc9301ee17f30f4d474e6ae4b05252/library/core/src/panicking.rs:75:14
[INFO] [stdout]   18:     0x5a1cc2ec4d1c - core::panicking::panic::h993086813d94accc
[INFO] [stdout]                                at /rustc/df4ca44d3fbc9301ee17f30f4d474e6ae4b05252/library/core/src/panicking.rs:152:5
[INFO] [stdout]   19:     0x5a1cc27d05a0 - alloc::string::String::split_off::h35b1745f082ad60a
[INFO] [stdout]                                at /rustc/df4ca44d3fbc9301ee17f30f4d474e6ae4b05252/library/alloc/src/string.rs:1871:9
[INFO] [stdout]   20:     0x5a1cc27e86c5 - unitycatalog_rs::testing::test_utils::start_uc::{{closure}}::h1ca1e21d791cb82f
[INFO] [stdout]                                at /opt/rustwide/workdir/src/testing.rs:38:17
[INFO] [stdout]   21:     0x5a1cc27e8ea6 - unitycatalog_rs::testing::test_utils::test_with_uc::{{closure}}::h1e0b65ee9f50736c
[INFO] [stdout]                                at /opt/rustwide/workdir/src/testing.rs:60:44
[INFO] [stdout]   22:     0x5a1cc27c0f85 - unitycatalog_rs::oss::api::schemas::tests::test_not_found::{{closure}}::h8ef921d7193f7fd4
[INFO] [stdout]                                at /opt/rustwide/workdir/src/oss/api/schemas.rs:218:10
[INFO] [stdout]   23:     0x5a1cc27c7d0f - <core::pin::Pin<P> as core::future::future::Future>::poll::h0da7ceb2c62514c9
[INFO] [stdout]                                at /rustc/df4ca44d3fbc9301ee17f30f4d474e6ae4b05252/library/core/src/future/future.rs:123:9
[INFO] [stdout]   24:     0x5a1cc27c7e2b - <core::pin::Pin<P> as core::future::future::Future>::poll::h7709977c684d59af
[INFO] [stdout]                                at /rustc/df4ca44d3fbc9301ee17f30f4d474e6ae4b05252/library/core/src/future/future.rs:123:9
[INFO] [stdout]   25:     0x5a1cc27fc78e - tokio::runtime::scheduler::current_thread::CoreGuard::block_on::{{closure}}::{{closure}}::{{closure}}::h9630f7e2abfb3604
[INFO] [stdout]                                at /opt/rustwide/cargo-home/registry/src/index.crates.io-6f17d22bba15001f/tokio-1.41.0/src/runtime/scheduler/current_thread/mod.rs:729:57
[INFO] [stdout]   26:     0x5a1cc27fc6b5 - tokio::runtime::coop::with_budget::h2a8d519d743b2639
[INFO] [stdout]                                at /opt/rustwide/cargo-home/registry/src/index.crates.io-6f17d22bba15001f/tokio-1.41.0/src/runtime/coop.rs:107:5
[INFO] [stdout]   27:     0x5a1cc27fc6b5 - tokio::runtime::coop::budget::hd73b9b3b3a732eeb
[INFO] [stdout]                                at /opt/rustwide/cargo-home/registry/src/index.crates.io-6f17d22bba15001f/tokio-1.41.0/src/runtime/coop.rs:73:5
[INFO] [stdout]   28:     0x5a1cc27fc6b5 - tokio::runtime::scheduler::current_thread::CoreGuard::block_on::{{closure}}::{{closure}}::h85eb675905cfe536
[INFO] [stdout]                                at /opt/rustwide/cargo-home/registry/src/index.crates.io-6f17d22bba15001f/tokio-1.41.0/src/runtime/scheduler/current_thread/mod.rs:729:25
[INFO] [stdout]   29:     0x5a1cc27f99dd - tokio::runtime::scheduler::current_thread::Context::enter::h4dc42b6aea22b5fe
[INFO] [stdout]                                at /opt/rustwide/cargo-home/registry/src/index.crates.io-6f17d22bba15001f/tokio-1.41.0/src/runtime/scheduler/current_thread/mod.rs:428:19
[INFO] [stdout]   30:     0x5a1cc27fbc9b - tokio::runtime::scheduler::current_thread::CoreGuard::block_on::{{closure}}::hb54816ce4643996c
[INFO] [stdout]                                at /opt/rustwide/cargo-home/registry/src/index.crates.io-6f17d22bba15001f/tokio-1.41.0/src/runtime/scheduler/current_thread/mod.rs:728:36
[INFO] [stdout]   31:     0x5a1cc27fafcb - tokio::runtime::scheduler::current_thread::CoreGuard::enter::{{closure}}::h75aa4fa587fde2db
[INFO] [stdout]                                at /opt/rustwide/cargo-home/registry/src/index.crates.io-6f17d22bba15001f/tokio-1.41.0/src/runtime/scheduler/current_thread/mod.rs:807:68
[INFO] [stdout]   32:     0x5a1cc27de3fa - tokio::runtime::context::scoped::Scoped<T>::set::h5d170ef08505fcf7
[INFO] [stdout]                                at /opt/rustwide/cargo-home/registry/src/index.crates.io-6f17d22bba15001f/tokio-1.41.0/src/runtime/context/scoped.rs:40:9
[INFO] [stdout]   33:     0x5a1cc27d0dba - tokio::runtime::context::set_scheduler::{{closure}}::h6408e4637c4576ac
[INFO] [stdout]                                at /opt/rustwide/cargo-home/registry/src/index.crates.io-6f17d22bba15001f/tokio-1.41.0/src/runtime/context.rs:180:26
[INFO] [stdout]   34:     0x5a1cc27c63ec - std::thread::local::LocalKey<T>::try_with::hef271dc1758b08f3
[INFO] [stdout]                                at /rustc/df4ca44d3fbc9301ee17f30f4d474e6ae4b05252/library/std/src/thread/local.rs:283:12
[INFO] [stdout]   35:     0x5a1cc27c527c - std::thread::local::LocalKey<T>::with::h4ee17baeba196f97
[INFO] [stdout]                                at /rustc/df4ca44d3fbc9301ee17f30f4d474e6ae4b05252/library/std/src/thread/local.rs:260:9
[INFO] [stdout]   36:     0x5a1cc27d0d61 - tokio::runtime::context::set_scheduler::hf165fa572669d563
[INFO] [stdout]                                at /opt/rustwide/cargo-home/registry/src/index.crates.io-6f17d22bba15001f/tokio-1.41.0/src/runtime/context.rs:180:9
[INFO] [stdout]   37:     0x5a1cc27fa8be - tokio::runtime::scheduler::current_thread::CoreGuard::enter::h71eb639020791058
[INFO] [stdout]                                at /opt/rustwide/cargo-home/registry/src/index.crates.io-6f17d22bba15001f/tokio-1.41.0/src/runtime/scheduler/current_thread/mod.rs:807:27
[INFO] [stdout]   38:     0x5a1cc27fb038 - tokio::runtime::scheduler::current_thread::CoreGuard::block_on::h322b6bb32c13f15c
[INFO] [stdout]                                at /opt/rustwide/cargo-home/registry/src/index.crates.io-6f17d22bba15001f/tokio-1.41.0/src/runtime/scheduler/current_thread/mod.rs:716:19
[INFO] [stdout]   39:     0x5a1cc27f8ff1 - tokio::runtime::scheduler::current_thread::CurrentThread::block_on::{{closure}}::h6a4b32445919e4b4
[INFO] [stdout]                                at /opt/rustwide/cargo-home/registry/src/index.crates.io-6f17d22bba15001f/tokio-1.41.0/src/runtime/scheduler/current_thread/mod.rs:196:28
[INFO] [stdout]   40:     0x5a1cc27d1127 - tokio::runtime::context::runtime::enter_runtime::h294d70a65a947e7e
[INFO] [stdout]                                at /opt/rustwide/cargo-home/registry/src/index.crates.io-6f17d22bba15001f/tokio-1.41.0/src/runtime/context/runtime.rs:65:16
[INFO] [stdout]   41:     0x5a1cc27f8836 - tokio::runtime::scheduler::current_thread::CurrentThread::block_on::h62310ebb5f929963
[INFO] [stdout]                                at /opt/rustwide/cargo-home/registry/src/index.crates.io-6f17d22bba15001f/tokio-1.41.0/src/runtime/scheduler/current_thread/mod.rs:184:9
[INFO] [stdout]   42:     0x5a1cc27e6fdf - tokio::runtime::runtime::Runtime::block_on_inner::h18f73efc2dcd6351
[INFO] [stdout]                                at /opt/rustwide/cargo-home/registry/src/index.crates.io-6f17d22bba15001f/tokio-1.41.0/src/runtime/runtime.rs:368:47
[INFO] [stdout]   43:     0x5a1cc27e733f - tokio::runtime::runtime::Runtime::block_on::h96bce444c1272987
[INFO] [stdout]                                at /opt/rustwide/cargo-home/registry/src/index.crates.io-6f17d22bba15001f/tokio-1.41.0/src/runtime/runtime.rs:342:13
[INFO] [stdout]   44:     0x5a1cc27c0d91 - unitycatalog_rs::oss::api::schemas::tests::test_not_found::hee5b2d8bc8c5edd1
[INFO] [stdout]                                at /opt/rustwide/workdir/src/oss/api/schemas.rs:199:9
[INFO] [stdout]   45:     0x5a1cc27c0c0d - unitycatalog_rs::oss::api::schemas::tests::test_not_found::{{closure}}::h535c3f46a4bcd76b
[INFO] [stdout]                                at /opt/rustwide/workdir/src/oss/api/schemas.rs:198:34
[INFO] [stdout]   46:     0x5a1cc276d256 - core::ops::function::FnOnce::call_once::hff22d14b67742118
[INFO] [stdout]                                at /rustc/df4ca44d3fbc9301ee17f30f4d474e6ae4b05252/library/core/src/ops/function.rs:250:5
[INFO] [stdout]   47:     0x5a1cc284a73b - core::ops::function::FnOnce::call_once::h22c3ba5715e93f05
[INFO] [stdout]                                at /rustc/df4ca44d3fbc9301ee17f30f4d474e6ae4b05252/library/core/src/ops/function.rs:250:5
[INFO] [stdout]   48:     0x5a1cc284a73b - test::__rust_begin_short_backtrace::h8e82d8113d0da17f
[INFO] [stdout]                                at /rustc/df4ca44d3fbc9301ee17f30f4d474e6ae4b05252/library/test/src/lib.rs:621:18
[INFO] [stdout]   49:     0x5a1cc284a0b7 - test::run_test_in_process::{{closure}}::h33235f4f20b7b7c7
[INFO] [stdout]                                at /rustc/df4ca44d3fbc9301ee17f30f4d474e6ae4b05252/library/test/src/lib.rs:644:60
[INFO] [stdout]   50:     0x5a1cc284a0b7 - <core::panic::unwind_safe::AssertUnwindSafe<F> as core::ops::function::FnOnce<()>>::call_once::hb5043206310c586f
[INFO] [stdout]                                at /rustc/df4ca44d3fbc9301ee17f30f4d474e6ae4b05252/library/core/src/panic/unwind_safe.rs:272:9
[INFO] [stdout]   51:     0x5a1cc284a0b7 - std::panicking::try::do_call::h9ad4731a60ab23e2
[INFO] [stdout]                                at /rustc/df4ca44d3fbc9301ee17f30f4d474e6ae4b05252/library/std/src/panicking.rs:557:40
[INFO] [stdout]   52:     0x5a1cc284a0b7 - std::panicking::try::h3824d23db772a716
[INFO] [stdout]                                at /rustc/df4ca44d3fbc9301ee17f30f4d474e6ae4b05252/library/std/src/panicking.rs:520:19
[INFO] [stdout]   53:     0x5a1cc284a0b7 - std::panic::catch_unwind::h5afd514605fde46b
[INFO] [stdout]                                at /rustc/df4ca44d3fbc9301ee17f30f4d474e6ae4b05252/library/std/src/panic.rs:358:14
[INFO] [stdout]   54:     0x5a1cc284a0b7 - test::run_test_in_process::h0d5cbfa7067d1720
[INFO] [stdout]                                at /rustc/df4ca44d3fbc9301ee17f30f4d474e6ae4b05252/library/test/src/lib.rs:644:27
[INFO] [stdout]   55:     0x5a1cc284a0b7 - test::run_test::{{closure}}::h708eb8872708115d
[INFO] [stdout]                                at /rustc/df4ca44d3fbc9301ee17f30f4d474e6ae4b05252/library/test/src/lib.rs:565:43
[INFO] [stdout]   56:     0x5a1cc280d7d4 - test::run_test::{{closure}}::h392c51cee94713ab
[INFO] [stdout]                                at /rustc/df4ca44d3fbc9301ee17f30f4d474e6ae4b05252/library/test/src/lib.rs:595:41
[INFO] [stdout]   57:     0x5a1cc280d7d4 - std::sys::backtrace::__rust_begin_short_backtrace::h2f40290710935a8b
[INFO] [stdout]                                at /rustc/df4ca44d3fbc9301ee17f30f4d474e6ae4b05252/library/std/src/sys/backtrace.rs:154:18
[INFO] [stdout]   58:     0x5a1cc2810f7e - std::thread::Builder::spawn_unchecked_::{{closure}}::{{closure}}::h3fd968d89053a903
[INFO] [stdout]                                at /rustc/df4ca44d3fbc9301ee17f30f4d474e6ae4b05252/library/std/src/thread/mod.rs:541:17
[INFO] [stdout]   59:     0x5a1cc2810f7e - <core::panic::unwind_safe::AssertUnwindSafe<F> as core::ops::function::FnOnce<()>>::call_once::h743f637ba4229880
[INFO] [stdout]                                at /rustc/df4ca44d3fbc9301ee17f30f4d474e6ae4b05252/library/core/src/panic/unwind_safe.rs:272:9
[INFO] [stdout]   60:     0x5a1cc2810f7e - std::panicking::try::do_call::h07440897322525a6
[INFO] [stdout]                                at /rustc/df4ca44d3fbc9301ee17f30f4d474e6ae4b05252/library/std/src/panicking.rs:557:40
[INFO] [stdout]   61:     0x5a1cc2810f7e - std::panicking::try::he5a2e00188156637
[INFO] [stdout]                                at /rustc/df4ca44d3fbc9301ee17f30f4d474e6ae4b05252/library/std/src/panicking.rs:520:19
[INFO] [stdout]   62:     0x5a1cc2810f7e - std::panic::catch_unwind::hbaf3cae49b3c6433
[INFO] [stdout]                                at /rustc/df4ca44d3fbc9301ee17f30f4d474e6ae4b05252/library/std/src/panic.rs:358:14
[INFO] [stdout]   63:     0x5a1cc2810f7e - std::thread::Builder::spawn_unchecked_::{{closure}}::h8e141ea224820bce
[INFO] [stdout]                                at /rustc/df4ca44d3fbc9301ee17f30f4d474e6ae4b05252/library/std/src/thread/mod.rs:540:30
[INFO] [stdout]   64:     0x5a1cc2810f7e - core::ops::function::FnOnce::call_once{{vtable.shim}}::h90d312fedd7b8ea8
[INFO] [stdout]                                at /rustc/df4ca44d3fbc9301ee17f30f4d474e6ae4b05252/library/core/src/ops/function.rs:250:5
[INFO] [stdout]   65:     0x5a1cc2ea074b - <alloc::boxed::Box<F,A> as core::ops::function::FnOnce<Args>>::call_once::h69aa08ddb6adb8b6
[INFO] [stdout]                                at /rustc/df4ca44d3fbc9301ee17f30f4d474e6ae4b05252/library/alloc/src/boxed.rs:2454:9
[INFO] [stdout]   66:     0x5a1cc2ea074b - <alloc::boxed::Box<F,A> as core::ops::function::FnOnce<Args>>::call_once::h5aa36efdb79c806f
[INFO] [stdout]                                at /rustc/df4ca44d3fbc9301ee17f30f4d474e6ae4b05252/library/alloc/src/boxed.rs:2454:9
[INFO] [stdout]   67:     0x5a1cc2ea074b - std::sys::pal::unix::thread::Thread::new::thread_start::h6cd80a1b4be5158d
[INFO] [stdout]                                at /rustc/df4ca44d3fbc9301ee17f30f4d474e6ae4b05252/library/std/src/sys/pal/unix/thread.rs:105:17
[INFO] [stdout]   68:     0x7216026d3ac3 - <unknown>
[INFO] [stdout]   69:     0x721602764a04 - clone
[INFO] [stdout]   70:                0x0 - <unknown>
[INFO] [stdout] 
[INFO] [stdout] ---- oss::api::catalogs::tests::test_list stdout ----
[INFO] [stdout] thread 'oss::api::catalogs::tests::test_list' panicked at /rustc/df4ca44d3fbc9301ee17f30f4d474e6ae4b05252/library/alloc/src/string.rs:1871:9:
[INFO] [stdout] assertion failed: self.is_char_boundary(at)
[INFO] [stdout] stack backtrace:
[INFO] [stdout]    0:     0x5a1cc2e9a0ca - std::backtrace_rs::backtrace::libunwind::trace::h207520d6e9873551
[INFO] [stdout]                                at /rustc/df4ca44d3fbc9301ee17f30f4d474e6ae4b05252/library/std/src/../../backtrace/src/backtrace/libunwind.rs:116:5
[INFO] [stdout]    1:     0x5a1cc2e9a0ca - std::backtrace_rs::backtrace::trace_unsynchronized::h2ed7433f370e3eca
[INFO] [stdout]                                at /rustc/df4ca44d3fbc9301ee17f30f4d474e6ae4b05252/library/std/src/../../backtrace/src/backtrace/mod.rs:66:5
[INFO] [stdout]    2:     0x5a1cc2e9a0ca - std::sys::backtrace::_print_fmt::h916fac51166b18d7
[INFO] [stdout]                                at /rustc/df4ca44d3fbc9301ee17f30f4d474e6ae4b05252/library/std/src/sys/backtrace.rs:66:9
[INFO] [stdout]    3:     0x5a1cc2e9a0ca - <std::sys::backtrace::BacktraceLock::print::DisplayBacktrace as core::fmt::Display>::fmt::ha0a4c9b8ce3802e6
[INFO] [stdout]                                at /rustc/df4ca44d3fbc9301ee17f30f4d474e6ae4b05252/library/std/src/sys/backtrace.rs:39:26
[INFO] [stdout]    4:     0x5a1cc2ec7753 - core::fmt::rt::Argument::fmt::h4cfc8587d52b3eb5
[INFO] [stdout]                                at /rustc/df4ca44d3fbc9301ee17f30f4d474e6ae4b05252/library/core/src/fmt/rt.rs:177:76
[INFO] [stdout]    5:     0x5a1cc2ec7753 - core::fmt::write::h522cc39e5b36ae9f
[INFO] [stdout]                                at /rustc/df4ca44d3fbc9301ee17f30f4d474e6ae4b05252/library/core/src/fmt/mod.rs:1190:21
[INFO] [stdout]    6:     0x5a1cc2e95093 - std::io::Write::write_fmt::h7d3c26752da97734
[INFO] [stdout]                                at /rustc/df4ca44d3fbc9301ee17f30f4d474e6ae4b05252/library/std/src/io/mod.rs:1839:15
[INFO] [stdout]    7:     0x5a1cc2e99f12 - std::sys::backtrace::BacktraceLock::print::h4b9e00b29e9c0942
[INFO] [stdout]                                at /rustc/df4ca44d3fbc9301ee17f30f4d474e6ae4b05252/library/std/src/sys/backtrace.rs:42:9
[INFO] [stdout]    8:     0x5a1cc2e9b55a - std::panicking::default_hook::{{closure}}::hb59b88280d0324d9
[INFO] [stdout]                                at /rustc/df4ca44d3fbc9301ee17f30f4d474e6ae4b05252/library/std/src/panicking.rs:268:22
[INFO] [stdout]    9:     0x5a1cc2e9b364 - std::panicking::default_hook::he1dd496665be4a29
[INFO] [stdout]                                at /rustc/df4ca44d3fbc9301ee17f30f4d474e6ae4b05252/library/std/src/panicking.rs:292:9
[INFO] [stdout]   10:     0x5a1cc2845e69 - <alloc::boxed::Box<F,A> as core::ops::function::Fn<Args>>::call::h4ff71de18744e1dc
[INFO] [stdout]                                at /rustc/df4ca44d3fbc9301ee17f30f4d474e6ae4b05252/library/alloc/src/boxed.rs:2468:9
[INFO] [stdout]   11:     0x5a1cc2845e69 - test::test_main::{{closure}}::hcf7c055ce117aa81
[INFO] [stdout]                                at /rustc/df4ca44d3fbc9301ee17f30f4d474e6ae4b05252/library/test/src/lib.rs:133:21
[INFO] [stdout]   12:     0x5a1cc2e9bc58 - <alloc::boxed::Box<F,A> as core::ops::function::Fn<Args>>::call::h1d66c6bbd60c9692
[INFO] [stdout]                                at /rustc/df4ca44d3fbc9301ee17f30f4d474e6ae4b05252/library/alloc/src/boxed.rs:2468:9
[INFO] [stdout]   13:     0x5a1cc2e9bc58 - std::panicking::rust_panic_with_hook::h2ff17fe8f26dfcf8
[INFO] [stdout]                                at /rustc/df4ca44d3fbc9301ee17f30f4d474e6ae4b05252/library/std/src/panicking.rs:809:13
[INFO] [stdout]   14:     0x5a1cc2e9b9e6 - std::panicking::begin_panic_handler::{{closure}}::h4fad77951c07e101
[INFO] [stdout]                                at /rustc/df4ca44d3fbc9301ee17f30f4d474e6ae4b05252/library/std/src/panicking.rs:667:13
[INFO] [stdout]   15:     0x5a1cc2e9a5a9 - std::sys::backtrace::__rust_end_short_backtrace::hb1a25b3da5d0ea08
[INFO] [stdout]                                at /rustc/df4ca44d3fbc9301ee17f30f4d474e6ae4b05252/library/std/src/sys/backtrace.rs:170:18
[INFO] [stdout]   16:     0x5a1cc2e9b6ac - rust_begin_unwind
[INFO] [stdout]                                at /rustc/df4ca44d3fbc9301ee17f30f4d474e6ae4b05252/library/std/src/panicking.rs:665:5
[INFO] [stdout]   17:     0x5a1cc2ec4c90 - core::panicking::panic_fmt::ha9db07b529f9b256
[INFO] [stdout]                                at /rustc/df4ca44d3fbc9301ee17f30f4d474e6ae4b05252/library/core/src/panicking.rs:75:14
[INFO] [stdout]   18:     0x5a1cc2ec4d1c - core::panicking::panic::h993086813d94accc
[INFO] [stdout]                                at /rustc/df4ca44d3fbc9301ee17f30f4d474e6ae4b05252/library/core/src/panicking.rs:152:5
[INFO] [stdout]   19:     0x5a1cc27d05a0 - alloc::string::String::split_off::h35b1745f082ad60a
[INFO] [stdout]                                at /rustc/df4ca44d3fbc9301ee17f30f4d474e6ae4b05252/library/alloc/src/string.rs:1871:9
[INFO] [stdout]   20:     0x5a1cc27e86c5 - unitycatalog_rs::testing::test_utils::start_uc::{{closure}}::h1ca1e21d791cb82f
[INFO] [stdout]                                at /opt/rustwide/workdir/src/testing.rs:38:17
[INFO] [stdout]   21:     0x5a1cc27eae96 - unitycatalog_rs::testing::test_utils::test_with_uc::{{closure}}::hf62822bc6d99ada7
[INFO] [stdout]                                at /opt/rustwide/workdir/src/testing.rs:60:44
[INFO] [stdout]   22:     0x5a1cc27ef885 - unitycatalog_rs::oss::api::catalogs::tests::test_list::{{closure}}::h8d845480eb2a3ea4
[INFO] [stdout]                                at /opt/rustwide/workdir/src/oss/api/catalogs.rs:149:10
[INFO] [stdout]   23:     0x5a1cc27c7d0f - <core::pin::Pin<P> as core::future::future::Future>::poll::h0da7ceb2c62514c9
[INFO] [stdout]                                at /rustc/df4ca44d3fbc9301ee17f30f4d474e6ae4b05252/library/core/src/future/future.rs:123:9
[INFO] [stdout]   24:     0x5a1cc27c7e2b - <core::pin::Pin<P> as core::future::future::Future>::poll::h7709977c684d59af
[INFO] [stdout]                                at /rustc/df4ca44d3fbc9301ee17f30f4d474e6ae4b05252/library/core/src/future/future.rs:123:9
[INFO] [stdout]   25:     0x5a1cc27fc78e - tokio::runtime::scheduler::current_thread::CoreGuard::block_on::{{closure}}::{{closure}}::{{closure}}::h9630f7e2abfb3604
[INFO] [stdout]                                at /opt/rustwide/cargo-home/registry/src/index.crates.io-6f17d22bba15001f/tokio-1.41.0/src/runtime/scheduler/current_thread/mod.rs:729:57
[INFO] [stdout]   26:     0x5a1cc27fc6b5 - tokio::runtime::coop::with_budget::h2a8d519d743b2639
[INFO] [stdout]                                at /opt/rustwide/cargo-home/registry/src/index.crates.io-6f17d22bba15001f/tokio-1.41.0/src/runtime/coop.rs:107:5
[INFO] [stdout]   27:     0x5a1cc27fc6b5 - tokio::runtime::coop::budget::hd73b9b3b3a732eeb
[INFO] [stdout]                                at /opt/rustwide/cargo-home/registry/src/index.crates.io-6f17d22bba15001f/tokio-1.41.0/src/runtime/coop.rs:73:5
[INFO] [stdout]   28:     0x5a1cc27fc6b5 - tokio::runtime::scheduler::current_thread::CoreGuard::block_on::{{closure}}::{{closure}}::h85eb675905cfe536
[INFO] [stdout]                                at /opt/rustwide/cargo-home/registry/src/index.crates.io-6f17d22bba15001f/tokio-1.41.0/src/runtime/scheduler/current_thread/mod.rs:729:25
[INFO] [stdout]   29:     0x5a1cc27f99dd - tokio::runtime::scheduler::current_thread::Context::enter::h4dc42b6aea22b5fe
[INFO] [stdout]                                at /opt/rustwide/cargo-home/registry/src/index.crates.io-6f17d22bba15001f/tokio-1.41.0/src/runtime/scheduler/current_thread/mod.rs:428:19
[INFO] [stdout]   30:     0x5a1cc27fbc9b - tokio::runtime::scheduler::current_thread::CoreGuard::block_on::{{closure}}::hb54816ce4643996c
[INFO] [stdout]                                at /opt/rustwide/cargo-home/registry/src/index.crates.io-6f17d22bba15001f/tokio-1.41.0/src/runtime/scheduler/current_thread/mod.rs:728:36
[INFO] [stdout]   31:     0x5a1cc27fafcb - tokio::runtime::scheduler::current_thread::CoreGuard::enter::{{closure}}::h75aa4fa587fde2db
[INFO] [stdout]                                at /opt/rustwide/cargo-home/registry/src/index.crates.io-6f17d22bba15001f/tokio-1.41.0/src/runtime/scheduler/current_thread/mod.rs:807:68
[INFO] [stdout]   32:     0x5a1cc27de3fa - tokio::runtime::context::scoped::Scoped<T>::set::h5d170ef08505fcf7
[INFO] [stdout]                                at /opt/rustwide/cargo-home/registry/src/index.crates.io-6f17d22bba15001f/tokio-1.41.0/src/runtime/context/scoped.rs:40:9
[INFO] [stdout]   33:     0x5a1cc27d0dba - tokio::runtime::context::set_scheduler::{{closure}}::h6408e4637c4576ac
[INFO] [stdout]                                at /opt/rustwide/cargo-home/registry/src/index.crates.io-6f17d22bba15001f/tokio-1.41.0/src/runtime/context.rs:180:26
[INFO] [stdout]   34:     0x5a1cc27c63ec - std::thread::local::LocalKey<T>::try_with::hef271dc1758b08f3
[INFO] [stdout]                                at /rustc/df4ca44d3fbc9301ee17f30f4d474e6ae4b05252/library/std/src/thread/local.rs:283:12
[INFO] [stdout]   35:     0x5a1cc27c527c - std::thread::local::LocalKey<T>::with::h4ee17baeba196f97
[INFO] [stdout]                                at /rustc/df4ca44d3fbc9301ee17f30f4d474e6ae4b05252/library/std/src/thread/local.rs:260:9
[INFO] [stdout]   36:     0x5a1cc27d0d61 - tokio::runtime::context::set_scheduler::hf165fa572669d563
[INFO] [stdout]                                at /opt/rustwide/cargo-home/registry/src/index.crates.io-6f17d22bba15001f/tokio-1.41.0/src/runtime/context.rs:180:9
[INFO] [stdout]   37:     0x5a1cc27fa8be - tokio::runtime::scheduler::current_thread::CoreGuard::enter::h71eb639020791058
[INFO] [stdout]                                at /opt/rustwide/cargo-home/registry/src/index.crates.io-6f17d22bba15001f/tokio-1.41.0/src/runtime/scheduler/current_thread/mod.rs:807:27
[INFO] [stdout]   38:     0x5a1cc27fb038 - tokio::runtime::scheduler::current_thread::CoreGuard::block_on::h322b6bb32c13f15c
[INFO] [stdout]                                at /opt/rustwide/cargo-home/registry/src/index.crates.io-6f17d22bba15001f/tokio-1.41.0/src/runtime/scheduler/current_thread/mod.rs:716:19
[INFO] [stdout]   39:     0x5a1cc27f8ff1 - tokio::runtime::scheduler::current_thread::CurrentThread::block_on::{{closure}}::h6a4b32445919e4b4
[INFO] [stdout]                                at /opt/rustwide/cargo-home/registry/src/index.crates.io-6f17d22bba15001f/tokio-1.41.0/src/runtime/scheduler/current_thread/mod.rs:196:28
[INFO] [stdout]   40:     0x5a1cc27d1127 - tokio::runtime::context::runtime::enter_runtime::h294d70a65a947e7e
[INFO] [stdout]                                at /opt/rustwide/cargo-home/registry/src/index.crates.io-6f17d22bba15001f/tokio-1.41.0/src/runtime/context/runtime.rs:65:16
[INFO] [stdout]   41:     0x5a1cc27f8836 - tokio::runtime::scheduler::current_thread::CurrentThread::block_on::h62310ebb5f929963
[INFO] [stdout]                                at /opt/rustwide/cargo-home/registry/src/index.crates.io-6f17d22bba15001f/tokio-1.41.0/src/runtime/scheduler/current_thread/mod.rs:184:9
[INFO] [stdout]   42:     0x5a1cc27e6fdf - tokio::runtime::runtime::Runtime::block_on_inner::h18f73efc2dcd6351
[INFO] [stdout]                                at /opt/rustwide/cargo-home/registry/src/index.crates.io-6f17d22bba15001f/tokio-1.41.0/src/runtime/runtime.rs:368:47
[INFO] [stdout]   43:     0x5a1cc27e733f - tokio::runtime::runtime::Runtime::block_on::h96bce444c1272987
[INFO] [stdout]                                at /opt/rustwide/cargo-home/registry/src/index.crates.io-6f17d22bba15001f/tokio-1.41.0/src/runtime/runtime.rs:342:13
[INFO] [stdout]   44:     0x5a1cc27ef691 - unitycatalog_rs::oss::api::catalogs::tests::test_list::he77ac1b40ece2d34
[INFO] [stdout]                                at /opt/rustwide/workdir/src/oss/api/catalogs.rs:136:9
[INFO] [stdout]   45:     0x5a1cc27ef50d - unitycatalog_rs::oss::api::catalogs::tests::test_list::{{closure}}::haac2c2190c7110f9
[INFO] [stdout]                                at /opt/rustwide/workdir/src/oss/api/catalogs.rs:134:29
[INFO] [stdout]   46:     0x5a1cc276cf36 - core::ops::function::FnOnce::call_once::h85de1724d3e9e9d8
[INFO] [stdout]                                at /rustc/df4ca44d3fbc9301ee17f30f4d474e6ae4b05252/library/core/src/ops/function.rs:250:5
[INFO] [stdout]   47:     0x5a1cc284a73b - core::ops::function::FnOnce::call_once::h22c3ba5715e93f05
[INFO] [stdout]                                at /rustc/df4ca44d3fbc9301ee17f30f4d474e6ae4b05252/library/core/src/ops/function.rs:250:5
[INFO] [stdout]   48:     0x5a1cc284a73b - test::__rust_begin_short_backtrace::h8e82d8113d0da17f
[INFO] [stdout]                                at /rustc/df4ca44d3fbc9301ee17f30f4d474e6ae4b05252/library/test/src/lib.rs:621:18
[INFO] [stdout]   49:     0x5a1cc284a0b7 - test::run_test_in_process::{{closure}}::h33235f4f20b7b7c7
[INFO] [stdout]                                at /rustc/df4ca44d3fbc9301ee17f30f4d474e6ae4b05252/library/test/src/lib.rs:644:60
[INFO] [stdout]   50:     0x5a1cc284a0b7 - <core::panic::unwind_safe::AssertUnwindSafe<F> as core::ops::function::FnOnce<()>>::call_once::hb5043206310c586f
[INFO] [stdout]                                at /rustc/df4ca44d3fbc9301ee17f30f4d474e6ae4b05252/library/core/src/panic/unwind_safe.rs:272:9
[INFO] [stdout]   51:     0x5a1cc284a0b7 - std::panicking::try::do_call::h9ad4731a60ab23e2
[INFO] [stdout]                                at /rustc/df4ca44d3fbc9301ee17f30f4d474e6ae4b05252/library/std/src/panicking.rs:557:40
[INFO] [stdout]   52:     0x5a1cc284a0b7 - std::panicking::try::h3824d23db772a716
[INFO] [stdout]                                at /rustc/df4ca44d3fbc9301ee17f30f4d474e6ae4b05252/library/std/src/panicking.rs:520:19
[INFO] [stdout]   53:     0x5a1cc284a0b7 - std::panic::catch_unwind::h5afd514605fde46b
[INFO] [stdout]                                at /rustc/df4ca44d3fbc9301ee17f30f4d474e6ae4b05252/library/std/src/panic.rs:358:14
[INFO] [stdout]   54:     0x5a1cc284a0b7 - test::run_test_in_process::h0d5cbfa7067d1720
[INFO] [stdout]                                at /rustc/df4ca44d3fbc9301ee17f30f4d474e6ae4b05252/library/test/src/lib.rs:644:27
[INFO] [stdout]   55:     0x5a1cc284a0b7 - test::run_test::{{closure}}::h708eb8872708115d
[INFO] [stdout]                                at /rustc/df4ca44d3fbc9301ee17f30f4d474e6ae4b05252/library/test/src/lib.rs:565:43
[INFO] [stdout]   56:     0x5a1cc280d7d4 - test::run_test::{{closure}}::h392c51cee94713ab
[INFO] [stdout]                                at /rustc/df4ca44d3fbc9301ee17f30f4d474e6ae4b05252/library/test/src/lib.rs:595:41
[INFO] [stdout]   57:     0x5a1cc280d7d4 - std::sys::backtrace::__rust_begin_short_backtrace::h2f40290710935a8b
[INFO] [stdout]                                at /rustc/df4ca44d3fbc9301ee17f30f4d474e6ae4b05252/library/std/src/sys/backtrace.rs:154:18
[INFO] [stdout]   58:     0x5a1cc2810f7e - std::thread::Builder::spawn_unchecked_::{{closure}}::{{closure}}::h3fd968d89053a903
[INFO] [stdout]                                at /rustc/df4ca44d3fbc9301ee17f30f4d474e6ae4b05252/library/std/src/thread/mod.rs:541:17
[INFO] [stdout]   59:     0x5a1cc2810f7e - <core::panic::unwind_safe::AssertUnwindSafe<F> as core::ops::function::FnOnce<()>>::call_once::h743f637ba4229880
[INFO] [stdout]                                at /rustc/df4ca44d3fbc9301ee17f30f4d474e6ae4b05252/library/core/src/panic/unwind_safe.rs:272:9
[INFO] [stdout]   60:     0x5a1cc2810f7e - std::panicking::try::do_call::h07440897322525a6
[INFO] [stdout]                                at /rustc/df4ca44d3fbc9301ee17f30f4d474e6ae4b05252/library/std/src/panicking.rs:557:40
[INFO] [stdout]   61:     0x5a1cc2810f7e - std::panicking::try::he5a2e00188156637
[INFO] [stdout]                                at /rustc/df4ca44d3fbc9301ee17f30f4d474e6ae4b05252/library/std/src/panicking.rs:520:19
[INFO] [stdout]   62:     0x5a1cc2810f7e - std::panic::catch_unwind::hbaf3cae49b3c6433
[INFO] [stdout]                                at /rustc/df4ca44d3fbc9301ee17f30f4d474e6ae4b05252/library/std/src/panic.rs:358:14
[INFO] [stdout]   63:     0x5a1cc2810f7e - std::thread::Builder::spawn_unchecked_::{{closure}}::h8e141ea224820bce
[INFO] [stdout]                                at /rustc/df4ca44d3fbc9301ee17f30f4d474e6ae4b05252/library/std/src/thread/mod.rs:540:30
[INFO] [stdout]   64:     0x5a1cc2810f7e - core::ops::function::FnOnce::call_once{{vtable.shim}}::h90d312fedd7b8ea8
[INFO] [stdout]                                at /rustc/df4ca44d3fbc9301ee17f30f4d474e6ae4b05252/library/core/src/ops/function.rs:250:5
[INFO] [stdout]   65:     0x5a1cc2ea074b - <alloc::boxed::Box<F,A> as core::ops::function::FnOnce<Args>>::call_once::h69aa08ddb6adb8b6
[INFO] [stdout]                                at /rustc/df4ca44d3fbc9301ee17f30f4d474e6ae4b05252/library/alloc/src/boxed.rs:2454:9
[INFO] [stdout]   66:     0x5a1cc2ea074b - <alloc::boxed::Box<F,A> as core::ops::function::FnOnce<Args>>::call_once::h5aa36efdb79c806f
[INFO] [stdout]                                at /rustc/df4ca44d3fbc9301ee17f30f4d474e6ae4b05252/library/alloc/src/boxed.rs:2454:9
[INFO] [stdout]   67:     0x5a1cc2ea074b - std::sys::pal::unix::thread::Thread::new::thread_start::h6cd80a1b4be5158d
[INFO] [stdout]                                at /rustc/df4ca44d3fbc9301ee17f30f4d474e6ae4b05252/library/std/src/sys/pal/unix/thread.rs:105:17
[INFO] [stdout]   68:     0x7216026d3ac3 - <unknown>
[INFO] [stdout]   69:     0x721602764a04 - clone
[INFO] [stdout]   70:                0x0 - <unknown>
[INFO] [stdout] 
[INFO] [stdout] ---- oss::api::schemas::tests::test_round_trip stdout ----
[INFO] [stdout] thread 'oss::api::schemas::tests::test_round_trip' panicked at /rustc/df4ca44d3fbc9301ee17f30f4d474e6ae4b05252/library/alloc/src/string.rs:1871:9:
[INFO] [stdout] assertion failed: self.is_char_boundary(at)
[INFO] [stdout] stack backtrace:
[INFO] [stdout]    0:     0x5a1cc2e9a0ca - std::backtrace_rs::backtrace::libunwind::trace::h207520d6e9873551
[INFO] [stdout]                                at /rustc/df4ca44d3fbc9301ee17f30f4d474e6ae4b05252/library/std/src/../../backtrace/src/backtrace/libunwind.rs:116:5
[INFO] [stdout]    1:     0x5a1cc2e9a0ca - std::backtrace_rs::backtrace::trace_unsynchronized::h2ed7433f370e3eca
[INFO] [stdout]                                at /rustc/df4ca44d3fbc9301ee17f30f4d474e6ae4b05252/library/std/src/../../backtrace/src/backtrace/mod.rs:66:5
[INFO] [stdout]    2:     0x5a1cc2e9a0ca - std::sys::backtrace::_print_fmt::h916fac51166b18d7
[INFO] [stdout]                                at /rustc/df4ca44d3fbc9301ee17f30f4d474e6ae4b05252/library/std/src/sys/backtrace.rs:66:9
[INFO] [stdout]    3:     0x5a1cc2e9a0ca - <std::sys::backtrace::BacktraceLock::print::DisplayBacktrace as core::fmt::Display>::fmt::ha0a4c9b8ce3802e6
[INFO] [stdout]                                at /rustc/df4ca44d3fbc9301ee17f30f4d474e6ae4b05252/library/std/src/sys/backtrace.rs:39:26
[INFO] [stdout]    4:     0x5a1cc2ec7753 - core::fmt::rt::Argument::fmt::h4cfc8587d52b3eb5
[INFO] [stdout]                                at /rustc/df4ca44d3fbc9301ee17f30f4d474e6ae4b05252/library/core/src/fmt/rt.rs:177:76
[INFO] [stdout]    5:     0x5a1cc2ec7753 - core::fmt::write::h522cc39e5b36ae9f
[INFO] [stdout]                                at /rustc/df4ca44d3fbc9301ee17f30f4d474e6ae4b05252/library/core/src/fmt/mod.rs:1190:21
[INFO] [stdout]    6:     0x5a1cc2e95093 - std::io::Write::write_fmt::h7d3c26752da97734
[INFO] [stdout]                                at /rustc/df4ca44d3fbc9301ee17f30f4d474e6ae4b05252/library/std/src/io/mod.rs:1839:15
[INFO] [stdout]    7:     0x5a1cc2e99f12 - std::sys::backtrace::BacktraceLock::print::h4b9e00b29e9c0942
[INFO] [stdout]                                at /rustc/df4ca44d3fbc9301ee17f30f4d474e6ae4b05252/library/std/src/sys/backtrace.rs:42:9
[INFO] [stdout]    8:     0x5a1cc2e9b55a - std::panicking::default_hook::{{closure}}::hb59b88280d0324d9
[INFO] [stdout]                                at /rustc/df4ca44d3fbc9301ee17f30f4d474e6ae4b05252/library/std/src/panicking.rs:268:22
[INFO] [stdout]    9:     0x5a1cc2e9b364 - std::panicking::default_hook::he1dd496665be4a29
[INFO] [stdout]                                at /rustc/df4ca44d3fbc9301ee17f30f4d474e6ae4b05252/library/std/src/panicking.rs:292:9
[INFO] [stdout]   10:     0x5a1cc2845e69 - <alloc::boxed::Box<F,A> as core::ops::function::Fn<Args>>::call::h4ff71de18744e1dc
[INFO] [stdout]                                at /rustc/df4ca44d3fbc9301ee17f30f4d474e6ae4b05252/library/alloc/src/boxed.rs:2468:9
[INFO] [stdout]   11:     0x5a1cc2845e69 - test::test_main::{{closure}}::hcf7c055ce117aa81
[INFO] [stdout]                                at /rustc/df4ca44d3fbc9301ee17f30f4d474e6ae4b05252/library/test/src/lib.rs:133:21
[INFO] [stdout]   12:     0x5a1cc2e9bc58 - <alloc::boxed::Box<F,A> as core::ops::function::Fn<Args>>::call::h1d66c6bbd60c9692
[INFO] [stdout]                                at /rustc/df4ca44d3fbc9301ee17f30f4d474e6ae4b05252/library/alloc/src/boxed.rs:2468:9
[INFO] [stdout]   13:     0x5a1cc2e9bc58 - std::panicking::rust_panic_with_hook::h2ff17fe8f26dfcf8
[INFO] [stdout]                                at /rustc/df4ca44d3fbc9301ee17f30f4d474e6ae4b05252/library/std/src/panicking.rs:809:13
[INFO] [stdout]   14:     0x5a1cc2e9b9e6 - std::panicking::begin_panic_handler::{{closure}}::h4fad77951c07e101
[INFO] [stdout]                                at /rustc/df4ca44d3fbc9301ee17f30f4d474e6ae4b05252/library/std/src/panicking.rs:667:13
[INFO] [stdout]   15:     0x5a1cc2e9a5a9 - std::sys::backtrace::__rust_end_short_backtrace::hb1a25b3da5d0ea08
[INFO] [stdout]                                at /rustc/df4ca44d3fbc9301ee17f30f4d474e6ae4b05252/library/std/src/sys/backtrace.rs:170:18
[INFO] [stdout]   16:     0x5a1cc2e9b6ac - rust_begin_unwind
[INFO] [stdout]                                at /rustc/df4ca44d3fbc9301ee17f30f4d474e6ae4b05252/library/std/src/panicking.rs:665:5
[INFO] [stdout]   17:     0x5a1cc2ec4c90 - core::panicking::panic_fmt::ha9db07b529f9b256
[INFO] [stdout]                                at /rustc/df4ca44d3fbc9301ee17f30f4d474e6ae4b05252/library/core/src/panicking.rs:75:14
[INFO] [stdout]   18:     0x5a1cc2ec4d1c - core::panicking::panic::h993086813d94accc
[INFO] [stdout]                                at /rustc/df4ca44d3fbc9301ee17f30f4d474e6ae4b05252/library/core/src/panicking.rs:152:5
[INFO] [stdout]   19:     0x5a1cc27d05a0 - alloc::string::String::split_off::h35b1745f082ad60a
[INFO] [stdout]                                at /rustc/df4ca44d3fbc9301ee17f30f4d474e6ae4b05252/library/alloc/src/string.rs:1871:9
[INFO] [stdout]   20:     0x5a1cc27e86c5 - unitycatalog_rs::testing::test_utils::start_uc::{{closure}}::h1ca1e21d791cb82f
[INFO] [stdout]                                at /opt/rustwide/workdir/src/testing.rs:38:17
[INFO] [stdout]   21:     0x5a1cc27ea1d5 - unitycatalog_rs::testing::test_utils::test_with_uc::{{closure}}::h8292a196419fbe39
[INFO] [stdout]                                at /opt/rustwide/workdir/src/testing.rs:60:44
[INFO] [stdout]   22:     0x5a1cc27bdf15 - unitycatalog_rs::oss::api::schemas::tests::test_round_trip::{{closure}}::h6a53dc8dc57db297
[INFO] [stdout]                                at /opt/rustwide/workdir/src/oss/api/schemas.rs:194:10
[INFO] [stdout]   23:     0x5a1cc27c7d0f - <core::pin::Pin<P> as core::future::future::Future>::poll::h0da7ceb2c62514c9
[INFO] [stdout]                                at /rustc/df4ca44d3fbc9301ee17f30f4d474e6ae4b05252/library/core/src/future/future.rs:123:9
[INFO] [stdout]   24:     0x5a1cc27c7e2b - <core::pin::Pin<P> as core::future::future::Future>::poll::h7709977c684d59af
[INFO] [stdout]                                at /rustc/df4ca44d3fbc9301ee17f30f4d474e6ae4b05252/library/core/src/future/future.rs:123:9
[INFO] [stdout]   25:     0x5a1cc27fc78e - tokio::runtime::scheduler::current_thread::CoreGuard::block_on::{{closure}}::{{closure}}::{{closure}}::h9630f7e2abfb3604
[INFO] [stdout]                                at /opt/rustwide/cargo-home/registry/src/index.crates.io-6f17d22bba15001f/tokio-1.41.0/src/runtime/scheduler/current_thread/mod.rs:729:57
[INFO] [stdout]   26:     0x5a1cc27fc6b5 - tokio::runtime::coop::with_budget::h2a8d519d743b2639
[INFO] [stdout]                                at /opt/rustwide/cargo-home/registry/src/index.crates.io-6f17d22bba15001f/tokio-1.41.0/src/runtime/coop.rs:107:5
[INFO] [stdout]   27:     0x5a1cc27fc6b5 - tokio::runtime::coop::budget::hd73b9b3b3a732eeb
[INFO] [stdout]                                at /opt/rustwide/cargo-home/registry/src/index.crates.io-6f17d22bba15001f/tokio-1.41.0/src/runtime/coop.rs:73:5
[INFO] [stdout]   28:     0x5a1cc27fc6b5 - tokio::runtime::scheduler::current_thread::CoreGuard::block_on::{{closure}}::{{closure}}::h85eb675905cfe536
[INFO] [stdout]                                at /opt/rustwide/cargo-home/registry/src/index.crates.io-6f17d22bba15001f/tokio-1.41.0/src/runtime/scheduler/current_thread/mod.rs:729:25
[INFO] [stdout]   29:     0x5a1cc27f99dd - tokio::runtime::scheduler::current_thread::Context::enter::h4dc42b6aea22b5fe
[INFO] [stdout]                                at /opt/rustwide/cargo-home/registry/src/index.crates.io-6f17d22bba15001f/tokio-1.41.0/src/runtime/scheduler/current_thread/mod.rs:428:19
[INFO] [stdout]   30:     0x5a1cc27fbc9b - tokio::runtime::scheduler::current_thread::CoreGuard::block_on::{{closure}}::hb54816ce4643996c
[INFO] [stdout]                                at /opt/rustwide/cargo-home/registry/src/index.crates.io-6f17d22bba15001f/tokio-1.41.0/src/runtime/scheduler/current_thread/mod.rs:728:36
[INFO] [stdout]   31:     0x5a1cc27fafcb - tokio::runtime::scheduler::current_thread::CoreGuard::enter::{{closure}}::h75aa4fa587fde2db
[INFO] [stdout]                                at /opt/rustwide/cargo-home/registry/src/index.crates.io-6f17d22bba15001f/tokio-1.41.0/src/runtime/scheduler/current_thread/mod.rs:807:68
[INFO] [stdout]   32:     0x5a1cc27de3fa - tokio::runtime::context::scoped::Scoped<T>::set::h5d170ef08505fcf7
[INFO] [stdout]                                at /opt/rustwide/cargo-home/registry/src/index.crates.io-6f17d22bba15001f/tokio-1.41.0/src/runtime/context/scoped.rs:40:9
[INFO] [stdout]   33:     0x5a1cc27d0dba - tokio::runtime::context::set_scheduler::{{closure}}::h6408e4637c4576ac
[INFO] [stdout]                                at /opt/rustwide/cargo-home/registry/src/index.crates.io-6f17d22bba15001f/tokio-1.41.0/src/runtime/context.rs:180:26
[INFO] [stdout]   34:     0x5a1cc27c63ec - std::thread::local::LocalKey<T>::try_with::hef271dc1758b08f3
[INFO] [stdout]                                at /rustc/df4ca44d3fbc9301ee17f30f4d474e6ae4b05252/library/std/src/thread/local.rs:283:12
[INFO] [stdout]   35:     0x5a1cc27c527c - std::thread::local::LocalKey<T>::with::h4ee17baeba196f97
[INFO] [stdout]                                at /rustc/df4ca44d3fbc9301ee17f30f4d474e6ae4b05252/library/std/src/thread/local.rs:260:9
[INFO] [stdout]   36:     0x5a1cc27d0d61 - tokio::runtime::context::set_scheduler::hf165fa572669d563
[INFO] [stdout]                                at /opt/rustwide/cargo-home/registry/src/index.crates.io-6f17d22bba15001f/tokio-1.41.0/src/runtime/context.rs:180:9
[INFO] [stdout]   37:     0x5a1cc27fa8be - tokio::runtime::scheduler::current_thread::CoreGuard::enter::h71eb639020791058
[INFO] [stdout]                                at /opt/rustwide/cargo-home/registry/src/index.crates.io-6f17d22bba15001f/tokio-1.41.0/src/runtime/scheduler/current_thread/mod.rs:807:27
[INFO] [stdout]   38:     0x5a1cc27fb038 - tokio::runtime::scheduler::current_thread::CoreGuard::block_on::h322b6bb32c13f15c
[INFO] [stdout]                                at /opt/rustwide/cargo-home/registry/src/index.crates.io-6f17d22bba15001f/tokio-1.41.0/src/runtime/scheduler/current_thread/mod.rs:716:19
[INFO] [stdout]   39:     0x5a1cc27f8ff1 - tokio::runtime::scheduler::current_thread::CurrentThread::block_on::{{closure}}::h6a4b32445919e4b4
[INFO] [stdout]                                at /opt/rustwide/cargo-home/registry/src/index.crates.io-6f17d22bba15001f/tokio-1.41.0/src/runtime/scheduler/current_thread/mod.rs:196:28
[INFO] [stdout]   40:     0x5a1cc27d1127 - tokio::runtime::context::runtime::enter_runtime::h294d70a65a947e7e
[INFO] [stdout]                                at /opt/rustwide/cargo-home/registry/src/index.crates.io-6f17d22bba15001f/tokio-1.41.0/src/runtime/context/runtime.rs:65:16
[INFO] [stdout]   41:     0x5a1cc27f8836 - tokio::runtime::scheduler::current_thread::CurrentThread::block_on::h62310ebb5f929963
[INFO] [stdout]                                at /opt/rustwide/cargo-home/registry/src/index.crates.io-6f17d22bba15001f/tokio-1.41.0/src/runtime/scheduler/current_thread/mod.rs:184:9
[INFO] [stdout]   42:     0x5a1cc27e6fdf - tokio::runtime::runtime::Runtime::block_on_inner::h18f73efc2dcd6351
[INFO] [stdout]                                at /opt/rustwide/cargo-home/registry/src/index.crates.io-6f17d22bba15001f/tokio-1.41.0/src/runtime/runtime.rs:368:47
[INFO] [stdout]   43:     0x5a1cc27e733f - tokio::runtime::runtime::Runtime::block_on::h96bce444c1272987
[INFO] [stdout]                                at /opt/rustwide/cargo-home/registry/src/index.crates.io-6f17d22bba15001f/tokio-1.41.0/src/runtime/runtime.rs:342:13
[INFO] [stdout]   44:     0x5a1cc27bdd21 - unitycatalog_rs::oss::api::schemas::tests::test_round_trip::h8bfdd3492c0128d1
[INFO] [stdout]                                at /opt/rustwide/workdir/src/oss/api/schemas.rs:144:9
[INFO] [stdout]   45:     0x5a1cc27bdb9d - unitycatalog_rs::oss::api::schemas::tests::test_round_trip::{{closure}}::hcc7813c7e12abcb0
[INFO] [stdout]                                at /opt/rustwide/workdir/src/oss/api/schemas.rs:143:35
[INFO] [stdout]   46:     0x5a1cc276cd36 - core::ops::function::FnOnce::call_once::h250351a8865ff599
[INFO] [stdout]                                at /rustc/df4ca44d3fbc9301ee17f30f4d474e6ae4b05252/library/core/src/ops/function.rs:250:5
[INFO] [stdout]   47:     0x5a1cc284a73b - core::ops::function::FnOnce::call_once::h22c3ba5715e93f05
[INFO] [stdout]                                at /rustc/df4ca44d3fbc9301ee17f30f4d474e6ae4b05252/library/core/src/ops/function.rs:250:5
[INFO] [stdout]   48:     0x5a1cc284a73b - test::__rust_begin_short_backtrace::h8e82d8113d0da17f
[INFO] [stdout]                                at /rustc/df4ca44d3fbc9301ee17f30f4d474e6ae4b05252/library/test/src/lib.rs:621:18
[INFO] [stdout]   49:     0x5a1cc284a0b7 - test::run_test_in_process::{{closure}}::h33235f4f20b7b7c7
[INFO] [stdout]                                at /rustc/df4ca44d3fbc9301ee17f30f4d474e6ae4b05252/library/test/src/lib.rs:644:60
[INFO] [stdout]   50:     0x5a1cc284a0b7 - <core::panic::unwind_safe::AssertUnwindSafe<F> as core::ops::function::FnOnce<()>>::call_once::hb5043206310c586f
[INFO] [stdout]                                at /rustc/df4ca44d3fbc9301ee17f30f4d474e6ae4b05252/library/core/src/panic/unwind_safe.rs:272:9
[INFO] [stdout]   51:     0x5a1cc284a0b7 - std::panicking::try::do_call::h9ad4731a60ab23e2
[INFO] [stdout]                                at /rustc/df4ca44d3fbc9301ee17f30f4d474e6ae4b05252/library/std/src/panicking.rs:557:40
[INFO] [stdout]   52:     0x5a1cc284a0b7 - std::panicking::try::h3824d23db772a716
[INFO] [stdout]                                at /rustc/df4ca44d3fbc9301ee17f30f4d474e6ae4b05252/library/std/src/panicking.rs:520:19
[INFO] [stdout]   53:     0x5a1cc284a0b7 - std::panic::catch_unwind::h5afd514605fde46b
[INFO] [stdout]                                at /rustc/df4ca44d3fbc9301ee17f30f4d474e6ae4b05252/library/std/src/panic.rs:358:14
[INFO] [stdout]   54:     0x5a1cc284a0b7 - test::run_test_in_process::h0d5cbfa7067d1720
[INFO] [stdout]                                at /rustc/df4ca44d3fbc9301ee17f30f4d474e6ae4b05252/library/test/src/lib.rs:644:27
[INFO] [stdout]   55:     0x5a1cc284a0b7 - test::run_test::{{closure}}::h708eb8872708115d
[INFO] [stdout]                                at /rustc/df4ca44d3fbc9301ee17f30f4d474e6ae4b05252/library/test/src/lib.rs:565:43
[INFO] [stdout]   56:     0x5a1cc280d7d4 - test::run_test::{{closure}}::h392c51cee94713ab
[INFO] [stdout]                                at /rustc/df4ca44d3fbc9301ee17f30f4d474e6ae4b05252/library/test/src/lib.rs:595:41
[INFO] [stdout]   57:     0x5a1cc280d7d4 - std::sys::backtrace::__rust_begin_short_backtrace::h2f40290710935a8b
[INFO] [stdout]                                at /rustc/df4ca44d3fbc9301ee17f30f4d474e6ae4b05252/library/std/src/sys/backtrace.rs:154:18
[INFO] [stdout]   58:     0x5a1cc2810f7e - std::thread::Builder::spawn_unchecked_::{{closure}}::{{closure}}::h3fd968d89053a903
[INFO] [stdout]                                at /rustc/df4ca44d3fbc9301ee17f30f4d474e6ae4b05252/library/std/src/thread/mod.rs:541:17
[INFO] [stdout]   59:     0x5a1cc2810f7e - <core::panic::unwind_safe::AssertUnwindSafe<F> as core::ops::function::FnOnce<()>>::call_once::h743f637ba4229880
[INFO] [stdout]                                at /rustc/df4ca44d3fbc9301ee17f30f4d474e6ae4b05252/library/core/src/panic/unwind_safe.rs:272:9
[INFO] [stdout]   60:     0x5a1cc2810f7e - std::panicking::try::do_call::h07440897322525a6
[INFO] [stdout]                                at /rustc/df4ca44d3fbc9301ee17f30f4d474e6ae4b05252/library/std/src/panicking.rs:557:40
[INFO] [stdout]   61:     0x5a1cc2810f7e - std::panicking::try::he5a2e00188156637
[INFO] [stdout]                                at /rustc/df4ca44d3fbc9301ee17f30f4d474e6ae4b05252/library/std/src/panicking.rs:520:19
[INFO] [stdout]   62:     0x5a1cc2810f7e - std::panic::catch_unwind::hbaf3cae49b3c6433
[INFO] [stdout]                                at /rustc/df4ca44d3fbc9301ee17f30f4d474e6ae4b05252/library/std/src/panic.rs:358:14
[INFO] [stdout]   63:     0x5a1cc2810f7e - std::thread::Builder::spawn_unchecked_::{{closure}}::h8e141ea224820bce
[INFO] [stdout]                                at /rustc/df4ca44d3fbc9301ee17f30f4d474e6ae4b05252/library/std/src/thread/mod.rs:540:30
[INFO] [stdout]   64:     0x5a1cc2810f7e - core::ops::function::FnOnce::call_once{{vtable.shim}}::h90d312fedd7b8ea8
[INFO] [stdout]                                at /rustc/df4ca44d3fbc9301ee17f30f4d474e6ae4b05252/library/core/src/ops/function.rs:250:5
[INFO] [stdout]   65:     0x5a1cc2ea074b - <alloc::boxed::Box<F,A> as core::ops::function::FnOnce<Args>>::call_once::h69aa08ddb6adb8b6
[INFO] [stdout]                                at /rustc/df4ca44d3fbc9301ee17f30f4d474e6ae4b05252/library/alloc/src/boxed.rs:2454:9
[INFO] [stdout]   66:     0x5a1cc2ea074b - <alloc::boxed::Box<F,A> as core::ops::function::FnOnce<Args>>::call_once::h5aa36efdb79c806f
[INFO] [stdout]                                at /rustc/df4ca44d3fbc9301ee17f30f4d474e6ae4b05252/library/alloc/src/boxed.rs:2454:9
[INFO] [stdout]   67:     0x5a1cc2ea074b - std::sys::pal::unix::thread::Thread::new::thread_start::h6cd80a1b4be5158d
[INFO] [stdout]                                at /rustc/df4ca44d3fbc9301ee17f30f4d474e6ae4b05252/library/std/src/sys/pal/unix/thread.rs:105:17
[INFO] [stdout]   68:     0x7216026d3ac3 - <unknown>
[INFO] [stdout]   69:     0x721602764a04 - clone
[INFO] [stdout]   70:                0x0 - <unknown>
[INFO] [stdout] 
[INFO] [stdout] ---- oss::api::catalogs::tests::test_not_found stdout ----
[INFO] [stdout] thread 'oss::api::catalogs::tests::test_not_found' panicked at /rustc/df4ca44d3fbc9301ee17f30f4d474e6ae4b05252/library/alloc/src/string.rs:1871:9:
[INFO] [stdout] assertion failed: self.is_char_boundary(at)
[INFO] [stdout] stack backtrace:
[INFO] [stdout]    0:     0x5a1cc2e9a0ca - std::backtrace_rs::backtrace::libunwind::trace::h207520d6e9873551
[INFO] [stdout]                                at /rustc/df4ca44d3fbc9301ee17f30f4d474e6ae4b05252/library/std/src/../../backtrace/src/backtrace/libunwind.rs:116:5
[INFO] [stdout]    1:     0x5a1cc2e9a0ca - std::backtrace_rs::backtrace::trace_unsynchronized::h2ed7433f370e3eca
[INFO] [stdout]                                at /rustc/df4ca44d3fbc9301ee17f30f4d474e6ae4b05252/library/std/src/../../backtrace/src/backtrace/mod.rs:66:5
[INFO] [stdout]    2:     0x5a1cc2e9a0ca - std::sys::backtrace::_print_fmt::h916fac51166b18d7
[INFO] [stdout]                                at /rustc/df4ca44d3fbc9301ee17f30f4d474e6ae4b05252/library/std/src/sys/backtrace.rs:66:9
[INFO] [stdout]    3:     0x5a1cc2e9a0ca - <std::sys::backtrace::BacktraceLock::print::DisplayBacktrace as core::fmt::Display>::fmt::ha0a4c9b8ce3802e6
[INFO] [stdout]                                at /rustc/df4ca44d3fbc9301ee17f30f4d474e6ae4b05252/library/std/src/sys/backtrace.rs:39:26
[INFO] [stdout]    4:     0x5a1cc2ec7753 - core::fmt::rt::Argument::fmt::h4cfc8587d52b3eb5
[INFO] [stdout]                                at /rustc/df4ca44d3fbc9301ee17f30f4d474e6ae4b05252/library/core/src/fmt/rt.rs:177:76
[INFO] [stdout]    5:     0x5a1cc2ec7753 - core::fmt::write::h522cc39e5b36ae9f
[INFO] [stdout]                                at /rustc/df4ca44d3fbc9301ee17f30f4d474e6ae4b05252/library/core/src/fmt/mod.rs:1190:21
[INFO] [stdout]    6:     0x5a1cc2e95093 - std::io::Write::write_fmt::h7d3c26752da97734
[INFO] [stdout]                                at /rustc/df4ca44d3fbc9301ee17f30f4d474e6ae4b05252/library/std/src/io/mod.rs:1839:15
[INFO] [stdout]    7:     0x5a1cc2e99f12 - std::sys::backtrace::BacktraceLock::print::h4b9e00b29e9c0942
[INFO] [stdout]                                at /rustc/df4ca44d3fbc9301ee17f30f4d474e6ae4b05252/library/std/src/sys/backtrace.rs:42:9
[INFO] [stdout]    8:     0x5a1cc2e9b55a - std::panicking::default_hook::{{closure}}::hb59b88280d0324d9
[INFO] [stdout]                                at /rustc/df4ca44d3fbc9301ee17f30f4d474e6ae4b05252/library/std/src/panicking.rs:268:22
[INFO] [stdout]    9:     0x5a1cc2e9b364 - std::panicking::default_hook::he1dd496665be4a29
[INFO] [stdout]                                at /rustc/df4ca44d3fbc9301ee17f30f4d474e6ae4b05252/library/std/src/panicking.rs:292:9
[INFO] [stdout]   10:     0x5a1cc2845e69 - <alloc::boxed::Box<F,A> as core::ops::function::Fn<Args>>::call::h4ff71de18744e1dc
[INFO] [stdout]                                at /rustc/df4ca44d3fbc9301ee17f30f4d474e6ae4b05252/library/alloc/src/boxed.rs:2468:9
[INFO] [stdout]   11:     0x5a1cc2845e69 - test::test_main::{{closure}}::hcf7c055ce117aa81
[INFO] [stdout]                                at /rustc/df4ca44d3fbc9301ee17f30f4d474e6ae4b05252/library/test/src/lib.rs:133:21
[INFO] [stdout]   12:     0x5a1cc2e9bc58 - <alloc::boxed::Box<F,A> as core::ops::function::Fn<Args>>::call::h1d66c6bbd60c9692
[INFO] [stdout]                                at /rustc/df4ca44d3fbc9301ee17f30f4d474e6ae4b05252/library/alloc/src/boxed.rs:2468:9
[INFO] [stdout]   13:     0x5a1cc2e9bc58 - std::panicking::rust_panic_with_hook::h2ff17fe8f26dfcf8
[INFO] [stdout]                                at /rustc/df4ca44d3fbc9301ee17f30f4d474e6ae4b05252/library/std/src/panicking.rs:809:13
[INFO] [stdout]   14:     0x5a1cc2e9b9e6 - std::panicking::begin_panic_handler::{{closure}}::h4fad77951c07e101
[INFO] [stdout]                                at /rustc/df4ca44d3fbc9301ee17f30f4d474e6ae4b05252/library/std/src/panicking.rs:667:13
[INFO] [stdout]   15:     0x5a1cc2e9a5a9 - std::sys::backtrace::__rust_end_short_backtrace::hb1a25b3da5d0ea08
[INFO] [stdout]                                at /rustc/df4ca44d3fbc9301ee17f30f4d474e6ae4b05252/library/std/src/sys/backtrace.rs:170:18
[INFO] [stdout]   16:     0x5a1cc2e9b6ac - rust_begin_unwind
[INFO] [stdout]                                at /rustc/df4ca44d3fbc9301ee17f30f4d474e6ae4b05252/library/std/src/panicking.rs:665:5
[INFO] [stdout]   17:     0x5a1cc2ec4c90 - core::panicking::panic_fmt::ha9db07b529f9b256
[INFO] [stdout]                                at /rustc/df4ca44d3fbc9301ee17f30f4d474e6ae4b05252/library/core/src/panicking.rs:75:14
[INFO] [stdout]   18:     0x5a1cc2ec4d1c - core::panicking::panic::h993086813d94accc
[INFO] [stdout]                                at /rustc/df4ca44d3fbc9301ee17f30f4d474e6ae4b05252/library/core/src/panicking.rs:152:5
[INFO] [stdout]   19:     0x5a1cc27d05a0 - alloc::string::String::split_off::h35b1745f082ad60a
[INFO] [stdout]                                at /rustc/df4ca44d3fbc9301ee17f30f4d474e6ae4b05252/library/alloc/src/string.rs:1871:9
[INFO] [stdout]   20:     0x5a1cc27e86c5 - unitycatalog_rs::testing::test_utils::start_uc::{{closure}}::h1ca1e21d791cb82f
[INFO] [stdout]                                at /opt/rustwide/workdir/src/testing.rs:38:17
[INFO] [stdout]   21:     0x5a1cc27e9b66 - unitycatalog_rs::testing::test_utils::test_with_uc::{{closure}}::h546d9f8a04bc78de
[INFO] [stdout]                                at /opt/rustwide/workdir/src/testing.rs:60:44
[INFO] [stdout]   22:     0x5a1cc27f3485 - unitycatalog_rs::oss::api::catalogs::tests::test_not_found::{{closure}}::h9d7f10d52f71d86f
[INFO] [stdout]                                at /opt/rustwide/workdir/src/oss/api/catalogs.rs:212:10
[INFO] [stdout]   23:     0x5a1cc27c7d0f - <core::pin::Pin<P> as core::future::future::Future>::poll::h0da7ceb2c62514c9
[INFO] [stdout]                                at /rustc/df4ca44d3fbc9301ee17f30f4d474e6ae4b05252/library/core/src/future/future.rs:123:9
[INFO] [stdout]   24:     0x5a1cc27c7e2b - <core::pin::Pin<P> as core::future::future::Future>::poll::h7709977c684d59af
[INFO] [stdout]                                at /rustc/df4ca44d3fbc9301ee17f30f4d474e6ae4b05252/library/core/src/future/future.rs:123:9
[INFO] [stdout]   25:     0x5a1cc27fc78e - tokio::runtime::scheduler::current_thread::CoreGuard::block_on::{{closure}}::{{closure}}::{{closure}}::h9630f7e2abfb3604
[INFO] [stdout]                                at /opt/rustwide/cargo-home/registry/src/index.crates.io-6f17d22bba15001f/tokio-1.41.0/src/runtime/scheduler/current_thread/mod.rs:729:57
[INFO] [stdout]   26:     0x5a1cc27fc6b5 - tokio::runtime::coop::with_budget::h2a8d519d743b2639
[INFO] [stdout]                                at /opt/rustwide/cargo-home/registry/src/index.crates.io-6f17d22bba15001f/tokio-1.41.0/src/runtime/coop.rs:107:5
[INFO] [stdout]   27:     0x5a1cc27fc6b5 - tokio::runtime::coop::budget::hd73b9b3b3a732eeb
[INFO] [stdout]                                at /opt/rustwide/cargo-home/registry/src/index.crates.io-6f17d22bba15001f/tokio-1.41.0/src/runtime/coop.rs:73:5
[INFO] [stdout]   28:     0x5a1cc27fc6b5 - tokio::runtime::scheduler::current_thread::CoreGuard::block_on::{{closure}}::{{closure}}::h85eb675905cfe536
[INFO] [stdout]                                at /opt/rustwide/cargo-home/registry/src/index.crates.io-6f17d22bba15001f/tokio-1.41.0/src/runtime/scheduler/current_thread/mod.rs:729:25
[INFO] [stdout]   29:     0x5a1cc27f99dd - tokio::runtime::scheduler::current_thread::Context::enter::h4dc42b6aea22b5fe
[INFO] [stdout]                                at /opt/rustwide/cargo-home/registry/src/index.crates.io-6f17d22bba15001f/tokio-1.41.0/src/runtime/scheduler/current_thread/mod.rs:428:19
[INFO] [stdout]   30:     0x5a1cc27fbc9b - tokio::runtime::scheduler::current_thread::CoreGuard::block_on::{{closure}}::hb54816ce4643996c
[INFO] [stdout]                                at /opt/rustwide/cargo-home/registry/src/index.crates.io-6f17d22bba15001f/tokio-1.41.0/src/runtime/scheduler/current_thread/mod.rs:728:36
[INFO] [stdout]   31:     0x5a1cc27fafcb - tokio::runtime::scheduler::current_thread::CoreGuard::enter::{{closure}}::h75aa4fa587fde2db
[INFO] [stdout]                                at /opt/rustwide/cargo-home/registry/src/index.crates.io-6f17d22bba15001f/tokio-1.41.0/src/runtime/scheduler/current_thread/mod.rs:807:68
[INFO] [stdout]   32:     0x5a1cc27de3fa - tokio::runtime::context::scoped::Scoped<T>::set::h5d170ef08505fcf7
[INFO] [stdout]                                at /opt/rustwide/cargo-home/registry/src/index.crates.io-6f17d22bba15001f/tokio-1.41.0/src/runtime/context/scoped.rs:40:9
[INFO] [stdout]   33:     0x5a1cc27d0dba - tokio::runtime::context::set_scheduler::{{closure}}::h6408e4637c4576ac
[INFO] [stdout]                                at /opt/rustwide/cargo-home/registry/src/index.crates.io-6f17d22bba15001f/tokio-1.41.0/src/runtime/context.rs:180:26
[INFO] [stdout]   34:     0x5a1cc27c63ec - std::thread::local::LocalKey<T>::try_with::hef271dc1758b08f3
[INFO] [stdout]                                at /rustc/df4ca44d3fbc9301ee17f30f4d474e6ae4b05252/library/std/src/thread/local.rs:283:12
[INFO] [stdout]   35:     0x5a1cc27c527c - std::thread::local::LocalKey<T>::with::h4ee17baeba196f97
[INFO] [stdout]                                at /rustc/df4ca44d3fbc9301ee17f30f4d474e6ae4b05252/library/std/src/thread/local.rs:260:9
[INFO] [stdout]   36:     0x5a1cc27d0d61 - tokio::runtime::context::set_scheduler::hf165fa572669d563
[INFO] [stdout]                                at /opt/rustwide/cargo-home/registry/src/index.crates.io-6f17d22bba15001f/tokio-1.41.0/src/runtime/context.rs:180:9
[INFO] [stdout]   37:     0x5a1cc27fa8be - tokio::runtime::scheduler::current_thread::CoreGuard::enter::h71eb639020791058
[INFO] [stdout]                                at /opt/rustwide/cargo-home/registry/src/index.crates.io-6f17d22bba15001f/tokio-1.41.0/src/runtime/scheduler/current_thread/mod.rs:807:27
[INFO] [stdout]   38:     0x5a1cc27fb038 - tokio::runtime::scheduler::current_thread::CoreGuard::block_on::h322b6bb32c13f15c
[INFO] [stdout]                                at /opt/rustwide/cargo-home/registry/src/index.crates.io-6f17d22bba15001f/tokio-1.41.0/src/runtime/scheduler/current_thread/mod.rs:716:19
[INFO] [stdout]   39:     0x5a1cc27f8ff1 - tokio::runtime::scheduler::current_thread::CurrentThread::block_on::{{closure}}::h6a4b32445919e4b4
[INFO] [stdout]                                at /opt/rustwide/cargo-home/registry/src/index.crates.io-6f17d22bba15001f/tokio-1.41.0/src/runtime/scheduler/current_thread/mod.rs:196:28
[INFO] [stdout]   40:     0x5a1cc27d1127 - tokio::runtime::context::runtime::enter_runtime::h294d70a65a947e7e
[INFO] [stdout]                                at /opt/rustwide/cargo-home/registry/src/index.crates.io-6f17d22bba15001f/tokio-1.41.0/src/runtime/context/runtime.rs:65:16
[INFO] [stdout]   41:     0x5a1cc27f8836 - tokio::runtime::scheduler::current_thread::CurrentThread::block_on::h62310ebb5f929963
[INFO] [stdout]                                at /opt/rustwide/cargo-home/registry/src/index.crates.io-6f17d22bba15001f/tokio-1.41.0/src/runtime/scheduler/current_thread/mod.rs:184:9
[INFO] [stdout]   42:     0x5a1cc27e6fdf - tokio::runtime::runtime::Runtime::block_on_inner::h18f73efc2dcd6351
[INFO] [stdout]                                at /opt/rustwide/cargo-home/registry/src/index.crates.io-6f17d22bba15001f/tokio-1.41.0/src/runtime/runtime.rs:368:47
[INFO] [stdout]   43:     0x5a1cc27e733f - tokio::runtime::runtime::Runtime::block_on::h96bce444c1272987
[INFO] [stdout]                                at /opt/rustwide/cargo-home/registry/src/index.crates.io-6f17d22bba15001f/tokio-1.41.0/src/runtime/runtime.rs:342:13
[INFO] [stdout]   44:     0x5a1cc27f3291 - unitycatalog_rs::oss::api::catalogs::tests::test_not_found::h39c9d72adf1f448c
[INFO] [stdout]                                at /opt/rustwide/workdir/src/oss/api/catalogs.rs:198:9
[INFO] [stdout]   45:     0x5a1cc27f310d - unitycatalog_rs::oss::api::catalogs::tests::test_not_found::{{closure}}::hfda70e381719892d
[INFO] [stdout]                                at /opt/rustwide/workdir/src/oss/api/catalogs.rs:196:34
[INFO] [stdout]   46:     0x5a1cc276d136 - core::ops::function::FnOnce::call_once::he25895602a8cac9f
[INFO] [stdout]                                at /rustc/df4ca44d3fbc9301ee17f30f4d474e6ae4b05252/library/core/src/ops/function.rs:250:5
[INFO] [stdout]   47:     0x5a1cc284a73b - core::ops::function::FnOnce::call_once::h22c3ba5715e93f05
[INFO] [stdout]                                at /rustc/df4ca44d3fbc9301ee17f30f4d474e6ae4b05252/library/core/src/ops/function.rs:250:5
[INFO] [stdout]   48:     0x5a1cc284a73b - test::__rust_begin_short_backtrace::h8e82d8113d0da17f
[INFO] [stdout]                                at /rustc/df4ca44d3fbc9301ee17f30f4d474e6ae4b05252/library/test/src/lib.rs:621:18
[INFO] [stdout]   49:     0x5a1cc284a0b7 - test::run_test_in_process::{{closure}}::h33235f4f20b7b7c7
[INFO] [stdout]                                at /rustc/df4ca44d3fbc9301ee17f30f4d474e6ae4b05252/library/test/src/lib.rs:644:60
[INFO] [stdout]   50:     0x5a1cc284a0b7 - <core::panic::unwind_safe::AssertUnwindSafe<F> as core::ops::function::FnOnce<()>>::call_once::hb5043206310c586f
[INFO] [stdout]                                at /rustc/df4ca44d3fbc9301ee17f30f4d474e6ae4b05252/library/core/src/panic/unwind_safe.rs:272:9
[INFO] [stdout]   51:     0x5a1cc284a0b7 - std::panicking::try::do_call::h9ad4731a60ab23e2
[INFO] [stdout]                                at /rustc/df4ca44d3fbc9301ee17f30f4d474e6ae4b05252/library/std/src/panicking.rs:557:40
[INFO] [stdout]   52:     0x5a1cc284a0b7 - std::panicking::try::h3824d23db772a716
[INFO] [stdout]                                at /rustc/df4ca44d3fbc9301ee17f30f4d474e6ae4b05252/library/std/src/panicking.rs:520:19
[INFO] [stdout]   53:     0x5a1cc284a0b7 - std::panic::catch_unwind::h5afd514605fde46b
[INFO] [stdout]                                at /rustc/df4ca44d3fbc9301ee17f30f4d474e6ae4b05252/library/std/src/panic.rs:358:14
[INFO] [stdout]   54:     0x5a1cc284a0b7 - test::run_test_in_process::h0d5cbfa7067d1720
[INFO] [stdout]                                at /rustc/df4ca44d3fbc9301ee17f30f4d474e6ae4b05252/library/test/src/lib.rs:644:27
[INFO] [stdout]   55:     0x5a1cc284a0b7 - test::run_test::{{closure}}::h708eb8872708115d
[INFO] [stdout]                                at /rustc/df4ca44d3fbc9301ee17f30f4d474e6ae4b05252/library/test/src/lib.rs:565:43
[INFO] [stdout]   56:     0x5a1cc280d7d4 - test::run_test::{{closure}}::h392c51cee94713ab
[INFO] [stdout]                                at /rustc/df4ca44d3fbc9301ee17f30f4d474e6ae4b05252/library/test/src/lib.rs:595:41
[INFO] [stdout]   57:     0x5a1cc280d7d4 - std::sys::backtrace::__rust_begin_short_backtrace::h2f40290710935a8b
[INFO] [stdout]                                at /rustc/df4ca44d3fbc9301ee17f30f4d474e6ae4b05252/library/std/src/sys/backtrace.rs:154:18
[INFO] [stdout]   58:     0x5a1cc2810f7e - std::thread::Builder::spawn_unchecked_::{{closure}}::{{closure}}::h3fd968d89053a903
[INFO] [stdout]                                at /rustc/df4ca44d3fbc9301ee17f30f4d474e6ae4b05252/library/std/src/thread/mod.rs:541:17
[INFO] [stdout]   59:     0x5a1cc2810f7e - <core::panic::unwind_safe::AssertUnwindSafe<F> as core::ops::function::FnOnce<()>>::call_once::h743f637ba4229880
[INFO] [stdout]                                at /rustc/df4ca44d3fbc9301ee17f30f4d474e6ae4b05252/library/core/src/panic/unwind_safe.rs:272:9
[INFO] [stdout]   60:     0x5a1cc2810f7e - std::panicking::try::do_call::h07440897322525a6
[INFO] [stdout]                                at /rustc/df4ca44d3fbc9301ee17f30f4d474e6ae4b05252/library/std/src/panicking.rs:557:40
[INFO] [stdout]   61:     0x5a1cc2810f7e - std::panicking::try::he5a2e00188156637
[INFO] [stdout]                                at /rustc/df4ca44d3fbc9301ee17f30f4d474e6ae4b05252/library/std/src/panicking.rs:520:19
[INFO] [stdout]   62:     0x5a1cc2810f7e - std::panic::catch_unwind::hbaf3cae49b3c6433
[INFO] [stdout]                                at /rustc/df4ca44d3fbc9301ee17f30f4d474e6ae4b05252/library/std/src/panic.rs:358:14
[INFO] [stdout]   63:     0x5a1cc2810f7e - std::thread::Builder::spawn_unchecked_::{{closure}}::h8e141ea224820bce
[INFO] [stdout]                                at /rustc/df4ca44d3fbc9301ee17f30f4d474e6ae4b05252/library/std/src/thread/mod.rs:540:30
[INFO] [stdout]   64:     0x5a1cc2810f7e - core::ops::function::FnOnce::call_once{{vtable.shim}}::h90d312fedd7b8ea8
[INFO] [stdout]                                at /rustc/df4ca44d3fbc9301ee17f30f4d474e6ae4b05252/library/core/src/ops/function.rs:250:5
[INFO] [stdout]   65:     0x5a1cc2ea074b - <alloc::boxed::Box<F,A> as core::ops::function::FnOnce<Args>>::call_once::h69aa08ddb6adb8b6
[INFO] [stdout]                                at /rustc/df4ca44d3fbc9301ee17f30f4d474e6ae4b05252/library/alloc/src/boxed.rs:2454:9
[INFO] [stdout]   66:     0x5a1cc2ea074b - <alloc::boxed::Box<F,A> as core::ops::function::FnOnce<Args>>::call_once::h5aa36efdb79c806f
[INFO] [stdout]                                at /rustc/df4ca44d3fbc9301ee17f30f4d474e6ae4b05252/library/alloc/src/boxed.rs:2454:9
[INFO] [stdout]   67:     0x5a1cc2ea074b - std::sys::pal::unix::thread::Thread::new::thread_start::h6cd80a1b4be5158d
[INFO] [stdout]                                at /rustc/df4ca44d3fbc9301ee17f30f4d474e6ae4b05252/library/std/src/sys/pal/unix/thread.rs:105:17
[INFO] [stdout]   68:     0x7216026d3ac3 - <unknown>
[INFO] [stdout]   69:     0x721602764a04 - clone
[INFO] [stdout]   70:                0x0 - <unknown>
[INFO] [stdout] 
[INFO] [stdout] 
[INFO] [stdout] failures:
[INFO] [stdout]     oss::api::catalogs::tests::test_list
[INFO] [stdout]     oss::api::catalogs::tests::test_not_found
[INFO] [stdout]     oss::api::catalogs::tests::test_round_trip
[INFO] [stdout]     oss::api::schemas::tests::test_not_found
[INFO] [stdout]     oss::api::schemas::tests::test_round_trip
[INFO] [stdout]     oss::api::tables::tests::test_round_trip
[INFO] [stdout] 
[INFO] [stdout] test result: FAILED. 1 passed; 6 failed; 0 ignored; 0 measured; 0 filtered out; finished in 0.13s
[INFO] [stdout] 
[INFO] running `Command { std: "docker" "inspect" "8cd7cc2ffeb8e0a5d8456ab8455e4d6f353d9433b82fcf847961dd4a5e03e53f", kill_on_drop: false }`
[INFO] running `Command { std: "docker" "rm" "-f" "8cd7cc2ffeb8e0a5d8456ab8455e4d6f353d9433b82fcf847961dd4a5e03e53f", kill_on_drop: false }`
[INFO] [stdout] 8cd7cc2ffeb8e0a5d8456ab8455e4d6f353d9433b82fcf847961dd4a5e03e53f
