[INFO] fetching crate unicode_escape 0.1.0...
[INFO] testing unicode_escape-0.1.0 against nightly-2024-10-28+rustflags=-Zrandomize-layout for randomize-layout
[INFO] extracting crate unicode_escape 0.1.0 into /workspace/builds/worker-0-tc2/source
[INFO] validating manifest of crates.io crate unicode_escape 0.1.0 on toolchain nightly-2024-10-28
[INFO] running `Command { std: CARGO_HOME="/workspace/cargo-home" RUSTUP_HOME="/workspace/rustup-home" "/workspace/cargo-home/bin/cargo" "+nightly-2024-10-28" "metadata" "--manifest-path" "Cargo.toml" "--no-deps", kill_on_drop: false }`
[INFO] started tweaking crates.io crate unicode_escape 0.1.0
[INFO] finished tweaking crates.io crate unicode_escape 0.1.0
[INFO] tweaked toml for crates.io crate unicode_escape 0.1.0 written to /workspace/builds/worker-0-tc2/source/Cargo.toml
[INFO] crate crates.io crate unicode_escape 0.1.0 already has a lockfile, it will not be regenerated
[INFO] running `Command { std: CARGO_HOME="/workspace/cargo-home" RUSTUP_HOME="/workspace/rustup-home" "/workspace/cargo-home/bin/cargo" "+nightly-2024-10-28" "fetch" "--manifest-path" "Cargo.toml", kill_on_drop: false }`
[INFO] running `Command { std: "docker" "create" "-v" "/var/lib/crater-agent-workspace/builds/worker-0-tc2/target:/opt/rustwide/target:rw,Z" "-v" "/var/lib/crater-agent-workspace/builds/worker-0-tc2/source:/opt/rustwide/workdir:ro,Z" "-v" "/var/lib/crater-agent-workspace/cargo-home:/opt/rustwide/cargo-home:ro,Z" "-v" "/var/lib/crater-agent-workspace/rustup-home:/opt/rustwide/rustup-home:ro,Z" "-e" "SOURCE_DIR=/opt/rustwide/workdir" "-e" "CARGO_TARGET_DIR=/opt/rustwide/target" "-e" "CARGO_HOME=/opt/rustwide/cargo-home" "-e" "RUSTUP_HOME=/opt/rustwide/rustup-home" "-w" "/opt/rustwide/workdir" "-m" "1610612736" "--user" "0:0" "--network" "none" "ghcr.io/rust-lang/crates-build-env/linux@sha256:4a844ea9eb2546a2d2c7022eacef16ef2e8229c7fbb2c7d4d55a9ceca922f72d" "/opt/rustwide/cargo-home/bin/cargo" "+nightly-2024-10-28" "metadata" "--no-deps" "--format-version=1", kill_on_drop: false }`
[INFO] [stdout] 5bbeda69ef846d59d8c7c3402bbe699bdbe3e1213e1333f898726eddf9cb0001
[INFO] running `Command { std: "docker" "start" "-a" "5bbeda69ef846d59d8c7c3402bbe699bdbe3e1213e1333f898726eddf9cb0001", kill_on_drop: false }`
[INFO] running `Command { std: "docker" "inspect" "5bbeda69ef846d59d8c7c3402bbe699bdbe3e1213e1333f898726eddf9cb0001", kill_on_drop: false }`
[INFO] running `Command { std: "docker" "rm" "-f" "5bbeda69ef846d59d8c7c3402bbe699bdbe3e1213e1333f898726eddf9cb0001", kill_on_drop: false }`
[INFO] [stdout] 5bbeda69ef846d59d8c7c3402bbe699bdbe3e1213e1333f898726eddf9cb0001
[INFO] running `Command { std: "docker" "create" "-v" "/var/lib/crater-agent-workspace/builds/worker-0-tc2/target:/opt/rustwide/target:rw,Z" "-v" "/var/lib/crater-agent-workspace/builds/worker-0-tc2/source:/opt/rustwide/workdir:ro,Z" "-v" "/var/lib/crater-agent-workspace/cargo-home:/opt/rustwide/cargo-home:ro,Z" "-v" "/var/lib/crater-agent-workspace/rustup-home:/opt/rustwide/rustup-home:ro,Z" "-e" "SOURCE_DIR=/opt/rustwide/workdir" "-e" "CARGO_TARGET_DIR=/opt/rustwide/target" "-e" "CARGO_INCREMENTAL=0" "-e" "RUST_BACKTRACE=full" "-e" "RUSTFLAGS=--cap-lints=forbid -Zrandomize-layout" "-e" "RUSTDOCFLAGS=--cap-lints=forbid" "-e" "CARGO_HOME=/opt/rustwide/cargo-home" "-e" "RUSTUP_HOME=/opt/rustwide/rustup-home" "-w" "/opt/rustwide/workdir" "-m" "1610612736" "--user" "0:0" "--network" "none" "ghcr.io/rust-lang/crates-build-env/linux@sha256:4a844ea9eb2546a2d2c7022eacef16ef2e8229c7fbb2c7d4d55a9ceca922f72d" "/opt/rustwide/cargo-home/bin/cargo" "+nightly-2024-10-28" "build" "--frozen" "--message-format=json", kill_on_drop: false }`
[INFO] [stdout] a7614bac119fee078f696bfcbe14649c06dda96d5755b258a345c567c3b1d943
[INFO] running `Command { std: "docker" "start" "-a" "a7614bac119fee078f696bfcbe14649c06dda96d5755b258a345c567c3b1d943", kill_on_drop: false }`
[INFO] [stderr]    Compiling unicode_escape v0.1.0 (/opt/rustwide/workdir)
[INFO] [stderr]     Finished `dev` profile [unoptimized + debuginfo] target(s) in 0.16s
[INFO] running `Command { std: "docker" "inspect" "a7614bac119fee078f696bfcbe14649c06dda96d5755b258a345c567c3b1d943", kill_on_drop: false }`
[INFO] running `Command { std: "docker" "rm" "-f" "a7614bac119fee078f696bfcbe14649c06dda96d5755b258a345c567c3b1d943", kill_on_drop: false }`
[INFO] [stdout] a7614bac119fee078f696bfcbe14649c06dda96d5755b258a345c567c3b1d943
[INFO] running `Command { std: "docker" "create" "-v" "/var/lib/crater-agent-workspace/builds/worker-0-tc2/target:/opt/rustwide/target:rw,Z" "-v" "/var/lib/crater-agent-workspace/builds/worker-0-tc2/source:/opt/rustwide/workdir:ro,Z" "-v" "/var/lib/crater-agent-workspace/cargo-home:/opt/rustwide/cargo-home:ro,Z" "-v" "/var/lib/crater-agent-workspace/rustup-home:/opt/rustwide/rustup-home:ro,Z" "-e" "SOURCE_DIR=/opt/rustwide/workdir" "-e" "CARGO_TARGET_DIR=/opt/rustwide/target" "-e" "CARGO_INCREMENTAL=0" "-e" "RUST_BACKTRACE=full" "-e" "RUSTFLAGS=--cap-lints=forbid -Zrandomize-layout" "-e" "RUSTDOCFLAGS=--cap-lints=forbid" "-e" "CARGO_HOME=/opt/rustwide/cargo-home" "-e" "RUSTUP_HOME=/opt/rustwide/rustup-home" "-w" "/opt/rustwide/workdir" "-m" "1610612736" "--user" "0:0" "--network" "none" "ghcr.io/rust-lang/crates-build-env/linux@sha256:4a844ea9eb2546a2d2c7022eacef16ef2e8229c7fbb2c7d4d55a9ceca922f72d" "/opt/rustwide/cargo-home/bin/cargo" "+nightly-2024-10-28" "test" "--frozen" "--no-run" "--message-format=json", kill_on_drop: false }`
[INFO] [stdout] bc2cb3cd2737b267078ef4816e18e77ac5d33f9d2c8303ba8f314fe389c5ad5f
[INFO] running `Command { std: "docker" "start" "-a" "bc2cb3cd2737b267078ef4816e18e77ac5d33f9d2c8303ba8f314fe389c5ad5f", kill_on_drop: false }`
[INFO] [stderr]    Compiling unicode_escape v0.1.0 (/opt/rustwide/workdir)
[INFO] [stderr]     Finished `test` profile [unoptimized + debuginfo] target(s) in 0.25s
[INFO] running `Command { std: "docker" "inspect" "bc2cb3cd2737b267078ef4816e18e77ac5d33f9d2c8303ba8f314fe389c5ad5f", kill_on_drop: false }`
[INFO] running `Command { std: "docker" "rm" "-f" "bc2cb3cd2737b267078ef4816e18e77ac5d33f9d2c8303ba8f314fe389c5ad5f", kill_on_drop: false }`
[INFO] [stdout] bc2cb3cd2737b267078ef4816e18e77ac5d33f9d2c8303ba8f314fe389c5ad5f
[INFO] running `Command { std: "docker" "create" "-v" "/var/lib/crater-agent-workspace/builds/worker-0-tc2/target:/opt/rustwide/target:rw,Z" "-v" "/var/lib/crater-agent-workspace/builds/worker-0-tc2/source:/opt/rustwide/workdir:ro,Z" "-v" "/var/lib/crater-agent-workspace/cargo-home:/opt/rustwide/cargo-home:ro,Z" "-v" "/var/lib/crater-agent-workspace/rustup-home:/opt/rustwide/rustup-home:ro,Z" "-e" "SOURCE_DIR=/opt/rustwide/workdir" "-e" "CARGO_TARGET_DIR=/opt/rustwide/target" "-e" "CARGO_INCREMENTAL=0" "-e" "RUST_BACKTRACE=full" "-e" "RUSTFLAGS=--cap-lints=forbid -Zrandomize-layout" "-e" "RUSTDOCFLAGS=--cap-lints=forbid" "-e" "CARGO_HOME=/opt/rustwide/cargo-home" "-e" "RUSTUP_HOME=/opt/rustwide/rustup-home" "-w" "/opt/rustwide/workdir" "-m" "1610612736" "--user" "0:0" "--network" "none" "ghcr.io/rust-lang/crates-build-env/linux@sha256:4a844ea9eb2546a2d2c7022eacef16ef2e8229c7fbb2c7d4d55a9ceca922f72d" "/opt/rustwide/cargo-home/bin/cargo" "+nightly-2024-10-28" "test" "--frozen", kill_on_drop: false }`
[INFO] [stdout] 26a6fee0ad1cbcacb69b3bea382c1921cecbb16cd203e03ea4ed2a0cff958b81
[INFO] running `Command { std: "docker" "start" "-a" "26a6fee0ad1cbcacb69b3bea382c1921cecbb16cd203e03ea4ed2a0cff958b81", kill_on_drop: false }`
[INFO] [stderr]     Finished `test` profile [unoptimized + debuginfo] target(s) in 0.00s
[INFO] [stderr]      Running unittests src/lib.rs (/opt/rustwide/target/debug/deps/unicode_escape-3728b81000a1c84e)
[INFO] [stdout] 
[INFO] [stdout] running 5 tests
[INFO] [stdout] test tests::test_invalid_escape ... ok
[INFO] [stdout] test tests::test_simple_escape ... ok
[INFO] [stdout] test tests::test_unicode_codepoints ... ok
[INFO] [stdout] test tests::test_unicode_sequence ... ok
[INFO] [stdout] test tests::test_weight_string ... ok
[INFO] [stdout] 
[INFO] [stdout] test result: ok. 5 passed; 0 failed; 0 ignored; 0 measured; 0 filtered out; finished in 0.00s
[INFO] [stdout] 
[INFO] [stderr]    Doc-tests unicode_escape
[INFO] [stdout] 
[INFO] [stdout] running 8 tests
[INFO] [stdout] test src/lib.rs - decode (line 43) ... FAILED
[INFO] [stdout] test src/lib.rs - decode (line 25) ... FAILED
[INFO] [stdout] test src/lib.rs - decode (line 17) ... FAILED
[INFO] [stdout] test src/lib.rs - escape_hex (line 102) ... FAILED
[INFO] [stdout] test src/lib.rs - decode_unicode (line 151) ... FAILED
[INFO] [stdout] test src/lib.rs - escape_hex (line 94) ... FAILED
[INFO] [stdout] test src/lib.rs - decode (line 33) ... FAILED
[INFO] [stdout] test src/lib.rs - decode_unicode (line 143) ... FAILED
[INFO] [stdout] 
[INFO] [stdout] failures:
[INFO] [stdout] 
[INFO] [stdout] ---- src/lib.rs - decode (line 43) stdout ----
[INFO] [stdout] error[E0425]: cannot find function `decode` in this scope
[INFO] [stdout]  --> src/lib.rs:45:9
[INFO] [stdout]   |
[INFO] [stdout] 4 | assert!(decode(input).is_err());
[INFO] [stdout]   |         ^^^^^^ not found in this scope
[INFO] [stdout]   |
[INFO] [stdout] help: consider importing this function
[INFO] [stdout]   |
[INFO] [stdout] 2 + use unicode_escape::decode;
[INFO] [stdout]   |
[INFO] [stdout] 
[INFO] [stdout] error: aborting due to 1 previous error
[INFO] [stdout] 
[INFO] [stdout] For more information about this error, try `rustc --explain E0425`.
[INFO] [stdout] Couldn't compile the test.
[INFO] [stdout] ---- src/lib.rs - decode (line 25) stdout ----
[INFO] [stdout] error[E0425]: cannot find function `decode` in this scope
[INFO] [stdout]  --> src/lib.rs:27:15
[INFO] [stdout]   |
[INFO] [stdout] 4 | let decoded = decode(input).unwrap();
[INFO] [stdout]   |               ^^^^^^ not found in this scope
[INFO] [stdout]   |
[INFO] [stdout] help: consider importing this function
[INFO] [stdout]   |
[INFO] [stdout] 2 + use unicode_escape::decode;
[INFO] [stdout]   |
[INFO] [stdout] 
[INFO] [stdout] error: aborting due to 1 previous error
[INFO] [stdout] 
[INFO] [stdout] For more information about this error, try `rustc --explain E0425`.
[INFO] [stdout] Couldn't compile the test.
[INFO] [stdout] ---- src/lib.rs - decode (line 17) stdout ----
[INFO] [stdout] error[E0425]: cannot find function `decode` in this scope
[INFO] [stdout]  --> src/lib.rs:19:15
[INFO] [stdout]   |
[INFO] [stdout] 4 | let decoded = decode(input).unwrap();
[INFO] [stdout]   |               ^^^^^^ not found in this scope
[INFO] [stdout]   |
[INFO] [stdout] help: consider importing this function
[INFO] [stdout]   |
[INFO] [stdout] 2 + use unicode_escape::decode;
[INFO] [stdout]   |
[INFO] [stdout] 
[INFO] [stdout] error: aborting due to 1 previous error
[INFO] [stdout] 
[INFO] [stdout] For more information about this error, try `rustc --explain E0425`.
[INFO] [stdout] Couldn't compile the test.
[INFO] [stdout] ---- src/lib.rs - escape_hex (line 102) stdout ----
[INFO] [stdout] error[E0425]: cannot find function `escape_hex` in this scope
[INFO] [stdout]  --> src/lib.rs:104:9
[INFO] [stdout]   |
[INFO] [stdout] 4 | assert!(escape_hex(&mut chars).is_err());
[INFO] [stdout]   |         ^^^^^^^^^^ not found in this scope
[INFO] [stdout] 
[INFO] [stdout] error: aborting due to 1 previous error
[INFO] [stdout] 
[INFO] [stdout] For more information about this error, try `rustc --explain E0425`.
[INFO] [stdout] Couldn't compile the test.
[INFO] [stdout] ---- src/lib.rs - decode_unicode (line 151) stdout ----
[INFO] [stdout] error[E0425]: cannot find function `decode_unicode` in this scope
[INFO] [stdout]  --> src/lib.rs:153:9
[INFO] [stdout]   |
[INFO] [stdout] 4 | assert!(decode_unicode(&mut chars).is_err());
[INFO] [stdout]   |         ^^^^^^^^^^^^^^ not found in this scope
[INFO] [stdout] 
[INFO] [stdout] error: aborting due to 1 previous error
[INFO] [stdout] 
[INFO] [stdout] For more information about this error, try `rustc --explain E0425`.
[INFO] [stdout] Couldn't compile the test.
[INFO] [stdout] ---- src/lib.rs - escape_hex (line 94) stdout ----
[INFO] [stdout] error[E0425]: cannot find function `escape_hex` in this scope
[INFO] [stdout]  --> src/lib.rs:96:15
[INFO] [stdout]   |
[INFO] [stdout] 4 | let decoded = escape_hex(&mut chars).unwrap();
[INFO] [stdout]   |               ^^^^^^^^^^ not found in this scope
[INFO] [stdout] 
[INFO] [stdout] error: aborting due to 1 previous error
[INFO] [stdout] 
[INFO] [stdout] For more information about this error, try `rustc --explain E0425`.
[INFO] [stdout] Couldn't compile the test.
[INFO] [stdout] ---- src/lib.rs - decode (line 33) stdout ----
[INFO] [stdout] error[E0425]: cannot find function `decode` in this scope
[INFO] [stdout]  --> src/lib.rs:35:15
[INFO] [stdout]   |
[INFO] [stdout] 4 | let decoded = decode(input).unwrap();
[INFO] [stdout]   |               ^^^^^^ not found in this scope
[INFO] [stdout]   |
[INFO] [stdout] help: consider importing this function
[INFO] [stdout]   |
[INFO] [stdout] 2 + use unicode_escape::decode;
[INFO] [stdout]   |
[INFO] [stdout] 
[INFO] [stdout] error: aborting due to 1 previous error
[INFO] [stdout] 
[INFO] [stdout] For more information about this error, try `rustc --explain E0425`.
[INFO] [stdout] Couldn't compile the test.
[INFO] [stdout] ---- src/lib.rs - decode_unicode (line 143) stdout ----
[INFO] [stdout] error[E0425]: cannot find function `decode_unicode` in this scope
[INFO] [stdout]  --> src/lib.rs:145:15
[INFO] [stdout]   |
[INFO] [stdout] 4 | let decoded = decode_unicode(&mut chars).unwrap();
[INFO] [stdout]   |               ^^^^^^^^^^^^^^ not found in this scope
[INFO] [stdout] 
[INFO] [stdout] error: aborting due to 1 previous error
[INFO] [stdout] 
[INFO] [stdout] For more information about this error, try `rustc --explain E0425`.
[INFO] [stdout] Couldn't compile the test.
[INFO] [stdout] 
[INFO] [stdout] failures:
[INFO] [stdout]     src/lib.rs - decode (line 17)
[INFO] [stdout]     src/lib.rs - decode (line 25)
[INFO] [stdout]     src/lib.rs - decode (line 33)
[INFO] [stdout]     src/lib.rs - decode (line 43)
[INFO] [stdout]     src/lib.rs - decode_unicode (line 143)
[INFO] [stdout]     src/lib.rs - decode_unicode (line 151)
[INFO] [stdout]     src/lib.rs - escape_hex (line 102)
[INFO] [stdout]     src/lib.rs - escape_hex (line 94)
[INFO] [stdout] 
[INFO] [stdout] test result: FAILED. 0 passed; 8 failed; 0 ignored; 0 measured; 0 filtered out; finished in 0.06s
[INFO] [stdout] 
[INFO] [stderr] error: doctest failed, to rerun pass `--doc`
[INFO] running `Command { std: "docker" "inspect" "26a6fee0ad1cbcacb69b3bea382c1921cecbb16cd203e03ea4ed2a0cff958b81", kill_on_drop: false }`
[INFO] running `Command { std: "docker" "rm" "-f" "26a6fee0ad1cbcacb69b3bea382c1921cecbb16cd203e03ea4ed2a0cff958b81", kill_on_drop: false }`
[INFO] [stdout] 26a6fee0ad1cbcacb69b3bea382c1921cecbb16cd203e03ea4ed2a0cff958b81
