[INFO] fetching crate ufire_ec 2.0.0...
[INFO] testing ufire_ec-2.0.0 against nightly-2024-10-28 for randomize-layout
[INFO] extracting crate ufire_ec 2.0.0 into /workspace/builds/worker-0-tc1/source
[INFO] validating manifest of crates.io crate ufire_ec 2.0.0 on toolchain nightly-2024-10-28
[INFO] running `Command { std: CARGO_HOME="/workspace/cargo-home" RUSTUP_HOME="/workspace/rustup-home" "/workspace/cargo-home/bin/cargo" "+nightly-2024-10-28" "metadata" "--manifest-path" "Cargo.toml" "--no-deps", kill_on_drop: false }`
[INFO] started tweaking crates.io crate ufire_ec 2.0.0
[INFO] finished tweaking crates.io crate ufire_ec 2.0.0
[INFO] tweaked toml for crates.io crate ufire_ec 2.0.0 written to /workspace/builds/worker-0-tc1/source/Cargo.toml
[INFO] running `Command { std: CARGO_HOME="/workspace/cargo-home" RUSTUP_HOME="/workspace/rustup-home" "/workspace/cargo-home/bin/cargo" "+nightly-2024-10-28" "generate-lockfile" "--manifest-path" "Cargo.toml", kill_on_drop: false }`
[INFO] [stderr]     Updating crates.io index
[INFO] [stderr]      Locking 53 packages to latest compatible versions
[INFO] [stderr]       Adding i2cdev v0.3.2 (available: v0.6.1)
[INFO] running `Command { std: CARGO_HOME="/workspace/cargo-home" RUSTUP_HOME="/workspace/rustup-home" "/workspace/cargo-home/bin/cargo" "+nightly-2024-10-28" "fetch" "--manifest-path" "Cargo.toml", kill_on_drop: false }`
[INFO] [stderr] warning: no edition set: defaulting to the 2015 edition while the latest is 2021
[INFO] [stderr]     Blocking waiting for file lock on package cache
[INFO] [stderr]     Blocking waiting for file lock on package cache
[INFO] running `Command { std: "docker" "create" "-v" "/var/lib/crater-agent-workspace/builds/worker-0-tc1/target:/opt/rustwide/target:rw,Z" "-v" "/var/lib/crater-agent-workspace/builds/worker-0-tc1/source:/opt/rustwide/workdir:ro,Z" "-v" "/var/lib/crater-agent-workspace/cargo-home:/opt/rustwide/cargo-home:ro,Z" "-v" "/var/lib/crater-agent-workspace/rustup-home:/opt/rustwide/rustup-home:ro,Z" "-e" "SOURCE_DIR=/opt/rustwide/workdir" "-e" "CARGO_TARGET_DIR=/opt/rustwide/target" "-e" "CARGO_HOME=/opt/rustwide/cargo-home" "-e" "RUSTUP_HOME=/opt/rustwide/rustup-home" "-w" "/opt/rustwide/workdir" "-m" "1610612736" "--user" "0:0" "--network" "none" "ghcr.io/rust-lang/crates-build-env/linux@sha256:4a844ea9eb2546a2d2c7022eacef16ef2e8229c7fbb2c7d4d55a9ceca922f72d" "/opt/rustwide/cargo-home/bin/cargo" "+nightly-2024-10-28" "metadata" "--no-deps" "--format-version=1", kill_on_drop: false }`
[INFO] [stdout] 69bf8e800b0e380184332536a9f6673367fd4bed00b00d281455cbff936f86e9
[INFO] running `Command { std: "docker" "start" "-a" "69bf8e800b0e380184332536a9f6673367fd4bed00b00d281455cbff936f86e9", kill_on_drop: false }`
[INFO] running `Command { std: "docker" "inspect" "69bf8e800b0e380184332536a9f6673367fd4bed00b00d281455cbff936f86e9", kill_on_drop: false }`
[INFO] running `Command { std: "docker" "rm" "-f" "69bf8e800b0e380184332536a9f6673367fd4bed00b00d281455cbff936f86e9", kill_on_drop: false }`
[INFO] [stdout] 69bf8e800b0e380184332536a9f6673367fd4bed00b00d281455cbff936f86e9
[INFO] running `Command { std: "docker" "create" "-v" "/var/lib/crater-agent-workspace/builds/worker-0-tc1/target:/opt/rustwide/target:rw,Z" "-v" "/var/lib/crater-agent-workspace/builds/worker-0-tc1/source:/opt/rustwide/workdir:ro,Z" "-v" "/var/lib/crater-agent-workspace/cargo-home:/opt/rustwide/cargo-home:ro,Z" "-v" "/var/lib/crater-agent-workspace/rustup-home:/opt/rustwide/rustup-home:ro,Z" "-e" "SOURCE_DIR=/opt/rustwide/workdir" "-e" "CARGO_TARGET_DIR=/opt/rustwide/target" "-e" "CARGO_INCREMENTAL=0" "-e" "RUST_BACKTRACE=full" "-e" "RUSTFLAGS=--cap-lints=forbid" "-e" "RUSTDOCFLAGS=--cap-lints=forbid" "-e" "CARGO_HOME=/opt/rustwide/cargo-home" "-e" "RUSTUP_HOME=/opt/rustwide/rustup-home" "-w" "/opt/rustwide/workdir" "-m" "1610612736" "--user" "0:0" "--network" "none" "ghcr.io/rust-lang/crates-build-env/linux@sha256:4a844ea9eb2546a2d2c7022eacef16ef2e8229c7fbb2c7d4d55a9ceca922f72d" "/opt/rustwide/cargo-home/bin/cargo" "+nightly-2024-10-28" "build" "--frozen" "--message-format=json", kill_on_drop: false }`
[INFO] [stdout] e1fbc6289658eff304a8c650692f37da62946935f36482d449181438de357b11
[INFO] running `Command { std: "docker" "start" "-a" "e1fbc6289658eff304a8c650692f37da62946935f36482d449181438de357b11", kill_on_drop: false }`
[INFO] [stderr] warning: no edition set: defaulting to the 2015 edition while the latest is 2021
[INFO] [stderr]    Compiling proc-macro2 v1.0.89
[INFO] [stderr]    Compiling unicode-ident v1.0.13
[INFO] [stderr]    Compiling serde v1.0.214
[INFO] [stderr]    Compiling version_check v0.9.5
[INFO] [stderr]    Compiling memchr v2.7.4
[INFO] [stderr]    Compiling bitflags v2.6.0
[INFO] [stderr]    Compiling rustix v0.38.38
[INFO] [stderr]    Compiling serde_json v1.0.132
[INFO] [stderr]    Compiling camino v1.1.9
[INFO] [stderr]    Compiling semver v1.0.23
[INFO] [stderr]    Compiling linux-raw-sys v0.4.14
[INFO] [stderr]    Compiling libc v0.2.161
[INFO] [stderr]    Compiling itoa v1.0.11
[INFO] [stderr]    Compiling ryu v1.0.18
[INFO] [stderr]    Compiling pulldown-cmark v0.9.6
[INFO] [stderr]    Compiling once_cell v1.20.2
[INFO] [stderr]    Compiling unicase v2.8.0
[INFO] [stderr]    Compiling cfg-if v1.0.0
[INFO] [stderr]    Compiling fastrand v2.1.1
[INFO] [stderr]    Compiling same-file v1.0.6
[INFO] [stderr]    Compiling bytecount v0.6.8
[INFO] [stderr]    Compiling glob v0.3.1
[INFO] [stderr]    Compiling byteorder v1.5.0
[INFO] [stderr]    Compiling nix v0.10.0
[INFO] [stderr]    Compiling walkdir v2.5.0
[INFO] [stderr]    Compiling cfg-if v0.1.10
[INFO] [stderr]    Compiling void v1.0.2
[INFO] [stderr]    Compiling error-chain v0.12.4
[INFO] [stderr]    Compiling bitflags v1.3.2
[INFO] [stderr]    Compiling quote v1.0.37
[INFO] [stderr]    Compiling syn v2.0.86
[INFO] [stderr]    Compiling iovec v0.1.4
[INFO] [stderr]    Compiling bytes v0.4.12
[INFO] [stderr]    Compiling tempfile v3.13.0
[INFO] [stderr]    Compiling serde_derive v1.0.214
[INFO] [stderr]    Compiling cargo-platform v0.1.8
[INFO] [stderr]    Compiling cargo_metadata v0.14.2
[INFO] [stderr]    Compiling skeptic v0.13.7
[INFO] [stderr]    Compiling i2cdev v0.3.2
[INFO] [stderr]    Compiling ufire_ec v2.0.0 (/opt/rustwide/workdir)
[INFO] [stdout] warning: unnecessary parentheses around type
[INFO] [stdout]   --> src/lib.rs:71:46
[INFO] [stdout]    |
[INFO] [stdout] 71 |     pub fn measure_temp(&mut self) -> Result<(f32), Box<LinuxI2CError>> {
[INFO] [stdout]    |                                              ^   ^
[INFO] [stdout]    |
[INFO] [stdout]    = note: `#[warn(unused_parens)]` on by default
[INFO] [stdout] help: remove these parentheses
[INFO] [stdout]    |
[INFO] [stdout] 71 -     pub fn measure_temp(&mut self) -> Result<(f32), Box<LinuxI2CError>> {
[INFO] [stdout] 71 +     pub fn measure_temp(&mut self) -> Result<f32, Box<LinuxI2CError>> {
[INFO] [stdout]    |
[INFO] [stdout] 
[INFO] [stdout] 
[INFO] [stdout] warning: unnecessary parentheses around type
[INFO] [stdout]    --> src/lib.rs:128:60
[INFO] [stdout]     |
[INFO] [stdout] 128 |     pub fn measure_ec(&mut self, new_temp: bool) -> Result<(f32), Box<LinuxI2CError>> {
[INFO] [stdout]     |                                                            ^   ^
[INFO] [stdout]     |
[INFO] [stdout] help: remove these parentheses
[INFO] [stdout]     |
[INFO] [stdout] 128 -     pub fn measure_ec(&mut self, new_temp: bool) -> Result<(f32), Box<LinuxI2CError>> {
[INFO] [stdout] 128 +     pub fn measure_ec(&mut self, new_temp: bool) -> Result<f32, Box<LinuxI2CError>> {
[INFO] [stdout]     |
[INFO] [stdout] 
[INFO] [stdout] 
[INFO] [stdout] warning: unnecessary parentheses around type
[INFO] [stdout]    --> src/lib.rs:146:45
[INFO] [stdout]     |
[INFO] [stdout] 146 |     pub fn measure_raw(&mut self) -> Result<(f32), Box<LinuxI2CError>> {
[INFO] [stdout]     |                                             ^   ^
[INFO] [stdout]     |
[INFO] [stdout] help: remove these parentheses
[INFO] [stdout]     |
[INFO] [stdout] 146 -     pub fn measure_raw(&mut self) -> Result<(f32), Box<LinuxI2CError>> {
[INFO] [stdout] 146 +     pub fn measure_raw(&mut self) -> Result<f32, Box<LinuxI2CError>> {
[INFO] [stdout]     |
[INFO] [stdout] 
[INFO] [stdout] 
[INFO] [stdout] warning: unnecessary parentheses around type
[INFO] [stdout]    --> src/lib.rs:160:44
[INFO] [stdout]     |
[INFO] [stdout] 160 |     pub fn measure_sw(&mut self) -> Result<(f32), Box<LinuxI2CError>> {
[INFO] [stdout]     |                                            ^   ^
[INFO] [stdout]     |
[INFO] [stdout] help: remove these parentheses
[INFO] [stdout]     |
[INFO] [stdout] 160 -     pub fn measure_sw(&mut self) -> Result<(f32), Box<LinuxI2CError>> {
[INFO] [stdout] 160 +     pub fn measure_sw(&mut self) -> Result<f32, Box<LinuxI2CError>> {
[INFO] [stdout]     |
[INFO] [stdout] 
[INFO] [stdout] 
[INFO] [stdout] warning: unnecessary parentheses around type
[INFO] [stdout]    --> src/lib.rs:188:51
[INFO] [stdout]     |
[INFO] [stdout] 188 |     pub fn get_temp_constant(&mut self) -> Result<(u8), Box<LinuxI2CError>> {
[INFO] [stdout]     |                                                   ^  ^
[INFO] [stdout]     |
[INFO] [stdout] help: remove these parentheses
[INFO] [stdout]     |
[INFO] [stdout] 188 -     pub fn get_temp_constant(&mut self) -> Result<(u8), Box<LinuxI2CError>> {
[INFO] [stdout] 188 +     pub fn get_temp_constant(&mut self) -> Result<u8, Box<LinuxI2CError>> {
[INFO] [stdout]     |
[INFO] [stdout] 
[INFO] [stdout] 
[INFO] [stdout] warning: unnecessary parentheses around type
[INFO] [stdout]    --> src/lib.rs:201:52
[INFO] [stdout]     |
[INFO] [stdout] 201 |     pub fn get_calibration_ec(&mut self) -> Result<(f32), Box<LinuxI2CError>> {
[INFO] [stdout]     |                                                    ^   ^
[INFO] [stdout]     |
[INFO] [stdout] help: remove these parentheses
[INFO] [stdout]     |
[INFO] [stdout] 201 -     pub fn get_calibration_ec(&mut self) -> Result<(f32), Box<LinuxI2CError>> {
[INFO] [stdout] 201 +     pub fn get_calibration_ec(&mut self) -> Result<f32, Box<LinuxI2CError>> {
[INFO] [stdout]     |
[INFO] [stdout] 
[INFO] [stdout] 
[INFO] [stdout] warning: unnecessary parentheses around type
[INFO] [stdout]    --> src/lib.rs:213:52
[INFO] [stdout]     |
[INFO] [stdout] 213 |     pub fn get_calibration_sw(&mut self) -> Result<(f32), Box<LinuxI2CError>> {
[INFO] [stdout]     |                                                    ^   ^
[INFO] [stdout]     |
[INFO] [stdout] help: remove these parentheses
[INFO] [stdout]     |
[INFO] [stdout] 213 -     pub fn get_calibration_sw(&mut self) -> Result<(f32), Box<LinuxI2CError>> {
[INFO] [stdout] 213 +     pub fn get_calibration_sw(&mut self) -> Result<f32, Box<LinuxI2CError>> {
[INFO] [stdout]     |
[INFO] [stdout] 
[INFO] [stdout] 
[INFO] [stdout] warning: unnecessary parentheses around type
[INFO] [stdout]    --> src/lib.rs:225:59
[INFO] [stdout]     |
[INFO] [stdout] 225 |     pub fn read_eeprom(&mut self, address: f32) -> Result<(f32), Box<LinuxI2CError>> {
[INFO] [stdout]     |                                                           ^   ^
[INFO] [stdout]     |
[INFO] [stdout] help: remove these parentheses
[INFO] [stdout]     |
[INFO] [stdout] 225 -     pub fn read_eeprom(&mut self, address: f32) -> Result<(f32), Box<LinuxI2CError>> {
[INFO] [stdout] 225 +     pub fn read_eeprom(&mut self, address: f32) -> Result<f32, Box<LinuxI2CError>> {
[INFO] [stdout]     |
[INFO] [stdout] 
[INFO] [stdout] 
[INFO] [stdout] warning: unnecessary parentheses around type
[INFO] [stdout]    --> src/lib.rs:239:72
[INFO] [stdout]     |
[INFO] [stdout] 239 |     pub fn write_eeprom(&mut self, address: f32, value: f32) -> Result<(f32), Box<LinuxI2CError>> {
[INFO] [stdout]     |                                                                        ^   ^
[INFO] [stdout]     |
[INFO] [stdout] help: remove these parentheses
[INFO] [stdout]     |
[INFO] [stdout] 239 -     pub fn write_eeprom(&mut self, address: f32, value: f32) -> Result<(f32), Box<LinuxI2CError>> {
[INFO] [stdout] 239 +     pub fn write_eeprom(&mut self, address: f32, value: f32) -> Result<f32, Box<LinuxI2CError>> {
[INFO] [stdout]     |
[INFO] [stdout] 
[INFO] [stdout] 
[INFO] [stdout] warning: unnecessary parentheses around type
[INFO] [stdout]    --> src/lib.rs:275:45
[INFO] [stdout]     |
[INFO] [stdout] 275 |     pub fn get_version(&mut self) -> Result<(u8), Box<LinuxI2CError>> {
[INFO] [stdout]     |                                             ^  ^
[INFO] [stdout]     |
[INFO] [stdout] help: remove these parentheses
[INFO] [stdout]     |
[INFO] [stdout] 275 -     pub fn get_version(&mut self) -> Result<(u8), Box<LinuxI2CError>> {
[INFO] [stdout] 275 +     pub fn get_version(&mut self) -> Result<u8, Box<LinuxI2CError>> {
[INFO] [stdout]     |
[INFO] [stdout] 
[INFO] [stdout] 
[INFO] [stdout] warning: unnecessary parentheses around type
[INFO] [stdout]    --> src/lib.rs:287:46
[INFO] [stdout]     |
[INFO] [stdout] 287 |     pub fn get_firmware(&mut self) -> Result<(u8), Box<LinuxI2CError>> {
[INFO] [stdout]     |                                              ^  ^
[INFO] [stdout]     |
[INFO] [stdout] help: remove these parentheses
[INFO] [stdout]     |
[INFO] [stdout] 287 -     pub fn get_firmware(&mut self) -> Result<(u8), Box<LinuxI2CError>> {
[INFO] [stdout] 287 +     pub fn get_firmware(&mut self) -> Result<u8, Box<LinuxI2CError>> {
[INFO] [stdout]     |
[INFO] [stdout] 
[INFO] [stdout] 
[INFO] [stdout] warning: unnecessary parentheses around type
[INFO] [stdout]    --> src/lib.rs:318:64
[INFO] [stdout]     |
[INFO] [stdout] 318 |     pub fn using_temperature_compensation(&mut self) -> Result<(u8), Box<LinuxI2CError>> {
[INFO] [stdout]     |                                                                ^  ^
[INFO] [stdout]     |
[INFO] [stdout] help: remove these parentheses
[INFO] [stdout]     |
[INFO] [stdout] 318 -     pub fn using_temperature_compensation(&mut self) -> Result<(u8), Box<LinuxI2CError>> {
[INFO] [stdout] 318 +     pub fn using_temperature_compensation(&mut self) -> Result<u8, Box<LinuxI2CError>> {
[INFO] [stdout]     |
[INFO] [stdout] 
[INFO] [stdout] 
[INFO] [stdout] warning: unnecessary parentheses around type
[INFO] [stdout]    --> src/lib.rs:354:62
[INFO] [stdout]     |
[INFO] [stdout] 354 |     pub fn _read_register(&mut self, register: u8) -> Result<(f32), Box<LinuxI2CError>> {
[INFO] [stdout]     |                                                              ^   ^
[INFO] [stdout]     |
[INFO] [stdout] help: remove these parentheses
[INFO] [stdout]     |
[INFO] [stdout] 354 -     pub fn _read_register(&mut self, register: u8) -> Result<(f32), Box<LinuxI2CError>> {
[INFO] [stdout] 354 +     pub fn _read_register(&mut self, register: u8) -> Result<f32, Box<LinuxI2CError>> {
[INFO] [stdout]     |
[INFO] [stdout] 
[INFO] [stdout] 
[INFO] [stderr]     Finished `dev` profile [unoptimized + debuginfo] target(s) in 10.02s
[INFO] running `Command { std: "docker" "inspect" "e1fbc6289658eff304a8c650692f37da62946935f36482d449181438de357b11", kill_on_drop: false }`
[INFO] running `Command { std: "docker" "rm" "-f" "e1fbc6289658eff304a8c650692f37da62946935f36482d449181438de357b11", kill_on_drop: false }`
[INFO] [stdout] e1fbc6289658eff304a8c650692f37da62946935f36482d449181438de357b11
[INFO] running `Command { std: "docker" "create" "-v" "/var/lib/crater-agent-workspace/builds/worker-0-tc1/target:/opt/rustwide/target:rw,Z" "-v" "/var/lib/crater-agent-workspace/builds/worker-0-tc1/source:/opt/rustwide/workdir:ro,Z" "-v" "/var/lib/crater-agent-workspace/cargo-home:/opt/rustwide/cargo-home:ro,Z" "-v" "/var/lib/crater-agent-workspace/rustup-home:/opt/rustwide/rustup-home:ro,Z" "-e" "SOURCE_DIR=/opt/rustwide/workdir" "-e" "CARGO_TARGET_DIR=/opt/rustwide/target" "-e" "CARGO_INCREMENTAL=0" "-e" "RUST_BACKTRACE=full" "-e" "RUSTFLAGS=--cap-lints=forbid" "-e" "RUSTDOCFLAGS=--cap-lints=forbid" "-e" "CARGO_HOME=/opt/rustwide/cargo-home" "-e" "RUSTUP_HOME=/opt/rustwide/rustup-home" "-w" "/opt/rustwide/workdir" "-m" "1610612736" "--user" "0:0" "--network" "none" "ghcr.io/rust-lang/crates-build-env/linux@sha256:4a844ea9eb2546a2d2c7022eacef16ef2e8229c7fbb2c7d4d55a9ceca922f72d" "/opt/rustwide/cargo-home/bin/cargo" "+nightly-2024-10-28" "test" "--frozen" "--no-run" "--message-format=json", kill_on_drop: false }`
[INFO] [stdout] 3b7945f3756f0755e66a51ab7cebceeaa7206d5be2a2afec6215d9eba40e593c
[INFO] running `Command { std: "docker" "start" "-a" "3b7945f3756f0755e66a51ab7cebceeaa7206d5be2a2afec6215d9eba40e593c", kill_on_drop: false }`
[INFO] [stderr] warning: no edition set: defaulting to the 2015 edition while the latest is 2021
[INFO] [stdout] warning: unnecessary parentheses around type
[INFO] [stdout]   --> src/lib.rs:71:46
[INFO] [stdout]    |
[INFO] [stdout] 71 |     pub fn measure_temp(&mut self) -> Result<(f32), Box<LinuxI2CError>> {
[INFO] [stdout]    |                                              ^   ^
[INFO] [stdout]    |
[INFO] [stdout]    = note: `#[warn(unused_parens)]` on by default
[INFO] [stdout] help: remove these parentheses
[INFO] [stdout]    |
[INFO] [stdout] 71 -     pub fn measure_temp(&mut self) -> Result<(f32), Box<LinuxI2CError>> {
[INFO] [stdout] 71 +     pub fn measure_temp(&mut self) -> Result<f32, Box<LinuxI2CError>> {
[INFO] [stdout]    |
[INFO] [stdout] 
[INFO] [stdout] 
[INFO] [stdout] warning: unnecessary parentheses around type
[INFO] [stdout]    --> src/lib.rs:128:60
[INFO] [stdout]     |
[INFO] [stdout] 128 |     pub fn measure_ec(&mut self, new_temp: bool) -> Result<(f32), Box<LinuxI2CError>> {
[INFO] [stdout]     |                                                            ^   ^
[INFO] [stdout]     |
[INFO] [stdout] help: remove these parentheses
[INFO] [stdout]     |
[INFO] [stdout] 128 -     pub fn measure_ec(&mut self, new_temp: bool) -> Result<(f32), Box<LinuxI2CError>> {
[INFO] [stdout] 128 +     pub fn measure_ec(&mut self, new_temp: bool) -> Result<f32, Box<LinuxI2CError>> {
[INFO] [stdout]     |
[INFO] [stdout] 
[INFO] [stdout] 
[INFO] [stdout] warning: unnecessary parentheses around type
[INFO] [stdout]    --> src/lib.rs:146:45
[INFO] [stdout]     |
[INFO] [stdout] 146 |     pub fn measure_raw(&mut self) -> Result<(f32), Box<LinuxI2CError>> {
[INFO] [stdout]     |                                             ^   ^
[INFO] [stdout]     |
[INFO] [stdout] help: remove these parentheses
[INFO] [stdout]     |
[INFO] [stdout] 146 -     pub fn measure_raw(&mut self) -> Result<(f32), Box<LinuxI2CError>> {
[INFO] [stdout] 146 +     pub fn measure_raw(&mut self) -> Result<f32, Box<LinuxI2CError>> {
[INFO] [stdout]     |
[INFO] [stdout] 
[INFO] [stdout] 
[INFO] [stdout] warning: unnecessary parentheses around type
[INFO] [stdout]    --> src/lib.rs:160:44
[INFO] [stdout]     |
[INFO] [stdout] 160 |     pub fn measure_sw(&mut self) -> Result<(f32), Box<LinuxI2CError>> {
[INFO] [stdout]     |                                            ^   ^
[INFO] [stdout]     |
[INFO] [stdout] help: remove these parentheses
[INFO] [stdout]     |
[INFO] [stdout] 160 -     pub fn measure_sw(&mut self) -> Result<(f32), Box<LinuxI2CError>> {
[INFO] [stdout] 160 +     pub fn measure_sw(&mut self) -> Result<f32, Box<LinuxI2CError>> {
[INFO] [stdout]     |
[INFO] [stdout] 
[INFO] [stdout] 
[INFO] [stdout] warning: unnecessary parentheses around type
[INFO] [stdout]    --> src/lib.rs:188:51
[INFO] [stdout]     |
[INFO] [stdout] 188 |     pub fn get_temp_constant(&mut self) -> Result<(u8), Box<LinuxI2CError>> {
[INFO] [stdout]     |                                                   ^  ^
[INFO] [stdout]     |
[INFO] [stdout] help: remove these parentheses
[INFO] [stdout]     |
[INFO] [stdout] 188 -     pub fn get_temp_constant(&mut self) -> Result<(u8), Box<LinuxI2CError>> {
[INFO] [stdout] 188 +     pub fn get_temp_constant(&mut self) -> Result<u8, Box<LinuxI2CError>> {
[INFO] [stdout]     |
[INFO] [stdout] 
[INFO] [stdout] 
[INFO] [stdout] warning: unnecessary parentheses around type
[INFO] [stdout]    --> src/lib.rs:201:52
[INFO] [stdout]     |
[INFO] [stdout] 201 |     pub fn get_calibration_ec(&mut self) -> Result<(f32), Box<LinuxI2CError>> {
[INFO] [stdout]     |                                                    ^   ^
[INFO] [stdout]     |
[INFO] [stdout] help: remove these parentheses
[INFO] [stdout]     |
[INFO] [stdout] 201 -     pub fn get_calibration_ec(&mut self) -> Result<(f32), Box<LinuxI2CError>> {
[INFO] [stdout] 201 +     pub fn get_calibration_ec(&mut self) -> Result<f32, Box<LinuxI2CError>> {
[INFO] [stdout]     |
[INFO] [stdout] 
[INFO] [stdout] 
[INFO] [stdout] warning: unnecessary parentheses around type
[INFO] [stdout]    --> src/lib.rs:213:52
[INFO] [stdout]     |
[INFO] [stdout] 213 |     pub fn get_calibration_sw(&mut self) -> Result<(f32), Box<LinuxI2CError>> {
[INFO] [stdout]     |                                                    ^   ^
[INFO] [stdout]     |
[INFO] [stdout] help: remove these parentheses
[INFO] [stdout]     |
[INFO] [stdout] 213 -     pub fn get_calibration_sw(&mut self) -> Result<(f32), Box<LinuxI2CError>> {
[INFO] [stdout] 213 +     pub fn get_calibration_sw(&mut self) -> Result<f32, Box<LinuxI2CError>> {
[INFO] [stdout]     |
[INFO] [stdout] 
[INFO] [stdout] 
[INFO] [stdout] warning: unnecessary parentheses around type
[INFO] [stdout]    --> src/lib.rs:225:59
[INFO] [stdout]     |
[INFO] [stdout] 225 |     pub fn read_eeprom(&mut self, address: f32) -> Result<(f32), Box<LinuxI2CError>> {
[INFO] [stdout]     |                                                           ^   ^
[INFO] [stdout]     |
[INFO] [stdout] help: remove these parentheses
[INFO] [stdout]     |
[INFO] [stdout] 225 -     pub fn read_eeprom(&mut self, address: f32) -> Result<(f32), Box<LinuxI2CError>> {
[INFO] [stdout] 225 +     pub fn read_eeprom(&mut self, address: f32) -> Result<f32, Box<LinuxI2CError>> {
[INFO] [stdout]     |
[INFO] [stdout] 
[INFO] [stdout] 
[INFO] [stdout] warning: unnecessary parentheses around type
[INFO] [stdout]    --> src/lib.rs:239:72
[INFO] [stdout]     |
[INFO] [stdout] 239 |     pub fn write_eeprom(&mut self, address: f32, value: f32) -> Result<(f32), Box<LinuxI2CError>> {
[INFO] [stdout]     |                                                                        ^   ^
[INFO] [stdout]     |
[INFO] [stdout] help: remove these parentheses
[INFO] [stdout]     |
[INFO] [stdout] 239 -     pub fn write_eeprom(&mut self, address: f32, value: f32) -> Result<(f32), Box<LinuxI2CError>> {
[INFO] [stdout] 239 +     pub fn write_eeprom(&mut self, address: f32, value: f32) -> Result<f32, Box<LinuxI2CError>> {
[INFO] [stdout]     |
[INFO] [stdout] 
[INFO] [stdout] 
[INFO] [stdout] warning: unnecessary parentheses around type
[INFO] [stdout]    --> src/lib.rs:275:45
[INFO] [stdout]     |
[INFO] [stdout] 275 |     pub fn get_version(&mut self) -> Result<(u8), Box<LinuxI2CError>> {
[INFO] [stdout]     |                                             ^  ^
[INFO] [stdout]     |
[INFO] [stdout] help: remove these parentheses
[INFO] [stdout]     |
[INFO] [stdout] 275 -     pub fn get_version(&mut self) -> Result<(u8), Box<LinuxI2CError>> {
[INFO] [stdout] 275 +     pub fn get_version(&mut self) -> Result<u8, Box<LinuxI2CError>> {
[INFO] [stdout]     |
[INFO] [stdout] 
[INFO] [stdout] 
[INFO] [stdout] warning: unnecessary parentheses around type
[INFO] [stdout]    --> src/lib.rs:287:46
[INFO] [stdout]     |
[INFO] [stdout] 287 |     pub fn get_firmware(&mut self) -> Result<(u8), Box<LinuxI2CError>> {
[INFO] [stdout]     |                                              ^  ^
[INFO] [stdout]     |
[INFO] [stdout] help: remove these parentheses
[INFO] [stdout]     |
[INFO] [stdout] 287 -     pub fn get_firmware(&mut self) -> Result<(u8), Box<LinuxI2CError>> {
[INFO] [stdout] 287 +     pub fn get_firmware(&mut self) -> Result<u8, Box<LinuxI2CError>> {
[INFO] [stdout]     |
[INFO] [stdout] 
[INFO] [stdout] 
[INFO] [stdout] warning: unnecessary parentheses around type
[INFO] [stdout]    --> src/lib.rs:318:64
[INFO] [stdout]     |
[INFO] [stdout] 318 |     pub fn using_temperature_compensation(&mut self) -> Result<(u8), Box<LinuxI2CError>> {
[INFO] [stdout]     |                                                                ^  ^
[INFO] [stdout]     |
[INFO] [stdout] help: remove these parentheses
[INFO] [stdout]     |
[INFO] [stdout] 318 -     pub fn using_temperature_compensation(&mut self) -> Result<(u8), Box<LinuxI2CError>> {
[INFO] [stdout] 318 +     pub fn using_temperature_compensation(&mut self) -> Result<u8, Box<LinuxI2CError>> {
[INFO] [stdout]     |
[INFO] [stdout] 
[INFO] [stdout] 
[INFO] [stderr]    Compiling ufire_ec v2.0.0 (/opt/rustwide/workdir)
[INFO] [stdout] warning: unnecessary parentheses around type
[INFO] [stdout]    --> src/lib.rs:354:62
[INFO] [stdout]     |
[INFO] [stdout] 354 |     pub fn _read_register(&mut self, register: u8) -> Result<(f32), Box<LinuxI2CError>> {
[INFO] [stdout]     |                                                              ^   ^
[INFO] [stdout]     |
[INFO] [stdout] help: remove these parentheses
[INFO] [stdout]     |
[INFO] [stdout] 354 -     pub fn _read_register(&mut self, register: u8) -> Result<(f32), Box<LinuxI2CError>> {
[INFO] [stdout] 354 +     pub fn _read_register(&mut self, register: u8) -> Result<f32, Box<LinuxI2CError>> {
[INFO] [stdout]     |
[INFO] [stdout] 
[INFO] [stdout] 
[INFO] [stdout] warning: unnecessary parentheses around type
[INFO] [stdout]   --> src/lib.rs:71:46
[INFO] [stdout]    |
[INFO] [stdout] 71 |     pub fn measure_temp(&mut self) -> Result<(f32), Box<LinuxI2CError>> {
[INFO] [stdout]    |                                              ^   ^
[INFO] [stdout]    |
[INFO] [stdout]    = note: `#[warn(unused_parens)]` on by default
[INFO] [stdout] help: remove these parentheses
[INFO] [stdout]    |
[INFO] [stdout] 71 -     pub fn measure_temp(&mut self) -> Result<(f32), Box<LinuxI2CError>> {
[INFO] [stdout] 71 +     pub fn measure_temp(&mut self) -> Result<f32, Box<LinuxI2CError>> {
[INFO] [stdout]    |
[INFO] [stdout] 
[INFO] [stdout] 
[INFO] [stdout] warning: unnecessary parentheses around type
[INFO] [stdout]    --> src/lib.rs:128:60
[INFO] [stdout]     |
[INFO] [stdout] 128 |     pub fn measure_ec(&mut self, new_temp: bool) -> Result<(f32), Box<LinuxI2CError>> {
[INFO] [stdout]     |                                                            ^   ^
[INFO] [stdout]     |
[INFO] [stdout] help: remove these parentheses
[INFO] [stdout]     |
[INFO] [stdout] 128 -     pub fn measure_ec(&mut self, new_temp: bool) -> Result<(f32), Box<LinuxI2CError>> {
[INFO] [stdout] 128 +     pub fn measure_ec(&mut self, new_temp: bool) -> Result<f32, Box<LinuxI2CError>> {
[INFO] [stdout]     |
[INFO] [stdout] 
[INFO] [stdout] 
[INFO] [stdout] warning: unnecessary parentheses around type
[INFO] [stdout]    --> src/lib.rs:146:45
[INFO] [stdout]     |
[INFO] [stdout] 146 |     pub fn measure_raw(&mut self) -> Result<(f32), Box<LinuxI2CError>> {
[INFO] [stdout]     |                                             ^   ^
[INFO] [stdout]     |
[INFO] [stdout] help: remove these parentheses
[INFO] [stdout]     |
[INFO] [stdout] 146 -     pub fn measure_raw(&mut self) -> Result<(f32), Box<LinuxI2CError>> {
[INFO] [stdout] 146 +     pub fn measure_raw(&mut self) -> Result<f32, Box<LinuxI2CError>> {
[INFO] [stdout]     |
[INFO] [stdout] 
[INFO] [stdout] 
[INFO] [stdout] warning: unnecessary parentheses around type
[INFO] [stdout]    --> src/lib.rs:160:44
[INFO] [stdout]     |
[INFO] [stdout] 160 |     pub fn measure_sw(&mut self) -> Result<(f32), Box<LinuxI2CError>> {
[INFO] [stdout]     |                                            ^   ^
[INFO] [stdout]     |
[INFO] [stdout] help: remove these parentheses
[INFO] [stdout]     |
[INFO] [stdout] 160 -     pub fn measure_sw(&mut self) -> Result<(f32), Box<LinuxI2CError>> {
[INFO] [stdout] 160 +     pub fn measure_sw(&mut self) -> Result<f32, Box<LinuxI2CError>> {
[INFO] [stdout]     |
[INFO] [stdout] 
[INFO] [stdout] 
[INFO] [stdout] warning: unnecessary parentheses around type
[INFO] [stdout]    --> src/lib.rs:188:51
[INFO] [stdout]     |
[INFO] [stdout] 188 |     pub fn get_temp_constant(&mut self) -> Result<(u8), Box<LinuxI2CError>> {
[INFO] [stdout]     |                                                   ^  ^
[INFO] [stdout]     |
[INFO] [stdout] help: remove these parentheses
[INFO] [stdout]     |
[INFO] [stdout] 188 -     pub fn get_temp_constant(&mut self) -> Result<(u8), Box<LinuxI2CError>> {
[INFO] [stdout] 188 +     pub fn get_temp_constant(&mut self) -> Result<u8, Box<LinuxI2CError>> {
[INFO] [stdout]     |
[INFO] [stdout] 
[INFO] [stdout] 
[INFO] [stdout] warning: unnecessary parentheses around type
[INFO] [stdout]    --> src/lib.rs:201:52
[INFO] [stdout]     |
[INFO] [stdout] 201 |     pub fn get_calibration_ec(&mut self) -> Result<(f32), Box<LinuxI2CError>> {
[INFO] [stdout]     |                                                    ^   ^
[INFO] [stdout]     |
[INFO] [stdout] help: remove these parentheses
[INFO] [stdout]     |
[INFO] [stdout] 201 -     pub fn get_calibration_ec(&mut self) -> Result<(f32), Box<LinuxI2CError>> {
[INFO] [stdout] 201 +     pub fn get_calibration_ec(&mut self) -> Result<f32, Box<LinuxI2CError>> {
[INFO] [stdout]     |
[INFO] [stdout] 
[INFO] [stdout] 
[INFO] [stdout] warning: unnecessary parentheses around type
[INFO] [stdout]    --> src/lib.rs:213:52
[INFO] [stdout]     |
[INFO] [stdout] 213 |     pub fn get_calibration_sw(&mut self) -> Result<(f32), Box<LinuxI2CError>> {
[INFO] [stdout]     |                                                    ^   ^
[INFO] [stdout]     |
[INFO] [stdout] help: remove these parentheses
[INFO] [stdout]     |
[INFO] [stdout] 213 -     pub fn get_calibration_sw(&mut self) -> Result<(f32), Box<LinuxI2CError>> {
[INFO] [stdout] 213 +     pub fn get_calibration_sw(&mut self) -> Result<f32, Box<LinuxI2CError>> {
[INFO] [stdout]     |
[INFO] [stdout] 
[INFO] [stdout] 
[INFO] [stdout] warning: unnecessary parentheses around type
[INFO] [stdout]    --> src/lib.rs:225:59
[INFO] [stdout]     |
[INFO] [stdout] 225 |     pub fn read_eeprom(&mut self, address: f32) -> Result<(f32), Box<LinuxI2CError>> {
[INFO] [stdout]     |                                                           ^   ^
[INFO] [stdout]     |
[INFO] [stdout] help: remove these parentheses
[INFO] [stdout]     |
[INFO] [stdout] 225 -     pub fn read_eeprom(&mut self, address: f32) -> Result<(f32), Box<LinuxI2CError>> {
[INFO] [stdout] 225 +     pub fn read_eeprom(&mut self, address: f32) -> Result<f32, Box<LinuxI2CError>> {
[INFO] [stdout]     |
[INFO] [stdout] 
[INFO] [stdout] 
[INFO] [stdout] warning: unnecessary parentheses around type
[INFO] [stdout]    --> src/lib.rs:239:72
[INFO] [stdout]     |
[INFO] [stdout] 239 |     pub fn write_eeprom(&mut self, address: f32, value: f32) -> Result<(f32), Box<LinuxI2CError>> {
[INFO] [stdout]     |                                                                        ^   ^
[INFO] [stdout]     |
[INFO] [stdout] help: remove these parentheses
[INFO] [stdout]     |
[INFO] [stdout] 239 -     pub fn write_eeprom(&mut self, address: f32, value: f32) -> Result<(f32), Box<LinuxI2CError>> {
[INFO] [stdout] 239 +     pub fn write_eeprom(&mut self, address: f32, value: f32) -> Result<f32, Box<LinuxI2CError>> {
[INFO] [stdout]     |
[INFO] [stdout] 
[INFO] [stdout] 
[INFO] [stdout] warning: unnecessary parentheses around type
[INFO] [stdout]    --> src/lib.rs:275:45
[INFO] [stdout]     |
[INFO] [stdout] 275 |     pub fn get_version(&mut self) -> Result<(u8), Box<LinuxI2CError>> {
[INFO] [stdout]     |                                             ^  ^
[INFO] [stdout]     |
[INFO] [stdout] help: remove these parentheses
[INFO] [stdout]     |
[INFO] [stdout] 275 -     pub fn get_version(&mut self) -> Result<(u8), Box<LinuxI2CError>> {
[INFO] [stdout] 275 +     pub fn get_version(&mut self) -> Result<u8, Box<LinuxI2CError>> {
[INFO] [stdout]     |
[INFO] [stdout] 
[INFO] [stdout] 
[INFO] [stdout] warning: unnecessary parentheses around type
[INFO] [stdout]    --> src/lib.rs:287:46
[INFO] [stdout]     |
[INFO] [stdout] 287 |     pub fn get_firmware(&mut self) -> Result<(u8), Box<LinuxI2CError>> {
[INFO] [stdout]     |                                              ^  ^
[INFO] [stdout]     |
[INFO] [stdout] help: remove these parentheses
[INFO] [stdout]     |
[INFO] [stdout] 287 -     pub fn get_firmware(&mut self) -> Result<(u8), Box<LinuxI2CError>> {
[INFO] [stdout] 287 +     pub fn get_firmware(&mut self) -> Result<u8, Box<LinuxI2CError>> {
[INFO] [stdout]     |
[INFO] [stdout] 
[INFO] [stdout] 
[INFO] [stdout] warning: unnecessary parentheses around type
[INFO] [stdout]    --> src/lib.rs:318:64
[INFO] [stdout]     |
[INFO] [stdout] 318 |     pub fn using_temperature_compensation(&mut self) -> Result<(u8), Box<LinuxI2CError>> {
[INFO] [stdout]     |                                                                ^  ^
[INFO] [stdout]     |
[INFO] [stdout] help: remove these parentheses
[INFO] [stdout]     |
[INFO] [stdout] 318 -     pub fn using_temperature_compensation(&mut self) -> Result<(u8), Box<LinuxI2CError>> {
[INFO] [stdout] 318 +     pub fn using_temperature_compensation(&mut self) -> Result<u8, Box<LinuxI2CError>> {
[INFO] [stdout]     |
[INFO] [stdout] 
[INFO] [stdout] 
[INFO] [stdout] warning: unnecessary parentheses around type
[INFO] [stdout]    --> src/lib.rs:354:62
[INFO] [stdout]     |
[INFO] [stdout] 354 |     pub fn _read_register(&mut self, register: u8) -> Result<(f32), Box<LinuxI2CError>> {
[INFO] [stdout]     |                                                              ^   ^
[INFO] [stdout]     |
[INFO] [stdout] help: remove these parentheses
[INFO] [stdout]     |
[INFO] [stdout] 354 -     pub fn _read_register(&mut self, register: u8) -> Result<(f32), Box<LinuxI2CError>> {
[INFO] [stdout] 354 +     pub fn _read_register(&mut self, register: u8) -> Result<f32, Box<LinuxI2CError>> {
[INFO] [stdout]     |
[INFO] [stdout] 
[INFO] [stdout] 
[INFO] [stderr]     Finished `test` profile [unoptimized + debuginfo] target(s) in 0.15s
[INFO] running `Command { std: "docker" "inspect" "3b7945f3756f0755e66a51ab7cebceeaa7206d5be2a2afec6215d9eba40e593c", kill_on_drop: false }`
[INFO] running `Command { std: "docker" "rm" "-f" "3b7945f3756f0755e66a51ab7cebceeaa7206d5be2a2afec6215d9eba40e593c", kill_on_drop: false }`
[INFO] [stdout] 3b7945f3756f0755e66a51ab7cebceeaa7206d5be2a2afec6215d9eba40e593c
[INFO] running `Command { std: "docker" "create" "-v" "/var/lib/crater-agent-workspace/builds/worker-0-tc1/target:/opt/rustwide/target:rw,Z" "-v" "/var/lib/crater-agent-workspace/builds/worker-0-tc1/source:/opt/rustwide/workdir:ro,Z" "-v" "/var/lib/crater-agent-workspace/cargo-home:/opt/rustwide/cargo-home:ro,Z" "-v" "/var/lib/crater-agent-workspace/rustup-home:/opt/rustwide/rustup-home:ro,Z" "-e" "SOURCE_DIR=/opt/rustwide/workdir" "-e" "CARGO_TARGET_DIR=/opt/rustwide/target" "-e" "CARGO_INCREMENTAL=0" "-e" "RUST_BACKTRACE=full" "-e" "RUSTFLAGS=--cap-lints=forbid" "-e" "RUSTDOCFLAGS=--cap-lints=forbid" "-e" "CARGO_HOME=/opt/rustwide/cargo-home" "-e" "RUSTUP_HOME=/opt/rustwide/rustup-home" "-w" "/opt/rustwide/workdir" "-m" "1610612736" "--user" "0:0" "--network" "none" "ghcr.io/rust-lang/crates-build-env/linux@sha256:4a844ea9eb2546a2d2c7022eacef16ef2e8229c7fbb2c7d4d55a9ceca922f72d" "/opt/rustwide/cargo-home/bin/cargo" "+nightly-2024-10-28" "test" "--frozen", kill_on_drop: false }`
[INFO] [stdout] 3e87beaae9d3a965447df66a60839785f25ada5304f9d1818d23138a672b9dbe
[INFO] running `Command { std: "docker" "start" "-a" "3e87beaae9d3a965447df66a60839785f25ada5304f9d1818d23138a672b9dbe", kill_on_drop: false }`
[INFO] [stderr] warning: no edition set: defaulting to the 2015 edition while the latest is 2021
[INFO] [stderr] warning: unnecessary parentheses around type
[INFO] [stderr]   --> src/lib.rs:71:46
[INFO] [stderr]    |
[INFO] [stderr] 71 |     pub fn measure_temp(&mut self) -> Result<(f32), Box<LinuxI2CError>> {
[INFO] [stderr]    |                                              ^   ^
[INFO] [stderr]    |
[INFO] [stderr]    = note: `#[warn(unused_parens)]` on by default
[INFO] [stderr] help: remove these parentheses
[INFO] [stderr]    |
[INFO] [stderr] 71 -     pub fn measure_temp(&mut self) -> Result<(f32), Box<LinuxI2CError>> {
[INFO] [stderr] 71 +     pub fn measure_temp(&mut self) -> Result<f32, Box<LinuxI2CError>> {
[INFO] [stderr]    |
[INFO] [stderr] 
[INFO] [stderr] warning: unnecessary parentheses around type
[INFO] [stderr]    --> src/lib.rs:128:60
[INFO] [stderr]     |
[INFO] [stderr] 128 |     pub fn measure_ec(&mut self, new_temp: bool) -> Result<(f32), Box<LinuxI2CError>> {
[INFO] [stderr]     |                                                            ^   ^
[INFO] [stderr]     |
[INFO] [stderr] help: remove these parentheses
[INFO] [stderr]     |
[INFO] [stderr] 128 -     pub fn measure_ec(&mut self, new_temp: bool) -> Result<(f32), Box<LinuxI2CError>> {
[INFO] [stderr] 128 +     pub fn measure_ec(&mut self, new_temp: bool) -> Result<f32, Box<LinuxI2CError>> {
[INFO] [stderr]     |
[INFO] [stderr] 
[INFO] [stderr] warning: unnecessary parentheses around type
[INFO] [stderr]    --> src/lib.rs:146:45
[INFO] [stderr]     |
[INFO] [stderr] 146 |     pub fn measure_raw(&mut self) -> Result<(f32), Box<LinuxI2CError>> {
[INFO] [stderr]     |                                             ^   ^
[INFO] [stderr]     |
[INFO] [stderr] help: remove these parentheses
[INFO] [stderr]     |
[INFO] [stderr] 146 -     pub fn measure_raw(&mut self) -> Result<(f32), Box<LinuxI2CError>> {
[INFO] [stderr] 146 +     pub fn measure_raw(&mut self) -> Result<f32, Box<LinuxI2CError>> {
[INFO] [stderr]     |
[INFO] [stderr] 
[INFO] [stderr] warning: unnecessary parentheses around type
[INFO] [stderr]    --> src/lib.rs:160:44
[INFO] [stderr]     |
[INFO] [stderr] 160 |     pub fn measure_sw(&mut self) -> Result<(f32), Box<LinuxI2CError>> {
[INFO] [stderr]     |                                            ^   ^
[INFO] [stderr]     |
[INFO] [stderr] help: remove these parentheses
[INFO] [stderr]     |
[INFO] [stderr] 160 -     pub fn measure_sw(&mut self) -> Result<(f32), Box<LinuxI2CError>> {
[INFO] [stderr] 160 +     pub fn measure_sw(&mut self) -> Result<f32, Box<LinuxI2CError>> {
[INFO] [stderr]     |
[INFO] [stderr] 
[INFO] [stderr] warning: unnecessary parentheses around type
[INFO] [stderr]    --> src/lib.rs:188:51
[INFO] [stderr]     |
[INFO] [stderr] 188 |     pub fn get_temp_constant(&mut self) -> Result<(u8), Box<LinuxI2CError>> {
[INFO] [stderr]     |                                                   ^  ^
[INFO] [stderr]     |
[INFO] [stderr] help: remove these parentheses
[INFO] [stderr]     |
[INFO] [stderr] 188 -     pub fn get_temp_constant(&mut self) -> Result<(u8), Box<LinuxI2CError>> {
[INFO] [stderr] 188 +     pub fn get_temp_constant(&mut self) -> Result<u8, Box<LinuxI2CError>> {
[INFO] [stderr]     |
[INFO] [stderr] 
[INFO] [stderr] warning: unnecessary parentheses around type
[INFO] [stderr]    --> src/lib.rs:201:52
[INFO] [stderr]     |
[INFO] [stderr] 201 |     pub fn get_calibration_ec(&mut self) -> Result<(f32), Box<LinuxI2CError>> {
[INFO] [stderr]     |                                                    ^   ^
[INFO] [stderr]     |
[INFO] [stderr] help: remove these parentheses
[INFO] [stderr]     |
[INFO] [stderr] 201 -     pub fn get_calibration_ec(&mut self) -> Result<(f32), Box<LinuxI2CError>> {
[INFO] [stderr] 201 +     pub fn get_calibration_ec(&mut self) -> Result<f32, Box<LinuxI2CError>> {
[INFO] [stderr]     |
[INFO] [stderr] 
[INFO] [stderr] warning: unnecessary parentheses around type
[INFO] [stderr]    --> src/lib.rs:213:52
[INFO] [stderr]     |
[INFO] [stderr] 213 |     pub fn get_calibration_sw(&mut self) -> Result<(f32), Box<LinuxI2CError>> {
[INFO] [stderr]     |                                                    ^   ^
[INFO] [stderr]     |
[INFO] [stderr] help: remove these parentheses
[INFO] [stderr]     |
[INFO] [stderr] 213 -     pub fn get_calibration_sw(&mut self) -> Result<(f32), Box<LinuxI2CError>> {
[INFO] [stderr] 213 +     pub fn get_calibration_sw(&mut self) -> Result<f32, Box<LinuxI2CError>> {
[INFO] [stderr]     |
[INFO] [stderr] 
[INFO] [stderr] warning: unnecessary parentheses around type
[INFO] [stderr]    --> src/lib.rs:225:59
[INFO] [stderr]     |
[INFO] [stderr] 225 |     pub fn read_eeprom(&mut self, address: f32) -> Result<(f32), Box<LinuxI2CError>> {
[INFO] [stderr]     |                                                           ^   ^
[INFO] [stderr]     |
[INFO] [stderr] help: remove these parentheses
[INFO] [stderr]     |
[INFO] [stderr] 225 -     pub fn read_eeprom(&mut self, address: f32) -> Result<(f32), Box<LinuxI2CError>> {
[INFO] [stderr] 225 +     pub fn read_eeprom(&mut self, address: f32) -> Result<f32, Box<LinuxI2CError>> {
[INFO] [stderr]     |
[INFO] [stderr] 
[INFO] [stderr] warning: unnecessary parentheses around type
[INFO] [stderr]    --> src/lib.rs:239:72
[INFO] [stderr]     |
[INFO] [stderr] 239 |     pub fn write_eeprom(&mut self, address: f32, value: f32) -> Result<(f32), Box<LinuxI2CError>> {
[INFO] [stderr]     |                                                                        ^   ^
[INFO] [stderr]     |
[INFO] [stderr] help: remove these parentheses
[INFO] [stderr]     |
[INFO] [stderr] 239 -     pub fn write_eeprom(&mut self, address: f32, value: f32) -> Result<(f32), Box<LinuxI2CError>> {
[INFO] [stderr] 239 +     pub fn write_eeprom(&mut self, address: f32, value: f32) -> Result<f32, Box<LinuxI2CError>> {
[INFO] [stderr]     |
[INFO] [stderr] 
[INFO] [stderr] warning: unnecessary parentheses around type
[INFO] [stderr]    --> src/lib.rs:275:45
[INFO] [stderr]     |
[INFO] [stderr] 275 |     pub fn get_version(&mut self) -> Result<(u8), Box<LinuxI2CError>> {
[INFO] [stderr]     |                                             ^  ^
[INFO] [stderr]     |
[INFO] [stderr] help: remove these parentheses
[INFO] [stderr]     |
[INFO] [stderr] 275 -     pub fn get_version(&mut self) -> Result<(u8), Box<LinuxI2CError>> {
[INFO] [stderr] 275 +     pub fn get_version(&mut self) -> Result<u8, Box<LinuxI2CError>> {
[INFO] [stderr]     |
[INFO] [stderr] 
[INFO] [stderr] warning: unnecessary parentheses around type
[INFO] [stderr]    --> src/lib.rs:287:46
[INFO] [stderr]     |
[INFO] [stderr] 287 |     pub fn get_firmware(&mut self) -> Result<(u8), Box<LinuxI2CError>> {
[INFO] [stderr]     |                                              ^  ^
[INFO] [stderr]     |
[INFO] [stderr] help: remove these parentheses
[INFO] [stderr]     |
[INFO] [stderr] 287 -     pub fn get_firmware(&mut self) -> Result<(u8), Box<LinuxI2CError>> {
[INFO] [stderr] 287 +     pub fn get_firmware(&mut self) -> Result<u8, Box<LinuxI2CError>> {
[INFO] [stderr]     |
[INFO] [stderr] 
[INFO] [stderr] warning: unnecessary parentheses around type
[INFO] [stderr]    --> src/lib.rs:318:64
[INFO] [stderr]     |
[INFO] [stderr] 318 |     pub fn using_temperature_compensation(&mut self) -> Result<(u8), Box<LinuxI2CError>> {
[INFO] [stderr]     |                                                                ^  ^
[INFO] [stderr]     |
[INFO] [stderr] help: remove these parentheses
[INFO] [stderr]     |
[INFO] [stderr] 318 -     pub fn using_temperature_compensation(&mut self) -> Result<(u8), Box<LinuxI2CError>> {
[INFO] [stderr] 318 +     pub fn using_temperature_compensation(&mut self) -> Result<u8, Box<LinuxI2CError>> {
[INFO] [stderr]     |
[INFO] [stderr] 
[INFO] [stderr] warning: unnecessary parentheses around type
[INFO] [stderr]    --> src/lib.rs:354:62
[INFO] [stderr]     |
[INFO] [stderr] 354 |     pub fn _read_register(&mut self, register: u8) -> Result<(f32), Box<LinuxI2CError>> {
[INFO] [stderr]     |                                                              ^   ^
[INFO] [stderr]     |
[INFO] [stderr] help: remove these parentheses
[INFO] [stderr]     |
[INFO] [stderr] 354 -     pub fn _read_register(&mut self, register: u8) -> Result<(f32), Box<LinuxI2CError>> {
[INFO] [stderr] 354 +     pub fn _read_register(&mut self, register: u8) -> Result<f32, Box<LinuxI2CError>> {
[INFO] [stderr]     |
[INFO] [stderr] 
[INFO] [stderr] warning: `ufire_ec` (lib) generated 13 warnings (run `cargo fix --lib -p ufire_ec` to apply 13 suggestions)
[INFO] [stderr] warning: `ufire_ec` (lib test) generated 13 warnings (13 duplicates)
[INFO] [stderr]     Finished `test` profile [unoptimized + debuginfo] target(s) in 0.03s
[INFO] [stderr]      Running unittests src/lib.rs (/opt/rustwide/target/debug/deps/ufire_ec-9f4379549b49cdae)
[INFO] [stdout] 
[INFO] [stdout] running 0 tests
[INFO] [stdout] 
[INFO] [stdout] test result: ok. 0 passed; 0 failed; 0 ignored; 0 measured; 0 filtered out; finished in 0.00s
[INFO] [stdout] 
[INFO] [stderr]      Running unittests src/main.rs (/opt/rustwide/target/debug/deps/ufire_ec_bin-a826ef2ca37e2b3d)
[INFO] [stdout] 
[INFO] [stdout] running 0 tests
[INFO] [stdout] 
[INFO] [stdout] test result: ok. 0 passed; 0 failed; 0 ignored; 0 measured; 0 filtered out; finished in 0.00s
[INFO] [stdout] 
[INFO] [stderr]    Doc-tests ufire_ec
[INFO] [stderr] warning: unnecessary parentheses around type
[INFO] [stderr]   --> src/lib.rs:71:46
[INFO] [stderr]    |
[INFO] [stderr] 71 |     pub fn measure_temp(&mut self) -> Result<(f32), Box<LinuxI2CError>> {
[INFO] [stderr]    |                                              ^   ^
[INFO] [stderr]    |
[INFO] [stderr]    = note: `#[warn(unused_parens)]` on by default
[INFO] [stderr] help: remove these parentheses
[INFO] [stderr]    |
[INFO] [stderr] 71 -     pub fn measure_temp(&mut self) -> Result<(f32), Box<LinuxI2CError>> {
[INFO] [stderr] 71 +     pub fn measure_temp(&mut self) -> Result<f32, Box<LinuxI2CError>> {
[INFO] [stderr]    |
[INFO] [stderr] 
[INFO] [stderr] warning: unnecessary parentheses around type
[INFO] [stderr]    --> src/lib.rs:128:60
[INFO] [stderr]     |
[INFO] [stderr] 128 |     pub fn measure_ec(&mut self, new_temp: bool) -> Result<(f32), Box<LinuxI2CError>> {
[INFO] [stderr]     |                                                            ^   ^
[INFO] [stderr]     |
[INFO] [stderr] help: remove these parentheses
[INFO] [stderr]     |
[INFO] [stderr] 128 -     pub fn measure_ec(&mut self, new_temp: bool) -> Result<(f32), Box<LinuxI2CError>> {
[INFO] [stderr] 128 +     pub fn measure_ec(&mut self, new_temp: bool) -> Result<f32, Box<LinuxI2CError>> {
[INFO] [stderr]     |
[INFO] [stderr] 
[INFO] [stderr] warning: unnecessary parentheses around type
[INFO] [stderr]    --> src/lib.rs:146:45
[INFO] [stderr]     |
[INFO] [stderr] 146 |     pub fn measure_raw(&mut self) -> Result<(f32), Box<LinuxI2CError>> {
[INFO] [stderr]     |                                             ^   ^
[INFO] [stderr]     |
[INFO] [stderr] help: remove these parentheses
[INFO] [stderr]     |
[INFO] [stderr] 146 -     pub fn measure_raw(&mut self) -> Result<(f32), Box<LinuxI2CError>> {
[INFO] [stderr] 146 +     pub fn measure_raw(&mut self) -> Result<f32, Box<LinuxI2CError>> {
[INFO] [stderr]     |
[INFO] [stderr] 
[INFO] [stderr] warning: unnecessary parentheses around type
[INFO] [stderr]    --> src/lib.rs:160:44
[INFO] [stderr]     |
[INFO] [stderr] 160 |     pub fn measure_sw(&mut self) -> Result<(f32), Box<LinuxI2CError>> {
[INFO] [stderr]     |                                            ^   ^
[INFO] [stderr]     |
[INFO] [stderr] help: remove these parentheses
[INFO] [stderr]     |
[INFO] [stderr] 160 -     pub fn measure_sw(&mut self) -> Result<(f32), Box<LinuxI2CError>> {
[INFO] [stderr] 160 +     pub fn measure_sw(&mut self) -> Result<f32, Box<LinuxI2CError>> {
[INFO] [stderr]     |
[INFO] [stderr] 
[INFO] [stderr] warning: unnecessary parentheses around type
[INFO] [stderr]    --> src/lib.rs:188:51
[INFO] [stderr]     |
[INFO] [stderr] 188 |     pub fn get_temp_constant(&mut self) -> Result<(u8), Box<LinuxI2CError>> {
[INFO] [stderr]     |                                                   ^  ^
[INFO] [stderr]     |
[INFO] [stderr] help: remove these parentheses
[INFO] [stderr]     |
[INFO] [stderr] 188 -     pub fn get_temp_constant(&mut self) -> Result<(u8), Box<LinuxI2CError>> {
[INFO] [stderr] 188 +     pub fn get_temp_constant(&mut self) -> Result<u8, Box<LinuxI2CError>> {
[INFO] [stderr]     |
[INFO] [stderr] 
[INFO] [stderr] warning: unnecessary parentheses around type
[INFO] [stderr]    --> src/lib.rs:201:52
[INFO] [stderr]     |
[INFO] [stderr] 201 |     pub fn get_calibration_ec(&mut self) -> Result<(f32), Box<LinuxI2CError>> {
[INFO] [stderr]     |                                                    ^   ^
[INFO] [stderr]     |
[INFO] [stderr] help: remove these parentheses
[INFO] [stderr]     |
[INFO] [stderr] 201 -     pub fn get_calibration_ec(&mut self) -> Result<(f32), Box<LinuxI2CError>> {
[INFO] [stderr] 201 +     pub fn get_calibration_ec(&mut self) -> Result<f32, Box<LinuxI2CError>> {
[INFO] [stderr]     |
[INFO] [stderr] 
[INFO] [stderr] warning: unnecessary parentheses around type
[INFO] [stderr]    --> src/lib.rs:213:52
[INFO] [stderr]     |
[INFO] [stderr] 213 |     pub fn get_calibration_sw(&mut self) -> Result<(f32), Box<LinuxI2CError>> {
[INFO] [stderr]     |                                                    ^   ^
[INFO] [stderr]     |
[INFO] [stderr] help: remove these parentheses
[INFO] [stderr]     |
[INFO] [stderr] 213 -     pub fn get_calibration_sw(&mut self) -> Result<(f32), Box<LinuxI2CError>> {
[INFO] [stderr] 213 +     pub fn get_calibration_sw(&mut self) -> Result<f32, Box<LinuxI2CError>> {
[INFO] [stderr]     |
[INFO] [stderr] 
[INFO] [stderr] warning: unnecessary parentheses around type
[INFO] [stderr]    --> src/lib.rs:225:59
[INFO] [stderr]     |
[INFO] [stderr] 225 |     pub fn read_eeprom(&mut self, address: f32) -> Result<(f32), Box<LinuxI2CError>> {
[INFO] [stderr]     |                                                           ^   ^
[INFO] [stderr]     |
[INFO] [stderr] help: remove these parentheses
[INFO] [stderr]     |
[INFO] [stderr] 225 -     pub fn read_eeprom(&mut self, address: f32) -> Result<(f32), Box<LinuxI2CError>> {
[INFO] [stderr] 225 +     pub fn read_eeprom(&mut self, address: f32) -> Result<f32, Box<LinuxI2CError>> {
[INFO] [stderr]     |
[INFO] [stderr] 
[INFO] [stderr] warning: unnecessary parentheses around type
[INFO] [stderr]    --> src/lib.rs:239:72
[INFO] [stderr]     |
[INFO] [stderr] 239 |     pub fn write_eeprom(&mut self, address: f32, value: f32) -> Result<(f32), Box<LinuxI2CError>> {
[INFO] [stderr]     |                                                                        ^   ^
[INFO] [stderr]     |
[INFO] [stderr] help: remove these parentheses
[INFO] [stderr]     |
[INFO] [stderr] 239 -     pub fn write_eeprom(&mut self, address: f32, value: f32) -> Result<(f32), Box<LinuxI2CError>> {
[INFO] [stderr] 239 +     pub fn write_eeprom(&mut self, address: f32, value: f32) -> Result<f32, Box<LinuxI2CError>> {
[INFO] [stderr]     |
[INFO] [stderr] 
[INFO] [stderr] warning: unnecessary parentheses around type
[INFO] [stderr]    --> src/lib.rs:275:45
[INFO] [stderr]     |
[INFO] [stderr] 275 |     pub fn get_version(&mut self) -> Result<(u8), Box<LinuxI2CError>> {
[INFO] [stderr]     |                                             ^  ^
[INFO] [stderr]     |
[INFO] [stderr] help: remove these parentheses
[INFO] [stderr]     |
[INFO] [stderr] 275 -     pub fn get_version(&mut self) -> Result<(u8), Box<LinuxI2CError>> {
[INFO] [stderr] 275 +     pub fn get_version(&mut self) -> Result<u8, Box<LinuxI2CError>> {
[INFO] [stderr]     |
[INFO] [stderr] 
[INFO] [stderr] warning: unnecessary parentheses around type
[INFO] [stderr]    --> src/lib.rs:287:46
[INFO] [stderr]     |
[INFO] [stderr] 287 |     pub fn get_firmware(&mut self) -> Result<(u8), Box<LinuxI2CError>> {
[INFO] [stderr]     |                                              ^  ^
[INFO] [stderr]     |
[INFO] [stderr] help: remove these parentheses
[INFO] [stderr]     |
[INFO] [stderr] 287 -     pub fn get_firmware(&mut self) -> Result<(u8), Box<LinuxI2CError>> {
[INFO] [stderr] 287 +     pub fn get_firmware(&mut self) -> Result<u8, Box<LinuxI2CError>> {
[INFO] [stderr]     |
[INFO] [stderr] 
[INFO] [stderr] warning: unnecessary parentheses around type
[INFO] [stderr]    --> src/lib.rs:318:64
[INFO] [stderr]     |
[INFO] [stderr] 318 |     pub fn using_temperature_compensation(&mut self) -> Result<(u8), Box<LinuxI2CError>> {
[INFO] [stderr]     |                                                                ^  ^
[INFO] [stderr]     |
[INFO] [stderr] help: remove these parentheses
[INFO] [stderr]     |
[INFO] [stderr] 318 -     pub fn using_temperature_compensation(&mut self) -> Result<(u8), Box<LinuxI2CError>> {
[INFO] [stderr] 318 +     pub fn using_temperature_compensation(&mut self) -> Result<u8, Box<LinuxI2CError>> {
[INFO] [stderr]     |
[INFO] [stderr] 
[INFO] [stderr] warning: unnecessary parentheses around type
[INFO] [stderr]    --> src/lib.rs:354:62
[INFO] [stderr]     |
[INFO] [stderr] 354 |     pub fn _read_register(&mut self, register: u8) -> Result<(f32), Box<LinuxI2CError>> {
[INFO] [stderr]     |                                                              ^   ^
[INFO] [stderr]     |
[INFO] [stderr] help: remove these parentheses
[INFO] [stderr]     |
[INFO] [stderr] 354 -     pub fn _read_register(&mut self, register: u8) -> Result<(f32), Box<LinuxI2CError>> {
[INFO] [stderr] 354 +     pub fn _read_register(&mut self, register: u8) -> Result<f32, Box<LinuxI2CError>> {
[INFO] [stderr]     |
[INFO] [stderr] 
[INFO] [stderr] warning: 13 warnings emitted
[INFO] [stderr] 
[INFO] [stdout] 
[INFO] [stdout] running 20 tests
[INFO] [stdout] test src/lib.rs - EcProbe::measure_raw (line 142) ... FAILED
[INFO] [stdout] test src/lib.rs - EcProbe::measure_sw (line 156) ... FAILED
[INFO] [stdout] test src/lib.rs - EcProbe::get_calibration_sw (line 208) ... FAILED
[INFO] [stdout] test src/lib.rs - EcProbe::read_eeprom (line 220) ... FAILED
[INFO] [stdout] test src/lib.rs - EcProbe::get_calibration_ec (line 196) ... FAILED
[INFO] [stdout] test src/lib.rs - EcProbe::reset (line 295) ... FAILED
[INFO] [stdout] test src/lib.rs - EcProbe::write_eeprom (line 234) ... FAILED
[INFO] [stdout] test src/lib.rs - EcProbe::set_temp (line 81) ... FAILED
[INFO] [stdout] test src/lib.rs - EcProbe::get_temp_constant (line 184) ... FAILED
[INFO] [stdout] test src/lib.rs - EcProbe::get_firmware (line 283) ... FAILED
[INFO] [stdout] test src/lib.rs - EcProbe::set_i2c_address (line 327) ... FAILED
[INFO] [stdout] test src/lib.rs - EcProbe::calibrate_sw (line 110) ... FAILED
[INFO] [stdout] test src/lib.rs - EcProbe::new (line 56) ... FAILED
[INFO] [stdout] test src/lib.rs - EcProbe::measure_temp (line 67) ... FAILED
[INFO] [stdout] test src/lib.rs - EcProbe::measure_ec (line 124) ... FAILED
[INFO] [stdout] test src/lib.rs - EcProbe::calibrate_ec (line 95) ... FAILED
[INFO] [stdout] test src/lib.rs - EcProbe::get_version (line 271) ... FAILED
[INFO] [stdout] test src/lib.rs - EcProbe::set_temp_constant (line 170) ... FAILED
[INFO] [stdout] test src/lib.rs - EcProbe::use_temperature_compensation (line 249) ... FAILED
[INFO] [stdout] test src/lib.rs - EcProbe::using_temperature_compensation (line 313) ... FAILED
[INFO] [stdout] 
[INFO] [stdout] failures:
[INFO] [stdout] 
[INFO] [stdout] ---- src/lib.rs - EcProbe::measure_raw (line 142) stdout ----
[INFO] [stdout] error[E0061]: this method takes 0 arguments but 1 argument was supplied
[INFO] [stdout]    --> src/lib.rs:145:4
[INFO] [stdout]     |
[INFO] [stdout] 6   | ec.measure_raw(true);
[INFO] [stdout]     |    ^^^^^^^^^^^ ---- unexpected argument of type `bool`
[INFO] [stdout]     |
[INFO] [stdout] note: method defined here
[INFO] [stdout]    --> /opt/rustwide/workdir/src/lib.rs:146:12
[INFO] [stdout]     |
[INFO] [stdout] 146 |     pub fn measure_raw(&mut self) -> Result<(f32), Box<LinuxI2CError>> {
[INFO] [stdout]     |            ^^^^^^^^^^^
[INFO] [stdout] help: remove the extra argument
[INFO] [stdout]     |
[INFO] [stdout] 6   - ec.measure_raw(true);
[INFO] [stdout] 6   + ec.measure_raw();
[INFO] [stdout]     |
[INFO] [stdout] 
[INFO] [stdout] error: aborting due to 1 previous error
[INFO] [stdout] 
[INFO] [stdout] For more information about this error, try `rustc --explain E0061`.
[INFO] [stdout] Couldn't compile the test.
[INFO] [stdout] ---- src/lib.rs - EcProbe::measure_sw (line 156) stdout ----
[INFO] [stdout] error[E0599]: no method named `measure_salinity` found for struct `EcProbe` in the current scope
[INFO] [stdout]  --> src/lib.rs:159:4
[INFO] [stdout]   |
[INFO] [stdout] 6 | ec.measure_salinity();
[INFO] [stdout]   |    ^^^^^^^^^^^^^^^^
[INFO] [stdout]   |
[INFO] [stdout] help: there is a method `measure_sw` with a similar name
[INFO] [stdout]   |
[INFO] [stdout] 6 | ec.measure_sw();
[INFO] [stdout]   |    ~~~~~~~~~~
[INFO] [stdout] 
[INFO] [stdout] error: aborting due to 1 previous error
[INFO] [stdout] 
[INFO] [stdout] For more information about this error, try `rustc --explain E0599`.
[INFO] [stdout] Couldn't compile the test.
[INFO] [stdout] ---- src/lib.rs - EcProbe::get_calibration_sw (line 208) stdout ----
[INFO] [stdout] error[E0599]: no method named `set_dual_point_calibration` found for struct `EcProbe` in the current scope
[INFO] [stdout]  --> src/lib.rs:211:4
[INFO] [stdout]   |
[INFO] [stdout] 6 | ec.set_dual_point_calibration(0.0, 0.0, 34.0, 0.0);
[INFO] [stdout]   |    ^^^^^^^^^^^^^^^^^^^^^^^^^^ method not found in `EcProbe`
[INFO] [stdout] 
[INFO] [stdout] error[E0599]: no method named `get_calibrate_low_reading` found for struct `EcProbe` in the current scope
[INFO] [stdout]  --> src/lib.rs:212:21
[INFO] [stdout]   |
[INFO] [stdout] 7 | assert_eq!(34.0, ec.get_calibrate_low_reading().unwrap());
[INFO] [stdout]   |                     ^^^^^^^^^^^^^^^^^^^^^^^^^
[INFO] [stdout]   |
[INFO] [stdout] help: there is a method `get_calibration_ec` with a similar name
[INFO] [stdout]   |
[INFO] [stdout] 7 | assert_eq!(34.0, ec.get_calibration_ec().unwrap());
[INFO] [stdout]   |                     ~~~~~~~~~~~~~~~~~~
[INFO] [stdout] 
[INFO] [stdout] error: aborting due to 2 previous errors
[INFO] [stdout] 
[INFO] [stdout] For more information about this error, try `rustc --explain E0599`.
[INFO] [stdout] Couldn't compile the test.
[INFO] [stdout] ---- src/lib.rs - EcProbe::read_eeprom (line 220) stdout ----
[INFO] [stdout] error[E0599]: no method named `set_dual_point_calibration` found for struct `EcProbe` in the current scope
[INFO] [stdout]  --> src/lib.rs:223:4
[INFO] [stdout]   |
[INFO] [stdout] 6 | ec.set_dual_point_calibration(50.0, 0.0, 0.0, 0.0);
[INFO] [stdout]   |    ^^^^^^^^^^^^^^^^^^^^^^^^^^ method not found in `EcProbe`
[INFO] [stdout] 
[INFO] [stdout] error[E0599]: no method named `get_calibrate_low_reference` found for struct `EcProbe` in the current scope
[INFO] [stdout]  --> src/lib.rs:224:21
[INFO] [stdout]   |
[INFO] [stdout] 7 | assert_eq!(50.0, ec.get_calibrate_low_reference().unwrap());
[INFO] [stdout]   |                     ^^^^^^^^^^^^^^^^^^^^^^^^^^^
[INFO] [stdout]   |
[INFO] [stdout] help: there is a method `get_calibration_ec` with a similar name
[INFO] [stdout]   |
[INFO] [stdout] 7 | assert_eq!(50.0, ec.get_calibration_ec().unwrap());
[INFO] [stdout]   |                     ~~~~~~~~~~~~~~~~~~
[INFO] [stdout] 
[INFO] [stdout] error: aborting due to 2 previous errors
[INFO] [stdout] 
[INFO] [stdout] For more information about this error, try `rustc --explain E0599`.
[INFO] [stdout] Couldn't compile the test.
[INFO] [stdout] ---- src/lib.rs - EcProbe::get_calibration_ec (line 196) stdout ----
[INFO] [stdout] error[E0599]: no method named `set_dual_point_calibration` found for struct `EcProbe` in the current scope
[INFO] [stdout]  --> src/lib.rs:199:4
[INFO] [stdout]   |
[INFO] [stdout] 6 | ec.set_dual_point_calibration(50.0, 0.0, 0.0, 0.0);
[INFO] [stdout]   |    ^^^^^^^^^^^^^^^^^^^^^^^^^^ method not found in `EcProbe`
[INFO] [stdout] 
[INFO] [stdout] error[E0599]: no method named `get_calibrate_low_reference` found for struct `EcProbe` in the current scope
[INFO] [stdout]  --> src/lib.rs:200:21
[INFO] [stdout]   |
[INFO] [stdout] 7 | assert_eq!(50.0, ec.get_calibrate_low_reference().unwrap());
[INFO] [stdout]   |                     ^^^^^^^^^^^^^^^^^^^^^^^^^^^
[INFO] [stdout]   |
[INFO] [stdout] help: there is a method `get_calibration_ec` with a similar name
[INFO] [stdout]   |
[INFO] [stdout] 7 | assert_eq!(50.0, ec.get_calibration_ec().unwrap());
[INFO] [stdout]   |                     ~~~~~~~~~~~~~~~~~~
[INFO] [stdout] 
[INFO] [stdout] error: aborting due to 2 previous errors
[INFO] [stdout] 
[INFO] [stdout] For more information about this error, try `rustc --explain E0599`.
[INFO] [stdout] Couldn't compile the test.
[INFO] [stdout] ---- src/lib.rs - EcProbe::reset (line 295) stdout ----
[INFO] [stdout] error[E0599]: no method named `get_calibrate_offset` found for struct `EcProbe` in the current scope
[INFO] [stdout]  --> src/lib.rs:299:21
[INFO] [stdout]   |
[INFO] [stdout] 7 | assert_eq!(true, ec.get_calibrate_offset().unwrap().is_nan());
[INFO] [stdout]   |                     ^^^^^^^^^^^^^^^^^^^^
[INFO] [stdout]   |
[INFO] [stdout] help: there is a method `get_calibration_ec` with a similar name
[INFO] [stdout]   |
[INFO] [stdout] 7 | assert_eq!(true, ec.get_calibration_ec().unwrap().is_nan());
[INFO] [stdout]   |                     ~~~~~~~~~~~~~~~~~~
[INFO] [stdout] 
[INFO] [stdout] error[E0599]: no method named `get_calibrate_low_reading` found for struct `EcProbe` in the current scope
[INFO] [stdout]  --> src/lib.rs:300:21
[INFO] [stdout]   |
[INFO] [stdout] 8 | assert_eq!(true, ec.get_calibrate_low_reading().unwrap().is_nan());
[INFO] [stdout]   |                     ^^^^^^^^^^^^^^^^^^^^^^^^^
[INFO] [stdout]   |
[INFO] [stdout] help: there is a method `get_calibration_ec` with a similar name
[INFO] [stdout]   |
[INFO] [stdout] 8 | assert_eq!(true, ec.get_calibration_ec().unwrap().is_nan());
[INFO] [stdout]   |                     ~~~~~~~~~~~~~~~~~~
[INFO] [stdout] 
[INFO] [stdout] error[E0599]: no method named `get_calibrate_high_reading` found for struct `EcProbe` in the current scope
[INFO] [stdout]  --> src/lib.rs:301:21
[INFO] [stdout]   |
[INFO] [stdout] 9 | assert_eq!(true, ec.get_calibrate_high_reading().unwrap().is_nan());
[INFO] [stdout]   |                     ^^^^^^^^^^^^^^^^^^^^^^^^^^
[INFO] [stdout]   |
[INFO] [stdout] help: there is a method `get_calibration_ec` with a similar name
[INFO] [stdout]   |
[INFO] [stdout] 9 | assert_eq!(true, ec.get_calibration_ec().unwrap().is_nan());
[INFO] [stdout]   |                     ~~~~~~~~~~~~~~~~~~
[INFO] [stdout] 
[INFO] [stdout] error[E0599]: no method named `get_calibrate_low_reference` found for struct `EcProbe` in the current scope
[INFO] [stdout]   --> src/lib.rs:302:21
[INFO] [stdout]    |
[INFO] [stdout] 10 | assert_eq!(true, ec.get_calibrate_low_reference().unwrap().is_nan());
[INFO] [stdout]    |                     ^^^^^^^^^^^^^^^^^^^^^^^^^^^
[INFO] [stdout]    |
[INFO] [stdout] help: there is a method `get_calibration_ec` with a similar name
[INFO] [stdout]    |
[INFO] [stdout] 10 | assert_eq!(true, ec.get_calibration_ec().unwrap().is_nan());
[INFO] [stdout]    |                     ~~~~~~~~~~~~~~~~~~
[INFO] [stdout] 
[INFO] [stdout] error[E0599]: no method named `get_calibrate_high_reference` found for struct `EcProbe` in the current scope
[INFO] [stdout]   --> src/lib.rs:303:21
[INFO] [stdout]    |
[INFO] [stdout] 11 | assert_eq!(true, ec.get_calibrate_high_reference().unwrap().is_nan());
[INFO] [stdout]    |                     ^^^^^^^^^^^^^^^^^^^^^^^^^^^^
[INFO] [stdout]    |
[INFO] [stdout] help: there is a method `get_calibration_ec` with a similar name
[INFO] [stdout]    |
[INFO] [stdout] 11 | assert_eq!(true, ec.get_calibration_ec().unwrap().is_nan());
[INFO] [stdout]    |                     ~~~~~~~~~~~~~~~~~~
[INFO] [stdout] 
[INFO] [stdout] error: aborting due to 5 previous errors
[INFO] [stdout] 
[INFO] [stdout] For more information about this error, try `rustc --explain E0599`.
[INFO] [stdout] Couldn't compile the test.
[INFO] [stdout] ---- src/lib.rs - EcProbe::write_eeprom (line 234) stdout ----
[INFO] [stdout] error[E0599]: no method named `set_dual_point_calibration` found for struct `EcProbe` in the current scope
[INFO] [stdout]  --> src/lib.rs:237:4
[INFO] [stdout]   |
[INFO] [stdout] 6 | ec.set_dual_point_calibration(50.0, 0.0, 0.0, 0.0);
[INFO] [stdout]   |    ^^^^^^^^^^^^^^^^^^^^^^^^^^ method not found in `EcProbe`
[INFO] [stdout] 
[INFO] [stdout] error[E0599]: no method named `get_calibrate_low_reference` found for struct `EcProbe` in the current scope
[INFO] [stdout]  --> src/lib.rs:238:21
[INFO] [stdout]   |
[INFO] [stdout] 7 | assert_eq!(50.0, ec.get_calibrate_low_reference().unwrap());
[INFO] [stdout]   |                     ^^^^^^^^^^^^^^^^^^^^^^^^^^^
[INFO] [stdout]   |
[INFO] [stdout] help: there is a method `get_calibration_ec` with a similar name
[INFO] [stdout]   |
[INFO] [stdout] 7 | assert_eq!(50.0, ec.get_calibration_ec().unwrap());
[INFO] [stdout]   |                     ~~~~~~~~~~~~~~~~~~
[INFO] [stdout] 
[INFO] [stdout] error: aborting due to 2 previous errors
[INFO] [stdout] 
[INFO] [stdout] For more information about this error, try `rustc --explain E0599`.
[INFO] [stdout] Couldn't compile the test.
[INFO] [stdout] ---- src/lib.rs - EcProbe::set_temp (line 81) stdout ----
[INFO] [stdout] Test executable failed (exit status: 101).
[INFO] [stdout] 
[INFO] [stdout] stderr:
[INFO] [stdout] thread 'main' panicked at src/lib.rs:5:57:
[INFO] [stdout] called `Result::unwrap()` on an `Err` value: Io(Os { code: 2, kind: NotFound, message: "No such file or directory" })
[INFO] [stdout] stack backtrace:
[INFO] [stdout]    0:     0x5a9e9a358e7a - std::backtrace_rs::backtrace::libunwind::trace::h207520d6e9873551
[INFO] [stdout]                                at /rustc/df4ca44d3fbc9301ee17f30f4d474e6ae4b05252/library/std/src/../../backtrace/src/backtrace/libunwind.rs:116:5
[INFO] [stdout]    1:     0x5a9e9a358e7a - std::backtrace_rs::backtrace::trace_unsynchronized::h2ed7433f370e3eca
[INFO] [stdout]                                at /rustc/df4ca44d3fbc9301ee17f30f4d474e6ae4b05252/library/std/src/../../backtrace/src/backtrace/mod.rs:66:5
[INFO] [stdout]    2:     0x5a9e9a358e7a - std::sys::backtrace::_print_fmt::h916fac51166b18d7
[INFO] [stdout]                                at /rustc/df4ca44d3fbc9301ee17f30f4d474e6ae4b05252/library/std/src/sys/backtrace.rs:66:9
[INFO] [stdout]    3:     0x5a9e9a358e7a - <std::sys::backtrace::BacktraceLock::print::DisplayBacktrace as core::fmt::Display>::fmt::ha0a4c9b8ce3802e6
[INFO] [stdout]                                at /rustc/df4ca44d3fbc9301ee17f30f4d474e6ae4b05252/library/std/src/sys/backtrace.rs:39:26
[INFO] [stdout]    4:     0x5a9e9a3751b3 - core::fmt::rt::Argument::fmt::h4cfc8587d52b3eb5
[INFO] [stdout]                                at /rustc/df4ca44d3fbc9301ee17f30f4d474e6ae4b05252/library/core/src/fmt/rt.rs:177:76
[INFO] [stdout]    5:     0x5a9e9a3751b3 - core::fmt::write::h522cc39e5b36ae9f
[INFO] [stdout]                                at /rustc/df4ca44d3fbc9301ee17f30f4d474e6ae4b05252/library/core/src/fmt/mod.rs:1190:21
[INFO] [stdout]    6:     0x5a9e9a3568e3 - std::io::Write::write_fmt::hf1c1dcc8cc1287f0
[INFO] [stdout]                                at /rustc/df4ca44d3fbc9301ee17f30f4d474e6ae4b05252/library/std/src/io/mod.rs:1839:15
[INFO] [stdout]    7:     0x5a9e9a358cc2 - std::sys::backtrace::BacktraceLock::print::h4b9e00b29e9c0942
[INFO] [stdout]                                at /rustc/df4ca44d3fbc9301ee17f30f4d474e6ae4b05252/library/std/src/sys/backtrace.rs:42:9
[INFO] [stdout]    8:     0x5a9e9a359c8c - std::panicking::default_hook::{{closure}}::hb59b88280d0324d9
[INFO] [stdout]                                at /rustc/df4ca44d3fbc9301ee17f30f4d474e6ae4b05252/library/std/src/panicking.rs:268:22
[INFO] [stdout]    9:     0x5a9e9a359ad2 - std::panicking::default_hook::he1dd496665be4a29
[INFO] [stdout]                                at /rustc/df4ca44d3fbc9301ee17f30f4d474e6ae4b05252/library/std/src/panicking.rs:295:9
[INFO] [stdout]   10:     0x5a9e9a35a287 - std::panicking::rust_panic_with_hook::h2ff17fe8f26dfcf8
[INFO] [stdout]                                at /rustc/df4ca44d3fbc9301ee17f30f4d474e6ae4b05252/library/std/src/panicking.rs:801:13
[INFO] [stdout]   11:     0x5a9e9a35a11a - std::panicking::begin_panic_handler::{{closure}}::h4fad77951c07e101
[INFO] [stdout]                                at /rustc/df4ca44d3fbc9301ee17f30f4d474e6ae4b05252/library/std/src/panicking.rs:674:13
[INFO] [stdout]   12:     0x5a9e9a359359 - std::sys::backtrace::__rust_end_short_backtrace::hb1a25b3da5d0ea08
[INFO] [stdout]                                at /rustc/df4ca44d3fbc9301ee17f30f4d474e6ae4b05252/library/std/src/sys/backtrace.rs:170:18
[INFO] [stdout]   13:     0x5a9e9a359dac - rust_begin_unwind
[INFO] [stdout]                                at /rustc/df4ca44d3fbc9301ee17f30f4d474e6ae4b05252/library/std/src/panicking.rs:665:5
[INFO] [stdout]   14:     0x5a9e9a374360 - core::panicking::panic_fmt::ha9db07b529f9b256
[INFO] [stdout]                                at /rustc/df4ca44d3fbc9301ee17f30f4d474e6ae4b05252/library/core/src/panicking.rs:75:14
[INFO] [stdout]   15:     0x5a9e9a374776 - core::result::unwrap_failed::h5e8218e4d4338b8a
[INFO] [stdout]                                at /rustc/df4ca44d3fbc9301ee17f30f4d474e6ae4b05252/library/core/src/result.rs:1698:5
[INFO] [stdout]   16:     0x5a9e9a334dbf - rust_out::main::_doctest_main_src_lib_rs_81_0::hbb236f30b7b0795e
[INFO] [stdout]   17:     0x5a9e9a334d56 - rust_out::main::ha213a30daa5df4da
[INFO] [stdout]   18:     0x5a9e9a3349d3 - core::ops::function::FnOnce::call_once::hf7edf7132571051c
[INFO] [stdout]   19:     0x5a9e9a334876 - std::sys::backtrace::__rust_begin_short_backtrace::h32fd822fd2ba4079
[INFO] [stdout]   20:     0x5a9e9a334859 - std::rt::lang_start::{{closure}}::h4039a1c394ed4f7c
[INFO] [stdout]   21:     0x5a9e9a3549f7 - core::ops::function::impls::<impl core::ops::function::FnOnce<A> for &F>::call_once::hd87d66b906e0ccaf
[INFO] [stdout]                                at /rustc/df4ca44d3fbc9301ee17f30f4d474e6ae4b05252/library/core/src/ops/function.rs:284:13
[INFO] [stdout]   22:     0x5a9e9a3549f7 - std::panicking::try::do_call::hae3703de71fc9e3a
[INFO] [stdout]                                at /rustc/df4ca44d3fbc9301ee17f30f4d474e6ae4b05252/library/std/src/panicking.rs:557:40
[INFO] [stdout]   23:     0x5a9e9a3549f7 - std::panicking::try::h1178330e9a2b2645
[INFO] [stdout]                                at /rustc/df4ca44d3fbc9301ee17f30f4d474e6ae4b05252/library/std/src/panicking.rs:520:19
[INFO] [stdout]   24:     0x5a9e9a3549f7 - std::panic::catch_unwind::h0acf49d2305d32ad
[INFO] [stdout]                                at /rustc/df4ca44d3fbc9301ee17f30f4d474e6ae4b05252/library/std/src/panic.rs:358:14
[INFO] [stdout]   25:     0x5a9e9a3549f7 - std::rt::lang_start_internal::{{closure}}::h2d95182d798177be
[INFO] [stdout]                                at /rustc/df4ca44d3fbc9301ee17f30f4d474e6ae4b05252/library/std/src/rt.rs:174:48
[INFO] [stdout]   26:     0x5a9e9a3549f7 - std::panicking::try::do_call::hb506f5bfe11fd30c
[INFO] [stdout]                                at /rustc/df4ca44d3fbc9301ee17f30f4d474e6ae4b05252/library/std/src/panicking.rs:557:40
[INFO] [stdout]   27:     0x5a9e9a3549f7 - std::panicking::try::h54d825c46bd0fa95
[INFO] [stdout]                                at /rustc/df4ca44d3fbc9301ee17f30f4d474e6ae4b05252/library/std/src/panicking.rs:520:19
[INFO] [stdout]   28:     0x5a9e9a3549f7 - std::panic::catch_unwind::hffbb0ad20c4e9fac
[INFO] [stdout]                                at /rustc/df4ca44d3fbc9301ee17f30f4d474e6ae4b05252/library/std/src/panic.rs:358:14
[INFO] [stdout]   29:     0x5a9e9a3549f7 - std::rt::lang_start_internal::h52c291ef1962c925
[INFO] [stdout]                                at /rustc/df4ca44d3fbc9301ee17f30f4d474e6ae4b05252/library/std/src/rt.rs:174:20
[INFO] [stdout]   30:     0x5a9e9a334837 - std::rt::lang_start::h8c6075cd6f225ba1
[INFO] [stdout]   31:     0x5a9e9a334e95 - main
[INFO] [stdout]   32:     0x71b5c2e47d90 - <unknown>
[INFO] [stdout]   33:     0x71b5c2e47e40 - __libc_start_main
[INFO] [stdout]   34:     0x5a9e9a334745 - _start
[INFO] [stdout]   35:                0x0 - <unknown>
[INFO] [stdout] 
[INFO] [stdout] 
[INFO] [stdout] ---- src/lib.rs - EcProbe::get_temp_constant (line 184) stdout ----
[INFO] [stdout] Test executable failed (exit status: 101).
[INFO] [stdout] 
[INFO] [stdout] stderr:
[INFO] [stdout] thread 'main' panicked at src/lib.rs:5:57:
[INFO] [stdout] called `Result::unwrap()` on an `Err` value: Io(Os { code: 2, kind: NotFound, message: "No such file or directory" })
[INFO] [stdout] stack backtrace:
[INFO] [stdout]    0:     0x5cba6680bb7a - std::backtrace_rs::backtrace::libunwind::trace::h207520d6e9873551
[INFO] [stdout]                                at /rustc/df4ca44d3fbc9301ee17f30f4d474e6ae4b05252/library/std/src/../../backtrace/src/backtrace/libunwind.rs:116:5
[INFO] [stdout]    1:     0x5cba6680bb7a - std::backtrace_rs::backtrace::trace_unsynchronized::h2ed7433f370e3eca
[INFO] [stdout]                                at /rustc/df4ca44d3fbc9301ee17f30f4d474e6ae4b05252/library/std/src/../../backtrace/src/backtrace/mod.rs:66:5
[INFO] [stdout]    2:     0x5cba6680bb7a - std::sys::backtrace::_print_fmt::h916fac51166b18d7
[INFO] [stdout]                                at /rustc/df4ca44d3fbc9301ee17f30f4d474e6ae4b05252/library/std/src/sys/backtrace.rs:66:9
[INFO] [stdout]    3:     0x5cba6680bb7a - <std::sys::backtrace::BacktraceLock::print::DisplayBacktrace as core::fmt::Display>::fmt::ha0a4c9b8ce3802e6
[INFO] [stdout]                                at /rustc/df4ca44d3fbc9301ee17f30f4d474e6ae4b05252/library/std/src/sys/backtrace.rs:39:26
[INFO] [stdout]    4:     0x5cba66827eb3 - core::fmt::rt::Argument::fmt::h4cfc8587d52b3eb5
[INFO] [stdout]                                at /rustc/df4ca44d3fbc9301ee17f30f4d474e6ae4b05252/library/core/src/fmt/rt.rs:177:76
[INFO] [stdout]    5:     0x5cba66827eb3 - core::fmt::write::h522cc39e5b36ae9f
[INFO] [stdout]                                at /rustc/df4ca44d3fbc9301ee17f30f4d474e6ae4b05252/library/core/src/fmt/mod.rs:1190:21
[INFO] [stdout]    6:     0x5cba668095e3 - std::io::Write::write_fmt::hf1c1dcc8cc1287f0
[INFO] [stdout]                                at /rustc/df4ca44d3fbc9301ee17f30f4d474e6ae4b05252/library/std/src/io/mod.rs:1839:15
[INFO] [stdout]    7:     0x5cba6680b9c2 - std::sys::backtrace::BacktraceLock::print::h4b9e00b29e9c0942
[INFO] [stdout]                                at /rustc/df4ca44d3fbc9301ee17f30f4d474e6ae4b05252/library/std/src/sys/backtrace.rs:42:9
[INFO] [stdout]    8:     0x5cba6680c98c - std::panicking::default_hook::{{closure}}::hb59b88280d0324d9
[INFO] [stdout]                                at /rustc/df4ca44d3fbc9301ee17f30f4d474e6ae4b05252/library/std/src/panicking.rs:268:22
[INFO] [stdout]    9:     0x5cba6680c7d2 - std::panicking::default_hook::he1dd496665be4a29
[INFO] [stdout]                                at /rustc/df4ca44d3fbc9301ee17f30f4d474e6ae4b05252/library/std/src/panicking.rs:295:9
[INFO] [stdout]   10:     0x5cba6680cf87 - std::panicking::rust_panic_with_hook::h2ff17fe8f26dfcf8
[INFO] [stdout]                                at /rustc/df4ca44d3fbc9301ee17f30f4d474e6ae4b05252/library/std/src/panicking.rs:801:13
[INFO] [stdout]   11:     0x5cba6680ce1a - std::panicking::begin_panic_handler::{{closure}}::h4fad77951c07e101
[INFO] [stdout]                                at /rustc/df4ca44d3fbc9301ee17f30f4d474e6ae4b05252/library/std/src/panicking.rs:674:13
[INFO] [stdout]   12:     0x5cba6680c059 - std::sys::backtrace::__rust_end_short_backtrace::hb1a25b3da5d0ea08
[INFO] [stdout]                                at /rustc/df4ca44d3fbc9301ee17f30f4d474e6ae4b05252/library/std/src/sys/backtrace.rs:170:18
[INFO] [stdout]   13:     0x5cba6680caac - rust_begin_unwind
[INFO] [stdout]                                at /rustc/df4ca44d3fbc9301ee17f30f4d474e6ae4b05252/library/std/src/panicking.rs:665:5
[INFO] [stdout]   14:     0x5cba66827060 - core::panicking::panic_fmt::ha9db07b529f9b256
[INFO] [stdout]                                at /rustc/df4ca44d3fbc9301ee17f30f4d474e6ae4b05252/library/core/src/panicking.rs:75:14
[INFO] [stdout]   15:     0x5cba66827476 - core::result::unwrap_failed::h5e8218e4d4338b8a
[INFO] [stdout]                                at /rustc/df4ca44d3fbc9301ee17f30f4d474e6ae4b05252/library/core/src/result.rs:1698:5
[INFO] [stdout]   16:     0x5cba667e7cff - rust_out::main::_doctest_main_src_lib_rs_184_0::hda487b4adb95bafe
[INFO] [stdout]   17:     0x5cba667e7c96 - rust_out::main::ha213a30daa5df4da
[INFO] [stdout]   18:     0x5cba667e7913 - core::ops::function::FnOnce::call_once::hf7edf7132571051c
[INFO] [stdout]   19:     0x5cba667e77b6 - std::sys::backtrace::__rust_begin_short_backtrace::h32fd822fd2ba4079
[INFO] [stdout]   20:     0x5cba667e7799 - std::rt::lang_start::{{closure}}::h4039a1c394ed4f7c
[INFO] [stdout]   21:     0x5cba668076f7 - core::ops::function::impls::<impl core::ops::function::FnOnce<A> for &F>::call_once::hd87d66b906e0ccaf
[INFO] [stdout]                                at /rustc/df4ca44d3fbc9301ee17f30f4d474e6ae4b05252/library/core/src/ops/function.rs:284:13
[INFO] [stdout]   22:     0x5cba668076f7 - std::panicking::try::do_call::hae3703de71fc9e3a
[INFO] [stdout]                                at /rustc/df4ca44d3fbc9301ee17f30f4d474e6ae4b05252/library/std/src/panicking.rs:557:40
[INFO] [stdout]   23:     0x5cba668076f7 - std::panicking::try::h1178330e9a2b2645
[INFO] [stdout]                                at /rustc/df4ca44d3fbc9301ee17f30f4d474e6ae4b05252/library/std/src/panicking.rs:520:19
[INFO] [stdout]   24:     0x5cba668076f7 - std::panic::catch_unwind::h0acf49d2305d32ad
[INFO] [stdout]                                at /rustc/df4ca44d3fbc9301ee17f30f4d474e6ae4b05252/library/std/src/panic.rs:358:14
[INFO] [stdout]   25:     0x5cba668076f7 - std::rt::lang_start_internal::{{closure}}::h2d95182d798177be
[INFO] [stdout]                                at /rustc/df4ca44d3fbc9301ee17f30f4d474e6ae4b05252/library/std/src/rt.rs:174:48
[INFO] [stdout]   26:     0x5cba668076f7 - std::panicking::try::do_call::hb506f5bfe11fd30c
[INFO] [stdout]                                at /rustc/df4ca44d3fbc9301ee17f30f4d474e6ae4b05252/library/std/src/panicking.rs:557:40
[INFO] [stdout]   27:     0x5cba668076f7 - std::panicking::try::h54d825c46bd0fa95
[INFO] [stdout]                                at /rustc/df4ca44d3fbc9301ee17f30f4d474e6ae4b05252/library/std/src/panicking.rs:520:19
[INFO] [stdout]   28:     0x5cba668076f7 - std::panic::catch_unwind::hffbb0ad20c4e9fac
[INFO] [stdout]                                at /rustc/df4ca44d3fbc9301ee17f30f4d474e6ae4b05252/library/std/src/panic.rs:358:14
[INFO] [stdout]   29:     0x5cba668076f7 - std::rt::lang_start_internal::h52c291ef1962c925
[INFO] [stdout]                                at /rustc/df4ca44d3fbc9301ee17f30f4d474e6ae4b05252/library/std/src/rt.rs:174:20
[INFO] [stdout]   30:     0x5cba667e7777 - std::rt::lang_start::h8c6075cd6f225ba1
[INFO] [stdout]   31:     0x5cba667e7dc5 - main
[INFO] [stdout]   32:     0x71136ccded90 - <unknown>
[INFO] [stdout]   33:     0x71136ccdee40 - __libc_start_main
[INFO] [stdout]   34:     0x5cba667e7685 - _start
[INFO] [stdout]   35:                0x0 - <unknown>
[INFO] [stdout] 
[INFO] [stdout] 
[INFO] [stdout] ---- src/lib.rs - EcProbe::get_firmware (line 283) stdout ----
[INFO] [stdout] Test executable failed (exit status: 101).
[INFO] [stdout] 
[INFO] [stdout] stderr:
[INFO] [stdout] thread 'main' panicked at src/lib.rs:5:57:
[INFO] [stdout] called `Result::unwrap()` on an `Err` value: Io(Os { code: 2, kind: NotFound, message: "No such file or directory" })
[INFO] [stdout] stack backtrace:
[INFO] [stdout]    0:     0x5fd18eb62dea - std::backtrace_rs::backtrace::libunwind::trace::h207520d6e9873551
[INFO] [stdout]                                at /rustc/df4ca44d3fbc9301ee17f30f4d474e6ae4b05252/library/std/src/../../backtrace/src/backtrace/libunwind.rs:116:5
[INFO] [stdout]    1:     0x5fd18eb62dea - std::backtrace_rs::backtrace::trace_unsynchronized::h2ed7433f370e3eca
[INFO] [stdout]                                at /rustc/df4ca44d3fbc9301ee17f30f4d474e6ae4b05252/library/std/src/../../backtrace/src/backtrace/mod.rs:66:5
[INFO] [stdout]    2:     0x5fd18eb62dea - std::sys::backtrace::_print_fmt::h916fac51166b18d7
[INFO] [stdout]                                at /rustc/df4ca44d3fbc9301ee17f30f4d474e6ae4b05252/library/std/src/sys/backtrace.rs:66:9
[INFO] [stdout]    3:     0x5fd18eb62dea - <std::sys::backtrace::BacktraceLock::print::DisplayBacktrace as core::fmt::Display>::fmt::ha0a4c9b8ce3802e6
[INFO] [stdout]                                at /rustc/df4ca44d3fbc9301ee17f30f4d474e6ae4b05252/library/std/src/sys/backtrace.rs:39:26
[INFO] [stdout]    4:     0x5fd18eb7f123 - core::fmt::rt::Argument::fmt::h4cfc8587d52b3eb5
[INFO] [stdout]                                at /rustc/df4ca44d3fbc9301ee17f30f4d474e6ae4b05252/library/core/src/fmt/rt.rs:177:76
[INFO] [stdout]    5:     0x5fd18eb7f123 - core::fmt::write::h522cc39e5b36ae9f
[INFO] [stdout]                                at /rustc/df4ca44d3fbc9301ee17f30f4d474e6ae4b05252/library/core/src/fmt/mod.rs:1190:21
[INFO] [stdout]    6:     0x5fd18eb60853 - std::io::Write::write_fmt::hf1c1dcc8cc1287f0
[INFO] [stdout]                                at /rustc/df4ca44d3fbc9301ee17f30f4d474e6ae4b05252/library/std/src/io/mod.rs:1839:15
[INFO] [stdout]    7:     0x5fd18eb62c32 - std::sys::backtrace::BacktraceLock::print::h4b9e00b29e9c0942
[INFO] [stdout]                                at /rustc/df4ca44d3fbc9301ee17f30f4d474e6ae4b05252/library/std/src/sys/backtrace.rs:42:9
[INFO] [stdout]    8:     0x5fd18eb63bfc - std::panicking::default_hook::{{closure}}::hb59b88280d0324d9
[INFO] [stdout]                                at /rustc/df4ca44d3fbc9301ee17f30f4d474e6ae4b05252/library/std/src/panicking.rs:268:22
[INFO] [stdout]    9:     0x5fd18eb63a42 - std::panicking::default_hook::he1dd496665be4a29
[INFO] [stdout]                                at /rustc/df4ca44d3fbc9301ee17f30f4d474e6ae4b05252/library/std/src/panicking.rs:295:9
[INFO] [stdout]   10:     0x5fd18eb641f7 - std::panicking::rust_panic_with_hook::h2ff17fe8f26dfcf8
[INFO] [stdout]                                at /rustc/df4ca44d3fbc9301ee17f30f4d474e6ae4b05252/library/std/src/panicking.rs:801:13
[INFO] [stdout]   11:     0x5fd18eb6408a - std::panicking::begin_panic_handler::{{closure}}::h4fad77951c07e101
[INFO] [stdout]                                at /rustc/df4ca44d3fbc9301ee17f30f4d474e6ae4b05252/library/std/src/panicking.rs:674:13
[INFO] [stdout]   12:     0x5fd18eb632c9 - std::sys::backtrace::__rust_end_short_backtrace::hb1a25b3da5d0ea08
[INFO] [stdout]                                at /rustc/df4ca44d3fbc9301ee17f30f4d474e6ae4b05252/library/std/src/sys/backtrace.rs:170:18
[INFO] [stdout]   13:     0x5fd18eb63d1c - rust_begin_unwind
[INFO] [stdout]                                at /rustc/df4ca44d3fbc9301ee17f30f4d474e6ae4b05252/library/std/src/panicking.rs:665:5
[INFO] [stdout]   14:     0x5fd18eb7e2d0 - core::panicking::panic_fmt::ha9db07b529f9b256
[INFO] [stdout]                                at /rustc/df4ca44d3fbc9301ee17f30f4d474e6ae4b05252/library/core/src/panicking.rs:75:14
[INFO] [stdout]   15:     0x5fd18eb7e6e6 - core::result::unwrap_failed::h5e8218e4d4338b8a
[INFO] [stdout]                                at /rustc/df4ca44d3fbc9301ee17f30f4d474e6ae4b05252/library/core/src/result.rs:1698:5
[INFO] [stdout]   16:     0x5fd18eb3edc4 - rust_out::main::_doctest_main_src_lib_rs_283_0::hd42874515c4d2367
[INFO] [stdout]   17:     0x5fd18eb3ed46 - rust_out::main::ha213a30daa5df4da
[INFO] [stdout]   18:     0x5fd18eb3e9b3 - core::ops::function::FnOnce::call_once::hf7edf7132571051c
[INFO] [stdout]   19:     0x5fd18eb3e856 - std::sys::backtrace::__rust_begin_short_backtrace::h32fd822fd2ba4079
[INFO] [stdout]   20:     0x5fd18eb3e839 - std::rt::lang_start::{{closure}}::h4039a1c394ed4f7c
[INFO] [stdout]   21:     0x5fd18eb5e967 - core::ops::function::impls::<impl core::ops::function::FnOnce<A> for &F>::call_once::hd87d66b906e0ccaf
[INFO] [stdout]                                at /rustc/df4ca44d3fbc9301ee17f30f4d474e6ae4b05252/library/core/src/ops/function.rs:284:13
[INFO] [stdout]   22:     0x5fd18eb5e967 - std::panicking::try::do_call::hae3703de71fc9e3a
[INFO] [stdout]                                at /rustc/df4ca44d3fbc9301ee17f30f4d474e6ae4b05252/library/std/src/panicking.rs:557:40
[INFO] [stdout]   23:     0x5fd18eb5e967 - std::panicking::try::h1178330e9a2b2645
[INFO] [stdout]                                at /rustc/df4ca44d3fbc9301ee17f30f4d474e6ae4b05252/library/std/src/panicking.rs:520:19
[INFO] [stdout]   24:     0x5fd18eb5e967 - std::panic::catch_unwind::h0acf49d2305d32ad
[INFO] [stdout]                                at /rustc/df4ca44d3fbc9301ee17f30f4d474e6ae4b05252/library/std/src/panic.rs:358:14
[INFO] [stdout]   25:     0x5fd18eb5e967 - std::rt::lang_start_internal::{{closure}}::h2d95182d798177be
[INFO] [stdout]                                at /rustc/df4ca44d3fbc9301ee17f30f4d474e6ae4b05252/library/std/src/rt.rs:174:48
[INFO] [stdout]   26:     0x5fd18eb5e967 - std::panicking::try::do_call::hb506f5bfe11fd30c
[INFO] [stdout]                                at /rustc/df4ca44d3fbc9301ee17f30f4d474e6ae4b05252/library/std/src/panicking.rs:557:40
[INFO] [stdout]   27:     0x5fd18eb5e967 - std::panicking::try::h54d825c46bd0fa95
[INFO] [stdout]                                at /rustc/df4ca44d3fbc9301ee17f30f4d474e6ae4b05252/library/std/src/panicking.rs:520:19
[INFO] [stdout]   28:     0x5fd18eb5e967 - std::panic::catch_unwind::hffbb0ad20c4e9fac
[INFO] [stdout]                                at /rustc/df4ca44d3fbc9301ee17f30f4d474e6ae4b05252/library/std/src/panic.rs:358:14
[INFO] [stdout]   29:     0x5fd18eb5e967 - std::rt::lang_start_internal::h52c291ef1962c925
[INFO] [stdout]                                at /rustc/df4ca44d3fbc9301ee17f30f4d474e6ae4b05252/library/std/src/rt.rs:174:20
[INFO] [stdout]   30:     0x5fd18eb3e817 - std::rt::lang_start::h8c6075cd6f225ba1
[INFO] [stdout]   31:     0x5fd18eb3ef95 - main
[INFO] [stdout]   32:     0x7a195d848d90 - <unknown>
[INFO] [stdout]   33:     0x7a195d848e40 - __libc_start_main
[INFO] [stdout]   34:     0x5fd18eb3e725 - _start
[INFO] [stdout]   35:                0x0 - <unknown>
[INFO] [stdout] 
[INFO] [stdout] 
[INFO] [stdout] ---- src/lib.rs - EcProbe::set_i2c_address (line 327) stdout ----
[INFO] [stdout] Test executable failed (exit status: 101).
[INFO] [stdout] 
[INFO] [stdout] stderr:
[INFO] [stdout] thread 'main' panicked at src/lib.rs:5:57:
[INFO] [stdout] called `Result::unwrap()` on an `Err` value: Io(Os { code: 2, kind: NotFound, message: "No such file or directory" })
[INFO] [stdout] stack backtrace:
[INFO] [stdout]    0:     0x63feac2a59da - std::backtrace_rs::backtrace::libunwind::trace::h207520d6e9873551
[INFO] [stdout]                                at /rustc/df4ca44d3fbc9301ee17f30f4d474e6ae4b05252/library/std/src/../../backtrace/src/backtrace/libunwind.rs:116:5
[INFO] [stdout]    1:     0x63feac2a59da - std::backtrace_rs::backtrace::trace_unsynchronized::h2ed7433f370e3eca
[INFO] [stdout]                                at /rustc/df4ca44d3fbc9301ee17f30f4d474e6ae4b05252/library/std/src/../../backtrace/src/backtrace/mod.rs:66:5
[INFO] [stdout]    2:     0x63feac2a59da - std::sys::backtrace::_print_fmt::h916fac51166b18d7
[INFO] [stdout]                                at /rustc/df4ca44d3fbc9301ee17f30f4d474e6ae4b05252/library/std/src/sys/backtrace.rs:66:9
[INFO] [stdout]    3:     0x63feac2a59da - <std::sys::backtrace::BacktraceLock::print::DisplayBacktrace as core::fmt::Display>::fmt::ha0a4c9b8ce3802e6
[INFO] [stdout]                                at /rustc/df4ca44d3fbc9301ee17f30f4d474e6ae4b05252/library/std/src/sys/backtrace.rs:39:26
[INFO] [stdout]    4:     0x63feac2c1d13 - core::fmt::rt::Argument::fmt::h4cfc8587d52b3eb5
[INFO] [stdout]                                at /rustc/df4ca44d3fbc9301ee17f30f4d474e6ae4b05252/library/core/src/fmt/rt.rs:177:76
[INFO] [stdout]    5:     0x63feac2c1d13 - core::fmt::write::h522cc39e5b36ae9f
[INFO] [stdout]                                at /rustc/df4ca44d3fbc9301ee17f30f4d474e6ae4b05252/library/core/src/fmt/mod.rs:1190:21
[INFO] [stdout]    6:     0x63feac2a3443 - std::io::Write::write_fmt::hf1c1dcc8cc1287f0
[INFO] [stdout]                                at /rustc/df4ca44d3fbc9301ee17f30f4d474e6ae4b05252/library/std/src/io/mod.rs:1839:15
[INFO] [stdout]    7:     0x63feac2a5822 - std::sys::backtrace::BacktraceLock::print::h4b9e00b29e9c0942
[INFO] [stdout]                                at /rustc/df4ca44d3fbc9301ee17f30f4d474e6ae4b05252/library/std/src/sys/backtrace.rs:42:9
[INFO] [stdout]    8:     0x63feac2a67ec - std::panicking::default_hook::{{closure}}::hb59b88280d0324d9
[INFO] [stdout]                                at /rustc/df4ca44d3fbc9301ee17f30f4d474e6ae4b05252/library/std/src/panicking.rs:268:22
[INFO] [stdout]    9:     0x63feac2a6632 - std::panicking::default_hook::he1dd496665be4a29
[INFO] [stdout]                                at /rustc/df4ca44d3fbc9301ee17f30f4d474e6ae4b05252/library/std/src/panicking.rs:295:9
[INFO] [stdout]   10:     0x63feac2a6de7 - std::panicking::rust_panic_with_hook::h2ff17fe8f26dfcf8
[INFO] [stdout]                                at /rustc/df4ca44d3fbc9301ee17f30f4d474e6ae4b05252/library/std/src/panicking.rs:801:13
[INFO] [stdout]   11:     0x63feac2a6c7a - std::panicking::begin_panic_handler::{{closure}}::h4fad77951c07e101
[INFO] [stdout]                                at /rustc/df4ca44d3fbc9301ee17f30f4d474e6ae4b05252/library/std/src/panicking.rs:674:13
[INFO] [stdout]   12:     0x63feac2a5eb9 - std::sys::backtrace::__rust_end_short_backtrace::hb1a25b3da5d0ea08
[INFO] [stdout]                                at /rustc/df4ca44d3fbc9301ee17f30f4d474e6ae4b05252/library/std/src/sys/backtrace.rs:170:18
[INFO] [stdout]   13:     0x63feac2a690c - rust_begin_unwind
[INFO] [stdout]                                at /rustc/df4ca44d3fbc9301ee17f30f4d474e6ae4b05252/library/std/src/panicking.rs:665:5
[INFO] [stdout]   14:     0x63feac2c0ec0 - core::panicking::panic_fmt::ha9db07b529f9b256
[INFO] [stdout]                                at /rustc/df4ca44d3fbc9301ee17f30f4d474e6ae4b05252/library/core/src/panicking.rs:75:14
[INFO] [stdout]   15:     0x63feac2c12d6 - core::result::unwrap_failed::h5e8218e4d4338b8a
[INFO] [stdout]                                at /rustc/df4ca44d3fbc9301ee17f30f4d474e6ae4b05252/library/core/src/result.rs:1698:5
[INFO] [stdout]   16:     0x63feac28263f - rust_out::main::_doctest_main_src_lib_rs_327_0::h8c5a426527d58f58
[INFO] [stdout]   17:     0x63feac2825d6 - rust_out::main::ha213a30daa5df4da
[INFO] [stdout]   18:     0x63feac282283 - core::ops::function::FnOnce::call_once::hf7edf7132571051c
[INFO] [stdout]   19:     0x63feac282126 - std::sys::backtrace::__rust_begin_short_backtrace::h32fd822fd2ba4079
[INFO] [stdout]   20:     0x63feac282109 - std::rt::lang_start::{{closure}}::h4039a1c394ed4f7c
[INFO] [stdout]   21:     0x63feac2a1627 - core::ops::function::impls::<impl core::ops::function::FnOnce<A> for &F>::call_once::hd87d66b906e0ccaf
[INFO] [stdout]                                at /rustc/df4ca44d3fbc9301ee17f30f4d474e6ae4b05252/library/core/src/ops/function.rs:284:13
[INFO] [stdout]   22:     0x63feac2a1627 - std::panicking::try::do_call::hae3703de71fc9e3a
[INFO] [stdout]                                at /rustc/df4ca44d3fbc9301ee17f30f4d474e6ae4b05252/library/std/src/panicking.rs:557:40
[INFO] [stdout]   23:     0x63feac2a1627 - std::panicking::try::h1178330e9a2b2645
[INFO] [stdout]                                at /rustc/df4ca44d3fbc9301ee17f30f4d474e6ae4b05252/library/std/src/panicking.rs:520:19
[INFO] [stdout]   24:     0x63feac2a1627 - std::panic::catch_unwind::h0acf49d2305d32ad
[INFO] [stdout]                                at /rustc/df4ca44d3fbc9301ee17f30f4d474e6ae4b05252/library/std/src/panic.rs:358:14
[INFO] [stdout]   25:     0x63feac2a1627 - std::rt::lang_start_internal::{{closure}}::h2d95182d798177be
[INFO] [stdout]                                at /rustc/df4ca44d3fbc9301ee17f30f4d474e6ae4b05252/library/std/src/rt.rs:174:48
[INFO] [stdout]   26:     0x63feac2a1627 - std::panicking::try::do_call::hb506f5bfe11fd30c
[INFO] [stdout]                                at /rustc/df4ca44d3fbc9301ee17f30f4d474e6ae4b05252/library/std/src/panicking.rs:557:40
[INFO] [stdout]   27:     0x63feac2a1627 - std::panicking::try::h54d825c46bd0fa95
[INFO] [stdout]                                at /rustc/df4ca44d3fbc9301ee17f30f4d474e6ae4b05252/library/std/src/panicking.rs:520:19
[INFO] [stdout]   28:     0x63feac2a1627 - std::panic::catch_unwind::hffbb0ad20c4e9fac
[INFO] [stdout]                                at /rustc/df4ca44d3fbc9301ee17f30f4d474e6ae4b05252/library/std/src/panic.rs:358:14
[INFO] [stdout]   29:     0x63feac2a1627 - std::rt::lang_start_internal::h52c291ef1962c925
[INFO] [stdout]                                at /rustc/df4ca44d3fbc9301ee17f30f4d474e6ae4b05252/library/std/src/rt.rs:174:20
[INFO] [stdout]   30:     0x63feac2820e7 - std::rt::lang_start::h8c6075cd6f225ba1
[INFO] [stdout]   31:     0x63feac2826a5 - main
[INFO] [stdout]   32:     0x7a46df04bd90 - <unknown>
[INFO] [stdout]   33:     0x7a46df04be40 - __libc_start_main
[INFO] [stdout]   34:     0x63feac281ff5 - _start
[INFO] [stdout]   35:                0x0 - <unknown>
[INFO] [stdout] 
[INFO] [stdout] 
[INFO] [stdout] ---- src/lib.rs - EcProbe::calibrate_sw (line 110) stdout ----
[INFO] [stdout] Test executable failed (exit status: 101).
[INFO] [stdout] 
[INFO] [stdout] stderr:
[INFO] [stdout] thread 'main' panicked at src/lib.rs:5:57:
[INFO] [stdout] called `Result::unwrap()` on an `Err` value: Io(Os { code: 2, kind: NotFound, message: "No such file or directory" })
[INFO] [stdout] stack backtrace:
[INFO] [stdout]    0:     0x5e763917af2a - std::backtrace_rs::backtrace::libunwind::trace::h207520d6e9873551
[INFO] [stdout]                                at /rustc/df4ca44d3fbc9301ee17f30f4d474e6ae4b05252/library/std/src/../../backtrace/src/backtrace/libunwind.rs:116:5
[INFO] [stdout]    1:     0x5e763917af2a - std::backtrace_rs::backtrace::trace_unsynchronized::h2ed7433f370e3eca
[INFO] [stdout]                                at /rustc/df4ca44d3fbc9301ee17f30f4d474e6ae4b05252/library/std/src/../../backtrace/src/backtrace/mod.rs:66:5
[INFO] [stdout]    2:     0x5e763917af2a - std::sys::backtrace::_print_fmt::h916fac51166b18d7
[INFO] [stdout]                                at /rustc/df4ca44d3fbc9301ee17f30f4d474e6ae4b05252/library/std/src/sys/backtrace.rs:66:9
[INFO] [stdout]    3:     0x5e763917af2a - <std::sys::backtrace::BacktraceLock::print::DisplayBacktrace as core::fmt::Display>::fmt::ha0a4c9b8ce3802e6
[INFO] [stdout]                                at /rustc/df4ca44d3fbc9301ee17f30f4d474e6ae4b05252/library/std/src/sys/backtrace.rs:39:26
[INFO] [stdout]    4:     0x5e7639197263 - core::fmt::rt::Argument::fmt::h4cfc8587d52b3eb5
[INFO] [stdout]                                at /rustc/df4ca44d3fbc9301ee17f30f4d474e6ae4b05252/library/core/src/fmt/rt.rs:177:76
[INFO] [stdout]    5:     0x5e7639197263 - core::fmt::write::h522cc39e5b36ae9f
[INFO] [stdout]                                at /rustc/df4ca44d3fbc9301ee17f30f4d474e6ae4b05252/library/core/src/fmt/mod.rs:1190:21
[INFO] [stdout]    6:     0x5e7639178993 - std::io::Write::write_fmt::hf1c1dcc8cc1287f0
[INFO] [stdout]                                at /rustc/df4ca44d3fbc9301ee17f30f4d474e6ae4b05252/library/std/src/io/mod.rs:1839:15
[INFO] [stdout]    7:     0x5e763917ad72 - std::sys::backtrace::BacktraceLock::print::h4b9e00b29e9c0942
[INFO] [stdout]                                at /rustc/df4ca44d3fbc9301ee17f30f4d474e6ae4b05252/library/std/src/sys/backtrace.rs:42:9
[INFO] [stdout]    8:     0x5e763917bd3c - std::panicking::default_hook::{{closure}}::hb59b88280d0324d9
[INFO] [stdout]                                at /rustc/df4ca44d3fbc9301ee17f30f4d474e6ae4b05252/library/std/src/panicking.rs:268:22
[INFO] [stdout]    9:     0x5e763917bb82 - std::panicking::default_hook::he1dd496665be4a29
[INFO] [stdout]                                at /rustc/df4ca44d3fbc9301ee17f30f4d474e6ae4b05252/library/std/src/panicking.rs:295:9
[INFO] [stdout]   10:     0x5e763917c337 - std::panicking::rust_panic_with_hook::h2ff17fe8f26dfcf8
[INFO] [stdout]                                at /rustc/df4ca44d3fbc9301ee17f30f4d474e6ae4b05252/library/std/src/panicking.rs:801:13
[INFO] [stdout]   11:     0x5e763917c1ca - std::panicking::begin_panic_handler::{{closure}}::h4fad77951c07e101
[INFO] [stdout]                                at /rustc/df4ca44d3fbc9301ee17f30f4d474e6ae4b05252/library/std/src/panicking.rs:674:13
[INFO] [stdout]   12:     0x5e763917b409 - std::sys::backtrace::__rust_end_short_backtrace::hb1a25b3da5d0ea08
[INFO] [stdout]                                at /rustc/df4ca44d3fbc9301ee17f30f4d474e6ae4b05252/library/std/src/sys/backtrace.rs:170:18
[INFO] [stdout]   13:     0x5e763917be5c - rust_begin_unwind
[INFO] [stdout]                                at /rustc/df4ca44d3fbc9301ee17f30f4d474e6ae4b05252/library/std/src/panicking.rs:665:5
[INFO] [stdout]   14:     0x5e7639196410 - core::panicking::panic_fmt::ha9db07b529f9b256
[INFO] [stdout]                                at /rustc/df4ca44d3fbc9301ee17f30f4d474e6ae4b05252/library/core/src/panicking.rs:75:14
[INFO] [stdout]   15:     0x5e7639196826 - core::result::unwrap_failed::h5e8218e4d4338b8a
[INFO] [stdout]                                at /rustc/df4ca44d3fbc9301ee17f30f4d474e6ae4b05252/library/core/src/result.rs:1698:5
[INFO] [stdout]   16:     0x5e7639156ddf - rust_out::main::_doctest_main_src_lib_rs_110_0::h37256e2120a4d49a
[INFO] [stdout]   17:     0x5e7639156d76 - rust_out::main::ha213a30daa5df4da
[INFO] [stdout]   18:     0x5e76391569f3 - core::ops::function::FnOnce::call_once::hf7edf7132571051c
[INFO] [stdout]   19:     0x5e7639156896 - std::sys::backtrace::__rust_begin_short_backtrace::h32fd822fd2ba4079
[INFO] [stdout]   20:     0x5e7639156879 - std::rt::lang_start::{{closure}}::h4039a1c394ed4f7c
[INFO] [stdout]   21:     0x5e7639176aa7 - core::ops::function::impls::<impl core::ops::function::FnOnce<A> for &F>::call_once::hd87d66b906e0ccaf
[INFO] [stdout]                                at /rustc/df4ca44d3fbc9301ee17f30f4d474e6ae4b05252/library/core/src/ops/function.rs:284:13
[INFO] [stdout]   22:     0x5e7639176aa7 - std::panicking::try::do_call::hae3703de71fc9e3a
[INFO] [stdout]                                at /rustc/df4ca44d3fbc9301ee17f30f4d474e6ae4b05252/library/std/src/panicking.rs:557:40
[INFO] [stdout]   23:     0x5e7639176aa7 - std::panicking::try::h1178330e9a2b2645
[INFO] [stdout]                                at /rustc/df4ca44d3fbc9301ee17f30f4d474e6ae4b05252/library/std/src/panicking.rs:520:19
[INFO] [stdout]   24:     0x5e7639176aa7 - std::panic::catch_unwind::h0acf49d2305d32ad
[INFO] [stdout]                                at /rustc/df4ca44d3fbc9301ee17f30f4d474e6ae4b05252/library/std/src/panic.rs:358:14
[INFO] [stdout]   25:     0x5e7639176aa7 - std::rt::lang_start_internal::{{closure}}::h2d95182d798177be
[INFO] [stdout]                                at /rustc/df4ca44d3fbc9301ee17f30f4d474e6ae4b05252/library/std/src/rt.rs:174:48
[INFO] [stdout]   26:     0x5e7639176aa7 - std::panicking::try::do_call::hb506f5bfe11fd30c
[INFO] [stdout]                                at /rustc/df4ca44d3fbc9301ee17f30f4d474e6ae4b05252/library/std/src/panicking.rs:557:40
[INFO] [stdout]   27:     0x5e7639176aa7 - std::panicking::try::h54d825c46bd0fa95
[INFO] [stdout]                                at /rustc/df4ca44d3fbc9301ee17f30f4d474e6ae4b05252/library/std/src/panicking.rs:520:19
[INFO] [stdout]   28:     0x5e7639176aa7 - std::panic::catch_unwind::hffbb0ad20c4e9fac
[INFO] [stdout]                                at /rustc/df4ca44d3fbc9301ee17f30f4d474e6ae4b05252/library/std/src/panic.rs:358:14
[INFO] [stdout]   29:     0x5e7639176aa7 - std::rt::lang_start_internal::h52c291ef1962c925
[INFO] [stdout]                                at /rustc/df4ca44d3fbc9301ee17f30f4d474e6ae4b05252/library/std/src/rt.rs:174:20
[INFO] [stdout]   30:     0x5e7639156857 - std::rt::lang_start::h8c6075cd6f225ba1
[INFO] [stdout]   31:     0x5e7639156eb5 - main
[INFO] [stdout]   32:     0x7b21d1d1dd90 - <unknown>
[INFO] [stdout]   33:     0x7b21d1d1de40 - __libc_start_main
[INFO] [stdout]   34:     0x5e7639156765 - _start
[INFO] [stdout]   35:                0x0 - <unknown>
[INFO] [stdout] 
[INFO] [stdout] 
[INFO] [stdout] ---- src/lib.rs - EcProbe::new (line 56) stdout ----
[INFO] [stdout] Test executable failed (exit status: 101).
[INFO] [stdout] 
[INFO] [stdout] stderr:
[INFO] [stdout] thread 'main' panicked at src/lib.rs:5:57:
[INFO] [stdout] called `Result::unwrap()` on an `Err` value: Io(Os { code: 2, kind: NotFound, message: "No such file or directory" })
[INFO] [stdout] stack backtrace:
[INFO] [stdout]    0:     0x6484885669da - std::backtrace_rs::backtrace::libunwind::trace::h207520d6e9873551
[INFO] [stdout]                                at /rustc/df4ca44d3fbc9301ee17f30f4d474e6ae4b05252/library/std/src/../../backtrace/src/backtrace/libunwind.rs:116:5
[INFO] [stdout]    1:     0x6484885669da - std::backtrace_rs::backtrace::trace_unsynchronized::h2ed7433f370e3eca
[INFO] [stdout]                                at /rustc/df4ca44d3fbc9301ee17f30f4d474e6ae4b05252/library/std/src/../../backtrace/src/backtrace/mod.rs:66:5
[INFO] [stdout]    2:     0x6484885669da - std::sys::backtrace::_print_fmt::h916fac51166b18d7
[INFO] [stdout]                                at /rustc/df4ca44d3fbc9301ee17f30f4d474e6ae4b05252/library/std/src/sys/backtrace.rs:66:9
[INFO] [stdout]    3:     0x6484885669da - <std::sys::backtrace::BacktraceLock::print::DisplayBacktrace as core::fmt::Display>::fmt::ha0a4c9b8ce3802e6
[INFO] [stdout]                                at /rustc/df4ca44d3fbc9301ee17f30f4d474e6ae4b05252/library/std/src/sys/backtrace.rs:39:26
[INFO] [stdout]    4:     0x648488582d13 - core::fmt::rt::Argument::fmt::h4cfc8587d52b3eb5
[INFO] [stdout]                                at /rustc/df4ca44d3fbc9301ee17f30f4d474e6ae4b05252/library/core/src/fmt/rt.rs:177:76
[INFO] [stdout]    5:     0x648488582d13 - core::fmt::write::h522cc39e5b36ae9f
[INFO] [stdout]                                at /rustc/df4ca44d3fbc9301ee17f30f4d474e6ae4b05252/library/core/src/fmt/mod.rs:1190:21
[INFO] [stdout]    6:     0x648488564443 - std::io::Write::write_fmt::hf1c1dcc8cc1287f0
[INFO] [stdout]                                at /rustc/df4ca44d3fbc9301ee17f30f4d474e6ae4b05252/library/std/src/io/mod.rs:1839:15
[INFO] [stdout]    7:     0x648488566822 - std::sys::backtrace::BacktraceLock::print::h4b9e00b29e9c0942
[INFO] [stdout]                                at /rustc/df4ca44d3fbc9301ee17f30f4d474e6ae4b05252/library/std/src/sys/backtrace.rs:42:9
[INFO] [stdout]    8:     0x6484885677ec - std::panicking::default_hook::{{closure}}::hb59b88280d0324d9
[INFO] [stdout]                                at /rustc/df4ca44d3fbc9301ee17f30f4d474e6ae4b05252/library/std/src/panicking.rs:268:22
[INFO] [stdout]    9:     0x648488567632 - std::panicking::default_hook::he1dd496665be4a29
[INFO] [stdout]                                at /rustc/df4ca44d3fbc9301ee17f30f4d474e6ae4b05252/library/std/src/panicking.rs:295:9
[INFO] [stdout]   10:     0x648488567de7 - std::panicking::rust_panic_with_hook::h2ff17fe8f26dfcf8
[INFO] [stdout]                                at /rustc/df4ca44d3fbc9301ee17f30f4d474e6ae4b05252/library/std/src/panicking.rs:801:13
[INFO] [stdout]   11:     0x648488567c7a - std::panicking::begin_panic_handler::{{closure}}::h4fad77951c07e101
[INFO] [stdout]                                at /rustc/df4ca44d3fbc9301ee17f30f4d474e6ae4b05252/library/std/src/panicking.rs:674:13
[INFO] [stdout]   12:     0x648488566eb9 - std::sys::backtrace::__rust_end_short_backtrace::hb1a25b3da5d0ea08
[INFO] [stdout]                                at /rustc/df4ca44d3fbc9301ee17f30f4d474e6ae4b05252/library/std/src/sys/backtrace.rs:170:18
[INFO] [stdout]   13:     0x64848856790c - rust_begin_unwind
[INFO] [stdout]                                at /rustc/df4ca44d3fbc9301ee17f30f4d474e6ae4b05252/library/std/src/panicking.rs:665:5
[INFO] [stdout]   14:     0x648488581ec0 - core::panicking::panic_fmt::ha9db07b529f9b256
[INFO] [stdout]                                at /rustc/df4ca44d3fbc9301ee17f30f4d474e6ae4b05252/library/core/src/panicking.rs:75:14
[INFO] [stdout]   15:     0x6484885822d6 - core::result::unwrap_failed::h5e8218e4d4338b8a
[INFO] [stdout]                                at /rustc/df4ca44d3fbc9301ee17f30f4d474e6ae4b05252/library/core/src/result.rs:1698:5
[INFO] [stdout]   16:     0x64848854363f - rust_out::main::_doctest_main_src_lib_rs_56_0::h4d24ddbcc2f37372
[INFO] [stdout]   17:     0x6484885435d6 - rust_out::main::ha213a30daa5df4da
[INFO] [stdout]   18:     0x648488543283 - core::ops::function::FnOnce::call_once::hf7edf7132571051c
[INFO] [stdout]   19:     0x648488543126 - std::sys::backtrace::__rust_begin_short_backtrace::h32fd822fd2ba4079
[INFO] [stdout]   20:     0x648488543109 - std::rt::lang_start::{{closure}}::h4039a1c394ed4f7c
[INFO] [stdout]   21:     0x648488562627 - core::ops::function::impls::<impl core::ops::function::FnOnce<A> for &F>::call_once::hd87d66b906e0ccaf
[INFO] [stdout]                                at /rustc/df4ca44d3fbc9301ee17f30f4d474e6ae4b05252/library/core/src/ops/function.rs:284:13
[INFO] [stdout]   22:     0x648488562627 - std::panicking::try::do_call::hae3703de71fc9e3a
[INFO] [stdout]                                at /rustc/df4ca44d3fbc9301ee17f30f4d474e6ae4b05252/library/std/src/panicking.rs:557:40
[INFO] [stdout]   23:     0x648488562627 - std::panicking::try::h1178330e9a2b2645
[INFO] [stdout]                                at /rustc/df4ca44d3fbc9301ee17f30f4d474e6ae4b05252/library/std/src/panicking.rs:520:19
[INFO] [stdout]   24:     0x648488562627 - std::panic::catch_unwind::h0acf49d2305d32ad
[INFO] [stdout]                                at /rustc/df4ca44d3fbc9301ee17f30f4d474e6ae4b05252/library/std/src/panic.rs:358:14
[INFO] [stdout]   25:     0x648488562627 - std::rt::lang_start_internal::{{closure}}::h2d95182d798177be
[INFO] [stdout]                                at /rustc/df4ca44d3fbc9301ee17f30f4d474e6ae4b05252/library/std/src/rt.rs:174:48
[INFO] [stdout]   26:     0x648488562627 - std::panicking::try::do_call::hb506f5bfe11fd30c
[INFO] [stdout]                                at /rustc/df4ca44d3fbc9301ee17f30f4d474e6ae4b05252/library/std/src/panicking.rs:557:40
[INFO] [stdout]   27:     0x648488562627 - std::panicking::try::h54d825c46bd0fa95
[INFO] [stdout]                                at /rustc/df4ca44d3fbc9301ee17f30f4d474e6ae4b05252/library/std/src/panicking.rs:520:19
[INFO] [stdout]   28:     0x648488562627 - std::panic::catch_unwind::hffbb0ad20c4e9fac
[INFO] [stdout]                                at /rustc/df4ca44d3fbc9301ee17f30f4d474e6ae4b05252/library/std/src/panic.rs:358:14
[INFO] [stdout]   29:     0x648488562627 - std::rt::lang_start_internal::h52c291ef1962c925
[INFO] [stdout]                                at /rustc/df4ca44d3fbc9301ee17f30f4d474e6ae4b05252/library/std/src/rt.rs:174:20
[INFO] [stdout]   30:     0x6484885430e7 - std::rt::lang_start::h8c6075cd6f225ba1
[INFO] [stdout]   31:     0x6484885436a5 - main
[INFO] [stdout]   32:     0x75c07e97dd90 - <unknown>
[INFO] [stdout]   33:     0x75c07e97de40 - __libc_start_main
[INFO] [stdout]   34:     0x648488542ff5 - _start
[INFO] [stdout]   35:                0x0 - <unknown>
[INFO] [stdout] 
[INFO] [stdout] 
[INFO] [stdout] ---- src/lib.rs - EcProbe::measure_temp (line 67) stdout ----
[INFO] [stdout] Test executable failed (exit status: 101).
[INFO] [stdout] 
[INFO] [stdout] stderr:
[INFO] [stdout] thread 'main' panicked at src/lib.rs:5:57:
[INFO] [stdout] called `Result::unwrap()` on an `Err` value: Io(Os { code: 2, kind: NotFound, message: "No such file or directory" })
[INFO] [stdout] stack backtrace:
[INFO] [stdout]    0:     0x5cd19fe027ea - std::backtrace_rs::backtrace::libunwind::trace::h207520d6e9873551
[INFO] [stdout]                                at /rustc/df4ca44d3fbc9301ee17f30f4d474e6ae4b05252/library/std/src/../../backtrace/src/backtrace/libunwind.rs:116:5
[INFO] [stdout]    1:     0x5cd19fe027ea - std::backtrace_rs::backtrace::trace_unsynchronized::h2ed7433f370e3eca
[INFO] [stdout]                                at /rustc/df4ca44d3fbc9301ee17f30f4d474e6ae4b05252/library/std/src/../../backtrace/src/backtrace/mod.rs:66:5
[INFO] [stdout]    2:     0x5cd19fe027ea - std::sys::backtrace::_print_fmt::h916fac51166b18d7
[INFO] [stdout]                                at /rustc/df4ca44d3fbc9301ee17f30f4d474e6ae4b05252/library/std/src/sys/backtrace.rs:66:9
[INFO] [stdout]    3:     0x5cd19fe027ea - <std::sys::backtrace::BacktraceLock::print::DisplayBacktrace as core::fmt::Display>::fmt::ha0a4c9b8ce3802e6
[INFO] [stdout]                                at /rustc/df4ca44d3fbc9301ee17f30f4d474e6ae4b05252/library/std/src/sys/backtrace.rs:39:26
[INFO] [stdout]    4:     0x5cd19fe1eb23 - core::fmt::rt::Argument::fmt::h4cfc8587d52b3eb5
[INFO] [stdout]                                at /rustc/df4ca44d3fbc9301ee17f30f4d474e6ae4b05252/library/core/src/fmt/rt.rs:177:76
[INFO] [stdout]    5:     0x5cd19fe1eb23 - core::fmt::write::h522cc39e5b36ae9f
[INFO] [stdout]                                at /rustc/df4ca44d3fbc9301ee17f30f4d474e6ae4b05252/library/core/src/fmt/mod.rs:1190:21
[INFO] [stdout]    6:     0x5cd19fe00253 - std::io::Write::write_fmt::hf1c1dcc8cc1287f0
[INFO] [stdout]                                at /rustc/df4ca44d3fbc9301ee17f30f4d474e6ae4b05252/library/std/src/io/mod.rs:1839:15
[INFO] [stdout]    7:     0x5cd19fe02632 - std::sys::backtrace::BacktraceLock::print::h4b9e00b29e9c0942
[INFO] [stdout]                                at /rustc/df4ca44d3fbc9301ee17f30f4d474e6ae4b05252/library/std/src/sys/backtrace.rs:42:9
[INFO] [stdout]    8:     0x5cd19fe035fc - std::panicking::default_hook::{{closure}}::hb59b88280d0324d9
[INFO] [stdout]                                at /rustc/df4ca44d3fbc9301ee17f30f4d474e6ae4b05252/library/std/src/panicking.rs:268:22
[INFO] [stdout]    9:     0x5cd19fe03442 - std::panicking::default_hook::he1dd496665be4a29
[INFO] [stdout]                                at /rustc/df4ca44d3fbc9301ee17f30f4d474e6ae4b05252/library/std/src/panicking.rs:295:9
[INFO] [stdout]   10:     0x5cd19fe03bf7 - std::panicking::rust_panic_with_hook::h2ff17fe8f26dfcf8
[INFO] [stdout]                                at /rustc/df4ca44d3fbc9301ee17f30f4d474e6ae4b05252/library/std/src/panicking.rs:801:13
[INFO] [stdout]   11:     0x5cd19fe03a8a - std::panicking::begin_panic_handler::{{closure}}::h4fad77951c07e101
[INFO] [stdout]                                at /rustc/df4ca44d3fbc9301ee17f30f4d474e6ae4b05252/library/std/src/panicking.rs:674:13
[INFO] [stdout]   12:     0x5cd19fe02cc9 - std::sys::backtrace::__rust_end_short_backtrace::hb1a25b3da5d0ea08
[INFO] [stdout]                                at /rustc/df4ca44d3fbc9301ee17f30f4d474e6ae4b05252/library/std/src/sys/backtrace.rs:170:18
[INFO] [stdout]   13:     0x5cd19fe0371c - rust_begin_unwind
[INFO] [stdout]                                at /rustc/df4ca44d3fbc9301ee17f30f4d474e6ae4b05252/library/std/src/panicking.rs:665:5
[INFO] [stdout]   14:     0x5cd19fe1dcd0 - core::panicking::panic_fmt::ha9db07b529f9b256
[INFO] [stdout]                                at /rustc/df4ca44d3fbc9301ee17f30f4d474e6ae4b05252/library/core/src/panicking.rs:75:14
[INFO] [stdout]   15:     0x5cd19fe1e0e6 - core::result::unwrap_failed::h5e8218e4d4338b8a
[INFO] [stdout]                                at /rustc/df4ca44d3fbc9301ee17f30f4d474e6ae4b05252/library/core/src/result.rs:1698:5
[INFO] [stdout]   16:     0x5cd19fdde09f - rust_out::main::_doctest_main_src_lib_rs_67_0::he11cb5bc3d8fd6c6
[INFO] [stdout]   17:     0x5cd19fdde036 - rust_out::main::ha213a30daa5df4da
[INFO] [stdout]   18:     0x5cd19fdddcc3 - core::ops::function::FnOnce::call_once::hf7edf7132571051c
[INFO] [stdout]   19:     0x5cd19fdddb66 - std::sys::backtrace::__rust_begin_short_backtrace::h32fd822fd2ba4079
[INFO] [stdout]   20:     0x5cd19fdddb49 - std::rt::lang_start::{{closure}}::h4039a1c394ed4f7c
[INFO] [stdout]   21:     0x5cd19fdfe367 - core::ops::function::impls::<impl core::ops::function::FnOnce<A> for &F>::call_once::hd87d66b906e0ccaf
[INFO] [stdout]                                at /rustc/df4ca44d3fbc9301ee17f30f4d474e6ae4b05252/library/core/src/ops/function.rs:284:13
[INFO] [stdout]   22:     0x5cd19fdfe367 - std::panicking::try::do_call::hae3703de71fc9e3a
[INFO] [stdout]                                at /rustc/df4ca44d3fbc9301ee17f30f4d474e6ae4b05252/library/std/src/panicking.rs:557:40
[INFO] [stdout]   23:     0x5cd19fdfe367 - std::panicking::try::h1178330e9a2b2645
[INFO] [stdout]                                at /rustc/df4ca44d3fbc9301ee17f30f4d474e6ae4b05252/library/std/src/panicking.rs:520:19
[INFO] [stdout]   24:     0x5cd19fdfe367 - std::panic::catch_unwind::h0acf49d2305d32ad
[INFO] [stdout]                                at /rustc/df4ca44d3fbc9301ee17f30f4d474e6ae4b05252/library/std/src/panic.rs:358:14
[INFO] [stdout]   25:     0x5cd19fdfe367 - std::rt::lang_start_internal::{{closure}}::h2d95182d798177be
[INFO] [stdout]                                at /rustc/df4ca44d3fbc9301ee17f30f4d474e6ae4b05252/library/std/src/rt.rs:174:48
[INFO] [stdout]   26:     0x5cd19fdfe367 - std::panicking::try::do_call::hb506f5bfe11fd30c
[INFO] [stdout]                                at /rustc/df4ca44d3fbc9301ee17f30f4d474e6ae4b05252/library/std/src/panicking.rs:557:40
[INFO] [stdout]   27:     0x5cd19fdfe367 - std::panicking::try::h54d825c46bd0fa95
[INFO] [stdout]                                at /rustc/df4ca44d3fbc9301ee17f30f4d474e6ae4b05252/library/std/src/panicking.rs:520:19
[INFO] [stdout]   28:     0x5cd19fdfe367 - std::panic::catch_unwind::hffbb0ad20c4e9fac
[INFO] [stdout]                                at /rustc/df4ca44d3fbc9301ee17f30f4d474e6ae4b05252/library/std/src/panic.rs:358:14
[INFO] [stdout]   29:     0x5cd19fdfe367 - std::rt::lang_start_internal::h52c291ef1962c925
[INFO] [stdout]                                at /rustc/df4ca44d3fbc9301ee17f30f4d474e6ae4b05252/library/std/src/rt.rs:174:20
[INFO] [stdout]   30:     0x5cd19fdddb27 - std::rt::lang_start::h8c6075cd6f225ba1
[INFO] [stdout]   31:     0x5cd19fdde165 - main
[INFO] [stdout]   32:     0x79fd3b573d90 - <unknown>
[INFO] [stdout]   33:     0x79fd3b573e40 - __libc_start_main
[INFO] [stdout]   34:     0x5cd19fddda35 - _start
[INFO] [stdout]   35:                0x0 - <unknown>
[INFO] [stdout] 
[INFO] [stdout] 
[INFO] [stdout] ---- src/lib.rs - EcProbe::measure_ec (line 124) stdout ----
[INFO] [stdout] Test executable failed (exit status: 101).
[INFO] [stdout] 
[INFO] [stdout] stderr:
[INFO] [stdout] thread 'main' panicked at src/lib.rs:5:57:
[INFO] [stdout] called `Result::unwrap()` on an `Err` value: Io(Os { code: 2, kind: NotFound, message: "No such file or directory" })
[INFO] [stdout] stack backtrace:
[INFO] [stdout]    0:     0x59844eacea0a - std::backtrace_rs::backtrace::libunwind::trace::h207520d6e9873551
[INFO] [stdout]                                at /rustc/df4ca44d3fbc9301ee17f30f4d474e6ae4b05252/library/std/src/../../backtrace/src/backtrace/libunwind.rs:116:5
[INFO] [stdout]    1:     0x59844eacea0a - std::backtrace_rs::backtrace::trace_unsynchronized::h2ed7433f370e3eca
[INFO] [stdout]                                at /rustc/df4ca44d3fbc9301ee17f30f4d474e6ae4b05252/library/std/src/../../backtrace/src/backtrace/mod.rs:66:5
[INFO] [stdout]    2:     0x59844eacea0a - std::sys::backtrace::_print_fmt::h916fac51166b18d7
[INFO] [stdout]                                at /rustc/df4ca44d3fbc9301ee17f30f4d474e6ae4b05252/library/std/src/sys/backtrace.rs:66:9
[INFO] [stdout]    3:     0x59844eacea0a - <std::sys::backtrace::BacktraceLock::print::DisplayBacktrace as core::fmt::Display>::fmt::ha0a4c9b8ce3802e6
[INFO] [stdout]                                at /rustc/df4ca44d3fbc9301ee17f30f4d474e6ae4b05252/library/std/src/sys/backtrace.rs:39:26
[INFO] [stdout]    4:     0x59844eaead43 - core::fmt::rt::Argument::fmt::h4cfc8587d52b3eb5
[INFO] [stdout]                                at /rustc/df4ca44d3fbc9301ee17f30f4d474e6ae4b05252/library/core/src/fmt/rt.rs:177:76
[INFO] [stdout]    5:     0x59844eaead43 - core::fmt::write::h522cc39e5b36ae9f
[INFO] [stdout]                                at /rustc/df4ca44d3fbc9301ee17f30f4d474e6ae4b05252/library/core/src/fmt/mod.rs:1190:21
[INFO] [stdout]    6:     0x59844eacc473 - std::io::Write::write_fmt::hf1c1dcc8cc1287f0
[INFO] [stdout]                                at /rustc/df4ca44d3fbc9301ee17f30f4d474e6ae4b05252/library/std/src/io/mod.rs:1839:15
[INFO] [stdout]    7:     0x59844eace852 - std::sys::backtrace::BacktraceLock::print::h4b9e00b29e9c0942
[INFO] [stdout]                                at /rustc/df4ca44d3fbc9301ee17f30f4d474e6ae4b05252/library/std/src/sys/backtrace.rs:42:9
[INFO] [stdout]    8:     0x59844eacf81c - std::panicking::default_hook::{{closure}}::hb59b88280d0324d9
[INFO] [stdout]                                at /rustc/df4ca44d3fbc9301ee17f30f4d474e6ae4b05252/library/std/src/panicking.rs:268:22
[INFO] [stdout]    9:     0x59844eacf662 - std::panicking::default_hook::he1dd496665be4a29
[INFO] [stdout]                                at /rustc/df4ca44d3fbc9301ee17f30f4d474e6ae4b05252/library/std/src/panicking.rs:295:9
[INFO] [stdout]   10:     0x59844eacfe17 - std::panicking::rust_panic_with_hook::h2ff17fe8f26dfcf8
[INFO] [stdout]                                at /rustc/df4ca44d3fbc9301ee17f30f4d474e6ae4b05252/library/std/src/panicking.rs:801:13
[INFO] [stdout]   11:     0x59844eacfcaa - std::panicking::begin_panic_handler::{{closure}}::h4fad77951c07e101
[INFO] [stdout]                                at /rustc/df4ca44d3fbc9301ee17f30f4d474e6ae4b05252/library/std/src/panicking.rs:674:13
[INFO] [stdout]   12:     0x59844eaceee9 - std::sys::backtrace::__rust_end_short_backtrace::hb1a25b3da5d0ea08
[INFO] [stdout]                                at /rustc/df4ca44d3fbc9301ee17f30f4d474e6ae4b05252/library/std/src/sys/backtrace.rs:170:18
[INFO] [stdout]   13:     0x59844eacf93c - rust_begin_unwind
[INFO] [stdout]                                at /rustc/df4ca44d3fbc9301ee17f30f4d474e6ae4b05252/library/std/src/panicking.rs:665:5
[INFO] [stdout]   14:     0x59844eae9ef0 - core::panicking::panic_fmt::ha9db07b529f9b256
[INFO] [stdout]                                at /rustc/df4ca44d3fbc9301ee17f30f4d474e6ae4b05252/library/core/src/panicking.rs:75:14
[INFO] [stdout]   15:     0x59844eaea306 - core::result::unwrap_failed::h5e8218e4d4338b8a
[INFO] [stdout]                                at /rustc/df4ca44d3fbc9301ee17f30f4d474e6ae4b05252/library/core/src/result.rs:1698:5
[INFO] [stdout]   16:     0x59844eaaa11f - rust_out::main::_doctest_main_src_lib_rs_124_0::hffbef40654f01b00
[INFO] [stdout]   17:     0x59844eaaa0b6 - rust_out::main::ha213a30daa5df4da
[INFO] [stdout]   18:     0x59844eaa9d43 - core::ops::function::FnOnce::call_once::hf7edf7132571051c
[INFO] [stdout]   19:     0x59844eaa9be6 - std::sys::backtrace::__rust_begin_short_backtrace::h32fd822fd2ba4079
[INFO] [stdout]   20:     0x59844eaa9bc9 - std::rt::lang_start::{{closure}}::h4039a1c394ed4f7c
[INFO] [stdout]   21:     0x59844eaca587 - core::ops::function::impls::<impl core::ops::function::FnOnce<A> for &F>::call_once::hd87d66b906e0ccaf
[INFO] [stdout]                                at /rustc/df4ca44d3fbc9301ee17f30f4d474e6ae4b05252/library/core/src/ops/function.rs:284:13
[INFO] [stdout]   22:     0x59844eaca587 - std::panicking::try::do_call::hae3703de71fc9e3a
[INFO] [stdout]                                at /rustc/df4ca44d3fbc9301ee17f30f4d474e6ae4b05252/library/std/src/panicking.rs:557:40
[INFO] [stdout]   23:     0x59844eaca587 - std::panicking::try::h1178330e9a2b2645
[INFO] [stdout]                                at /rustc/df4ca44d3fbc9301ee17f30f4d474e6ae4b05252/library/std/src/panicking.rs:520:19
[INFO] [stdout]   24:     0x59844eaca587 - std::panic::catch_unwind::h0acf49d2305d32ad
[INFO] [stdout]                                at /rustc/df4ca44d3fbc9301ee17f30f4d474e6ae4b05252/library/std/src/panic.rs:358:14
[INFO] [stdout]   25:     0x59844eaca587 - std::rt::lang_start_internal::{{closure}}::h2d95182d798177be
[INFO] [stdout]                                at /rustc/df4ca44d3fbc9301ee17f30f4d474e6ae4b05252/library/std/src/rt.rs:174:48
[INFO] [stdout]   26:     0x59844eaca587 - std::panicking::try::do_call::hb506f5bfe11fd30c
[INFO] [stdout]                                at /rustc/df4ca44d3fbc9301ee17f30f4d474e6ae4b05252/library/std/src/panicking.rs:557:40
[INFO] [stdout]   27:     0x59844eaca587 - std::panicking::try::h54d825c46bd0fa95
[INFO] [stdout]                                at /rustc/df4ca44d3fbc9301ee17f30f4d474e6ae4b05252/library/std/src/panicking.rs:520:19
[INFO] [stdout]   28:     0x59844eaca587 - std::panic::catch_unwind::hffbb0ad20c4e9fac
[INFO] [stdout]                                at /rustc/df4ca44d3fbc9301ee17f30f4d474e6ae4b05252/library/std/src/panic.rs:358:14
[INFO] [stdout]   29:     0x59844eaca587 - std::rt::lang_start_internal::h52c291ef1962c925
[INFO] [stdout]                                at /rustc/df4ca44d3fbc9301ee17f30f4d474e6ae4b05252/library/std/src/rt.rs:174:20
[INFO] [stdout]   30:     0x59844eaa9ba7 - std::rt::lang_start::h8c6075cd6f225ba1
[INFO] [stdout]   31:     0x59844eaaa1e5 - main
[INFO] [stdout]   32:     0x77ec053dbd90 - <unknown>
[INFO] [stdout]   33:     0x77ec053dbe40 - __libc_start_main
[INFO] [stdout]   34:     0x59844eaa9ab5 - _start
[INFO] [stdout]   35:                0x0 - <unknown>
[INFO] [stdout] 
[INFO] [stdout] 
[INFO] [stdout] ---- src/lib.rs - EcProbe::calibrate_ec (line 95) stdout ----
[INFO] [stdout] Test executable failed (exit status: 101).
[INFO] [stdout] 
[INFO] [stdout] stderr:
[INFO] [stdout] thread 'main' panicked at src/lib.rs:5:57:
[INFO] [stdout] called `Result::unwrap()` on an `Err` value: Io(Os { code: 2, kind: NotFound, message: "No such file or directory" })
[INFO] [stdout] stack backtrace:
[INFO] [stdout]    0:     0x564c5e3e2f2a - std::backtrace_rs::backtrace::libunwind::trace::h207520d6e9873551
[INFO] [stdout]                                at /rustc/df4ca44d3fbc9301ee17f30f4d474e6ae4b05252/library/std/src/../../backtrace/src/backtrace/libunwind.rs:116:5
[INFO] [stdout]    1:     0x564c5e3e2f2a - std::backtrace_rs::backtrace::trace_unsynchronized::h2ed7433f370e3eca
[INFO] [stdout]                                at /rustc/df4ca44d3fbc9301ee17f30f4d474e6ae4b05252/library/std/src/../../backtrace/src/backtrace/mod.rs:66:5
[INFO] [stdout]    2:     0x564c5e3e2f2a - std::sys::backtrace::_print_fmt::h916fac51166b18d7
[INFO] [stdout]                                at /rustc/df4ca44d3fbc9301ee17f30f4d474e6ae4b05252/library/std/src/sys/backtrace.rs:66:9
[INFO] [stdout]    3:     0x564c5e3e2f2a - <std::sys::backtrace::BacktraceLock::print::DisplayBacktrace as core::fmt::Display>::fmt::ha0a4c9b8ce3802e6
[INFO] [stdout]                                at /rustc/df4ca44d3fbc9301ee17f30f4d474e6ae4b05252/library/std/src/sys/backtrace.rs:39:26
[INFO] [stdout]    4:     0x564c5e3ff263 - core::fmt::rt::Argument::fmt::h4cfc8587d52b3eb5
[INFO] [stdout]                                at /rustc/df4ca44d3fbc9301ee17f30f4d474e6ae4b05252/library/core/src/fmt/rt.rs:177:76
[INFO] [stdout]    5:     0x564c5e3ff263 - core::fmt::write::h522cc39e5b36ae9f
[INFO] [stdout]                                at /rustc/df4ca44d3fbc9301ee17f30f4d474e6ae4b05252/library/core/src/fmt/mod.rs:1190:21
[INFO] [stdout]    6:     0x564c5e3e0993 - std::io::Write::write_fmt::hf1c1dcc8cc1287f0
[INFO] [stdout]                                at /rustc/df4ca44d3fbc9301ee17f30f4d474e6ae4b05252/library/std/src/io/mod.rs:1839:15
[INFO] [stdout]    7:     0x564c5e3e2d72 - std::sys::backtrace::BacktraceLock::print::h4b9e00b29e9c0942
[INFO] [stdout]                                at /rustc/df4ca44d3fbc9301ee17f30f4d474e6ae4b05252/library/std/src/sys/backtrace.rs:42:9
[INFO] [stdout]    8:     0x564c5e3e3d3c - std::panicking::default_hook::{{closure}}::hb59b88280d0324d9
[INFO] [stdout]                                at /rustc/df4ca44d3fbc9301ee17f30f4d474e6ae4b05252/library/std/src/panicking.rs:268:22
[INFO] [stdout]    9:     0x564c5e3e3b82 - std::panicking::default_hook::he1dd496665be4a29
[INFO] [stdout]                                at /rustc/df4ca44d3fbc9301ee17f30f4d474e6ae4b05252/library/std/src/panicking.rs:295:9
[INFO] [stdout]   10:     0x564c5e3e4337 - std::panicking::rust_panic_with_hook::h2ff17fe8f26dfcf8
[INFO] [stdout]                                at /rustc/df4ca44d3fbc9301ee17f30f4d474e6ae4b05252/library/std/src/panicking.rs:801:13
[INFO] [stdout]   11:     0x564c5e3e41ca - std::panicking::begin_panic_handler::{{closure}}::h4fad77951c07e101
[INFO] [stdout]                                at /rustc/df4ca44d3fbc9301ee17f30f4d474e6ae4b05252/library/std/src/panicking.rs:674:13
[INFO] [stdout]   12:     0x564c5e3e3409 - std::sys::backtrace::__rust_end_short_backtrace::hb1a25b3da5d0ea08
[INFO] [stdout]                                at /rustc/df4ca44d3fbc9301ee17f30f4d474e6ae4b05252/library/std/src/sys/backtrace.rs:170:18
[INFO] [stdout]   13:     0x564c5e3e3e5c - rust_begin_unwind
[INFO] [stdout]                                at /rustc/df4ca44d3fbc9301ee17f30f4d474e6ae4b05252/library/std/src/panicking.rs:665:5
[INFO] [stdout]   14:     0x564c5e3fe410 - core::panicking::panic_fmt::ha9db07b529f9b256
[INFO] [stdout]                                at /rustc/df4ca44d3fbc9301ee17f30f4d474e6ae4b05252/library/core/src/panicking.rs:75:14
[INFO] [stdout]   15:     0x564c5e3fe826 - core::result::unwrap_failed::h5e8218e4d4338b8a
[INFO] [stdout]                                at /rustc/df4ca44d3fbc9301ee17f30f4d474e6ae4b05252/library/core/src/result.rs:1698:5
[INFO] [stdout]   16:     0x564c5e3beddf - rust_out::main::_doctest_main_src_lib_rs_95_0::hf0eccd37105fc0e8
[INFO] [stdout]   17:     0x564c5e3bed76 - rust_out::main::ha213a30daa5df4da
[INFO] [stdout]   18:     0x564c5e3be9f3 - core::ops::function::FnOnce::call_once::hf7edf7132571051c
[INFO] [stdout]   19:     0x564c5e3be896 - std::sys::backtrace::__rust_begin_short_backtrace::h32fd822fd2ba4079
[INFO] [stdout]   20:     0x564c5e3be879 - std::rt::lang_start::{{closure}}::h4039a1c394ed4f7c
[INFO] [stdout]   21:     0x564c5e3deaa7 - core::ops::function::impls::<impl core::ops::function::FnOnce<A> for &F>::call_once::hd87d66b906e0ccaf
[INFO] [stdout]                                at /rustc/df4ca44d3fbc9301ee17f30f4d474e6ae4b05252/library/core/src/ops/function.rs:284:13
[INFO] [stdout]   22:     0x564c5e3deaa7 - std::panicking::try::do_call::hae3703de71fc9e3a
[INFO] [stdout]                                at /rustc/df4ca44d3fbc9301ee17f30f4d474e6ae4b05252/library/std/src/panicking.rs:557:40
[INFO] [stdout]   23:     0x564c5e3deaa7 - std::panicking::try::h1178330e9a2b2645
[INFO] [stdout]                                at /rustc/df4ca44d3fbc9301ee17f30f4d474e6ae4b05252/library/std/src/panicking.rs:520:19
[INFO] [stdout]   24:     0x564c5e3deaa7 - std::panic::catch_unwind::h0acf49d2305d32ad
[INFO] [stdout]                                at /rustc/df4ca44d3fbc9301ee17f30f4d474e6ae4b05252/library/std/src/panic.rs:358:14
[INFO] [stdout]   25:     0x564c5e3deaa7 - std::rt::lang_start_internal::{{closure}}::h2d95182d798177be
[INFO] [stdout]                                at /rustc/df4ca44d3fbc9301ee17f30f4d474e6ae4b05252/library/std/src/rt.rs:174:48
[INFO] [stdout]   26:     0x564c5e3deaa7 - std::panicking::try::do_call::hb506f5bfe11fd30c
[INFO] [stdout]                                at /rustc/df4ca44d3fbc9301ee17f30f4d474e6ae4b05252/library/std/src/panicking.rs:557:40
[INFO] [stdout]   27:     0x564c5e3deaa7 - std::panicking::try::h54d825c46bd0fa95
[INFO] [stdout]                                at /rustc/df4ca44d3fbc9301ee17f30f4d474e6ae4b05252/library/std/src/panicking.rs:520:19
[INFO] [stdout]   28:     0x564c5e3deaa7 - std::panic::catch_unwind::hffbb0ad20c4e9fac
[INFO] [stdout]                                at /rustc/df4ca44d3fbc9301ee17f30f4d474e6ae4b05252/library/std/src/panic.rs:358:14
[INFO] [stdout]   29:     0x564c5e3deaa7 - std::rt::lang_start_internal::h52c291ef1962c925
[INFO] [stdout]                                at /rustc/df4ca44d3fbc9301ee17f30f4d474e6ae4b05252/library/std/src/rt.rs:174:20
[INFO] [stdout]   30:     0x564c5e3be857 - std::rt::lang_start::h8c6075cd6f225ba1
[INFO] [stdout]   31:     0x564c5e3beeb5 - main
[INFO] [stdout]   32:     0x7f1efb3fed90 - <unknown>
[INFO] [stdout]   33:     0x7f1efb3fee40 - __libc_start_main
[INFO] [stdout]   34:     0x564c5e3be765 - _start
[INFO] [stdout]   35:                0x0 - <unknown>
[INFO] [stdout] 
[INFO] [stdout] 
[INFO] [stdout] ---- src/lib.rs - EcProbe::get_version (line 271) stdout ----
[INFO] [stdout] Test executable failed (exit status: 101).
[INFO] [stdout] 
[INFO] [stdout] stderr:
[INFO] [stdout] thread 'main' panicked at src/lib.rs:5:57:
[INFO] [stdout] called `Result::unwrap()` on an `Err` value: Io(Os { code: 2, kind: NotFound, message: "No such file or directory" })
[INFO] [stdout] stack backtrace:
[INFO] [stdout]    0:     0x62e931398dea - std::backtrace_rs::backtrace::libunwind::trace::h207520d6e9873551
[INFO] [stdout]                                at /rustc/df4ca44d3fbc9301ee17f30f4d474e6ae4b05252/library/std/src/../../backtrace/src/backtrace/libunwind.rs:116:5
[INFO] [stdout]    1:     0x62e931398dea - std::backtrace_rs::backtrace::trace_unsynchronized::h2ed7433f370e3eca
[INFO] [stdout]                                at /rustc/df4ca44d3fbc9301ee17f30f4d474e6ae4b05252/library/std/src/../../backtrace/src/backtrace/mod.rs:66:5
[INFO] [stdout]    2:     0x62e931398dea - std::sys::backtrace::_print_fmt::h916fac51166b18d7
[INFO] [stdout]                                at /rustc/df4ca44d3fbc9301ee17f30f4d474e6ae4b05252/library/std/src/sys/backtrace.rs:66:9
[INFO] [stdout]    3:     0x62e931398dea - <std::sys::backtrace::BacktraceLock::print::DisplayBacktrace as core::fmt::Display>::fmt::ha0a4c9b8ce3802e6
[INFO] [stdout]                                at /rustc/df4ca44d3fbc9301ee17f30f4d474e6ae4b05252/library/std/src/sys/backtrace.rs:39:26
[INFO] [stdout]    4:     0x62e9313b5123 - core::fmt::rt::Argument::fmt::h4cfc8587d52b3eb5
[INFO] [stdout]                                at /rustc/df4ca44d3fbc9301ee17f30f4d474e6ae4b05252/library/core/src/fmt/rt.rs:177:76
[INFO] [stdout]    5:     0x62e9313b5123 - core::fmt::write::h522cc39e5b36ae9f
[INFO] [stdout]                                at /rustc/df4ca44d3fbc9301ee17f30f4d474e6ae4b05252/library/core/src/fmt/mod.rs:1190:21
[INFO] [stdout]    6:     0x62e931396853 - std::io::Write::write_fmt::hf1c1dcc8cc1287f0
[INFO] [stdout]                                at /rustc/df4ca44d3fbc9301ee17f30f4d474e6ae4b05252/library/std/src/io/mod.rs:1839:15
[INFO] [stdout]    7:     0x62e931398c32 - std::sys::backtrace::BacktraceLock::print::h4b9e00b29e9c0942
[INFO] [stdout]                                at /rustc/df4ca44d3fbc9301ee17f30f4d474e6ae4b05252/library/std/src/sys/backtrace.rs:42:9
[INFO] [stdout]    8:     0x62e931399bfc - std::panicking::default_hook::{{closure}}::hb59b88280d0324d9
[INFO] [stdout]                                at /rustc/df4ca44d3fbc9301ee17f30f4d474e6ae4b05252/library/std/src/panicking.rs:268:22
[INFO] [stdout]    9:     0x62e931399a42 - std::panicking::default_hook::he1dd496665be4a29
[INFO] [stdout]                                at /rustc/df4ca44d3fbc9301ee17f30f4d474e6ae4b05252/library/std/src/panicking.rs:295:9
[INFO] [stdout]   10:     0x62e93139a1f7 - std::panicking::rust_panic_with_hook::h2ff17fe8f26dfcf8
[INFO] [stdout]                                at /rustc/df4ca44d3fbc9301ee17f30f4d474e6ae4b05252/library/std/src/panicking.rs:801:13
[INFO] [stdout]   11:     0x62e93139a08a - std::panicking::begin_panic_handler::{{closure}}::h4fad77951c07e101
[INFO] [stdout]                                at /rustc/df4ca44d3fbc9301ee17f30f4d474e6ae4b05252/library/std/src/panicking.rs:674:13
[INFO] [stdout]   12:     0x62e9313992c9 - std::sys::backtrace::__rust_end_short_backtrace::hb1a25b3da5d0ea08
[INFO] [stdout]                                at /rustc/df4ca44d3fbc9301ee17f30f4d474e6ae4b05252/library/std/src/sys/backtrace.rs:170:18
[INFO] [stdout]   13:     0x62e931399d1c - rust_begin_unwind
[INFO] [stdout]                                at /rustc/df4ca44d3fbc9301ee17f30f4d474e6ae4b05252/library/std/src/panicking.rs:665:5
[INFO] [stdout]   14:     0x62e9313b42d0 - core::panicking::panic_fmt::ha9db07b529f9b256
[INFO] [stdout]                                at /rustc/df4ca44d3fbc9301ee17f30f4d474e6ae4b05252/library/core/src/panicking.rs:75:14
[INFO] [stdout]   15:     0x62e9313b46e6 - core::result::unwrap_failed::h5e8218e4d4338b8a
[INFO] [stdout]                                at /rustc/df4ca44d3fbc9301ee17f30f4d474e6ae4b05252/library/core/src/result.rs:1698:5
[INFO] [stdout]   16:     0x62e931374dc4 - rust_out::main::_doctest_main_src_lib_rs_271_0::h8573c8f0de2455ac
[INFO] [stdout]   17:     0x62e931374d46 - rust_out::main::ha213a30daa5df4da
[INFO] [stdout]   18:     0x62e9313749b3 - core::ops::function::FnOnce::call_once::hf7edf7132571051c
[INFO] [stdout]   19:     0x62e931374856 - std::sys::backtrace::__rust_begin_short_backtrace::h32fd822fd2ba4079
[INFO] [stdout]   20:     0x62e931374839 - std::rt::lang_start::{{closure}}::h4039a1c394ed4f7c
[INFO] [stdout]   21:     0x62e931394967 - core::ops::function::impls::<impl core::ops::function::FnOnce<A> for &F>::call_once::hd87d66b906e0ccaf
[INFO] [stdout]                                at /rustc/df4ca44d3fbc9301ee17f30f4d474e6ae4b05252/library/core/src/ops/function.rs:284:13
[INFO] [stdout]   22:     0x62e931394967 - std::panicking::try::do_call::hae3703de71fc9e3a
[INFO] [stdout]                                at /rustc/df4ca44d3fbc9301ee17f30f4d474e6ae4b05252/library/std/src/panicking.rs:557:40
[INFO] [stdout]   23:     0x62e931394967 - std::panicking::try::h1178330e9a2b2645
[INFO] [stdout]                                at /rustc/df4ca44d3fbc9301ee17f30f4d474e6ae4b05252/library/std/src/panicking.rs:520:19
[INFO] [stdout]   24:     0x62e931394967 - std::panic::catch_unwind::h0acf49d2305d32ad
[INFO] [stdout]                                at /rustc/df4ca44d3fbc9301ee17f30f4d474e6ae4b05252/library/std/src/panic.rs:358:14
[INFO] [stdout]   25:     0x62e931394967 - std::rt::lang_start_internal::{{closure}}::h2d95182d798177be
[INFO] [stdout]                                at /rustc/df4ca44d3fbc9301ee17f30f4d474e6ae4b05252/library/std/src/rt.rs:174:48
[INFO] [stdout]   26:     0x62e931394967 - std::panicking::try::do_call::hb506f5bfe11fd30c
[INFO] [stdout]                                at /rustc/df4ca44d3fbc9301ee17f30f4d474e6ae4b05252/library/std/src/panicking.rs:557:40
[INFO] [stdout]   27:     0x62e931394967 - std::panicking::try::h54d825c46bd0fa95
[INFO] [stdout]                                at /rustc/df4ca44d3fbc9301ee17f30f4d474e6ae4b05252/library/std/src/panicking.rs:520:19
[INFO] [stdout]   28:     0x62e931394967 - std::panic::catch_unwind::hffbb0ad20c4e9fac
[INFO] [stdout]                                at /rustc/df4ca44d3fbc9301ee17f30f4d474e6ae4b05252/library/std/src/panic.rs:358:14
[INFO] [stdout]   29:     0x62e931394967 - std::rt::lang_start_internal::h52c291ef1962c925
[INFO] [stdout]                                at /rustc/df4ca44d3fbc9301ee17f30f4d474e6ae4b05252/library/std/src/rt.rs:174:20
[INFO] [stdout]   30:     0x62e931374817 - std::rt::lang_start::h8c6075cd6f225ba1
[INFO] [stdout]   31:     0x62e931374f95 - main
[INFO] [stdout]   32:     0x74171dc68d90 - <unknown>
[INFO] [stdout]   33:     0x74171dc68e40 - __libc_start_main
[INFO] [stdout]   34:     0x62e931374725 - _start
[INFO] [stdout]   35:                0x0 - <unknown>
[INFO] [stdout] 
[INFO] [stdout] 
[INFO] [stdout] ---- src/lib.rs - EcProbe::set_temp_constant (line 170) stdout ----
[INFO] [stdout] Test executable failed (exit status: 101).
[INFO] [stdout] 
[INFO] [stdout] stderr:
[INFO] [stdout] thread 'main' panicked at src/lib.rs:5:57:
[INFO] [stdout] called `Result::unwrap()` on an `Err` value: Io(Os { code: 2, kind: NotFound, message: "No such file or directory" })
[INFO] [stdout] stack backtrace:
[INFO] [stdout]    0:     0x5991143de46a - std::backtrace_rs::backtrace::libunwind::trace::h207520d6e9873551
[INFO] [stdout]                                at /rustc/df4ca44d3fbc9301ee17f30f4d474e6ae4b05252/library/std/src/../../backtrace/src/backtrace/libunwind.rs:116:5
[INFO] [stdout]    1:     0x5991143de46a - std::backtrace_rs::backtrace::trace_unsynchronized::h2ed7433f370e3eca
[INFO] [stdout]                                at /rustc/df4ca44d3fbc9301ee17f30f4d474e6ae4b05252/library/std/src/../../backtrace/src/backtrace/mod.rs:66:5
[INFO] [stdout]    2:     0x5991143de46a - std::sys::backtrace::_print_fmt::h916fac51166b18d7
[INFO] [stdout]                                at /rustc/df4ca44d3fbc9301ee17f30f4d474e6ae4b05252/library/std/src/sys/backtrace.rs:66:9
[INFO] [stdout]    3:     0x5991143de46a - <std::sys::backtrace::BacktraceLock::print::DisplayBacktrace as core::fmt::Display>::fmt::ha0a4c9b8ce3802e6
[INFO] [stdout]                                at /rustc/df4ca44d3fbc9301ee17f30f4d474e6ae4b05252/library/std/src/sys/backtrace.rs:39:26
[INFO] [stdout]    4:     0x5991143fa7a3 - core::fmt::rt::Argument::fmt::h4cfc8587d52b3eb5
[INFO] [stdout]                                at /rustc/df4ca44d3fbc9301ee17f30f4d474e6ae4b05252/library/core/src/fmt/rt.rs:177:76
[INFO] [stdout]    5:     0x5991143fa7a3 - core::fmt::write::h522cc39e5b36ae9f
[INFO] [stdout]                                at /rustc/df4ca44d3fbc9301ee17f30f4d474e6ae4b05252/library/core/src/fmt/mod.rs:1190:21
[INFO] [stdout]    6:     0x5991143dbed3 - std::io::Write::write_fmt::hf1c1dcc8cc1287f0
[INFO] [stdout]                                at /rustc/df4ca44d3fbc9301ee17f30f4d474e6ae4b05252/library/std/src/io/mod.rs:1839:15
[INFO] [stdout]    7:     0x5991143de2b2 - std::sys::backtrace::BacktraceLock::print::h4b9e00b29e9c0942
[INFO] [stdout]                                at /rustc/df4ca44d3fbc9301ee17f30f4d474e6ae4b05252/library/std/src/sys/backtrace.rs:42:9
[INFO] [stdout]    8:     0x5991143df27c - std::panicking::default_hook::{{closure}}::hb59b88280d0324d9
[INFO] [stdout]                                at /rustc/df4ca44d3fbc9301ee17f30f4d474e6ae4b05252/library/std/src/panicking.rs:268:22
[INFO] [stdout]    9:     0x5991143df0c2 - std::panicking::default_hook::he1dd496665be4a29
[INFO] [stdout]                                at /rustc/df4ca44d3fbc9301ee17f30f4d474e6ae4b05252/library/std/src/panicking.rs:295:9
[INFO] [stdout]   10:     0x5991143df877 - std::panicking::rust_panic_with_hook::h2ff17fe8f26dfcf8
[INFO] [stdout]                                at /rustc/df4ca44d3fbc9301ee17f30f4d474e6ae4b05252/library/std/src/panicking.rs:801:13
[INFO] [stdout]   11:     0x5991143df70a - std::panicking::begin_panic_handler::{{closure}}::h4fad77951c07e101
[INFO] [stdout]                                at /rustc/df4ca44d3fbc9301ee17f30f4d474e6ae4b05252/library/std/src/panicking.rs:674:13
[INFO] [stdout]   12:     0x5991143de949 - std::sys::backtrace::__rust_end_short_backtrace::hb1a25b3da5d0ea08
[INFO] [stdout]                                at /rustc/df4ca44d3fbc9301ee17f30f4d474e6ae4b05252/library/std/src/sys/backtrace.rs:170:18
[INFO] [stdout]   13:     0x5991143df39c - rust_begin_unwind
[INFO] [stdout]                                at /rustc/df4ca44d3fbc9301ee17f30f4d474e6ae4b05252/library/std/src/panicking.rs:665:5
[INFO] [stdout]   14:     0x5991143f9950 - core::panicking::panic_fmt::ha9db07b529f9b256
[INFO] [stdout]                                at /rustc/df4ca44d3fbc9301ee17f30f4d474e6ae4b05252/library/core/src/panicking.rs:75:14
[INFO] [stdout]   15:     0x5991143f9d66 - core::result::unwrap_failed::h5e8218e4d4338b8a
[INFO] [stdout]                                at /rustc/df4ca44d3fbc9301ee17f30f4d474e6ae4b05252/library/core/src/result.rs:1698:5
[INFO] [stdout]   16:     0x5991143baa4f - rust_out::main::_doctest_main_src_lib_rs_170_0::h058b034606d9345c
[INFO] [stdout]   17:     0x5991143ba9e6 - rust_out::main::ha213a30daa5df4da
[INFO] [stdout]   18:     0x5991143ba663 - core::ops::function::FnOnce::call_once::hf7edf7132571051c
[INFO] [stdout]   19:     0x5991143ba506 - std::sys::backtrace::__rust_begin_short_backtrace::h32fd822fd2ba4079
[INFO] [stdout]   20:     0x5991143ba4e9 - std::rt::lang_start::{{closure}}::h4039a1c394ed4f7c
[INFO] [stdout]   21:     0x5991143da0b7 - core::ops::function::impls::<impl core::ops::function::FnOnce<A> for &F>::call_once::hd87d66b906e0ccaf
[INFO] [stdout]                                at /rustc/df4ca44d3fbc9301ee17f30f4d474e6ae4b05252/library/core/src/ops/function.rs:284:13
[INFO] [stdout]   22:     0x5991143da0b7 - std::panicking::try::do_call::hae3703de71fc9e3a
[INFO] [stdout]                                at /rustc/df4ca44d3fbc9301ee17f30f4d474e6ae4b05252/library/std/src/panicking.rs:557:40
[INFO] [stdout]   23:     0x5991143da0b7 - std::panicking::try::h1178330e9a2b2645
[INFO] [stdout]                                at /rustc/df4ca44d3fbc9301ee17f30f4d474e6ae4b05252/library/std/src/panicking.rs:520:19
[INFO] [stdout]   24:     0x5991143da0b7 - std::panic::catch_unwind::h0acf49d2305d32ad
[INFO] [stdout]                                at /rustc/df4ca44d3fbc9301ee17f30f4d474e6ae4b05252/library/std/src/panic.rs:358:14
[INFO] [stdout]   25:     0x5991143da0b7 - std::rt::lang_start_internal::{{closure}}::h2d95182d798177be
[INFO] [stdout]                                at /rustc/df4ca44d3fbc9301ee17f30f4d474e6ae4b05252/library/std/src/rt.rs:174:48
[INFO] [stdout]   26:     0x5991143da0b7 - std::panicking::try::do_call::hb506f5bfe11fd30c
[INFO] [stdout]                                at /rustc/df4ca44d3fbc9301ee17f30f4d474e6ae4b05252/library/std/src/panicking.rs:557:40
[INFO] [stdout]   27:     0x5991143da0b7 - std::panicking::try::h54d825c46bd0fa95
[INFO] [stdout]                                at /rustc/df4ca44d3fbc9301ee17f30f4d474e6ae4b05252/library/std/src/panicking.rs:520:19
[INFO] [stdout]   28:     0x5991143da0b7 - std::panic::catch_unwind::hffbb0ad20c4e9fac
[INFO] [stdout]                                at /rustc/df4ca44d3fbc9301ee17f30f4d474e6ae4b05252/library/std/src/panic.rs:358:14
[INFO] [stdout]   29:     0x5991143da0b7 - std::rt::lang_start_internal::h52c291ef1962c925
[INFO] [stdout]                                at /rustc/df4ca44d3fbc9301ee17f30f4d474e6ae4b05252/library/std/src/rt.rs:174:20
[INFO] [stdout]   30:     0x5991143ba4c7 - std::rt::lang_start::h8c6075cd6f225ba1
[INFO] [stdout]   31:     0x5991143bab25 - main
[INFO] [stdout]   32:     0x7046a7ed7d90 - <unknown>
[INFO] [stdout]   33:     0x7046a7ed7e40 - __libc_start_main
[INFO] [stdout]   34:     0x5991143ba3d5 - _start
[INFO] [stdout]   35:                0x0 - <unknown>
[INFO] [stdout] 
[INFO] [stdout] 
[INFO] [stdout] ---- src/lib.rs - EcProbe::use_temperature_compensation (line 249) stdout ----
[INFO] [stdout] Test executable failed (exit status: 101).
[INFO] [stdout] 
[INFO] [stdout] stderr:
[INFO] [stdout] thread 'main' panicked at src/lib.rs:5:57:
[INFO] [stdout] called `Result::unwrap()` on an `Err` value: Io(Os { code: 2, kind: NotFound, message: "No such file or directory" })
[INFO] [stdout] stack backtrace:
[INFO] [stdout]    0:     0x650d44e0229a - std::backtrace_rs::backtrace::libunwind::trace::h207520d6e9873551
[INFO] [stdout]                                at /rustc/df4ca44d3fbc9301ee17f30f4d474e6ae4b05252/library/std/src/../../backtrace/src/backtrace/libunwind.rs:116:5
[INFO] [stdout]    1:     0x650d44e0229a - std::backtrace_rs::backtrace::trace_unsynchronized::h2ed7433f370e3eca
[INFO] [stdout]                                at /rustc/df4ca44d3fbc9301ee17f30f4d474e6ae4b05252/library/std/src/../../backtrace/src/backtrace/mod.rs:66:5
[INFO] [stdout]    2:     0x650d44e0229a - std::sys::backtrace::_print_fmt::h916fac51166b18d7
[INFO] [stdout]                                at /rustc/df4ca44d3fbc9301ee17f30f4d474e6ae4b05252/library/std/src/sys/backtrace.rs:66:9
[INFO] [stdout]    3:     0x650d44e0229a - <std::sys::backtrace::BacktraceLock::print::DisplayBacktrace as core::fmt::Display>::fmt::ha0a4c9b8ce3802e6
[INFO] [stdout]                                at /rustc/df4ca44d3fbc9301ee17f30f4d474e6ae4b05252/library/std/src/sys/backtrace.rs:39:26
[INFO] [stdout]    4:     0x650d44e1e5d3 - core::fmt::rt::Argument::fmt::h4cfc8587d52b3eb5
[INFO] [stdout]                                at /rustc/df4ca44d3fbc9301ee17f30f4d474e6ae4b05252/library/core/src/fmt/rt.rs:177:76
[INFO] [stdout]    5:     0x650d44e1e5d3 - core::fmt::write::h522cc39e5b36ae9f
[INFO] [stdout]                                at /rustc/df4ca44d3fbc9301ee17f30f4d474e6ae4b05252/library/core/src/fmt/mod.rs:1190:21
[INFO] [stdout]    6:     0x650d44dffd03 - std::io::Write::write_fmt::hf1c1dcc8cc1287f0
[INFO] [stdout]                                at /rustc/df4ca44d3fbc9301ee17f30f4d474e6ae4b05252/library/std/src/io/mod.rs:1839:15
[INFO] [stdout]    7:     0x650d44e020e2 - std::sys::backtrace::BacktraceLock::print::h4b9e00b29e9c0942
[INFO] [stdout]                                at /rustc/df4ca44d3fbc9301ee17f30f4d474e6ae4b05252/library/std/src/sys/backtrace.rs:42:9
[INFO] [stdout]    8:     0x650d44e030ac - std::panicking::default_hook::{{closure}}::hb59b88280d0324d9
[INFO] [stdout]                                at /rustc/df4ca44d3fbc9301ee17f30f4d474e6ae4b05252/library/std/src/panicking.rs:268:22
[INFO] [stdout]    9:     0x650d44e02ef2 - std::panicking::default_hook::he1dd496665be4a29
[INFO] [stdout]                                at /rustc/df4ca44d3fbc9301ee17f30f4d474e6ae4b05252/library/std/src/panicking.rs:295:9
[INFO] [stdout]   10:     0x650d44e036a7 - std::panicking::rust_panic_with_hook::h2ff17fe8f26dfcf8
[INFO] [stdout]                                at /rustc/df4ca44d3fbc9301ee17f30f4d474e6ae4b05252/library/std/src/panicking.rs:801:13
[INFO] [stdout]   11:     0x650d44e0353a - std::panicking::begin_panic_handler::{{closure}}::h4fad77951c07e101
[INFO] [stdout]                                at /rustc/df4ca44d3fbc9301ee17f30f4d474e6ae4b05252/library/std/src/panicking.rs:674:13
[INFO] [stdout]   12:     0x650d44e02779 - std::sys::backtrace::__rust_end_short_backtrace::hb1a25b3da5d0ea08
[INFO] [stdout]                                at /rustc/df4ca44d3fbc9301ee17f30f4d474e6ae4b05252/library/std/src/sys/backtrace.rs:170:18
[INFO] [stdout]   13:     0x650d44e031cc - rust_begin_unwind
[INFO] [stdout]                                at /rustc/df4ca44d3fbc9301ee17f30f4d474e6ae4b05252/library/std/src/panicking.rs:665:5
[INFO] [stdout]   14:     0x650d44e1d780 - core::panicking::panic_fmt::ha9db07b529f9b256
[INFO] [stdout]                                at /rustc/df4ca44d3fbc9301ee17f30f4d474e6ae4b05252/library/core/src/panicking.rs:75:14
[INFO] [stdout]   15:     0x650d44e1db96 - core::result::unwrap_failed::h5e8218e4d4338b8a
[INFO] [stdout]                                at /rustc/df4ca44d3fbc9301ee17f30f4d474e6ae4b05252/library/core/src/result.rs:1698:5
[INFO] [stdout]   16:     0x650d44dddf24 - rust_out::main::_doctest_main_src_lib_rs_249_0::hcf0a60c1bc7cc03b
[INFO] [stdout]   17:     0x650d44dddea6 - rust_out::main::ha213a30daa5df4da
[INFO] [stdout]   18:     0x650d44dddae3 - core::ops::function::FnOnce::call_once::hf7edf7132571051c
[INFO] [stdout]   19:     0x650d44ddd986 - std::sys::backtrace::__rust_begin_short_backtrace::h32fd822fd2ba4079
[INFO] [stdout]   20:     0x650d44ddd969 - std::rt::lang_start::{{closure}}::h4039a1c394ed4f7c
[INFO] [stdout]   21:     0x650d44dfde17 - core::ops::function::impls::<impl core::ops::function::FnOnce<A> for &F>::call_once::hd87d66b906e0ccaf
[INFO] [stdout]                                at /rustc/df4ca44d3fbc9301ee17f30f4d474e6ae4b05252/library/core/src/ops/function.rs:284:13
[INFO] [stdout]   22:     0x650d44dfde17 - std::panicking::try::do_call::hae3703de71fc9e3a
[INFO] [stdout]                                at /rustc/df4ca44d3fbc9301ee17f30f4d474e6ae4b05252/library/std/src/panicking.rs:557:40
[INFO] [stdout]   23:     0x650d44dfde17 - std::panicking::try::h1178330e9a2b2645
[INFO] [stdout]                                at /rustc/df4ca44d3fbc9301ee17f30f4d474e6ae4b05252/library/std/src/panicking.rs:520:19
[INFO] [stdout]   24:     0x650d44dfde17 - std::panic::catch_unwind::h0acf49d2305d32ad
[INFO] [stdout]                                at /rustc/df4ca44d3fbc9301ee17f30f4d474e6ae4b05252/library/std/src/panic.rs:358:14
[INFO] [stdout]   25:     0x650d44dfde17 - std::rt::lang_start_internal::{{closure}}::h2d95182d798177be
[INFO] [stdout]                                at /rustc/df4ca44d3fbc9301ee17f30f4d474e6ae4b05252/library/std/src/rt.rs:174:48
[INFO] [stdout]   26:     0x650d44dfde17 - std::panicking::try::do_call::hb506f5bfe11fd30c
[INFO] [stdout]                                at /rustc/df4ca44d3fbc9301ee17f30f4d474e6ae4b05252/library/std/src/panicking.rs:557:40
[INFO] [stdout]   27:     0x650d44dfde17 - std::panicking::try::h54d825c46bd0fa95
[INFO] [stdout]                                at /rustc/df4ca44d3fbc9301ee17f30f4d474e6ae4b05252/library/std/src/panicking.rs:520:19
[INFO] [stdout]   28:     0x650d44dfde17 - std::panic::catch_unwind::hffbb0ad20c4e9fac
[INFO] [stdout]                                at /rustc/df4ca44d3fbc9301ee17f30f4d474e6ae4b05252/library/std/src/panic.rs:358:14
[INFO] [stdout]   29:     0x650d44dfde17 - std::rt::lang_start_internal::h52c291ef1962c925
[INFO] [stdout]                                at /rustc/df4ca44d3fbc9301ee17f30f4d474e6ae4b05252/library/std/src/rt.rs:174:20
[INFO] [stdout]   30:     0x650d44ddd947 - std::rt::lang_start::h8c6075cd6f225ba1
[INFO] [stdout]   31:     0x650d44dde125 - main
[INFO] [stdout]   32:     0x7e784ae32d90 - <unknown>
[INFO] [stdout]   33:     0x7e784ae32e40 - __libc_start_main
[INFO] [stdout]   34:     0x650d44ddd855 - _start
[INFO] [stdout]   35:                0x0 - <unknown>
[INFO] [stdout] 
[INFO] [stdout] 
[INFO] [stdout] ---- src/lib.rs - EcProbe::using_temperature_compensation (line 313) stdout ----
[INFO] [stdout] Test executable failed (exit status: 101).
[INFO] [stdout] 
[INFO] [stdout] stderr:
[INFO] [stdout] thread 'main' panicked at src/lib.rs:5:57:
[INFO] [stdout] called `Result::unwrap()` on an `Err` value: Io(Os { code: 2, kind: NotFound, message: "No such file or directory" })
[INFO] [stdout] stack backtrace:
[INFO] [stdout]    0:     0x5f04a501e29a - std::backtrace_rs::backtrace::libunwind::trace::h207520d6e9873551
[INFO] [stdout]                                at /rustc/df4ca44d3fbc9301ee17f30f4d474e6ae4b05252/library/std/src/../../backtrace/src/backtrace/libunwind.rs:116:5
[INFO] [stdout]    1:     0x5f04a501e29a - std::backtrace_rs::backtrace::trace_unsynchronized::h2ed7433f370e3eca
[INFO] [stdout]                                at /rustc/df4ca44d3fbc9301ee17f30f4d474e6ae4b05252/library/std/src/../../backtrace/src/backtrace/mod.rs:66:5
[INFO] [stdout]    2:     0x5f04a501e29a - std::sys::backtrace::_print_fmt::h916fac51166b18d7
[INFO] [stdout]                                at /rustc/df4ca44d3fbc9301ee17f30f4d474e6ae4b05252/library/std/src/sys/backtrace.rs:66:9
[INFO] [stdout]    3:     0x5f04a501e29a - <std::sys::backtrace::BacktraceLock::print::DisplayBacktrace as core::fmt::Display>::fmt::ha0a4c9b8ce3802e6
[INFO] [stdout]                                at /rustc/df4ca44d3fbc9301ee17f30f4d474e6ae4b05252/library/std/src/sys/backtrace.rs:39:26
[INFO] [stdout]    4:     0x5f04a503a5d3 - core::fmt::rt::Argument::fmt::h4cfc8587d52b3eb5
[INFO] [stdout]                                at /rustc/df4ca44d3fbc9301ee17f30f4d474e6ae4b05252/library/core/src/fmt/rt.rs:177:76
[INFO] [stdout]    5:     0x5f04a503a5d3 - core::fmt::write::h522cc39e5b36ae9f
[INFO] [stdout]                                at /rustc/df4ca44d3fbc9301ee17f30f4d474e6ae4b05252/library/core/src/fmt/mod.rs:1190:21
[INFO] [stdout]    6:     0x5f04a501bd03 - std::io::Write::write_fmt::hf1c1dcc8cc1287f0
[INFO] [stdout]                                at /rustc/df4ca44d3fbc9301ee17f30f4d474e6ae4b05252/library/std/src/io/mod.rs:1839:15
[INFO] [stdout]    7:     0x5f04a501e0e2 - std::sys::backtrace::BacktraceLock::print::h4b9e00b29e9c0942
[INFO] [stdout]                                at /rustc/df4ca44d3fbc9301ee17f30f4d474e6ae4b05252/library/std/src/sys/backtrace.rs:42:9
[INFO] [stdout]    8:     0x5f04a501f0ac - std::panicking::default_hook::{{closure}}::hb59b88280d0324d9
[INFO] [stdout]                                at /rustc/df4ca44d3fbc9301ee17f30f4d474e6ae4b05252/library/std/src/panicking.rs:268:22
[INFO] [stdout]    9:     0x5f04a501eef2 - std::panicking::default_hook::he1dd496665be4a29
[INFO] [stdout]                                at /rustc/df4ca44d3fbc9301ee17f30f4d474e6ae4b05252/library/std/src/panicking.rs:295:9
[INFO] [stdout]   10:     0x5f04a501f6a7 - std::panicking::rust_panic_with_hook::h2ff17fe8f26dfcf8
[INFO] [stdout]                                at /rustc/df4ca44d3fbc9301ee17f30f4d474e6ae4b05252/library/std/src/panicking.rs:801:13
[INFO] [stdout]   11:     0x5f04a501f53a - std::panicking::begin_panic_handler::{{closure}}::h4fad77951c07e101
[INFO] [stdout]                                at /rustc/df4ca44d3fbc9301ee17f30f4d474e6ae4b05252/library/std/src/panicking.rs:674:13
[INFO] [stdout]   12:     0x5f04a501e779 - std::sys::backtrace::__rust_end_short_backtrace::hb1a25b3da5d0ea08
[INFO] [stdout]                                at /rustc/df4ca44d3fbc9301ee17f30f4d474e6ae4b05252/library/std/src/sys/backtrace.rs:170:18
[INFO] [stdout]   13:     0x5f04a501f1cc - rust_begin_unwind
[INFO] [stdout]                                at /rustc/df4ca44d3fbc9301ee17f30f4d474e6ae4b05252/library/std/src/panicking.rs:665:5
[INFO] [stdout]   14:     0x5f04a5039780 - core::panicking::panic_fmt::ha9db07b529f9b256
[INFO] [stdout]                                at /rustc/df4ca44d3fbc9301ee17f30f4d474e6ae4b05252/library/core/src/panicking.rs:75:14
[INFO] [stdout]   15:     0x5f04a5039b96 - core::result::unwrap_failed::h5e8218e4d4338b8a
[INFO] [stdout]                                at /rustc/df4ca44d3fbc9301ee17f30f4d474e6ae4b05252/library/core/src/result.rs:1698:5
[INFO] [stdout]   16:     0x5f04a4ff9f24 - rust_out::main::_doctest_main_src_lib_rs_313_0::h22630c80f6fadb4d
[INFO] [stdout]   17:     0x5f04a4ff9ea6 - rust_out::main::ha213a30daa5df4da
[INFO] [stdout]   18:     0x5f04a4ff9ae3 - core::ops::function::FnOnce::call_once::hf7edf7132571051c
[INFO] [stdout]   19:     0x5f04a4ff9986 - std::sys::backtrace::__rust_begin_short_backtrace::h32fd822fd2ba4079
[INFO] [stdout]   20:     0x5f04a4ff9969 - std::rt::lang_start::{{closure}}::h4039a1c394ed4f7c
[INFO] [stdout]   21:     0x5f04a5019e17 - core::ops::function::impls::<impl core::ops::function::FnOnce<A> for &F>::call_once::hd87d66b906e0ccaf
[INFO] [stdout]                                at /rustc/df4ca44d3fbc9301ee17f30f4d474e6ae4b05252/library/core/src/ops/function.rs:284:13
[INFO] [stdout]   22:     0x5f04a5019e17 - std::panicking::try::do_call::hae3703de71fc9e3a
[INFO] [stdout]                                at /rustc/df4ca44d3fbc9301ee17f30f4d474e6ae4b05252/library/std/src/panicking.rs:557:40
[INFO] [stdout]   23:     0x5f04a5019e17 - std::panicking::try::h1178330e9a2b2645
[INFO] [stdout]                                at /rustc/df4ca44d3fbc9301ee17f30f4d474e6ae4b05252/library/std/src/panicking.rs:520:19
[INFO] [stdout]   24:     0x5f04a5019e17 - std::panic::catch_unwind::h0acf49d2305d32ad
[INFO] [stdout]                                at /rustc/df4ca44d3fbc9301ee17f30f4d474e6ae4b05252/library/std/src/panic.rs:358:14
[INFO] [stdout]   25:     0x5f04a5019e17 - std::rt::lang_start_internal::{{closure}}::h2d95182d798177be
[INFO] [stdout]                                at /rustc/df4ca44d3fbc9301ee17f30f4d474e6ae4b05252/library/std/src/rt.rs:174:48
[INFO] [stdout]   26:     0x5f04a5019e17 - std::panicking::try::do_call::hb506f5bfe11fd30c
[INFO] [stdout]                                at /rustc/df4ca44d3fbc9301ee17f30f4d474e6ae4b05252/library/std/src/panicking.rs:557:40
[INFO] [stdout]   27:     0x5f04a5019e17 - std::panicking::try::h54d825c46bd0fa95
[INFO] [stdout]                                at /rustc/df4ca44d3fbc9301ee17f30f4d474e6ae4b05252/library/std/src/panicking.rs:520:19
[INFO] [stdout]   28:     0x5f04a5019e17 - std::panic::catch_unwind::hffbb0ad20c4e9fac
[INFO] [stdout]                                at /rustc/df4ca44d3fbc9301ee17f30f4d474e6ae4b05252/library/std/src/panic.rs:358:14
[INFO] [stdout]   29:     0x5f04a5019e17 - std::rt::lang_start_internal::h52c291ef1962c925
[INFO] [stdout]                                at /rustc/df4ca44d3fbc9301ee17f30f4d474e6ae4b05252/library/std/src/rt.rs:174:20
[INFO] [stdout]   30:     0x5f04a4ff9947 - std::rt::lang_start::h8c6075cd6f225ba1
[INFO] [stdout]   31:     0x5f04a4ffa125 - main
[INFO] [stdout]   32:     0x7d1b49986d90 - <unknown>
[INFO] [stdout]   33:     0x7d1b49986e40 - __libc_start_main
[INFO] [stdout]   34:     0x5f04a4ff9855 - _start
[INFO] [stdout]   35:                0x0 - <unknown>
[INFO] [stdout] 
[INFO] [stdout] 
[INFO] [stdout] 
[INFO] [stdout] failures:
[INFO] [stdout]     src/lib.rs - EcProbe::calibrate_ec (line 95)
[INFO] [stdout]     src/lib.rs - EcProbe::calibrate_sw (line 110)
[INFO] [stdout]     src/lib.rs - EcProbe::get_calibration_ec (line 196)
[INFO] [stdout]     src/lib.rs - EcProbe::get_calibration_sw (line 208)
[INFO] [stdout]     src/lib.rs - EcProbe::get_firmware (line 283)
[INFO] [stdout]     src/lib.rs - EcProbe::get_temp_constant (line 184)
[INFO] [stdout]     src/lib.rs - EcProbe::get_version (line 271)
[INFO] [stdout]     src/lib.rs - EcProbe::measure_ec (line 124)
[INFO] [stdout]     src/lib.rs - EcProbe::measure_raw (line 142)
[INFO] [stdout]     src/lib.rs - EcProbe::measure_sw (line 156)
[INFO] [stdout]     src/lib.rs - EcProbe::measure_temp (line 67)
[INFO] [stdout]     src/lib.rs - EcProbe::new (line 56)
[INFO] [stdout]     src/lib.rs - EcProbe::read_eeprom (line 220)
[INFO] [stdout]     src/lib.rs - EcProbe::reset (line 295)
[INFO] [stdout]     src/lib.rs - EcProbe::set_i2c_address (line 327)
[INFO] [stdout]     src/lib.rs - EcProbe::set_temp (line 81)
[INFO] [stdout]     src/lib.rs - EcProbe::set_temp_constant (line 170)
[INFO] [stdout]     src/lib.rs - EcProbe::use_temperature_compensation (line 249)
[INFO] [stdout]     src/lib.rs - EcProbe::using_temperature_compensation (line 313)
[INFO] [stdout]     src/lib.rs - EcProbe::write_eeprom (line 234)
[INFO] [stdout] 
[INFO] [stdout] test result: FAILED. 0 passed; 20 failed; 0 ignored; 0 measured; 0 filtered out; finished in 0.20s
[INFO] [stdout] 
[INFO] [stderr] error: doctest failed, to rerun pass `--doc`
[INFO] running `Command { std: "docker" "inspect" "3e87beaae9d3a965447df66a60839785f25ada5304f9d1818d23138a672b9dbe", kill_on_drop: false }`
[INFO] running `Command { std: "docker" "rm" "-f" "3e87beaae9d3a965447df66a60839785f25ada5304f9d1818d23138a672b9dbe", kill_on_drop: false }`
[INFO] [stdout] 3e87beaae9d3a965447df66a60839785f25ada5304f9d1818d23138a672b9dbe
