[INFO] fetching crate typestate-builder-macro 0.1.1...
[INFO] testing typestate-builder-macro-0.1.1 against nightly-2024-10-28 for randomize-layout
[INFO] extracting crate typestate-builder-macro 0.1.1 into /workspace/builds/worker-0-tc1/source
[INFO] validating manifest of crates.io crate typestate-builder-macro 0.1.1 on toolchain nightly-2024-10-28
[INFO] running `Command { std: CARGO_HOME="/workspace/cargo-home" RUSTUP_HOME="/workspace/rustup-home" "/workspace/cargo-home/bin/cargo" "+nightly-2024-10-28" "metadata" "--manifest-path" "Cargo.toml" "--no-deps", kill_on_drop: false }`
[INFO] started tweaking crates.io crate typestate-builder-macro 0.1.1
[INFO] finished tweaking crates.io crate typestate-builder-macro 0.1.1
[INFO] tweaked toml for crates.io crate typestate-builder-macro 0.1.1 written to /workspace/builds/worker-0-tc1/source/Cargo.toml
[INFO] running `Command { std: CARGO_HOME="/workspace/cargo-home" RUSTUP_HOME="/workspace/rustup-home" "/workspace/cargo-home/bin/cargo" "+nightly-2024-10-28" "generate-lockfile" "--manifest-path" "Cargo.toml", kill_on_drop: false }`
[INFO] [stderr]     Updating crates.io index
[INFO] [stderr]      Locking 8 packages to latest compatible versions
[INFO] running `Command { std: CARGO_HOME="/workspace/cargo-home" RUSTUP_HOME="/workspace/rustup-home" "/workspace/cargo-home/bin/cargo" "+nightly-2024-10-28" "fetch" "--manifest-path" "Cargo.toml", kill_on_drop: false }`
[INFO] running `Command { std: "docker" "create" "-v" "/var/lib/crater-agent-workspace/builds/worker-0-tc1/target:/opt/rustwide/target:rw,Z" "-v" "/var/lib/crater-agent-workspace/builds/worker-0-tc1/source:/opt/rustwide/workdir:ro,Z" "-v" "/var/lib/crater-agent-workspace/cargo-home:/opt/rustwide/cargo-home:ro,Z" "-v" "/var/lib/crater-agent-workspace/rustup-home:/opt/rustwide/rustup-home:ro,Z" "-e" "SOURCE_DIR=/opt/rustwide/workdir" "-e" "CARGO_TARGET_DIR=/opt/rustwide/target" "-e" "CARGO_HOME=/opt/rustwide/cargo-home" "-e" "RUSTUP_HOME=/opt/rustwide/rustup-home" "-w" "/opt/rustwide/workdir" "-m" "1610612736" "--user" "0:0" "--network" "none" "ghcr.io/rust-lang/crates-build-env/linux@sha256:4a844ea9eb2546a2d2c7022eacef16ef2e8229c7fbb2c7d4d55a9ceca922f72d" "/opt/rustwide/cargo-home/bin/cargo" "+nightly-2024-10-28" "metadata" "--no-deps" "--format-version=1", kill_on_drop: false }`
[INFO] [stdout] 68f0492b1714e6ff2d37e4550869ddc4bcb0a3fbb644382ca7a59a834c170e0d
[INFO] running `Command { std: "docker" "start" "-a" "68f0492b1714e6ff2d37e4550869ddc4bcb0a3fbb644382ca7a59a834c170e0d", kill_on_drop: false }`
[INFO] running `Command { std: "docker" "inspect" "68f0492b1714e6ff2d37e4550869ddc4bcb0a3fbb644382ca7a59a834c170e0d", kill_on_drop: false }`
[INFO] running `Command { std: "docker" "rm" "-f" "68f0492b1714e6ff2d37e4550869ddc4bcb0a3fbb644382ca7a59a834c170e0d", kill_on_drop: false }`
[INFO] [stdout] 68f0492b1714e6ff2d37e4550869ddc4bcb0a3fbb644382ca7a59a834c170e0d
[INFO] running `Command { std: "docker" "create" "-v" "/var/lib/crater-agent-workspace/builds/worker-0-tc1/target:/opt/rustwide/target:rw,Z" "-v" "/var/lib/crater-agent-workspace/builds/worker-0-tc1/source:/opt/rustwide/workdir:ro,Z" "-v" "/var/lib/crater-agent-workspace/cargo-home:/opt/rustwide/cargo-home:ro,Z" "-v" "/var/lib/crater-agent-workspace/rustup-home:/opt/rustwide/rustup-home:ro,Z" "-e" "SOURCE_DIR=/opt/rustwide/workdir" "-e" "CARGO_TARGET_DIR=/opt/rustwide/target" "-e" "CARGO_INCREMENTAL=0" "-e" "RUST_BACKTRACE=full" "-e" "RUSTFLAGS=--cap-lints=forbid" "-e" "RUSTDOCFLAGS=--cap-lints=forbid" "-e" "CARGO_HOME=/opt/rustwide/cargo-home" "-e" "RUSTUP_HOME=/opt/rustwide/rustup-home" "-w" "/opt/rustwide/workdir" "-m" "1610612736" "--user" "0:0" "--network" "none" "ghcr.io/rust-lang/crates-build-env/linux@sha256:4a844ea9eb2546a2d2c7022eacef16ef2e8229c7fbb2c7d4d55a9ceca922f72d" "/opt/rustwide/cargo-home/bin/cargo" "+nightly-2024-10-28" "build" "--frozen" "--message-format=json", kill_on_drop: false }`
[INFO] [stdout] bbd9b3b87e78dac521c55a0c2f913f3abaf4f488ed90a0037b97529ad5486159
[INFO] running `Command { std: "docker" "start" "-a" "bbd9b3b87e78dac521c55a0c2f913f3abaf4f488ed90a0037b97529ad5486159", kill_on_drop: false }`
[INFO] [stderr]    Compiling proc-macro2 v1.0.89
[INFO] [stderr]    Compiling version_check v0.9.5
[INFO] [stderr]    Compiling unicode-ident v1.0.13
[INFO] [stderr]    Compiling syn v1.0.109
[INFO] [stderr]    Compiling proc-macro-error-attr v1.0.4
[INFO] [stderr]    Compiling proc-macro-error v1.0.4
[INFO] [stderr]    Compiling quote v1.0.37
[INFO] [stderr]    Compiling syn v2.0.86
[INFO] [stderr]    Compiling typestate-builder-macro v0.1.1 (/opt/rustwide/workdir)
[INFO] [stderr]     Finished `dev` profile [unoptimized + debuginfo] target(s) in 2.99s
[INFO] running `Command { std: "docker" "inspect" "bbd9b3b87e78dac521c55a0c2f913f3abaf4f488ed90a0037b97529ad5486159", kill_on_drop: false }`
[INFO] running `Command { std: "docker" "rm" "-f" "bbd9b3b87e78dac521c55a0c2f913f3abaf4f488ed90a0037b97529ad5486159", kill_on_drop: false }`
[INFO] [stdout] bbd9b3b87e78dac521c55a0c2f913f3abaf4f488ed90a0037b97529ad5486159
[INFO] running `Command { std: "docker" "create" "-v" "/var/lib/crater-agent-workspace/builds/worker-0-tc1/target:/opt/rustwide/target:rw,Z" "-v" "/var/lib/crater-agent-workspace/builds/worker-0-tc1/source:/opt/rustwide/workdir:ro,Z" "-v" "/var/lib/crater-agent-workspace/cargo-home:/opt/rustwide/cargo-home:ro,Z" "-v" "/var/lib/crater-agent-workspace/rustup-home:/opt/rustwide/rustup-home:ro,Z" "-e" "SOURCE_DIR=/opt/rustwide/workdir" "-e" "CARGO_TARGET_DIR=/opt/rustwide/target" "-e" "CARGO_INCREMENTAL=0" "-e" "RUST_BACKTRACE=full" "-e" "RUSTFLAGS=--cap-lints=forbid" "-e" "RUSTDOCFLAGS=--cap-lints=forbid" "-e" "CARGO_HOME=/opt/rustwide/cargo-home" "-e" "RUSTUP_HOME=/opt/rustwide/rustup-home" "-w" "/opt/rustwide/workdir" "-m" "1610612736" "--user" "0:0" "--network" "none" "ghcr.io/rust-lang/crates-build-env/linux@sha256:4a844ea9eb2546a2d2c7022eacef16ef2e8229c7fbb2c7d4d55a9ceca922f72d" "/opt/rustwide/cargo-home/bin/cargo" "+nightly-2024-10-28" "test" "--frozen" "--no-run" "--message-format=json", kill_on_drop: false }`
[INFO] [stdout] 6327062ed0f2045c741d8754b41ff9c28fa895c64fa7f328dcd458938a45dcf7
[INFO] running `Command { std: "docker" "start" "-a" "6327062ed0f2045c741d8754b41ff9c28fa895c64fa7f328dcd458938a45dcf7", kill_on_drop: false }`
[INFO] [stderr]    Compiling typestate-builder-macro v0.1.1 (/opt/rustwide/workdir)
[INFO] [stderr]     Finished `test` profile [unoptimized + debuginfo] target(s) in 0.24s
[INFO] running `Command { std: "docker" "inspect" "6327062ed0f2045c741d8754b41ff9c28fa895c64fa7f328dcd458938a45dcf7", kill_on_drop: false }`
[INFO] running `Command { std: "docker" "rm" "-f" "6327062ed0f2045c741d8754b41ff9c28fa895c64fa7f328dcd458938a45dcf7", kill_on_drop: false }`
[INFO] [stdout] 6327062ed0f2045c741d8754b41ff9c28fa895c64fa7f328dcd458938a45dcf7
[INFO] running `Command { std: "docker" "create" "-v" "/var/lib/crater-agent-workspace/builds/worker-0-tc1/target:/opt/rustwide/target:rw,Z" "-v" "/var/lib/crater-agent-workspace/builds/worker-0-tc1/source:/opt/rustwide/workdir:ro,Z" "-v" "/var/lib/crater-agent-workspace/cargo-home:/opt/rustwide/cargo-home:ro,Z" "-v" "/var/lib/crater-agent-workspace/rustup-home:/opt/rustwide/rustup-home:ro,Z" "-e" "SOURCE_DIR=/opt/rustwide/workdir" "-e" "CARGO_TARGET_DIR=/opt/rustwide/target" "-e" "CARGO_INCREMENTAL=0" "-e" "RUST_BACKTRACE=full" "-e" "RUSTFLAGS=--cap-lints=forbid" "-e" "RUSTDOCFLAGS=--cap-lints=forbid" "-e" "CARGO_HOME=/opt/rustwide/cargo-home" "-e" "RUSTUP_HOME=/opt/rustwide/rustup-home" "-w" "/opt/rustwide/workdir" "-m" "1610612736" "--user" "0:0" "--network" "none" "ghcr.io/rust-lang/crates-build-env/linux@sha256:4a844ea9eb2546a2d2c7022eacef16ef2e8229c7fbb2c7d4d55a9ceca922f72d" "/opt/rustwide/cargo-home/bin/cargo" "+nightly-2024-10-28" "test" "--frozen", kill_on_drop: false }`
[INFO] [stdout] b84739aa05ff6a07a645055f9d2b6ce5d514ed08475437b17101ae5020ca5c45
[INFO] running `Command { std: "docker" "start" "-a" "b84739aa05ff6a07a645055f9d2b6ce5d514ed08475437b17101ae5020ca5c45", kill_on_drop: false }`
[INFO] [stderr]     Finished `test` profile [unoptimized + debuginfo] target(s) in 0.01s
[INFO] [stderr]      Running unittests src/lib.rs (/opt/rustwide/target/debug/deps/typestate_builder_macro-023a574f7210699d)
[INFO] [stdout] 
[INFO] [stdout] running 0 tests
[INFO] [stdout] 
[INFO] [stdout] test result: ok. 0 passed; 0 failed; 0 ignored; 0 measured; 0 filtered out; finished in 0.00s
[INFO] [stdout] 
[INFO] [stderr]    Doc-tests typestate_builder_macro
[INFO] [stdout] 
[INFO] [stdout] running 2 tests
[INFO] [stdout] test src/lib.rs - to_title_case_in_place (line 536) ... FAILED
[INFO] [stdout] test src/lib.rs - (line 27) ... FAILED
[INFO] [stdout] 
[INFO] [stdout] failures:
[INFO] [stdout] 
[INFO] [stdout] ---- src/lib.rs - to_title_case_in_place (line 536) stdout ----
[INFO] [stdout] error[E0425]: cannot find function `to_title_case_in_place` in this scope
[INFO] [stdout]  --> src/lib.rs:538:1
[INFO] [stdout]   |
[INFO] [stdout] 4 | to_title_case_in_place(&mut buffer);
[INFO] [stdout]   | ^^^^^^^^^^^^^^^^^^^^^^ not found in this scope
[INFO] [stdout] 
[INFO] [stdout] error: aborting due to 1 previous error
[INFO] [stdout] 
[INFO] [stdout] For more information about this error, try `rustc --explain E0425`.
[INFO] [stdout] Couldn't compile the test.
[INFO] [stdout] ---- src/lib.rs - (line 27) stdout ----
[INFO] [stdout] error: cannot find derive macro `TypestateBuilder` in this scope
[INFO] [stdout]  --> src/lib.rs:28:10
[INFO] [stdout]   |
[INFO] [stdout] 3 | #[derive(TypestateBuilder)]
[INFO] [stdout]   |          ^^^^^^^^^^^^^^^^
[INFO] [stdout]   |
[INFO] [stdout] help: consider importing this derive macro
[INFO] [stdout]   |
[INFO] [stdout] 2 + use typestate_builder_macro::TypestateBuilder;
[INFO] [stdout]   |
[INFO] [stdout] 
[INFO] [stdout] error[E0599]: no function or associated item named `builder` found for struct `Person` in the current scope
[INFO] [stdout]   --> src/lib.rs:35:22
[INFO] [stdout]    |
[INFO] [stdout] 4  | struct Person {
[INFO] [stdout]    | ------------- function or associated item `builder` not found for this struct
[INFO] [stdout] ...
[INFO] [stdout] 10 | let person = Person::builder()
[INFO] [stdout]    |                      ^^^^^^^ function or associated item not found in `Person`
[INFO] [stdout] 
[INFO] [stdout] error: aborting due to 2 previous errors
[INFO] [stdout] 
[INFO] [stdout] For more information about this error, try `rustc --explain E0599`.
[INFO] [stdout] Couldn't compile the test.
[INFO] [stdout] 
[INFO] [stdout] failures:
[INFO] [stdout]     src/lib.rs - (line 27)
[INFO] [stdout]     src/lib.rs - to_title_case_in_place (line 536)
[INFO] [stdout] 
[INFO] [stdout] test result: FAILED. 0 passed; 2 failed; 0 ignored; 0 measured; 0 filtered out; finished in 0.05s
[INFO] [stdout] 
[INFO] [stderr] error: doctest failed, to rerun pass `--doc`
[INFO] running `Command { std: "docker" "inspect" "b84739aa05ff6a07a645055f9d2b6ce5d514ed08475437b17101ae5020ca5c45", kill_on_drop: false }`
[INFO] running `Command { std: "docker" "rm" "-f" "b84739aa05ff6a07a645055f9d2b6ce5d514ed08475437b17101ae5020ca5c45", kill_on_drop: false }`
[INFO] [stdout] b84739aa05ff6a07a645055f9d2b6ce5d514ed08475437b17101ae5020ca5c45
