[INFO] fetching crate typed_macros 1.0.6...
[INFO] testing typed_macros-1.0.6 against nightly-2024-10-28 for randomize-layout
[INFO] extracting crate typed_macros 1.0.6 into /workspace/builds/worker-2-tc1/source
[INFO] validating manifest of crates.io crate typed_macros 1.0.6 on toolchain nightly-2024-10-28
[INFO] running `Command { std: CARGO_HOME="/workspace/cargo-home" RUSTUP_HOME="/workspace/rustup-home" "/workspace/cargo-home/bin/cargo" "+nightly-2024-10-28" "metadata" "--manifest-path" "Cargo.toml" "--no-deps", kill_on_drop: false }`
[INFO] started tweaking crates.io crate typed_macros 1.0.6
[INFO] finished tweaking crates.io crate typed_macros 1.0.6
[INFO] tweaked toml for crates.io crate typed_macros 1.0.6 written to /workspace/builds/worker-2-tc1/source/Cargo.toml
[INFO] running `Command { std: CARGO_HOME="/workspace/cargo-home" RUSTUP_HOME="/workspace/rustup-home" "/workspace/cargo-home/bin/cargo" "+nightly-2024-10-28" "generate-lockfile" "--manifest-path" "Cargo.toml", kill_on_drop: false }`
[INFO] running `Command { std: CARGO_HOME="/workspace/cargo-home" RUSTUP_HOME="/workspace/rustup-home" "/workspace/cargo-home/bin/cargo" "+nightly-2024-10-28" "fetch" "--manifest-path" "Cargo.toml", kill_on_drop: false }`
[INFO] running `Command { std: "docker" "create" "-v" "/var/lib/crater-agent-workspace/builds/worker-2-tc1/target:/opt/rustwide/target:rw,Z" "-v" "/var/lib/crater-agent-workspace/builds/worker-2-tc1/source:/opt/rustwide/workdir:ro,Z" "-v" "/var/lib/crater-agent-workspace/cargo-home:/opt/rustwide/cargo-home:ro,Z" "-v" "/var/lib/crater-agent-workspace/rustup-home:/opt/rustwide/rustup-home:ro,Z" "-e" "SOURCE_DIR=/opt/rustwide/workdir" "-e" "CARGO_TARGET_DIR=/opt/rustwide/target" "-e" "CARGO_HOME=/opt/rustwide/cargo-home" "-e" "RUSTUP_HOME=/opt/rustwide/rustup-home" "-w" "/opt/rustwide/workdir" "-m" "1610612736" "--user" "0:0" "--network" "none" "ghcr.io/rust-lang/crates-build-env/linux@sha256:4a844ea9eb2546a2d2c7022eacef16ef2e8229c7fbb2c7d4d55a9ceca922f72d" "/opt/rustwide/cargo-home/bin/cargo" "+nightly-2024-10-28" "metadata" "--no-deps" "--format-version=1", kill_on_drop: false }`
[INFO] [stdout] bec5b2b91037941a0b02335d240d6d5fb4e91660499a144710b1ebb9e16af6d1
[INFO] running `Command { std: "docker" "start" "-a" "bec5b2b91037941a0b02335d240d6d5fb4e91660499a144710b1ebb9e16af6d1", kill_on_drop: false }`
[INFO] running `Command { std: "docker" "inspect" "bec5b2b91037941a0b02335d240d6d5fb4e91660499a144710b1ebb9e16af6d1", kill_on_drop: false }`
[INFO] running `Command { std: "docker" "rm" "-f" "bec5b2b91037941a0b02335d240d6d5fb4e91660499a144710b1ebb9e16af6d1", kill_on_drop: false }`
[INFO] [stdout] bec5b2b91037941a0b02335d240d6d5fb4e91660499a144710b1ebb9e16af6d1
[INFO] running `Command { std: "docker" "create" "-v" "/var/lib/crater-agent-workspace/builds/worker-2-tc1/target:/opt/rustwide/target:rw,Z" "-v" "/var/lib/crater-agent-workspace/builds/worker-2-tc1/source:/opt/rustwide/workdir:ro,Z" "-v" "/var/lib/crater-agent-workspace/cargo-home:/opt/rustwide/cargo-home:ro,Z" "-v" "/var/lib/crater-agent-workspace/rustup-home:/opt/rustwide/rustup-home:ro,Z" "-e" "SOURCE_DIR=/opt/rustwide/workdir" "-e" "CARGO_TARGET_DIR=/opt/rustwide/target" "-e" "CARGO_INCREMENTAL=0" "-e" "RUST_BACKTRACE=full" "-e" "RUSTFLAGS=--cap-lints=forbid" "-e" "RUSTDOCFLAGS=--cap-lints=forbid" "-e" "CARGO_HOME=/opt/rustwide/cargo-home" "-e" "RUSTUP_HOME=/opt/rustwide/rustup-home" "-w" "/opt/rustwide/workdir" "-m" "1610612736" "--user" "0:0" "--network" "none" "ghcr.io/rust-lang/crates-build-env/linux@sha256:4a844ea9eb2546a2d2c7022eacef16ef2e8229c7fbb2c7d4d55a9ceca922f72d" "/opt/rustwide/cargo-home/bin/cargo" "+nightly-2024-10-28" "build" "--frozen" "--message-format=json", kill_on_drop: false }`
[INFO] [stdout] 1a62271a32fa2f3b1d7c9917d2dc46cba6d4112fff996f17efccca009d273c3a
[INFO] running `Command { std: "docker" "start" "-a" "1a62271a32fa2f3b1d7c9917d2dc46cba6d4112fff996f17efccca009d273c3a", kill_on_drop: false }`
[INFO] [stderr]    Compiling typed_macros v1.0.6 (/opt/rustwide/workdir)
[INFO] [stderr]     Finished `dev` profile [unoptimized + debuginfo] target(s) in 0.03s
[INFO] running `Command { std: "docker" "inspect" "1a62271a32fa2f3b1d7c9917d2dc46cba6d4112fff996f17efccca009d273c3a", kill_on_drop: false }`
[INFO] running `Command { std: "docker" "rm" "-f" "1a62271a32fa2f3b1d7c9917d2dc46cba6d4112fff996f17efccca009d273c3a", kill_on_drop: false }`
[INFO] [stdout] 1a62271a32fa2f3b1d7c9917d2dc46cba6d4112fff996f17efccca009d273c3a
[INFO] running `Command { std: "docker" "create" "-v" "/var/lib/crater-agent-workspace/builds/worker-2-tc1/target:/opt/rustwide/target:rw,Z" "-v" "/var/lib/crater-agent-workspace/builds/worker-2-tc1/source:/opt/rustwide/workdir:ro,Z" "-v" "/var/lib/crater-agent-workspace/cargo-home:/opt/rustwide/cargo-home:ro,Z" "-v" "/var/lib/crater-agent-workspace/rustup-home:/opt/rustwide/rustup-home:ro,Z" "-e" "SOURCE_DIR=/opt/rustwide/workdir" "-e" "CARGO_TARGET_DIR=/opt/rustwide/target" "-e" "CARGO_INCREMENTAL=0" "-e" "RUST_BACKTRACE=full" "-e" "RUSTFLAGS=--cap-lints=forbid" "-e" "RUSTDOCFLAGS=--cap-lints=forbid" "-e" "CARGO_HOME=/opt/rustwide/cargo-home" "-e" "RUSTUP_HOME=/opt/rustwide/rustup-home" "-w" "/opt/rustwide/workdir" "-m" "1610612736" "--user" "0:0" "--network" "none" "ghcr.io/rust-lang/crates-build-env/linux@sha256:4a844ea9eb2546a2d2c7022eacef16ef2e8229c7fbb2c7d4d55a9ceca922f72d" "/opt/rustwide/cargo-home/bin/cargo" "+nightly-2024-10-28" "test" "--frozen" "--no-run" "--message-format=json", kill_on_drop: false }`
[INFO] [stdout] aa6df99f5da8e264025fd91d8b22a52bc79c49b3fc5c305a10d68c48f51a8ac0
[INFO] running `Command { std: "docker" "start" "-a" "aa6df99f5da8e264025fd91d8b22a52bc79c49b3fc5c305a10d68c48f51a8ac0", kill_on_drop: false }`
[INFO] [stderr]    Compiling typed_macros v1.0.6 (/opt/rustwide/workdir)
[INFO] [stderr]     Finished `test` profile [unoptimized + debuginfo] target(s) in 0.12s
[INFO] running `Command { std: "docker" "inspect" "aa6df99f5da8e264025fd91d8b22a52bc79c49b3fc5c305a10d68c48f51a8ac0", kill_on_drop: false }`
[INFO] running `Command { std: "docker" "rm" "-f" "aa6df99f5da8e264025fd91d8b22a52bc79c49b3fc5c305a10d68c48f51a8ac0", kill_on_drop: false }`
[INFO] [stdout] aa6df99f5da8e264025fd91d8b22a52bc79c49b3fc5c305a10d68c48f51a8ac0
[INFO] running `Command { std: "docker" "create" "-v" "/var/lib/crater-agent-workspace/builds/worker-2-tc1/target:/opt/rustwide/target:rw,Z" "-v" "/var/lib/crater-agent-workspace/builds/worker-2-tc1/source:/opt/rustwide/workdir:ro,Z" "-v" "/var/lib/crater-agent-workspace/cargo-home:/opt/rustwide/cargo-home:ro,Z" "-v" "/var/lib/crater-agent-workspace/rustup-home:/opt/rustwide/rustup-home:ro,Z" "-e" "SOURCE_DIR=/opt/rustwide/workdir" "-e" "CARGO_TARGET_DIR=/opt/rustwide/target" "-e" "CARGO_INCREMENTAL=0" "-e" "RUST_BACKTRACE=full" "-e" "RUSTFLAGS=--cap-lints=forbid" "-e" "RUSTDOCFLAGS=--cap-lints=forbid" "-e" "CARGO_HOME=/opt/rustwide/cargo-home" "-e" "RUSTUP_HOME=/opt/rustwide/rustup-home" "-w" "/opt/rustwide/workdir" "-m" "1610612736" "--user" "0:0" "--network" "none" "ghcr.io/rust-lang/crates-build-env/linux@sha256:4a844ea9eb2546a2d2c7022eacef16ef2e8229c7fbb2c7d4d55a9ceca922f72d" "/opt/rustwide/cargo-home/bin/cargo" "+nightly-2024-10-28" "test" "--frozen", kill_on_drop: false }`
[INFO] [stdout] 82765987bedcb0fc36d66b3505c9e65a0a66babcbc8b1ecd9d5bf34e0237784d
[INFO] running `Command { std: "docker" "start" "-a" "82765987bedcb0fc36d66b3505c9e65a0a66babcbc8b1ecd9d5bf34e0237784d", kill_on_drop: false }`
[INFO] [stderr]     Finished `test` profile [unoptimized + debuginfo] target(s) in 0.00s
[INFO] [stderr]      Running unittests src/lib.rs (/opt/rustwide/target/debug/deps/typed_macros-f7b41d484b05efd1)
[INFO] [stdout] 
[INFO] [stdout] running 2 tests
[INFO] [stdout] test tests::multibranched ... ok
[INFO] [stdout] test tests::singlebranched ... ok
[INFO] [stdout] 
[INFO] [stdout] test result: ok. 2 passed; 0 failed; 0 ignored; 0 measured; 0 filtered out; finished in 0.00s
[INFO] [stdout] 
[INFO] [stderr]    Doc-tests typed_macros
[INFO] [stdout] 
[INFO] [stdout] running 3 tests
[INFO] [stdout] test src/lib.rs - (line 11) ... FAILED
[INFO] [stdout] test src/lib.rs - macrox (line 77) ... FAILED
[INFO] [stdout] test src/lib.rs - macrox (line 40) ... FAILED
[INFO] [stdout] 
[INFO] [stdout] failures:
[INFO] [stdout] 
[INFO] [stdout] ---- src/lib.rs - (line 11) stdout ----
[INFO] [stdout] error[E0658]: meta-variable expressions are unstable
[INFO] [stdout]    --> /opt/rustwide/workdir/src/lib.rs:109:7
[INFO] [stdout]     |
[INFO] [stdout] 109 |                 ($$arg: expr) => {
[INFO] [stdout]     |                   ^
[INFO] [stdout]     |
[INFO] [stdout]     = note: see issue #83527 <https://github.com/rust-lang/rust/issues/83527> for more information
[INFO] [stdout]     = help: add `#![feature(macro_metavar_expr)]` to the crate attributes to enable
[INFO] [stdout]     = note: this compiler was built on 2024-10-27; consider upgrading it if it is out of date
[INFO] [stdout] 
[INFO] [stdout] error[E0658]: meta-variable expressions are unstable
[INFO] [stdout]    --> /opt/rustwide/workdir/src/lib.rs:111:26
[INFO] [stdout]     |
[INFO] [stdout] 111 |                         $(let $arg: $ty = $$arg;)*
[INFO] [stdout]     |                                            ^
[INFO] [stdout]     |
[INFO] [stdout]     = note: see issue #83527 <https://github.com/rust-lang/rust/issues/83527> for more information
[INFO] [stdout]     = help: add `#![feature(macro_metavar_expr)]` to the crate attributes to enable
[INFO] [stdout]     = note: this compiler was built on 2024-10-27; consider upgrading it if it is out of date
[INFO] [stdout] 
[INFO] [stdout] error[E0658]: meta-variable expressions are unstable
[INFO] [stdout]    --> /opt/rustwide/workdir/src/lib.rs:132:24
[INFO] [stdout]     |
[INFO] [stdout] 132 |                 ($(@$identifier)* $$arg: expr) => {
[INFO] [stdout]     |                                    ^
[INFO] [stdout]     |
[INFO] [stdout]     = note: see issue #83527 <https://github.com/rust-lang/rust/issues/83527> for more information
[INFO] [stdout]     = help: add `#![feature(macro_metavar_expr)]` to the crate attributes to enable
[INFO] [stdout]     = note: this compiler was built on 2024-10-27; consider upgrading it if it is out of date
[INFO] [stdout] 
[INFO] [stdout] error[E0658]: meta-variable expressions are unstable
[INFO] [stdout]    --> /opt/rustwide/workdir/src/lib.rs:134:26
[INFO] [stdout]     |
[INFO] [stdout] 134 |                         $(let $arg: $ty = $$arg;)*
[INFO] [stdout]     |                                            ^
[INFO] [stdout]     |
[INFO] [stdout]     = note: see issue #83527 <https://github.com/rust-lang/rust/issues/83527> for more information
[INFO] [stdout]     = help: add `#![feature(macro_metavar_expr)]` to the crate attributes to enable
[INFO] [stdout]     = note: this compiler was built on 2024-10-27; consider upgrading it if it is out of date
[INFO] [stdout] 
[INFO] [stdout] error: aborting due to 4 previous errors
[INFO] [stdout] 
[INFO] [stdout] For more information about this error, try `rustc --explain E0658`.
[INFO] [stdout] Couldn't compile the test.
[INFO] [stdout] ---- src/lib.rs - macrox (line 77) stdout ----
[INFO] [stdout] error[E0658]: meta-variable expressions are unstable
[INFO] [stdout]    --> /opt/rustwide/workdir/src/lib.rs:109:7
[INFO] [stdout]     |
[INFO] [stdout] 109 |                 ($$arg: expr) => {
[INFO] [stdout]     |                   ^
[INFO] [stdout]     |
[INFO] [stdout]     = note: see issue #83527 <https://github.com/rust-lang/rust/issues/83527> for more information
[INFO] [stdout]     = help: add `#![feature(macro_metavar_expr)]` to the crate attributes to enable
[INFO] [stdout]     = note: this compiler was built on 2024-10-27; consider upgrading it if it is out of date
[INFO] [stdout] 
[INFO] [stdout] error[E0658]: meta-variable expressions are unstable
[INFO] [stdout]    --> /opt/rustwide/workdir/src/lib.rs:111:26
[INFO] [stdout]     |
[INFO] [stdout] 111 |                         $(let $arg: $ty = $$arg;)*
[INFO] [stdout]     |                                            ^
[INFO] [stdout]     |
[INFO] [stdout]     = note: see issue #83527 <https://github.com/rust-lang/rust/issues/83527> for more information
[INFO] [stdout]     = help: add `#![feature(macro_metavar_expr)]` to the crate attributes to enable
[INFO] [stdout]     = note: this compiler was built on 2024-10-27; consider upgrading it if it is out of date
[INFO] [stdout] 
[INFO] [stdout] error[E0658]: meta-variable expressions are unstable
[INFO] [stdout]    --> /opt/rustwide/workdir/src/lib.rs:132:24
[INFO] [stdout]     |
[INFO] [stdout] 132 |                 ($(@$identifier)* $$arg: expr) => {
[INFO] [stdout]     |                                    ^
[INFO] [stdout]     |
[INFO] [stdout]     = note: see issue #83527 <https://github.com/rust-lang/rust/issues/83527> for more information
[INFO] [stdout]     = help: add `#![feature(macro_metavar_expr)]` to the crate attributes to enable
[INFO] [stdout]     = note: this compiler was built on 2024-10-27; consider upgrading it if it is out of date
[INFO] [stdout] 
[INFO] [stdout] error[E0658]: meta-variable expressions are unstable
[INFO] [stdout]    --> /opt/rustwide/workdir/src/lib.rs:134:26
[INFO] [stdout]     |
[INFO] [stdout] 134 |                         $(let $arg: $ty = $$arg;)*
[INFO] [stdout]     |                                            ^
[INFO] [stdout]     |
[INFO] [stdout]     = note: see issue #83527 <https://github.com/rust-lang/rust/issues/83527> for more information
[INFO] [stdout]     = help: add `#![feature(macro_metavar_expr)]` to the crate attributes to enable
[INFO] [stdout]     = note: this compiler was built on 2024-10-27; consider upgrading it if it is out of date
[INFO] [stdout] 
[INFO] [stdout] error: aborting due to 4 previous errors
[INFO] [stdout] 
[INFO] [stdout] For more information about this error, try `rustc --explain E0658`.
[INFO] [stdout] Couldn't compile the test.
[INFO] [stdout] ---- src/lib.rs - macrox (line 40) stdout ----
[INFO] [stdout] error[E0658]: meta-variable expressions are unstable
[INFO] [stdout]    --> /opt/rustwide/workdir/src/lib.rs:109:7
[INFO] [stdout]     |
[INFO] [stdout] 109 |                 ($$arg: expr) => {
[INFO] [stdout]     |                   ^
[INFO] [stdout]     |
[INFO] [stdout]     = note: see issue #83527 <https://github.com/rust-lang/rust/issues/83527> for more information
[INFO] [stdout]     = help: add `#![feature(macro_metavar_expr)]` to the crate attributes to enable
[INFO] [stdout]     = note: this compiler was built on 2024-10-27; consider upgrading it if it is out of date
[INFO] [stdout] 
[INFO] [stdout] error[E0658]: meta-variable expressions are unstable
[INFO] [stdout]    --> /opt/rustwide/workdir/src/lib.rs:111:26
[INFO] [stdout]     |
[INFO] [stdout] 111 |                         $(let $arg: $ty = $$arg;)*
[INFO] [stdout]     |                                            ^
[INFO] [stdout]     |
[INFO] [stdout]     = note: see issue #83527 <https://github.com/rust-lang/rust/issues/83527> for more information
[INFO] [stdout]     = help: add `#![feature(macro_metavar_expr)]` to the crate attributes to enable
[INFO] [stdout]     = note: this compiler was built on 2024-10-27; consider upgrading it if it is out of date
[INFO] [stdout] 
[INFO] [stdout] error[E0658]: meta-variable expressions are unstable
[INFO] [stdout]    --> /opt/rustwide/workdir/src/lib.rs:132:24
[INFO] [stdout]     |
[INFO] [stdout] 132 |                 ($(@$identifier)* $$arg: expr) => {
[INFO] [stdout]     |                                    ^
[INFO] [stdout]     |
[INFO] [stdout]     = note: see issue #83527 <https://github.com/rust-lang/rust/issues/83527> for more information
[INFO] [stdout]     = help: add `#![feature(macro_metavar_expr)]` to the crate attributes to enable
[INFO] [stdout]     = note: this compiler was built on 2024-10-27; consider upgrading it if it is out of date
[INFO] [stdout] 
[INFO] [stdout] error[E0658]: meta-variable expressions are unstable
[INFO] [stdout]    --> /opt/rustwide/workdir/src/lib.rs:134:26
[INFO] [stdout]     |
[INFO] [stdout] 134 |                         $(let $arg: $ty = $$arg;)*
[INFO] [stdout]     |                                            ^
[INFO] [stdout]     |
[INFO] [stdout]     = note: see issue #83527 <https://github.com/rust-lang/rust/issues/83527> for more information
[INFO] [stdout]     = help: add `#![feature(macro_metavar_expr)]` to the crate attributes to enable
[INFO] [stdout]     = note: this compiler was built on 2024-10-27; consider upgrading it if it is out of date
[INFO] [stdout] 
[INFO] [stdout] error: aborting due to 4 previous errors
[INFO] [stdout] 
[INFO] [stdout] For more information about this error, try `rustc --explain E0658`.
[INFO] [stdout] Couldn't compile the test.
[INFO] [stdout] 
[INFO] [stdout] failures:
[INFO] [stdout]     src/lib.rs - (line 11)
[INFO] [stdout]     src/lib.rs - macrox (line 40)
[INFO] [stdout]     src/lib.rs - macrox (line 77)
[INFO] [stdout] 
[INFO] [stdout] test result: FAILED. 0 passed; 3 failed; 0 ignored; 0 measured; 0 filtered out; finished in 0.03s
[INFO] [stdout] 
[INFO] [stderr] error: doctest failed, to rerun pass `--doc`
[INFO] running `Command { std: "docker" "inspect" "82765987bedcb0fc36d66b3505c9e65a0a66babcbc8b1ecd9d5bf34e0237784d", kill_on_drop: false }`
[INFO] running `Command { std: "docker" "rm" "-f" "82765987bedcb0fc36d66b3505c9e65a0a66babcbc8b1ecd9d5bf34e0237784d", kill_on_drop: false }`
[INFO] [stdout] 82765987bedcb0fc36d66b3505c9e65a0a66babcbc8b1ecd9d5bf34e0237784d
