[INFO] fetching crate type_constructor 0.3.0...
[INFO] testing type_constructor-0.3.0 against nightly-2024-10-28+rustflags=-Zrandomize-layout for randomize-layout
[INFO] extracting crate type_constructor 0.3.0 into /workspace/builds/worker-7-tc2/source
[INFO] validating manifest of crates.io crate type_constructor 0.3.0 on toolchain nightly-2024-10-28
[INFO] running `Command { std: CARGO_HOME="/workspace/cargo-home" RUSTUP_HOME="/workspace/rustup-home" "/workspace/cargo-home/bin/cargo" "+nightly-2024-10-28" "metadata" "--manifest-path" "Cargo.toml" "--no-deps", kill_on_drop: false }`
[INFO] started tweaking crates.io crate type_constructor 0.3.0
[INFO] finished tweaking crates.io crate type_constructor 0.3.0
[INFO] tweaked toml for crates.io crate type_constructor 0.3.0 written to /workspace/builds/worker-7-tc2/source/Cargo.toml
[INFO] running `Command { std: CARGO_HOME="/workspace/cargo-home" RUSTUP_HOME="/workspace/rustup-home" "/workspace/cargo-home/bin/cargo" "+nightly-2024-10-28" "generate-lockfile" "--manifest-path" "Cargo.toml", kill_on_drop: false }`
[INFO] [stderr]     Updating crates.io index
[INFO] [stderr]      Locking 92 packages to latest compatible versions
[INFO] [stderr]       Adding derive_tools v0.16.0 (available: v0.32.0)
[INFO] [stderr]       Adding either v1.6.1 (available: v1.13.0)
[INFO] [stderr]       Adding test_tools v0.6.0 (available: v0.11.0)
[INFO] running `Command { std: CARGO_HOME="/workspace/cargo-home" RUSTUP_HOME="/workspace/rustup-home" "/workspace/cargo-home/bin/cargo" "+nightly-2024-10-28" "fetch" "--manifest-path" "Cargo.toml", kill_on_drop: false }`
[INFO] running `Command { std: "docker" "create" "-v" "/var/lib/crater-agent-workspace/builds/worker-7-tc2/target:/opt/rustwide/target:rw,Z" "-v" "/var/lib/crater-agent-workspace/builds/worker-7-tc2/source:/opt/rustwide/workdir:ro,Z" "-v" "/var/lib/crater-agent-workspace/cargo-home:/opt/rustwide/cargo-home:ro,Z" "-v" "/var/lib/crater-agent-workspace/rustup-home:/opt/rustwide/rustup-home:ro,Z" "-e" "SOURCE_DIR=/opt/rustwide/workdir" "-e" "CARGO_TARGET_DIR=/opt/rustwide/target" "-e" "CARGO_HOME=/opt/rustwide/cargo-home" "-e" "RUSTUP_HOME=/opt/rustwide/rustup-home" "-w" "/opt/rustwide/workdir" "-m" "1610612736" "--user" "0:0" "--network" "none" "ghcr.io/rust-lang/crates-build-env/linux@sha256:4a844ea9eb2546a2d2c7022eacef16ef2e8229c7fbb2c7d4d55a9ceca922f72d" "/opt/rustwide/cargo-home/bin/cargo" "+nightly-2024-10-28" "metadata" "--no-deps" "--format-version=1", kill_on_drop: false }`
[INFO] [stdout] dc965e38b84af97b592b871588126b8298e321538bb772e5ae6f5091d89dffd1
[INFO] running `Command { std: "docker" "start" "-a" "dc965e38b84af97b592b871588126b8298e321538bb772e5ae6f5091d89dffd1", kill_on_drop: false }`
[INFO] running `Command { std: "docker" "inspect" "dc965e38b84af97b592b871588126b8298e321538bb772e5ae6f5091d89dffd1", kill_on_drop: false }`
[INFO] running `Command { std: "docker" "rm" "-f" "dc965e38b84af97b592b871588126b8298e321538bb772e5ae6f5091d89dffd1", kill_on_drop: false }`
[INFO] [stdout] dc965e38b84af97b592b871588126b8298e321538bb772e5ae6f5091d89dffd1
[INFO] running `Command { std: "docker" "create" "-v" "/var/lib/crater-agent-workspace/builds/worker-7-tc2/target:/opt/rustwide/target:rw,Z" "-v" "/var/lib/crater-agent-workspace/builds/worker-7-tc2/source:/opt/rustwide/workdir:ro,Z" "-v" "/var/lib/crater-agent-workspace/cargo-home:/opt/rustwide/cargo-home:ro,Z" "-v" "/var/lib/crater-agent-workspace/rustup-home:/opt/rustwide/rustup-home:ro,Z" "-e" "SOURCE_DIR=/opt/rustwide/workdir" "-e" "CARGO_TARGET_DIR=/opt/rustwide/target" "-e" "CARGO_INCREMENTAL=0" "-e" "RUST_BACKTRACE=full" "-e" "RUSTFLAGS=--cap-lints=forbid -Zrandomize-layout" "-e" "RUSTDOCFLAGS=--cap-lints=forbid" "-e" "CARGO_HOME=/opt/rustwide/cargo-home" "-e" "RUSTUP_HOME=/opt/rustwide/rustup-home" "-w" "/opt/rustwide/workdir" "-m" "1610612736" "--user" "0:0" "--network" "none" "ghcr.io/rust-lang/crates-build-env/linux@sha256:4a844ea9eb2546a2d2c7022eacef16ef2e8229c7fbb2c7d4d55a9ceca922f72d" "/opt/rustwide/cargo-home/bin/cargo" "+nightly-2024-10-28" "build" "--frozen" "--message-format=json", kill_on_drop: false }`
[INFO] [stdout] bed62532c68ff1736d26297d504575b9d175be4d039f5969b7a9270d94600294
[INFO] running `Command { std: "docker" "start" "-a" "bed62532c68ff1736d26297d504575b9d175be4d039f5969b7a9270d94600294", kill_on_drop: false }`
[INFO] [stderr]    Compiling proc-macro2 v1.0.89
[INFO] [stderr]    Compiling unicode-ident v1.0.13
[INFO] [stderr]    Compiling either v1.6.1
[INFO] [stderr]    Compiling interval_adapter v0.13.0
[INFO] [stderr]    Compiling cfg_aliases v0.1.1
[INFO] [stderr]    Compiling derive_tools v0.16.0
[INFO] [stderr]    Compiling itertools v0.11.0
[INFO] [stderr]    Compiling quote v1.0.37
[INFO] [stderr]    Compiling syn v2.0.86
[INFO] [stderr]    Compiling iter_tools v0.11.0
[INFO] [stderr]    Compiling macro_tools v0.19.0
[INFO] [stderr]    Compiling derive_tools_meta v0.14.0
[INFO] [stderr]    Compiling variadic_from v0.10.0
[INFO] [stderr]    Compiling type_constructor v0.3.0 (/opt/rustwide/workdir)
[INFO] [stderr]     Finished `dev` profile [unoptimized + debuginfo] target(s) in 6.42s
[INFO] running `Command { std: "docker" "inspect" "bed62532c68ff1736d26297d504575b9d175be4d039f5969b7a9270d94600294", kill_on_drop: false }`
[INFO] running `Command { std: "docker" "rm" "-f" "bed62532c68ff1736d26297d504575b9d175be4d039f5969b7a9270d94600294", kill_on_drop: false }`
[INFO] [stdout] bed62532c68ff1736d26297d504575b9d175be4d039f5969b7a9270d94600294
[INFO] running `Command { std: "docker" "create" "-v" "/var/lib/crater-agent-workspace/builds/worker-7-tc2/target:/opt/rustwide/target:rw,Z" "-v" "/var/lib/crater-agent-workspace/builds/worker-7-tc2/source:/opt/rustwide/workdir:ro,Z" "-v" "/var/lib/crater-agent-workspace/cargo-home:/opt/rustwide/cargo-home:ro,Z" "-v" "/var/lib/crater-agent-workspace/rustup-home:/opt/rustwide/rustup-home:ro,Z" "-e" "SOURCE_DIR=/opt/rustwide/workdir" "-e" "CARGO_TARGET_DIR=/opt/rustwide/target" "-e" "CARGO_INCREMENTAL=0" "-e" "RUST_BACKTRACE=full" "-e" "RUSTFLAGS=--cap-lints=forbid -Zrandomize-layout" "-e" "RUSTDOCFLAGS=--cap-lints=forbid" "-e" "CARGO_HOME=/opt/rustwide/cargo-home" "-e" "RUSTUP_HOME=/opt/rustwide/rustup-home" "-w" "/opt/rustwide/workdir" "-m" "1610612736" "--user" "0:0" "--network" "none" "ghcr.io/rust-lang/crates-build-env/linux@sha256:4a844ea9eb2546a2d2c7022eacef16ef2e8229c7fbb2c7d4d55a9ceca922f72d" "/opt/rustwide/cargo-home/bin/cargo" "+nightly-2024-10-28" "test" "--frozen" "--no-run" "--message-format=json", kill_on_drop: false }`
[INFO] [stdout] 798b6edace4515f8f03de0db46caea8c67a2ef2c77940ed058397f44e7725d9a
[INFO] running `Command { std: "docker" "start" "-a" "798b6edace4515f8f03de0db46caea8c67a2ef2c77940ed058397f44e7725d9a", kill_on_drop: false }`
[INFO] [stderr]    Compiling syn v1.0.109
[INFO] [stderr]    Compiling interval_adapter v0.5.0
[INFO] [stderr]    Compiling semver v1.0.23
[INFO] [stderr]    Compiling serde v1.0.214
[INFO] [stderr]    Compiling libc v0.2.161
[INFO] [stderr]    Compiling derive_tools v0.10.0
[INFO] [stderr]    Compiling convert_case v0.4.0
[INFO] [stderr]    Compiling iter_tools v0.5.0
[INFO] [stderr]    Compiling zerocopy-derive v0.7.35
[INFO] [stderr]    Compiling byteorder v1.5.0
[INFO] [stderr]    Compiling derive_more v0.99.18
[INFO] [stderr]    Compiling equivalent v1.0.1
[INFO] [stderr]    Compiling hashbrown v0.15.0
[INFO] [stderr]    Compiling serde_json v1.0.132
[INFO] [stderr]    Compiling rustc_version v0.4.1
[INFO] [stderr]    Compiling autocfg v1.4.0
[INFO] [stderr]    Compiling indexmap v2.6.0
[INFO] [stderr]    Compiling inspect_type v0.6.0
[INFO] [stderr]    Compiling zerocopy v0.7.35
[INFO] [stderr]    Compiling thiserror v1.0.66
[INFO] [stderr]    Compiling target-triple v0.1.3
[INFO] [stderr]    Compiling winnow v0.6.20
[INFO] [stderr]    Compiling getrandom v0.2.15
[INFO] [stderr]    Compiling anyhow v1.0.92
[INFO] [stderr]    Compiling paste v1.0.15
[INFO] [stderr]    Compiling rand_core v0.6.4
[INFO] [stderr]    Compiling ppv-lite86 v0.2.20
[INFO] [stderr]    Compiling num-traits v0.2.19
[INFO] [stderr]    Compiling thiserror-impl v1.0.66
[INFO] [stderr]    Compiling diff v0.1.13
[INFO] [stderr]    Compiling ryu v1.0.18
[INFO] [stderr]    Compiling itoa v1.0.11
[INFO] [stderr]    Compiling rustversion v1.0.18
[INFO] [stderr]    Compiling yansi v1.0.1
[INFO] [stderr]    Compiling memchr v2.7.4
[INFO] [stderr]    Compiling rand_chacha v0.3.1
[INFO] [stderr]    Compiling pretty_assertions v1.4.1
[INFO] [stderr]    Compiling test_tools v0.6.0
[INFO] [stderr]    Compiling serde_derive v1.0.214
[INFO] [stderr]    Compiling is_slice v0.5.0
[INFO] [stderr]    Compiling for_each v0.4.0
[INFO] [stderr]    Compiling implements v0.4.0
[INFO] [stderr]    Compiling either v1.6.1
[INFO] [stderr]    Compiling glob v0.3.1
[INFO] [stderr]    Compiling dissimilar v1.0.9
[INFO] [stderr]    Compiling termcolor v1.4.1
[INFO] [stderr]    Compiling literally v0.1.3
[INFO] [stderr]    Compiling error_tools v0.5.0
[INFO] [stderr]    Compiling typing_tools v0.4.0
[INFO] [stderr]    Compiling toml_datetime v0.6.8
[INFO] [stderr]    Compiling serde_spanned v0.6.8
[INFO] [stderr]    Compiling toml_edit v0.22.22
[INFO] [stderr]    Compiling diagnostics_tools v0.4.0
[INFO] [stderr]    Compiling rand v0.8.5
[INFO] [stderr]    Compiling macro_tools v0.4.0
[INFO] [stderr]    Compiling mem_tools v0.2.0
[INFO] [stderr]    Compiling derive_tools_meta v0.8.0
[INFO] [stderr]    Compiling impls_index_meta v0.3.0
[INFO] [stderr]    Compiling toml v0.8.19
[INFO] [stderr]    Compiling impls_index v0.3.0
[INFO] [stderr]    Compiling variadic_from v0.3.0
[INFO] [stderr]    Compiling mod_interface_meta v0.8.0
[INFO] [stderr]    Compiling type_constructor v0.2.0
[INFO] [stderr]    Compiling data_type v0.2.0
[INFO] [stderr]    Compiling trybuild v1.0.101
[INFO] [stderr]    Compiling mod_interface v0.8.0
[INFO] [stderr]    Compiling meta_tools v0.6.0
[INFO] [stderr]    Compiling type_constructor v0.3.0 (/opt/rustwide/workdir)
[INFO] [stdout] warning: missing documentation for the crate
[INFO] [stdout]   --> tests/smoke_test.rs:3:1
[INFO] [stdout]    |
[INFO] [stdout] 3  | / #[ test ]
[INFO] [stdout] 4  | | fn local_smoke_test()
[INFO] [stdout] 5  | | {
[INFO] [stdout] 6  | |   ::test_tools::smoke_test_for_local_run();
[INFO] [stdout] ...  |
[INFO] [stdout] 13 | |   ::test_tools::smoke_test_for_published_run();
[INFO] [stdout] 14 | | }
[INFO] [stdout]    | |_^
[INFO] [stdout]    |
[INFO] [stdout]    = note: requested on the command line with `-W missing-docs`
[INFO] [stdout] 
[INFO] [stdout] 
[INFO] [stdout] warning: unexpected `cfg` condition value: `prelude`
[INFO] [stdout]   --> tests/inc/mod.rs:11:14
[INFO] [stdout]    |
[INFO] [stdout] 11 | #[ cfg( any( feature = "prelude", feature = "dt_prelude" ) ) ]
[INFO] [stdout]    |              ^^^^^^^^^^^^^^^^^^^
[INFO] [stdout]    |
[INFO] [stdout]    = note: expected values for `feature` are: `default`, `enabled`, `full`, `make`, `many`, `no_std`, `use_alloc`, and `vectorized_from`
[INFO] [stdout]    = help: consider adding `prelude` as a feature in `Cargo.toml`
[INFO] [stdout]    = note: see <https://doc.rust-lang.org/nightly/rustc/check-cfg/cargo-specifics.html> for more information about checking conditional configuration
[INFO] [stdout]    = note: `#[warn(unexpected_cfgs)]` on by default
[INFO] [stdout] 
[INFO] [stdout] 
[INFO] [stdout] warning: unexpected `cfg` condition value: `dt_prelude`
[INFO] [stdout]   --> tests/inc/mod.rs:11:35
[INFO] [stdout]    |
[INFO] [stdout] 11 | #[ cfg( any( feature = "prelude", feature = "dt_prelude" ) ) ]
[INFO] [stdout]    |                                   ^^^^^^^^^^^^^^^^^^^^^^
[INFO] [stdout]    |
[INFO] [stdout]    = note: expected values for `feature` are: `default`, `enabled`, `full`, `make`, `many`, `no_std`, `use_alloc`, and `vectorized_from`
[INFO] [stdout]    = help: consider adding `dt_prelude` as a feature in `Cargo.toml`
[INFO] [stdout]    = note: see <https://doc.rust-lang.org/nightly/rustc/check-cfg/cargo-specifics.html> for more information about checking conditional configuration
[INFO] [stdout] 
[INFO] [stdout] 
[INFO] [stdout] warning: unexpected `cfg` condition value: `dt_vectorized_from`
[INFO] [stdout]   --> tests/inc/mod.rs:84:43
[INFO] [stdout]    |
[INFO] [stdout] 84 | #[ cfg( any( feature = "vectorized_from", feature = "dt_vectorized_from" ) ) ]
[INFO] [stdout]    |                                           ^^^^^^^^^^--------------------
[INFO] [stdout]    |                                                     |
[INFO] [stdout]    |                                                     help: there is a expected value with a similar name: `"vectorized_from"`
[INFO] [stdout]    |
[INFO] [stdout]    = note: expected values for `feature` are: `default`, `enabled`, `full`, `make`, `many`, `no_std`, `use_alloc`, and `vectorized_from`
[INFO] [stdout]    = help: consider adding `dt_vectorized_from` as a feature in `Cargo.toml`
[INFO] [stdout]    = note: see <https://doc.rust-lang.org/nightly/rustc/check-cfg/cargo-specifics.html> for more information about checking conditional configuration
[INFO] [stdout] 
[INFO] [stdout] 
[INFO] [stdout] warning: usage of an `unsafe` block
[INFO] [stdout]    --> tests/inc/single/single_parameter_main_manual_test.rs:161:5
[INFO] [stdout]     |
[INFO] [stdout] 161 | /     unsafe
[INFO] [stdout] 162 | |     {
[INFO] [stdout] 163 | |       core::mem::transmute::< _, _ >( self )
[INFO] [stdout] 164 | |     }
[INFO] [stdout]     | |_____^
[INFO] [stdout]     |
[INFO] [stdout]     = note: requested on the command line with `-W unsafe-code`
[INFO] [stdout] 
[INFO] [stdout] 
[INFO] [stdout] warning: usage of an `unsafe` block
[INFO] [stdout]    --> tests/inc/single/single_parameter_main_manual_test.rs:174:5
[INFO] [stdout]     |
[INFO] [stdout] 174 | /     unsafe
[INFO] [stdout] 175 | |     {
[INFO] [stdout] 176 | |       core::mem::transmute::< _, _ >( self )
[INFO] [stdout] 177 | |     }
[INFO] [stdout]     | |_____^
[INFO] [stdout] 
[INFO] [stdout] 
[INFO] [stdout] warning: usage of an `unsafe` block
[INFO] [stdout]    --> tests/inc/single/single_parametrized_main_manual_test.rs:190:5
[INFO] [stdout]     |
[INFO] [stdout] 190 | /     unsafe
[INFO] [stdout] 191 | |     {
[INFO] [stdout] 192 | |       core::mem::transmute::< _, _ >( self )
[INFO] [stdout] 193 | |     }
[INFO] [stdout]     | |_____^
[INFO] [stdout] 
[INFO] [stdout] 
[INFO] [stdout] warning: usage of an `unsafe` block
[INFO] [stdout]    --> tests/inc/single/single_parametrized_main_manual_test.rs:204:5
[INFO] [stdout]     |
[INFO] [stdout] 204 | /     unsafe
[INFO] [stdout] 205 | |     {
[INFO] [stdout] 206 | |       core::mem::transmute::< _, _ >( self )
[INFO] [stdout] 207 | |     }
[INFO] [stdout]     | |_____^
[INFO] [stdout] 
[INFO] [stdout] 
[INFO] [stdout] warning: usage of an `unsafe` block
[INFO] [stdout]   --> tests/inc/pair/homo_pair_parametrized_main_manual_test.rs:48:5
[INFO] [stdout]    |
[INFO] [stdout] 48 |     unsafe { core::mem::transmute::< _, _ >( self ) }
[INFO] [stdout]    |     ^^^^^^^^^^^^^^^^^^^^^^^^^^^^^^^^^^^^^^^^^^^^^^^^^
[INFO] [stdout] 
[INFO] [stdout] 
[INFO] [stdout] warning: usage of an `unsafe` block
[INFO] [stdout]   --> tests/inc/pair/homo_pair_parametrized_main_manual_test.rs:62:5
[INFO] [stdout]    |
[INFO] [stdout] 62 |     unsafe { core::mem::transmute::< _, _ >( self ) }
[INFO] [stdout]    |     ^^^^^^^^^^^^^^^^^^^^^^^^^^^^^^^^^^^^^^^^^^^^^^^^^
[INFO] [stdout] 
[INFO] [stdout] 
[INFO] [stdout] warning: usage of an `unsafe` block
[INFO] [stdout]    --> tests/inc/pair/homo_pair_parametrized_main_manual_test.rs:113:81
[INFO] [stdout]     |
[INFO] [stdout] 113 |   fn as_tuple( &self ) -> &( mod1::Floats< T1, T2 >, mod1::Floats< T1, T2 > ) { unsafe { core::mem::transmute::< _, _ >( self ) } }
[INFO] [stdout]     |                                                                                 ^^^^^^^^^^^^^^^^^^^^^^^^^^^^^^^^^^^^^^^^^^^^^^^^^
[INFO] [stdout] 
[INFO] [stdout] 
[INFO] [stdout] warning: usage of an `unsafe` block
[INFO] [stdout]    --> tests/inc/pair/homo_pair_parametrized_main_manual_test.rs:118:60
[INFO] [stdout]     |
[INFO] [stdout] 118 |   fn as_array( &self ) -> &[ mod1::Floats< T1, T2 >; 2 ] { unsafe { core::mem::transmute::< _, _ >( self ) } }
[INFO] [stdout]     |                                                            ^^^^^^^^^^^^^^^^^^^^^^^^^^^^^^^^^^^^^^^^^^^^^^^^^
[INFO] [stdout] 
[INFO] [stdout] 
[INFO] [stdout] warning: unnecessary trailing semicolon
[INFO] [stdout]   --> tests/inc/pair/./homo_pair_parametrized_main_test_only.rs:46:58
[INFO] [stdout]    |
[INFO] [stdout] 46 |     trait RoundInplace { fn round_inplace( &mut self ); };
[INFO] [stdout]    |                                                          ^ help: remove this semicolon
[INFO] [stdout]    |
[INFO] [stdout]    = note: `#[warn(redundant_semicolons)]` on by default
[INFO] [stdout] 
[INFO] [stdout] 
[INFO] [stdout] warning: missing documentation for the crate
[INFO] [stdout]   --> tests/data_type_tests.rs:7:1
[INFO] [stdout]    |
[INFO] [stdout] 7  | / #[ allow( unused_imports ) ]
[INFO] [stdout] 8  | | use type_constructor as TheModule;
[INFO] [stdout] 9  | | #[ allow( unused_imports ) ]
[INFO] [stdout] 10 | | use test_tools::exposed::*;
[INFO] [stdout] 11 | |
[INFO] [stdout] 12 | | mod inc;
[INFO] [stdout]    | |________^
[INFO] [stdout]    |
[INFO] [stdout]    = note: requested on the command line with `-W missing-docs`
[INFO] [stdout] 
[INFO] [stdout] 
[INFO] [stderr]     Finished `test` profile [unoptimized + debuginfo] target(s) in 19.45s
[INFO] running `Command { std: "docker" "inspect" "798b6edace4515f8f03de0db46caea8c67a2ef2c77940ed058397f44e7725d9a", kill_on_drop: false }`
[INFO] running `Command { std: "docker" "rm" "-f" "798b6edace4515f8f03de0db46caea8c67a2ef2c77940ed058397f44e7725d9a", kill_on_drop: false }`
[INFO] [stdout] 798b6edace4515f8f03de0db46caea8c67a2ef2c77940ed058397f44e7725d9a
[INFO] running `Command { std: "docker" "create" "-v" "/var/lib/crater-agent-workspace/builds/worker-7-tc2/target:/opt/rustwide/target:rw,Z" "-v" "/var/lib/crater-agent-workspace/builds/worker-7-tc2/source:/opt/rustwide/workdir:ro,Z" "-v" "/var/lib/crater-agent-workspace/cargo-home:/opt/rustwide/cargo-home:ro,Z" "-v" "/var/lib/crater-agent-workspace/rustup-home:/opt/rustwide/rustup-home:ro,Z" "-e" "SOURCE_DIR=/opt/rustwide/workdir" "-e" "CARGO_TARGET_DIR=/opt/rustwide/target" "-e" "CARGO_INCREMENTAL=0" "-e" "RUST_BACKTRACE=full" "-e" "RUSTFLAGS=--cap-lints=forbid -Zrandomize-layout" "-e" "RUSTDOCFLAGS=--cap-lints=forbid" "-e" "CARGO_HOME=/opt/rustwide/cargo-home" "-e" "RUSTUP_HOME=/opt/rustwide/rustup-home" "-w" "/opt/rustwide/workdir" "-m" "1610612736" "--user" "0:0" "--network" "none" "ghcr.io/rust-lang/crates-build-env/linux@sha256:4a844ea9eb2546a2d2c7022eacef16ef2e8229c7fbb2c7d4d55a9ceca922f72d" "/opt/rustwide/cargo-home/bin/cargo" "+nightly-2024-10-28" "test" "--frozen", kill_on_drop: false }`
[INFO] [stdout] 5df2fcefe6c6b1e2f6f212f295b14b7459e4fd88ae89b88e28bc174e9fbb9462
[INFO] running `Command { std: "docker" "start" "-a" "5df2fcefe6c6b1e2f6f212f295b14b7459e4fd88ae89b88e28bc174e9fbb9462", kill_on_drop: false }`
[INFO] [stderr] warning: missing documentation for the crate
[INFO] [stderr]   --> tests/smoke_test.rs:3:1
[INFO] [stderr]    |
[INFO] [stderr] 3  | / #[ test ]
[INFO] [stderr] 4  | | fn local_smoke_test()
[INFO] [stderr] 5  | | {
[INFO] [stderr] 6  | |   ::test_tools::smoke_test_for_local_run();
[INFO] [stderr] ...  |
[INFO] [stderr] 13 | |   ::test_tools::smoke_test_for_published_run();
[INFO] [stderr] 14 | | }
[INFO] [stderr]    | |_^
[INFO] [stderr]    |
[INFO] [stderr]    = note: requested on the command line with `-W missing-docs`
[INFO] [stderr] 
[INFO] [stderr] warning: unexpected `cfg` condition value: `prelude`
[INFO] [stderr]   --> tests/inc/mod.rs:11:14
[INFO] [stderr]    |
[INFO] [stderr] 11 | #[ cfg( any( feature = "prelude", feature = "dt_prelude" ) ) ]
[INFO] [stderr]    |              ^^^^^^^^^^^^^^^^^^^
[INFO] [stderr]    |
[INFO] [stderr]    = note: expected values for `feature` are: `default`, `enabled`, `full`, `make`, `many`, `no_std`, `use_alloc`, and `vectorized_from`
[INFO] [stderr]    = help: consider adding `prelude` as a feature in `Cargo.toml`
[INFO] [stderr]    = note: see <https://doc.rust-lang.org/nightly/rustc/check-cfg/cargo-specifics.html> for more information about checking conditional configuration
[INFO] [stderr]    = note: `#[warn(unexpected_cfgs)]` on by default
[INFO] [stderr] 
[INFO] [stderr] warning: unexpected `cfg` condition value: `dt_prelude`
[INFO] [stderr]   --> tests/inc/mod.rs:11:35
[INFO] [stderr]    |
[INFO] [stderr] 11 | #[ cfg( any( feature = "prelude", feature = "dt_prelude" ) ) ]
[INFO] [stderr]    |                                   ^^^^^^^^^^^^^^^^^^^^^^
[INFO] [stderr]    |
[INFO] [stderr]    = note: expected values for `feature` are: `default`, `enabled`, `full`, `make`, `many`, `no_std`, `use_alloc`, and `vectorized_from`
[INFO] [stderr]    = help: consider adding `dt_prelude` as a feature in `Cargo.toml`
[INFO] [stderr]    = note: see <https://doc.rust-lang.org/nightly/rustc/check-cfg/cargo-specifics.html> for more information about checking conditional configuration
[INFO] [stderr] 
[INFO] [stderr] warning: unexpected `cfg` condition value: `dt_vectorized_from`
[INFO] [stderr]   --> tests/inc/mod.rs:84:43
[INFO] [stderr]    |
[INFO] [stderr] 84 | #[ cfg( any( feature = "vectorized_from", feature = "dt_vectorized_from" ) ) ]
[INFO] [stderr]    |                                           ^^^^^^^^^^--------------------
[INFO] [stderr]    |                                                     |
[INFO] [stderr]    |                                                     help: there is a expected value with a similar name: `"vectorized_from"`
[INFO] [stderr]    |
[INFO] [stderr]    = note: expected values for `feature` are: `default`, `enabled`, `full`, `make`, `many`, `no_std`, `use_alloc`, and `vectorized_from`
[INFO] [stderr]    = help: consider adding `dt_vectorized_from` as a feature in `Cargo.toml`
[INFO] [stderr]    = note: see <https://doc.rust-lang.org/nightly/rustc/check-cfg/cargo-specifics.html> for more information about checking conditional configuration
[INFO] [stderr] 
[INFO] [stderr] warning: usage of an `unsafe` block
[INFO] [stderr]    --> tests/inc/single/single_parameter_main_manual_test.rs:161:5
[INFO] [stderr]     |
[INFO] [stderr] 161 | /     unsafe
[INFO] [stderr] 162 | |     {
[INFO] [stderr] 163 | |       core::mem::transmute::< _, _ >( self )
[INFO] [stderr] 164 | |     }
[INFO] [stderr]     | |_____^
[INFO] [stderr]     |
[INFO] [stderr]     = note: requested on the command line with `-W unsafe-code`
[INFO] [stderr] 
[INFO] [stderr] warning: usage of an `unsafe` block
[INFO] [stderr]    --> tests/inc/single/single_parameter_main_manual_test.rs:174:5
[INFO] [stderr]     |
[INFO] [stderr] 174 | /     unsafe
[INFO] [stderr] 175 | |     {
[INFO] [stderr] 176 | |       core::mem::transmute::< _, _ >( self )
[INFO] [stderr] 177 | |     }
[INFO] [stderr]     | |_____^
[INFO] [stderr] 
[INFO] [stderr] warning: usage of an `unsafe` block
[INFO] [stderr]    --> tests/inc/single/single_parametrized_main_manual_test.rs:190:5
[INFO] [stderr]     |
[INFO] [stderr] 190 | /     unsafe
[INFO] [stderr] 191 | |     {
[INFO] [stderr] 192 | |       core::mem::transmute::< _, _ >( self )
[INFO] [stderr] 193 | |     }
[INFO] [stderr]     | |_____^
[INFO] [stderr] 
[INFO] [stderr] warning: usage of an `unsafe` block
[INFO] [stderr]    --> tests/inc/single/single_parametrized_main_manual_test.rs:204:5
[INFO] [stderr]     |
[INFO] [stderr] 204 | /     unsafe
[INFO] [stderr] 205 | |     {
[INFO] [stderr] 206 | |       core::mem::transmute::< _, _ >( self )
[INFO] [stderr] 207 | |     }
[INFO] [stderr]     | |_____^
[INFO] [stderr] 
[INFO] [stderr] warning: usage of an `unsafe` block
[INFO] [stderr]   --> tests/inc/pair/homo_pair_parametrized_main_manual_test.rs:48:5
[INFO] [stderr]    |
[INFO] [stderr] 48 |     unsafe { core::mem::transmute::< _, _ >( self ) }
[INFO] [stderr]    |     ^^^^^^^^^^^^^^^^^^^^^^^^^^^^^^^^^^^^^^^^^^^^^^^^^
[INFO] [stderr] 
[INFO] [stderr] warning: usage of an `unsafe` block
[INFO] [stderr]   --> tests/inc/pair/homo_pair_parametrized_main_manual_test.rs:62:5
[INFO] [stderr]    |
[INFO] [stderr] 62 |     unsafe { core::mem::transmute::< _, _ >( self ) }
[INFO] [stderr]    |     ^^^^^^^^^^^^^^^^^^^^^^^^^^^^^^^^^^^^^^^^^^^^^^^^^
[INFO] [stderr] 
[INFO] [stderr] warning: usage of an `unsafe` block
[INFO] [stderr]    --> tests/inc/pair/homo_pair_parametrized_main_manual_test.rs:113:81
[INFO] [stderr]     |
[INFO] [stderr] 113 |   fn as_tuple( &self ) -> &( mod1::Floats< T1, T2 >, mod1::Floats< T1, T2 > ) { unsafe { core::mem::transmute::< _, _ >( self ) } }
[INFO] [stderr]     |                                                                                 ^^^^^^^^^^^^^^^^^^^^^^^^^^^^^^^^^^^^^^^^^^^^^^^^^
[INFO] [stderr] 
[INFO] [stderr] warning: usage of an `unsafe` block
[INFO] [stderr]    --> tests/inc/pair/homo_pair_parametrized_main_manual_test.rs:118:60
[INFO] [stderr]     |
[INFO] [stderr] 118 |   fn as_array( &self ) -> &[ mod1::Floats< T1, T2 >; 2 ] { unsafe { core::mem::transmute::< _, _ >( self ) } }
[INFO] [stderr]     |                                                            ^^^^^^^^^^^^^^^^^^^^^^^^^^^^^^^^^^^^^^^^^^^^^^^^^
[INFO] [stderr] 
[INFO] [stderr] warning: unnecessary trailing semicolon
[INFO] [stderr]   --> tests/inc/pair/./homo_pair_parametrized_main_test_only.rs:46:58
[INFO] [stderr]    |
[INFO] [stderr] 46 |     trait RoundInplace { fn round_inplace( &mut self ); };
[INFO] [stderr]    |                                                          ^ help: remove this semicolon
[INFO] [stderr]    |
[INFO] [stderr]    = note: `#[warn(redundant_semicolons)]` on by default
[INFO] [stderr] 
[INFO] [stderr] warning: missing documentation for the crate
[INFO] [stderr]   --> tests/data_type_tests.rs:7:1
[INFO] [stderr]    |
[INFO] [stderr] 7  | / #[ allow( unused_imports ) ]
[INFO] [stderr] 8  | | use type_constructor as TheModule;
[INFO] [stderr] 9  | | #[ allow( unused_imports ) ]
[INFO] [stderr] 10 | | use test_tools::exposed::*;
[INFO] [stderr] 11 | |
[INFO] [stderr] 12 | | mod inc;
[INFO] [stderr]    | |________^
[INFO] [stderr]    |
[INFO] [stderr]    = note: requested on the command line with `-W missing-docs`
[INFO] [stderr] 
[INFO] [stderr] warning: `type_constructor` (test "smoke_test") generated 1 warning
[INFO] [stderr] warning: `type_constructor` (test "data_type_tests") generated 13 warnings
[INFO] [stderr]     Finished `test` profile [unoptimized + debuginfo] target(s) in 0.09s
[INFO] [stderr]      Running unittests src/lib.rs (/opt/rustwide/target/debug/deps/type_constructor-d4bfe51844147668)
[INFO] [stdout] 
[INFO] [stdout] running 0 tests
[INFO] [stdout] 
[INFO] [stdout] test result: ok. 0 passed; 0 failed; 0 ignored; 0 measured; 0 filtered out; finished in 0.00s
[INFO] [stdout] 
[INFO] [stderr]      Running tests/data_type_tests.rs (/opt/rustwide/target/debug/deps/data_type_tests-13e83cdbd48696af)
[INFO] [stdout] 
[INFO] [stdout] running 40 tests
[INFO] [stdout] test inc::enumerable_test::enumerable_iterate_trait ... ok
[INFO] [stdout] test inc::enumerable_test::basic ... ok
[INFO] [stdout] test inc::enumerable_test::into_iterate_enumerable_iterate_trait ... ok
[INFO] [stdout] test inc::enumerable_test::manual_into_iter ... ok
[INFO] [stdout] test inc::many::many_parameter_test::parameter_no_derives ... ok
[INFO] [stdout] test inc::many::many_parameter_test::parameter_complex ... ok
[INFO] [stdout] test inc::many::many_parameter_test::struct_basic ... ok
[INFO] [stdout] test inc::many::many_parameter_test::struct_no_derives ... ok
[INFO] [stdout] test inc::many::many_parametrized_main_manual_test::main ... ok
[INFO] [stdout] test inc::many::many_parametrized_main_gen_test::main ... ok
[INFO] [stdout] test inc::many::many_parametrized_test::basic ... ok
[INFO] [stdout] test inc::many::many_parametrized_test::empty_parameter ... ok
[INFO] [stdout] test inc::many::many_parametrized_test::multiple ... ok
[INFO] [stdout] test inc::many::many_parametrized_test::no_parameter_no_derive ... ok
[INFO] [stdout] test inc::many::many_parametrized_test::parametrized_no_derives ... ok
[INFO] [stdout] test inc::many::many_parametrized_test::samples ... ok
[INFO] [stdout] test inc::pair::pair_parameter_main_gen_test::main ... ok
[INFO] [stdout] test inc::pair::pair_parameter_main_manual_test::main ... ok
[INFO] [stdout] test inc::pair::pair_parametrized_main_gen_test::main ... ok
[INFO] [stdout] test inc::pair::pair_parametrized_main_manual_test::main ... ok
[INFO] [stdout] test inc::single::single_parameter_main_gen_test::main ... ok
[INFO] [stdout] test inc::single::single_parameter_test::parameter_complex ... ok
[INFO] [stdout] test inc::single::single_parameter_test::parameter_no_derives ... ok
[INFO] [stdout] test inc::single::single_parameter_test::parameter_vis ... ok
[INFO] [stdout] test inc::single::single_parameter_test::struct_basic ... ok
[INFO] [stdout] test inc::single::single_parameter_test::struct_no_derives ... ok
[INFO] [stdout] test inc::single::single_parametrized_main_gen_test::main ... ok
[INFO] [stdout] test inc::single::single_parametrized_main_manual_test::main ... ok
[INFO] [stdout] test inc::single::single_parametrized_test::basic ... ok
[INFO] [stdout] test inc::single::single_parametrized_test::empty_parameter ... ok
[INFO] [stdout] test inc::single::single_parametrized_test::multiple ... ok
[INFO] [stdout] test inc::single::single_parametrized_test::no_parameter_no_derive ... ok
[INFO] [stdout] test inc::single::single_parametrized_test::parametrized ... ok
[INFO] [stdout] test inc::single::single_parametrized_test::parametrized_complex ... ok
[INFO] [stdout] test inc::single::single_parametrized_test::parametrized_no_derives ... ok
[INFO] [stdout] test inc::single::single_parametrized_test::samples ... ok
[INFO] [stdout] test inc::single::single_parameter_main_manual_test::main ... ok
[INFO] [stdout] test inc::single::single_parametrized_test::vis ... ok
[INFO] [stdout] test inc::vectorized_from_test::basic ... ok
[INFO] [stdout] test inc::pair::homo_pair_parametrized_main_manual_test::main ... FAILED
[INFO] [stdout] 
[INFO] [stdout] failures:
[INFO] [stdout] 
[INFO] [stdout] ---- inc::pair::homo_pair_parametrized_main_manual_test::main stdout ----
[INFO] [stdout] thread 'inc::pair::homo_pair_parametrized_main_manual_test::main' panicked at tests/inc/pair/./homo_pair_parametrized_main_test_only.rs:146:1:
[INFO] [stdout] assertion failed: `(left == right)`
[INFO] [stdout] 
[INFO] [stdout] [1mDiff[0m [31m< left[0m / [32mright >[0m :
[INFO] [stdout]  (
[INFO] [stdout]      Floats(
[INFO] [stdout] [31m<        [0m[1;48;5;52;31m32[0m[31m.0,[0m
[INFO] [stdout] [32m>        [0m[1;48;5;22;32m14[0m[32m.0,[0m
[INFO] [stdout]          0.0,
[INFO] [stdout]      ),
[INFO] [stdout]      Floats(
[INFO] [stdout] [31m<        [0m[1;48;5;52;31m14[0m[31m.0,[0m
[INFO] [stdout] [32m>        [0m[1;48;5;22;32m32[0m[32m.0,[0m
[INFO] [stdout]          0.0,
[INFO] [stdout]      ),
[INFO] [stdout]  )
[INFO] [stdout] 
[INFO] [stdout] 
[INFO] [stdout] stack backtrace:
[INFO] [stdout]    0:     0x606735299dca - std::backtrace_rs::backtrace::libunwind::trace::h207520d6e9873551
[INFO] [stdout]                                at /rustc/df4ca44d3fbc9301ee17f30f4d474e6ae4b05252/library/std/src/../../backtrace/src/backtrace/libunwind.rs:116:5
[INFO] [stdout]    1:     0x606735299dca - std::backtrace_rs::backtrace::trace_unsynchronized::h2ed7433f370e3eca
[INFO] [stdout]                                at /rustc/df4ca44d3fbc9301ee17f30f4d474e6ae4b05252/library/std/src/../../backtrace/src/backtrace/mod.rs:66:5
[INFO] [stdout]    2:     0x606735299dca - std::sys::backtrace::_print_fmt::h916fac51166b18d7
[INFO] [stdout]                                at /rustc/df4ca44d3fbc9301ee17f30f4d474e6ae4b05252/library/std/src/sys/backtrace.rs:66:9
[INFO] [stdout]    3:     0x606735299dca - <std::sys::backtrace::BacktraceLock::print::DisplayBacktrace as core::fmt::Display>::fmt::ha0a4c9b8ce3802e6
[INFO] [stdout]                                at /rustc/df4ca44d3fbc9301ee17f30f4d474e6ae4b05252/library/std/src/sys/backtrace.rs:39:26
[INFO] [stdout]    4:     0x6067352c11b3 - core::fmt::rt::Argument::fmt::h4cfc8587d52b3eb5
[INFO] [stdout]                                at /rustc/df4ca44d3fbc9301ee17f30f4d474e6ae4b05252/library/core/src/fmt/rt.rs:177:76
[INFO] [stdout]    5:     0x6067352c11b3 - core::fmt::write::h522cc39e5b36ae9f
[INFO] [stdout]                                at /rustc/df4ca44d3fbc9301ee17f30f4d474e6ae4b05252/library/core/src/fmt/mod.rs:1190:21
[INFO] [stdout]    6:     0x606735296a33 - std::io::Write::write_fmt::h7d3c26752da97734
[INFO] [stdout]                                at /rustc/df4ca44d3fbc9301ee17f30f4d474e6ae4b05252/library/std/src/io/mod.rs:1839:15
[INFO] [stdout]    7:     0x606735299c12 - std::sys::backtrace::BacktraceLock::print::h4b9e00b29e9c0942
[INFO] [stdout]                                at /rustc/df4ca44d3fbc9301ee17f30f4d474e6ae4b05252/library/std/src/sys/backtrace.rs:42:9
[INFO] [stdout]    8:     0x60673529b25a - std::panicking::default_hook::{{closure}}::hb59b88280d0324d9
[INFO] [stdout]                                at /rustc/df4ca44d3fbc9301ee17f30f4d474e6ae4b05252/library/std/src/panicking.rs:268:22
[INFO] [stdout]    9:     0x60673529b064 - std::panicking::default_hook::he1dd496665be4a29
[INFO] [stdout]                                at /rustc/df4ca44d3fbc9301ee17f30f4d474e6ae4b05252/library/std/src/panicking.rs:292:9
[INFO] [stdout]   10:     0x606735244629 - <alloc::boxed::Box<F,A> as core::ops::function::Fn<Args>>::call::h4ff71de18744e1dc
[INFO] [stdout]                                at /rustc/df4ca44d3fbc9301ee17f30f4d474e6ae4b05252/library/alloc/src/boxed.rs:2468:9
[INFO] [stdout]   11:     0x606735244629 - test::test_main::{{closure}}::hcf7c055ce117aa81
[INFO] [stdout]                                at /rustc/df4ca44d3fbc9301ee17f30f4d474e6ae4b05252/library/test/src/lib.rs:133:21
[INFO] [stdout]   12:     0x60673529b958 - <alloc::boxed::Box<F,A> as core::ops::function::Fn<Args>>::call::h1d66c6bbd60c9692
[INFO] [stdout]                                at /rustc/df4ca44d3fbc9301ee17f30f4d474e6ae4b05252/library/alloc/src/boxed.rs:2468:9
[INFO] [stdout]   13:     0x60673529b958 - std::panicking::rust_panic_with_hook::h2ff17fe8f26dfcf8
[INFO] [stdout]                                at /rustc/df4ca44d3fbc9301ee17f30f4d474e6ae4b05252/library/std/src/panicking.rs:809:13
[INFO] [stdout]   14:     0x60673529b71a - std::panicking::begin_panic_handler::{{closure}}::h4fad77951c07e101
[INFO] [stdout]                                at /rustc/df4ca44d3fbc9301ee17f30f4d474e6ae4b05252/library/std/src/panicking.rs:674:13
[INFO] [stdout]   15:     0x60673529a2a9 - std::sys::backtrace::__rust_end_short_backtrace::hb1a25b3da5d0ea08
[INFO] [stdout]                                at /rustc/df4ca44d3fbc9301ee17f30f4d474e6ae4b05252/library/std/src/sys/backtrace.rs:170:18
[INFO] [stdout]   16:     0x60673529b3ac - rust_begin_unwind
[INFO] [stdout]                                at /rustc/df4ca44d3fbc9301ee17f30f4d474e6ae4b05252/library/std/src/panicking.rs:665:5
[INFO] [stdout]   17:     0x6067352bef80 - core::panicking::panic_fmt::ha9db07b529f9b256
[INFO] [stdout]                                at /rustc/df4ca44d3fbc9301ee17f30f4d474e6ae4b05252/library/core/src/panicking.rs:75:14
[INFO] [stdout]   18:     0x6067351ca696 - data_type_tests::inc::pair::homo_pair_parametrized_main_manual_test::main::h137d84e0952f6dbf
[INFO] [stdout]                                at /opt/rustwide/workdir/tests/inc/pair/./homo_pair_parametrized_main_test_only.rs:146:1
[INFO] [stdout]   19:     0x6067351c9687 - data_type_tests::inc::pair::homo_pair_parametrized_main_manual_test::main::{{closure}}::he825e6ef1131deb4
[INFO] [stdout]                                at /opt/rustwide/workdir/tests/inc/pair/./homo_pair_parametrized_main_test_only.rs:6:12
[INFO] [stdout]   20:     0x6067351eec46 - core::ops::function::FnOnce::call_once::h1cd6d74e38bc7efc
[INFO] [stdout]                                at /rustc/df4ca44d3fbc9301ee17f30f4d474e6ae4b05252/library/core/src/ops/function.rs:250:5
[INFO] [stdout]   21:     0x606735248efb - core::ops::function::FnOnce::call_once::h22c3ba5715e93f05
[INFO] [stdout]                                at /rustc/df4ca44d3fbc9301ee17f30f4d474e6ae4b05252/library/core/src/ops/function.rs:250:5
[INFO] [stdout]   22:     0x606735248efb - test::__rust_begin_short_backtrace::h8e82d8113d0da17f
[INFO] [stdout]                                at /rustc/df4ca44d3fbc9301ee17f30f4d474e6ae4b05252/library/test/src/lib.rs:621:18
[INFO] [stdout]   23:     0x606735248877 - test::run_test_in_process::{{closure}}::h33235f4f20b7b7c7
[INFO] [stdout]                                at /rustc/df4ca44d3fbc9301ee17f30f4d474e6ae4b05252/library/test/src/lib.rs:644:60
[INFO] [stdout]   24:     0x606735248877 - <core::panic::unwind_safe::AssertUnwindSafe<F> as core::ops::function::FnOnce<()>>::call_once::hb5043206310c586f
[INFO] [stdout]                                at /rustc/df4ca44d3fbc9301ee17f30f4d474e6ae4b05252/library/core/src/panic/unwind_safe.rs:272:9
[INFO] [stdout]   25:     0x606735248877 - std::panicking::try::do_call::h9ad4731a60ab23e2
[INFO] [stdout]                                at /rustc/df4ca44d3fbc9301ee17f30f4d474e6ae4b05252/library/std/src/panicking.rs:557:40
[INFO] [stdout]   26:     0x606735248877 - std::panicking::try::h3824d23db772a716
[INFO] [stdout]                                at /rustc/df4ca44d3fbc9301ee17f30f4d474e6ae4b05252/library/std/src/panicking.rs:520:19
[INFO] [stdout]   27:     0x606735248877 - std::panic::catch_unwind::h5afd514605fde46b
[INFO] [stdout]                                at /rustc/df4ca44d3fbc9301ee17f30f4d474e6ae4b05252/library/std/src/panic.rs:358:14
[INFO] [stdout]   28:     0x606735248877 - test::run_test_in_process::h0d5cbfa7067d1720
[INFO] [stdout]                                at /rustc/df4ca44d3fbc9301ee17f30f4d474e6ae4b05252/library/test/src/lib.rs:644:27
[INFO] [stdout]   29:     0x606735248877 - test::run_test::{{closure}}::h708eb8872708115d
[INFO] [stdout]                                at /rustc/df4ca44d3fbc9301ee17f30f4d474e6ae4b05252/library/test/src/lib.rs:565:43
[INFO] [stdout]   30:     0x60673520bf94 - test::run_test::{{closure}}::h392c51cee94713ab
[INFO] [stdout]                                at /rustc/df4ca44d3fbc9301ee17f30f4d474e6ae4b05252/library/test/src/lib.rs:595:41
[INFO] [stdout]   31:     0x60673520bf94 - std::sys::backtrace::__rust_begin_short_backtrace::h2f40290710935a8b
[INFO] [stdout]                                at /rustc/df4ca44d3fbc9301ee17f30f4d474e6ae4b05252/library/std/src/sys/backtrace.rs:154:18
[INFO] [stdout]   32:     0x60673520f73e - std::thread::Builder::spawn_unchecked_::{{closure}}::{{closure}}::h3fd968d89053a903
[INFO] [stdout]                                at /rustc/df4ca44d3fbc9301ee17f30f4d474e6ae4b05252/library/std/src/thread/mod.rs:541:17
[INFO] [stdout]   33:     0x60673520f73e - <core::panic::unwind_safe::AssertUnwindSafe<F> as core::ops::function::FnOnce<()>>::call_once::h743f637ba4229880
[INFO] [stdout]                                at /rustc/df4ca44d3fbc9301ee17f30f4d474e6ae4b05252/library/core/src/panic/unwind_safe.rs:272:9
[INFO] [stdout]   34:     0x60673520f73e - std::panicking::try::do_call::h07440897322525a6
[INFO] [stdout]                                at /rustc/df4ca44d3fbc9301ee17f30f4d474e6ae4b05252/library/std/src/panicking.rs:557:40
[INFO] [stdout]   35:     0x60673520f73e - std::panicking::try::he5a2e00188156637
[INFO] [stdout]                                at /rustc/df4ca44d3fbc9301ee17f30f4d474e6ae4b05252/library/std/src/panicking.rs:520:19
[INFO] [stdout]   36:     0x60673520f73e - std::panic::catch_unwind::hbaf3cae49b3c6433
[INFO] [stdout]                                at /rustc/df4ca44d3fbc9301ee17f30f4d474e6ae4b05252/library/std/src/panic.rs:358:14
[INFO] [stdout]   37:     0x60673520f73e - std::thread::Builder::spawn_unchecked_::{{closure}}::h8e141ea224820bce
[INFO] [stdout]                                at /rustc/df4ca44d3fbc9301ee17f30f4d474e6ae4b05252/library/std/src/thread/mod.rs:540:30
[INFO] [stdout]   38:     0x60673520f73e - core::ops::function::FnOnce::call_once{{vtable.shim}}::h90d312fedd7b8ea8
[INFO] [stdout]                                at /rustc/df4ca44d3fbc9301ee17f30f4d474e6ae4b05252/library/core/src/ops/function.rs:250:5
[INFO] [stdout]   39:     0x60673529f74b - <alloc::boxed::Box<F,A> as core::ops::function::FnOnce<Args>>::call_once::h69aa08ddb6adb8b6
[INFO] [stdout]                                at /rustc/df4ca44d3fbc9301ee17f30f4d474e6ae4b05252/library/alloc/src/boxed.rs:2454:9
[INFO] [stdout]   40:     0x60673529f74b - <alloc::boxed::Box<F,A> as core::ops::function::FnOnce<Args>>::call_once::h5aa36efdb79c806f
[INFO] [stdout]                                at /rustc/df4ca44d3fbc9301ee17f30f4d474e6ae4b05252/library/alloc/src/boxed.rs:2454:9
[INFO] [stdout]   41:     0x60673529f74b - std::sys::pal::unix::thread::Thread::new::thread_start::h6cd80a1b4be5158d
[INFO] [stdout]                                at /rustc/df4ca44d3fbc9301ee17f30f4d474e6ae4b05252/library/std/src/sys/pal/unix/thread.rs:105:17
[INFO] [stdout]   42:     0x7101b4f87ac3 - <unknown>
[INFO] [stdout]   43:     0x7101b5018a04 - clone
[INFO] [stdout]   44:                0x0 - <unknown>
[INFO] [stdout] 
[INFO] [stdout] 
[INFO] [stdout] failures:
[INFO] [stdout]     inc::pair::homo_pair_parametrized_main_manual_test::main
[INFO] [stdout] 
[INFO] [stdout] test result: FAILED. 39 passed; 1 failed; 0 ignored; 0 measured; 0 filtered out; finished in 0.05s
[INFO] [stdout] 
[INFO] [stderr] error: test failed, to rerun pass `--test data_type_tests`
[INFO] running `Command { std: "docker" "inspect" "5df2fcefe6c6b1e2f6f212f295b14b7459e4fd88ae89b88e28bc174e9fbb9462", kill_on_drop: false }`
[INFO] running `Command { std: "docker" "rm" "-f" "5df2fcefe6c6b1e2f6f212f295b14b7459e4fd88ae89b88e28bc174e9fbb9462", kill_on_drop: false }`
[INFO] [stdout] 5df2fcefe6c6b1e2f6f212f295b14b7459e4fd88ae89b88e28bc174e9fbb9462
