[INFO] fetching crate type-registry 0.2.0...
[INFO] testing type-registry-0.2.0 against nightly-2024-10-28 for randomize-layout
[INFO] extracting crate type-registry 0.2.0 into /workspace/builds/worker-5-tc1/source
[INFO] validating manifest of crates.io crate type-registry 0.2.0 on toolchain nightly-2024-10-28
[INFO] running `Command { std: CARGO_HOME="/workspace/cargo-home" RUSTUP_HOME="/workspace/rustup-home" "/workspace/cargo-home/bin/cargo" "+nightly-2024-10-28" "metadata" "--manifest-path" "Cargo.toml" "--no-deps", kill_on_drop: false }`
[INFO] started tweaking crates.io crate type-registry 0.2.0
[INFO] finished tweaking crates.io crate type-registry 0.2.0
[INFO] tweaked toml for crates.io crate type-registry 0.2.0 written to /workspace/builds/worker-5-tc1/source/Cargo.toml
[INFO] running `Command { std: CARGO_HOME="/workspace/cargo-home" RUSTUP_HOME="/workspace/rustup-home" "/workspace/cargo-home/bin/cargo" "+nightly-2024-10-28" "generate-lockfile" "--manifest-path" "Cargo.toml", kill_on_drop: false }`
[INFO] [stderr]     Updating crates.io index
[INFO] [stderr]      Locking 9 packages to latest compatible versions
[INFO] running `Command { std: CARGO_HOME="/workspace/cargo-home" RUSTUP_HOME="/workspace/rustup-home" "/workspace/cargo-home/bin/cargo" "+nightly-2024-10-28" "fetch" "--manifest-path" "Cargo.toml", kill_on_drop: false }`
[INFO] [stderr]  Downloading crates ...
[INFO] [stderr]   Downloaded generic_static v0.2.0
[INFO] [stderr]   Downloaded type-registry-register-macro v0.2.0
[INFO] running `Command { std: "docker" "create" "-v" "/var/lib/crater-agent-workspace/builds/worker-5-tc1/target:/opt/rustwide/target:rw,Z" "-v" "/var/lib/crater-agent-workspace/builds/worker-5-tc1/source:/opt/rustwide/workdir:ro,Z" "-v" "/var/lib/crater-agent-workspace/cargo-home:/opt/rustwide/cargo-home:ro,Z" "-v" "/var/lib/crater-agent-workspace/rustup-home:/opt/rustwide/rustup-home:ro,Z" "-e" "SOURCE_DIR=/opt/rustwide/workdir" "-e" "CARGO_TARGET_DIR=/opt/rustwide/target" "-e" "CARGO_HOME=/opt/rustwide/cargo-home" "-e" "RUSTUP_HOME=/opt/rustwide/rustup-home" "-w" "/opt/rustwide/workdir" "-m" "1610612736" "--user" "0:0" "--network" "none" "ghcr.io/rust-lang/crates-build-env/linux@sha256:4a844ea9eb2546a2d2c7022eacef16ef2e8229c7fbb2c7d4d55a9ceca922f72d" "/opt/rustwide/cargo-home/bin/cargo" "+nightly-2024-10-28" "metadata" "--no-deps" "--format-version=1", kill_on_drop: false }`
[INFO] [stdout] b7f26fdae6dc4b2856750fd3310fe6eb309a71ad8b1b20b9170d928fb161fbe7
[INFO] running `Command { std: "docker" "start" "-a" "b7f26fdae6dc4b2856750fd3310fe6eb309a71ad8b1b20b9170d928fb161fbe7", kill_on_drop: false }`
[INFO] running `Command { std: "docker" "inspect" "b7f26fdae6dc4b2856750fd3310fe6eb309a71ad8b1b20b9170d928fb161fbe7", kill_on_drop: false }`
[INFO] running `Command { std: "docker" "rm" "-f" "b7f26fdae6dc4b2856750fd3310fe6eb309a71ad8b1b20b9170d928fb161fbe7", kill_on_drop: false }`
[INFO] [stdout] b7f26fdae6dc4b2856750fd3310fe6eb309a71ad8b1b20b9170d928fb161fbe7
[INFO] running `Command { std: "docker" "create" "-v" "/var/lib/crater-agent-workspace/builds/worker-5-tc1/target:/opt/rustwide/target:rw,Z" "-v" "/var/lib/crater-agent-workspace/builds/worker-5-tc1/source:/opt/rustwide/workdir:ro,Z" "-v" "/var/lib/crater-agent-workspace/cargo-home:/opt/rustwide/cargo-home:ro,Z" "-v" "/var/lib/crater-agent-workspace/rustup-home:/opt/rustwide/rustup-home:ro,Z" "-e" "SOURCE_DIR=/opt/rustwide/workdir" "-e" "CARGO_TARGET_DIR=/opt/rustwide/target" "-e" "CARGO_INCREMENTAL=0" "-e" "RUST_BACKTRACE=full" "-e" "RUSTFLAGS=--cap-lints=forbid" "-e" "RUSTDOCFLAGS=--cap-lints=forbid" "-e" "CARGO_HOME=/opt/rustwide/cargo-home" "-e" "RUSTUP_HOME=/opt/rustwide/rustup-home" "-w" "/opt/rustwide/workdir" "-m" "1610612736" "--user" "0:0" "--network" "none" "ghcr.io/rust-lang/crates-build-env/linux@sha256:4a844ea9eb2546a2d2c7022eacef16ef2e8229c7fbb2c7d4d55a9ceca922f72d" "/opt/rustwide/cargo-home/bin/cargo" "+nightly-2024-10-28" "build" "--frozen" "--message-format=json", kill_on_drop: false }`
[INFO] [stdout] 4c83a7217081d92fbcc2e13f6921044c98055f95582cc66e7d62ad4fbb0f2dd9
[INFO] running `Command { std: "docker" "start" "-a" "4c83a7217081d92fbcc2e13f6921044c98055f95582cc66e7d62ad4fbb0f2dd9", kill_on_drop: false }`
[INFO] [stderr]    Compiling generic_static v0.2.0
[INFO] [stderr]    Compiling syn v2.0.86
[INFO] [stderr]    Compiling linkme-impl v0.3.29
[INFO] [stderr]    Compiling type-registry-register-macro v0.2.0
[INFO] [stderr]    Compiling linkme v0.3.29
[INFO] [stderr]    Compiling type-registry v0.2.0 (/opt/rustwide/workdir)
[INFO] [stderr]     Finished `dev` profile [unoptimized + debuginfo] target(s) in 4.20s
[INFO] running `Command { std: "docker" "inspect" "4c83a7217081d92fbcc2e13f6921044c98055f95582cc66e7d62ad4fbb0f2dd9", kill_on_drop: false }`
[INFO] running `Command { std: "docker" "rm" "-f" "4c83a7217081d92fbcc2e13f6921044c98055f95582cc66e7d62ad4fbb0f2dd9", kill_on_drop: false }`
[INFO] [stdout] 4c83a7217081d92fbcc2e13f6921044c98055f95582cc66e7d62ad4fbb0f2dd9
[INFO] running `Command { std: "docker" "create" "-v" "/var/lib/crater-agent-workspace/builds/worker-5-tc1/target:/opt/rustwide/target:rw,Z" "-v" "/var/lib/crater-agent-workspace/builds/worker-5-tc1/source:/opt/rustwide/workdir:ro,Z" "-v" "/var/lib/crater-agent-workspace/cargo-home:/opt/rustwide/cargo-home:ro,Z" "-v" "/var/lib/crater-agent-workspace/rustup-home:/opt/rustwide/rustup-home:ro,Z" "-e" "SOURCE_DIR=/opt/rustwide/workdir" "-e" "CARGO_TARGET_DIR=/opt/rustwide/target" "-e" "CARGO_INCREMENTAL=0" "-e" "RUST_BACKTRACE=full" "-e" "RUSTFLAGS=--cap-lints=forbid" "-e" "RUSTDOCFLAGS=--cap-lints=forbid" "-e" "CARGO_HOME=/opt/rustwide/cargo-home" "-e" "RUSTUP_HOME=/opt/rustwide/rustup-home" "-w" "/opt/rustwide/workdir" "-m" "1610612736" "--user" "0:0" "--network" "none" "ghcr.io/rust-lang/crates-build-env/linux@sha256:4a844ea9eb2546a2d2c7022eacef16ef2e8229c7fbb2c7d4d55a9ceca922f72d" "/opt/rustwide/cargo-home/bin/cargo" "+nightly-2024-10-28" "test" "--frozen" "--no-run" "--message-format=json", kill_on_drop: false }`
[INFO] [stdout] 72f44146890df13b895f06577cb0f49c153be1ea2d5730e07743ac0766ee8542
[INFO] running `Command { std: "docker" "start" "-a" "72f44146890df13b895f06577cb0f49c153be1ea2d5730e07743ac0766ee8542", kill_on_drop: false }`
[INFO] [stderr]    Compiling type-registry v0.2.0 (/opt/rustwide/workdir)
[INFO] [stderr]     Finished `test` profile [unoptimized + debuginfo] target(s) in 0.33s
[INFO] running `Command { std: "docker" "inspect" "72f44146890df13b895f06577cb0f49c153be1ea2d5730e07743ac0766ee8542", kill_on_drop: false }`
[INFO] running `Command { std: "docker" "rm" "-f" "72f44146890df13b895f06577cb0f49c153be1ea2d5730e07743ac0766ee8542", kill_on_drop: false }`
[INFO] [stdout] 72f44146890df13b895f06577cb0f49c153be1ea2d5730e07743ac0766ee8542
[INFO] running `Command { std: "docker" "create" "-v" "/var/lib/crater-agent-workspace/builds/worker-5-tc1/target:/opt/rustwide/target:rw,Z" "-v" "/var/lib/crater-agent-workspace/builds/worker-5-tc1/source:/opt/rustwide/workdir:ro,Z" "-v" "/var/lib/crater-agent-workspace/cargo-home:/opt/rustwide/cargo-home:ro,Z" "-v" "/var/lib/crater-agent-workspace/rustup-home:/opt/rustwide/rustup-home:ro,Z" "-e" "SOURCE_DIR=/opt/rustwide/workdir" "-e" "CARGO_TARGET_DIR=/opt/rustwide/target" "-e" "CARGO_INCREMENTAL=0" "-e" "RUST_BACKTRACE=full" "-e" "RUSTFLAGS=--cap-lints=forbid" "-e" "RUSTDOCFLAGS=--cap-lints=forbid" "-e" "CARGO_HOME=/opt/rustwide/cargo-home" "-e" "RUSTUP_HOME=/opt/rustwide/rustup-home" "-w" "/opt/rustwide/workdir" "-m" "1610612736" "--user" "0:0" "--network" "none" "ghcr.io/rust-lang/crates-build-env/linux@sha256:4a844ea9eb2546a2d2c7022eacef16ef2e8229c7fbb2c7d4d55a9ceca922f72d" "/opt/rustwide/cargo-home/bin/cargo" "+nightly-2024-10-28" "test" "--frozen", kill_on_drop: false }`
[INFO] [stdout] d77183b0b3977210f0d85b0c4062f70fb5b4510761b14dec8cca9e575e4c1647
[INFO] running `Command { std: "docker" "start" "-a" "d77183b0b3977210f0d85b0c4062f70fb5b4510761b14dec8cca9e575e4c1647", kill_on_drop: false }`
[INFO] [stderr]     Finished `test` profile [unoptimized + debuginfo] target(s) in 0.02s
[INFO] [stderr]      Running unittests src/lib.rs (/opt/rustwide/target/debug/deps/type_registry-3c31a820213e9049)
[INFO] [stdout] 
[INFO] [stdout] running 0 tests
[INFO] [stdout] 
[INFO] [stdout] test result: ok. 0 passed; 0 failed; 0 ignored; 0 measured; 0 filtered out; finished in 0.00s
[INFO] [stdout] 
[INFO] [stderr]    Doc-tests type_registry
[INFO] [stdout] 
[INFO] [stdout] running 3 tests
[INFO] [stdout] test src/logical/registration.rs - logical::registration::registration (line 37) ... ok
[INFO] [stdout] test src/lib.rs - (line 5) ... FAILED
[INFO] [stdout] test src/lib.rs - (line 77) ... FAILED
[INFO] [stdout] 
[INFO] [stdout] failures:
[INFO] [stdout] 
[INFO] [stdout] ---- src/lib.rs - (line 5) stdout ----
[INFO] [stdout] error: linking with `cc` failed: exit status: 1
[INFO] [stdout]   |
[INFO] [stdout]   = note: LC_ALL="C" PATH="/opt/rustwide/rustup-home/toolchains/nightly-2024-10-28-x86_64-unknown-linux-gnu/lib/rustlib/x86_64-unknown-linux-gnu/bin:/opt/rustwide/rustup-home/toolchains/nightly-2024-10-28-x86_64-unknown-linux-gnu/lib/rustlib/x86_64-unknown-linux-gnu/bin/self-contained:/opt/rustwide/cargo-home/bin:/usr/local/sbin:/usr/local/bin:/usr/sbin:/usr/bin:/sbin:/bin" VSLANG="1033" "cc" "-m64" "/tmp/rustcMIhamR/symbols.o" "/tmp/rustdoctestibX0AO/rust_out.rust_out.16b4434b3f29390-cgu.0.rcgu.o" "/tmp/rustdoctestibX0AO/rust_out.433cx8cl382ppljrnwzuxa40f.rcgu.o" "-Wl,--as-needed" "-Wl,-Bstatic" "/opt/rustwide/target/debug/deps/libtype_registry-c2f59af34f81c27a.rlib" "/opt/rustwide/target/debug/deps/liblinkme-acde92d1276c3e09.rlib" "/opt/rustwide/target/debug/deps/libgeneric_static-006491a7a37e00c7.rlib" "/opt/rustwide/target/debug/deps/libonce_cell-6dc575c335e8f5a1.rlib" "/opt/rustwide/rustup-home/toolchains/nightly-2024-10-28-x86_64-unknown-linux-gnu/lib/rustlib/x86_64-unknown-linux-gnu/lib/libstd-fb8c387236db3c10.rlib" "/opt/rustwide/rustup-home/toolchains/nightly-2024-10-28-x86_64-unknown-linux-gnu/lib/rustlib/x86_64-unknown-linux-gnu/lib/libpanic_unwind-b251837809b2f64b.rlib" "/opt/rustwide/rustup-home/toolchains/nightly-2024-10-28-x86_64-unknown-linux-gnu/lib/rustlib/x86_64-unknown-linux-gnu/lib/libobject-cbef83eaa4e01f04.rlib" "/opt/rustwide/rustup-home/toolchains/nightly-2024-10-28-x86_64-unknown-linux-gnu/lib/rustlib/x86_64-unknown-linux-gnu/lib/libmemchr-12a772286de2fca7.rlib" "/opt/rustwide/rustup-home/toolchains/nightly-2024-10-28-x86_64-unknown-linux-gnu/lib/rustlib/x86_64-unknown-linux-gnu/lib/libaddr2line-023bbe5ada7abfc3.rlib" "/opt/rustwide/rustup-home/toolchains/nightly-2024-10-28-x86_64-unknown-linux-gnu/lib/rustlib/x86_64-unknown-linux-gnu/lib/libgimli-de2bcdf10ec69c2b.rlib" "/opt/rustwide/rustup-home/toolchains/nightly-2024-10-28-x86_64-unknown-linux-gnu/lib/rustlib/x86_64-unknown-linux-gnu/lib/librustc_demangle-8e1754df350800fd.rlib" "/opt/rustwide/rustup-home/toolchains/nightly-2024-10-28-x86_64-unknown-linux-gnu/lib/rustlib/x86_64-unknown-linux-gnu/lib/libstd_detect-06c2ab7b9c32e037.rlib" "/opt/rustwide/rustup-home/toolchains/nightly-2024-10-28-x86_64-unknown-linux-gnu/lib/rustlib/x86_64-unknown-linux-gnu/lib/libhashbrown-51d2621fc57a281b.rlib" "/opt/rustwide/rustup-home/toolchains/nightly-2024-10-28-x86_64-unknown-linux-gnu/lib/rustlib/x86_64-unknown-linux-gnu/lib/librustc_std_workspace_alloc-54a930408793772f.rlib" "/opt/rustwide/rustup-home/toolchains/nightly-2024-10-28-x86_64-unknown-linux-gnu/lib/rustlib/x86_64-unknown-linux-gnu/lib/libminiz_oxide-0c7d01cba400dcb2.rlib" "/opt/rustwide/rustup-home/toolchains/nightly-2024-10-28-x86_64-unknown-linux-gnu/lib/rustlib/x86_64-unknown-linux-gnu/lib/libadler-b9f84d69e331b75b.rlib" "/opt/rustwide/rustup-home/toolchains/nightly-2024-10-28-x86_64-unknown-linux-gnu/lib/rustlib/x86_64-unknown-linux-gnu/lib/libunwind-eec95493246aae39.rlib" "/opt/rustwide/rustup-home/toolchains/nightly-2024-10-28-x86_64-unknown-linux-gnu/lib/rustlib/x86_64-unknown-linux-gnu/lib/libcfg_if-6f6676c475e08ab0.rlib" "/opt/rustwide/rustup-home/toolchains/nightly-2024-10-28-x86_64-unknown-linux-gnu/lib/rustlib/x86_64-unknown-linux-gnu/lib/liblibc-799d520624f8b2e0.rlib" "/opt/rustwide/rustup-home/toolchains/nightly-2024-10-28-x86_64-unknown-linux-gnu/lib/rustlib/x86_64-unknown-linux-gnu/lib/liballoc-fcf93d4842acd9a9.rlib" "/opt/rustwide/rustup-home/toolchains/nightly-2024-10-28-x86_64-unknown-linux-gnu/lib/rustlib/x86_64-unknown-linux-gnu/lib/librustc_std_workspace_core-395a38b8e0851c9b.rlib" "/opt/rustwide/rustup-home/toolchains/nightly-2024-10-28-x86_64-unknown-linux-gnu/lib/rustlib/x86_64-unknown-linux-gnu/lib/libcore-d453bab70303062c.rlib" "/opt/rustwide/rustup-home/toolchains/nightly-2024-10-28-x86_64-unknown-linux-gnu/lib/rustlib/x86_64-unknown-linux-gnu/lib/libcompiler_builtins-0e6386368b0a24e8.rlib" "-Wl,-Bdynamic" "-lgcc_s" "-lutil" "-lrt" "-lpthread" "-lm" "-ldl" "-lc" "-B/opt/rustwide/rustup-home/toolchains/nightly-2024-10-28-x86_64-unknown-linux-gnu/lib/rustlib/x86_64-unknown-linux-gnu/bin/gcc-ld" "-fuse-ld=lld" "-Wl,--eh-frame-hdr" "-Wl,-z,noexecstack" "-L" "/opt/rustwide/rustup-home/toolchains/nightly-2024-10-28-x86_64-unknown-linux-gnu/lib/rustlib/x86_64-unknown-linux-gnu/lib" "-o" "/tmp/rustdoctestibX0AO/rust_out" "-Wl,--gc-sections" "-pie" "-Wl,-z,relro,-z,now" "-nodefaultlibs"
[INFO] [stdout]   = note: rust-lld: error: undefined symbol: __start_linkme_REGISTRY
[INFO] [stdout]           >>> referenced by registry.rs:7 (src/raw/registry.rs:7)
[INFO] [stdout]           >>>               type_registry-c2f59af34f81c27a.type_registry.79c8dd73d4577f4f-cgu.0.rcgu.o:(type_registry::raw::registry::REGISTRY::h98d54b1a5575c660) in archive /opt/rustwide/target/debug/deps/libtype_registry-c2f59af34f81c27a.rlib
[INFO] [stdout]           >>> the encapsulation symbol needs to be retained under --gc-sections properly; consider -z nostart-stop-gc (see https://lld.llvm.org/ELF/start-stop-gc)
[INFO] [stdout]           
[INFO] [stdout]           rust-lld: error: undefined symbol: __stop_linkme_REGISTRY
[INFO] [stdout]           >>> referenced by registry.rs:7 (src/raw/registry.rs:7)
[INFO] [stdout]           >>>               type_registry-c2f59af34f81c27a.type_registry.79c8dd73d4577f4f-cgu.0.rcgu.o:(type_registry::raw::registry::REGISTRY::h98d54b1a5575c660) in archive /opt/rustwide/target/debug/deps/libtype_registry-c2f59af34f81c27a.rlib
[INFO] [stdout]           
[INFO] [stdout]           rust-lld: error: undefined symbol: __start_linkm2_REGISTRY
[INFO] [stdout]           >>> referenced by registry.rs:7 (src/raw/registry.rs:7)
[INFO] [stdout]           >>>               type_registry-c2f59af34f81c27a.type_registry.79c8dd73d4577f4f-cgu.0.rcgu.o:(type_registry::raw::registry::REGISTRY::h98d54b1a5575c660) in archive /opt/rustwide/target/debug/deps/libtype_registry-c2f59af34f81c27a.rlib
[INFO] [stdout]           >>> the encapsulation symbol needs to be retained under --gc-sections properly; consider -z nostart-stop-gc (see https://lld.llvm.org/ELF/start-stop-gc)
[INFO] [stdout]           
[INFO] [stdout]           rust-lld: error: undefined symbol: __stop_linkm2_REGISTRY
[INFO] [stdout]           >>> referenced by registry.rs:7 (src/raw/registry.rs:7)
[INFO] [stdout]           >>>               type_registry-c2f59af34f81c27a.type_registry.79c8dd73d4577f4f-cgu.0.rcgu.o:(type_registry::raw::registry::REGISTRY::h98d54b1a5575c660) in archive /opt/rustwide/target/debug/deps/libtype_registry-c2f59af34f81c27a.rlib
[INFO] [stdout]           collect2: error: ld returned 1 exit status
[INFO] [stdout]           
[INFO] [stdout] 
[INFO] [stdout] error: aborting due to 1 previous error
[INFO] [stdout] 
[INFO] [stdout] Couldn't compile the test.
[INFO] [stdout] ---- src/lib.rs - (line 77) stdout ----
[INFO] [stdout] error: linking with `cc` failed: exit status: 1
[INFO] [stdout]   |
[INFO] [stdout]   = note: LC_ALL="C" PATH="/opt/rustwide/rustup-home/toolchains/nightly-2024-10-28-x86_64-unknown-linux-gnu/lib/rustlib/x86_64-unknown-linux-gnu/bin:/opt/rustwide/rustup-home/toolchains/nightly-2024-10-28-x86_64-unknown-linux-gnu/lib/rustlib/x86_64-unknown-linux-gnu/bin/self-contained:/opt/rustwide/cargo-home/bin:/usr/local/sbin:/usr/local/bin:/usr/sbin:/usr/bin:/sbin:/bin" VSLANG="1033" "cc" "-m64" "/tmp/rustcuujfKA/symbols.o" "/tmp/rustdoctestfmcid0/rust_out.rust_out.16b4434b3f29390-cgu.0.rcgu.o" "/tmp/rustdoctestfmcid0/rust_out.433cx8cl382ppljrnwzuxa40f.rcgu.o" "-Wl,--as-needed" "-Wl,-Bstatic" "/opt/rustwide/target/debug/deps/libtype_registry-c2f59af34f81c27a.rlib" "/opt/rustwide/target/debug/deps/liblinkme-acde92d1276c3e09.rlib" "/opt/rustwide/target/debug/deps/libgeneric_static-006491a7a37e00c7.rlib" "/opt/rustwide/target/debug/deps/libonce_cell-6dc575c335e8f5a1.rlib" "/opt/rustwide/rustup-home/toolchains/nightly-2024-10-28-x86_64-unknown-linux-gnu/lib/rustlib/x86_64-unknown-linux-gnu/lib/libstd-fb8c387236db3c10.rlib" "/opt/rustwide/rustup-home/toolchains/nightly-2024-10-28-x86_64-unknown-linux-gnu/lib/rustlib/x86_64-unknown-linux-gnu/lib/libpanic_unwind-b251837809b2f64b.rlib" "/opt/rustwide/rustup-home/toolchains/nightly-2024-10-28-x86_64-unknown-linux-gnu/lib/rustlib/x86_64-unknown-linux-gnu/lib/libobject-cbef83eaa4e01f04.rlib" "/opt/rustwide/rustup-home/toolchains/nightly-2024-10-28-x86_64-unknown-linux-gnu/lib/rustlib/x86_64-unknown-linux-gnu/lib/libmemchr-12a772286de2fca7.rlib" "/opt/rustwide/rustup-home/toolchains/nightly-2024-10-28-x86_64-unknown-linux-gnu/lib/rustlib/x86_64-unknown-linux-gnu/lib/libaddr2line-023bbe5ada7abfc3.rlib" "/opt/rustwide/rustup-home/toolchains/nightly-2024-10-28-x86_64-unknown-linux-gnu/lib/rustlib/x86_64-unknown-linux-gnu/lib/libgimli-de2bcdf10ec69c2b.rlib" "/opt/rustwide/rustup-home/toolchains/nightly-2024-10-28-x86_64-unknown-linux-gnu/lib/rustlib/x86_64-unknown-linux-gnu/lib/librustc_demangle-8e1754df350800fd.rlib" "/opt/rustwide/rustup-home/toolchains/nightly-2024-10-28-x86_64-unknown-linux-gnu/lib/rustlib/x86_64-unknown-linux-gnu/lib/libstd_detect-06c2ab7b9c32e037.rlib" "/opt/rustwide/rustup-home/toolchains/nightly-2024-10-28-x86_64-unknown-linux-gnu/lib/rustlib/x86_64-unknown-linux-gnu/lib/libhashbrown-51d2621fc57a281b.rlib" "/opt/rustwide/rustup-home/toolchains/nightly-2024-10-28-x86_64-unknown-linux-gnu/lib/rustlib/x86_64-unknown-linux-gnu/lib/librustc_std_workspace_alloc-54a930408793772f.rlib" "/opt/rustwide/rustup-home/toolchains/nightly-2024-10-28-x86_64-unknown-linux-gnu/lib/rustlib/x86_64-unknown-linux-gnu/lib/libminiz_oxide-0c7d01cba400dcb2.rlib" "/opt/rustwide/rustup-home/toolchains/nightly-2024-10-28-x86_64-unknown-linux-gnu/lib/rustlib/x86_64-unknown-linux-gnu/lib/libadler-b9f84d69e331b75b.rlib" "/opt/rustwide/rustup-home/toolchains/nightly-2024-10-28-x86_64-unknown-linux-gnu/lib/rustlib/x86_64-unknown-linux-gnu/lib/libunwind-eec95493246aae39.rlib" "/opt/rustwide/rustup-home/toolchains/nightly-2024-10-28-x86_64-unknown-linux-gnu/lib/rustlib/x86_64-unknown-linux-gnu/lib/libcfg_if-6f6676c475e08ab0.rlib" "/opt/rustwide/rustup-home/toolchains/nightly-2024-10-28-x86_64-unknown-linux-gnu/lib/rustlib/x86_64-unknown-linux-gnu/lib/liblibc-799d520624f8b2e0.rlib" "/opt/rustwide/rustup-home/toolchains/nightly-2024-10-28-x86_64-unknown-linux-gnu/lib/rustlib/x86_64-unknown-linux-gnu/lib/liballoc-fcf93d4842acd9a9.rlib" "/opt/rustwide/rustup-home/toolchains/nightly-2024-10-28-x86_64-unknown-linux-gnu/lib/rustlib/x86_64-unknown-linux-gnu/lib/librustc_std_workspace_core-395a38b8e0851c9b.rlib" "/opt/rustwide/rustup-home/toolchains/nightly-2024-10-28-x86_64-unknown-linux-gnu/lib/rustlib/x86_64-unknown-linux-gnu/lib/libcore-d453bab70303062c.rlib" "/opt/rustwide/rustup-home/toolchains/nightly-2024-10-28-x86_64-unknown-linux-gnu/lib/rustlib/x86_64-unknown-linux-gnu/lib/libcompiler_builtins-0e6386368b0a24e8.rlib" "-Wl,-Bdynamic" "-lgcc_s" "-lutil" "-lrt" "-lpthread" "-lm" "-ldl" "-lc" "-B/opt/rustwide/rustup-home/toolchains/nightly-2024-10-28-x86_64-unknown-linux-gnu/lib/rustlib/x86_64-unknown-linux-gnu/bin/gcc-ld" "-fuse-ld=lld" "-Wl,--eh-frame-hdr" "-Wl,-z,noexecstack" "-L" "/opt/rustwide/rustup-home/toolchains/nightly-2024-10-28-x86_64-unknown-linux-gnu/lib/rustlib/x86_64-unknown-linux-gnu/lib" "-o" "/tmp/rustdoctestfmcid0/rust_out" "-Wl,--gc-sections" "-pie" "-Wl,-z,relro,-z,now" "-nodefaultlibs"
[INFO] [stdout]   = note: rust-lld: error: undefined symbol: __start_linkme_REGISTRY
[INFO] [stdout]           >>> referenced by registry.rs:7 (src/raw/registry.rs:7)
[INFO] [stdout]           >>>               type_registry-c2f59af34f81c27a.type_registry.79c8dd73d4577f4f-cgu.0.rcgu.o:(type_registry::raw::registry::REGISTRY::h98d54b1a5575c660) in archive /opt/rustwide/target/debug/deps/libtype_registry-c2f59af34f81c27a.rlib
[INFO] [stdout]           >>> the encapsulation symbol needs to be retained under --gc-sections properly; consider -z nostart-stop-gc (see https://lld.llvm.org/ELF/start-stop-gc)
[INFO] [stdout]           
[INFO] [stdout]           rust-lld: error: undefined symbol: __stop_linkme_REGISTRY
[INFO] [stdout]           >>> referenced by registry.rs:7 (src/raw/registry.rs:7)
[INFO] [stdout]           >>>               type_registry-c2f59af34f81c27a.type_registry.79c8dd73d4577f4f-cgu.0.rcgu.o:(type_registry::raw::registry::REGISTRY::h98d54b1a5575c660) in archive /opt/rustwide/target/debug/deps/libtype_registry-c2f59af34f81c27a.rlib
[INFO] [stdout]           
[INFO] [stdout]           rust-lld: error: undefined symbol: __start_linkm2_REGISTRY
[INFO] [stdout]           >>> referenced by registry.rs:7 (src/raw/registry.rs:7)
[INFO] [stdout]           >>>               type_registry-c2f59af34f81c27a.type_registry.79c8dd73d4577f4f-cgu.0.rcgu.o:(type_registry::raw::registry::REGISTRY::h98d54b1a5575c660) in archive /opt/rustwide/target/debug/deps/libtype_registry-c2f59af34f81c27a.rlib
[INFO] [stdout]           >>> the encapsulation symbol needs to be retained under --gc-sections properly; consider -z nostart-stop-gc (see https://lld.llvm.org/ELF/start-stop-gc)
[INFO] [stdout]           
[INFO] [stdout]           rust-lld: error: undefined symbol: __stop_linkm2_REGISTRY
[INFO] [stdout]           >>> referenced by registry.rs:7 (src/raw/registry.rs:7)
[INFO] [stdout]           >>>               type_registry-c2f59af34f81c27a.type_registry.79c8dd73d4577f4f-cgu.0.rcgu.o:(type_registry::raw::registry::REGISTRY::h98d54b1a5575c660) in archive /opt/rustwide/target/debug/deps/libtype_registry-c2f59af34f81c27a.rlib
[INFO] [stdout]           collect2: error: ld returned 1 exit status
[INFO] [stdout]           
[INFO] [stdout] 
[INFO] [stdout] error: aborting due to 1 previous error
[INFO] [stdout] 
[INFO] [stdout] Couldn't compile the test.
[INFO] [stdout] 
[INFO] [stdout] failures:
[INFO] [stdout]     src/lib.rs - (line 5)
[INFO] [stdout]     src/lib.rs - (line 77)
[INFO] [stdout] 
[INFO] [stdout] test result: FAILED. 1 passed; 2 failed; 0 ignored; 0 measured; 0 filtered out; finished in 0.37s
[INFO] [stdout] 
[INFO] [stderr] error: doctest failed, to rerun pass `--doc`
[INFO] running `Command { std: "docker" "inspect" "d77183b0b3977210f0d85b0c4062f70fb5b4510761b14dec8cca9e575e4c1647", kill_on_drop: false }`
[INFO] running `Command { std: "docker" "rm" "-f" "d77183b0b3977210f0d85b0c4062f70fb5b4510761b14dec8cca9e575e4c1647", kill_on_drop: false }`
[INFO] [stdout] d77183b0b3977210f0d85b0c4062f70fb5b4510761b14dec8cca9e575e4c1647
