[INFO] fetching crate type-layout-syn2 0.2.1...
[INFO] testing type-layout-syn2-0.2.1 against nightly-2024-10-28+rustflags=-Zrandomize-layout for randomize-layout
[INFO] extracting crate type-layout-syn2 0.2.1 into /workspace/builds/worker-1-tc2/source
[INFO] validating manifest of crates.io crate type-layout-syn2 0.2.1 on toolchain nightly-2024-10-28
[INFO] running `Command { std: CARGO_HOME="/workspace/cargo-home" RUSTUP_HOME="/workspace/rustup-home" "/workspace/cargo-home/bin/cargo" "+nightly-2024-10-28" "metadata" "--manifest-path" "Cargo.toml" "--no-deps", kill_on_drop: false }`
[INFO] started tweaking crates.io crate type-layout-syn2 0.2.1
[INFO] finished tweaking crates.io crate type-layout-syn2 0.2.1
[INFO] tweaked toml for crates.io crate type-layout-syn2 0.2.1 written to /workspace/builds/worker-1-tc2/source/Cargo.toml
[INFO] running `Command { std: CARGO_HOME="/workspace/cargo-home" RUSTUP_HOME="/workspace/rustup-home" "/workspace/cargo-home/bin/cargo" "+nightly-2024-10-28" "generate-lockfile" "--manifest-path" "Cargo.toml", kill_on_drop: false }`
[INFO] [stderr]     Updating crates.io index
[INFO] [stderr]      Locking 9 packages to latest compatible versions
[INFO] running `Command { std: CARGO_HOME="/workspace/cargo-home" RUSTUP_HOME="/workspace/rustup-home" "/workspace/cargo-home/bin/cargo" "+nightly-2024-10-28" "fetch" "--manifest-path" "Cargo.toml", kill_on_drop: false }`
[INFO] running `Command { std: "docker" "create" "-v" "/var/lib/crater-agent-workspace/builds/worker-1-tc2/target:/opt/rustwide/target:rw,Z" "-v" "/var/lib/crater-agent-workspace/builds/worker-1-tc2/source:/opt/rustwide/workdir:ro,Z" "-v" "/var/lib/crater-agent-workspace/cargo-home:/opt/rustwide/cargo-home:ro,Z" "-v" "/var/lib/crater-agent-workspace/rustup-home:/opt/rustwide/rustup-home:ro,Z" "-e" "SOURCE_DIR=/opt/rustwide/workdir" "-e" "CARGO_TARGET_DIR=/opt/rustwide/target" "-e" "CARGO_HOME=/opt/rustwide/cargo-home" "-e" "RUSTUP_HOME=/opt/rustwide/rustup-home" "-w" "/opt/rustwide/workdir" "-m" "1610612736" "--user" "0:0" "--network" "none" "ghcr.io/rust-lang/crates-build-env/linux@sha256:4a844ea9eb2546a2d2c7022eacef16ef2e8229c7fbb2c7d4d55a9ceca922f72d" "/opt/rustwide/cargo-home/bin/cargo" "+nightly-2024-10-28" "metadata" "--no-deps" "--format-version=1", kill_on_drop: false }`
[INFO] [stdout] 987f78363694c6c06428606e31e32d491a97ca998812af990fba8aa3f84552c2
[INFO] running `Command { std: "docker" "start" "-a" "987f78363694c6c06428606e31e32d491a97ca998812af990fba8aa3f84552c2", kill_on_drop: false }`
[INFO] running `Command { std: "docker" "inspect" "987f78363694c6c06428606e31e32d491a97ca998812af990fba8aa3f84552c2", kill_on_drop: false }`
[INFO] running `Command { std: "docker" "rm" "-f" "987f78363694c6c06428606e31e32d491a97ca998812af990fba8aa3f84552c2", kill_on_drop: false }`
[INFO] [stdout] 987f78363694c6c06428606e31e32d491a97ca998812af990fba8aa3f84552c2
[INFO] running `Command { std: "docker" "create" "-v" "/var/lib/crater-agent-workspace/builds/worker-1-tc2/target:/opt/rustwide/target:rw,Z" "-v" "/var/lib/crater-agent-workspace/builds/worker-1-tc2/source:/opt/rustwide/workdir:ro,Z" "-v" "/var/lib/crater-agent-workspace/cargo-home:/opt/rustwide/cargo-home:ro,Z" "-v" "/var/lib/crater-agent-workspace/rustup-home:/opt/rustwide/rustup-home:ro,Z" "-e" "SOURCE_DIR=/opt/rustwide/workdir" "-e" "CARGO_TARGET_DIR=/opt/rustwide/target" "-e" "CARGO_INCREMENTAL=0" "-e" "RUST_BACKTRACE=full" "-e" "RUSTFLAGS=--cap-lints=forbid -Zrandomize-layout" "-e" "RUSTDOCFLAGS=--cap-lints=forbid" "-e" "CARGO_HOME=/opt/rustwide/cargo-home" "-e" "RUSTUP_HOME=/opt/rustwide/rustup-home" "-w" "/opt/rustwide/workdir" "-m" "1610612736" "--user" "0:0" "--network" "none" "ghcr.io/rust-lang/crates-build-env/linux@sha256:4a844ea9eb2546a2d2c7022eacef16ef2e8229c7fbb2c7d4d55a9ceca922f72d" "/opt/rustwide/cargo-home/bin/cargo" "+nightly-2024-10-28" "build" "--frozen" "--message-format=json", kill_on_drop: false }`
[INFO] [stdout] 2f73372c1b8dd95ca2ab6885797909106d739a0065a1cdd2389d50a7779cd702
[INFO] running `Command { std: "docker" "start" "-a" "2f73372c1b8dd95ca2ab6885797909106d739a0065a1cdd2389d50a7779cd702", kill_on_drop: false }`
[INFO] [stderr]    Compiling type-layout-syn2-derive v0.2.0
[INFO] [stderr]    Compiling type-layout-syn2 v0.2.1 (/opt/rustwide/workdir)
[INFO] [stderr]     Finished `dev` profile [unoptimized + debuginfo] target(s) in 0.33s
[INFO] running `Command { std: "docker" "inspect" "2f73372c1b8dd95ca2ab6885797909106d739a0065a1cdd2389d50a7779cd702", kill_on_drop: false }`
[INFO] running `Command { std: "docker" "rm" "-f" "2f73372c1b8dd95ca2ab6885797909106d739a0065a1cdd2389d50a7779cd702", kill_on_drop: false }`
[INFO] [stdout] 2f73372c1b8dd95ca2ab6885797909106d739a0065a1cdd2389d50a7779cd702
[INFO] running `Command { std: "docker" "create" "-v" "/var/lib/crater-agent-workspace/builds/worker-1-tc2/target:/opt/rustwide/target:rw,Z" "-v" "/var/lib/crater-agent-workspace/builds/worker-1-tc2/source:/opt/rustwide/workdir:ro,Z" "-v" "/var/lib/crater-agent-workspace/cargo-home:/opt/rustwide/cargo-home:ro,Z" "-v" "/var/lib/crater-agent-workspace/rustup-home:/opt/rustwide/rustup-home:ro,Z" "-e" "SOURCE_DIR=/opt/rustwide/workdir" "-e" "CARGO_TARGET_DIR=/opt/rustwide/target" "-e" "CARGO_INCREMENTAL=0" "-e" "RUST_BACKTRACE=full" "-e" "RUSTFLAGS=--cap-lints=forbid -Zrandomize-layout" "-e" "RUSTDOCFLAGS=--cap-lints=forbid" "-e" "CARGO_HOME=/opt/rustwide/cargo-home" "-e" "RUSTUP_HOME=/opt/rustwide/rustup-home" "-w" "/opt/rustwide/workdir" "-m" "1610612736" "--user" "0:0" "--network" "none" "ghcr.io/rust-lang/crates-build-env/linux@sha256:4a844ea9eb2546a2d2c7022eacef16ef2e8229c7fbb2c7d4d55a9ceca922f72d" "/opt/rustwide/cargo-home/bin/cargo" "+nightly-2024-10-28" "test" "--frozen" "--no-run" "--message-format=json", kill_on_drop: false }`
[INFO] [stdout] 4ef00b07c18d145e909e92bf5009a4a0cc48d1da8ab7567427a657b96da2bd93
[INFO] running `Command { std: "docker" "start" "-a" "4ef00b07c18d145e909e92bf5009a4a0cc48d1da8ab7567427a657b96da2bd93", kill_on_drop: false }`
[INFO] [stderr]    Compiling type-layout-syn2 v0.2.1 (/opt/rustwide/workdir)
[INFO] [stderr]     Finished `test` profile [unoptimized + debuginfo] target(s) in 0.11s
[INFO] running `Command { std: "docker" "inspect" "4ef00b07c18d145e909e92bf5009a4a0cc48d1da8ab7567427a657b96da2bd93", kill_on_drop: false }`
[INFO] running `Command { std: "docker" "rm" "-f" "4ef00b07c18d145e909e92bf5009a4a0cc48d1da8ab7567427a657b96da2bd93", kill_on_drop: false }`
[INFO] [stdout] 4ef00b07c18d145e909e92bf5009a4a0cc48d1da8ab7567427a657b96da2bd93
[INFO] running `Command { std: "docker" "create" "-v" "/var/lib/crater-agent-workspace/builds/worker-1-tc2/target:/opt/rustwide/target:rw,Z" "-v" "/var/lib/crater-agent-workspace/builds/worker-1-tc2/source:/opt/rustwide/workdir:ro,Z" "-v" "/var/lib/crater-agent-workspace/cargo-home:/opt/rustwide/cargo-home:ro,Z" "-v" "/var/lib/crater-agent-workspace/rustup-home:/opt/rustwide/rustup-home:ro,Z" "-e" "SOURCE_DIR=/opt/rustwide/workdir" "-e" "CARGO_TARGET_DIR=/opt/rustwide/target" "-e" "CARGO_INCREMENTAL=0" "-e" "RUST_BACKTRACE=full" "-e" "RUSTFLAGS=--cap-lints=forbid -Zrandomize-layout" "-e" "RUSTDOCFLAGS=--cap-lints=forbid" "-e" "CARGO_HOME=/opt/rustwide/cargo-home" "-e" "RUSTUP_HOME=/opt/rustwide/rustup-home" "-w" "/opt/rustwide/workdir" "-m" "1610612736" "--user" "0:0" "--network" "none" "ghcr.io/rust-lang/crates-build-env/linux@sha256:4a844ea9eb2546a2d2c7022eacef16ef2e8229c7fbb2c7d4d55a9ceca922f72d" "/opt/rustwide/cargo-home/bin/cargo" "+nightly-2024-10-28" "test" "--frozen", kill_on_drop: false }`
[INFO] [stdout] 192294873e541705125e7627f7c89da388d067f0be6db3a83d86db462d0c0480
[INFO] running `Command { std: "docker" "start" "-a" "192294873e541705125e7627f7c89da388d067f0be6db3a83d86db462d0c0480", kill_on_drop: false }`
[INFO] [stderr]     Finished `test` profile [unoptimized + debuginfo] target(s) in 0.01s
[INFO] [stderr]      Running unittests src/lib.rs (/opt/rustwide/target/debug/deps/type_layout_syn2-1aeb4f49cc71a291)
[INFO] [stdout] 
[INFO] [stdout] running 0 tests
[INFO] [stdout] 
[INFO] [stdout] test result: ok. 0 passed; 0 failed; 0 ignored; 0 measured; 0 filtered out; finished in 0.00s
[INFO] [stdout] 
[INFO] [stderr]    Doc-tests type_layout_syn2
[INFO] [stdout] 
[INFO] [stdout] running 2 tests
[INFO] [stdout] test src/lib.rs - (line 42) ... FAILED
[INFO] [stdout] test src/lib.rs - (line 19) ... FAILED
[INFO] [stdout] 
[INFO] [stdout] failures:
[INFO] [stdout] 
[INFO] [stdout] ---- src/lib.rs - (line 42) stdout ----
[INFO] [stdout] error[E0432]: unresolved import `type_layout`
[INFO] [stdout]  --> src/lib.rs:43:5
[INFO] [stdout]   |
[INFO] [stdout] 3 | use type_layout::TypeLayout;
[INFO] [stdout]   |     ^^^^^^^^^^^ use of undeclared crate or module `type_layout`
[INFO] [stdout] 
[INFO] [stdout] error[E0599]: no function or associated item named `type_layout` found for struct `OverAligned` in the current scope
[INFO] [stdout]   --> src/lib.rs:51:29
[INFO] [stdout]    |
[INFO] [stdout] 7  | struct OverAligned {
[INFO] [stdout]    | ------------------ function or associated item `type_layout` not found for this struct
[INFO] [stdout] ...
[INFO] [stdout] 11 | println!("{}", OverAligned::type_layout());
[INFO] [stdout]    |                             ^^^^^^^^^^^ function or associated item not found in `OverAligned`
[INFO] [stdout]    |
[INFO] [stdout]    = help: items from traits can only be used if the trait is implemented and in scope
[INFO] [stdout]    = note: the following trait defines an item `type_layout`, perhaps you need to implement it:
[INFO] [stdout]            candidate #1: `type_layout_syn2::TypeLayout`
[INFO] [stdout] 
[INFO] [stdout] error: aborting due to 2 previous errors
[INFO] [stdout] 
[INFO] [stdout] Some errors have detailed explanations: E0432, E0599.
[INFO] [stdout] For more information about an error, try `rustc --explain E0432`.
[INFO] [stdout] Couldn't compile the test.
[INFO] [stdout] ---- src/lib.rs - (line 19) stdout ----
[INFO] [stdout] error[E0432]: unresolved import `type_layout`
[INFO] [stdout]  --> src/lib.rs:20:5
[INFO] [stdout]   |
[INFO] [stdout] 3 | use type_layout::TypeLayout;
[INFO] [stdout]   |     ^^^^^^^^^^^ use of undeclared crate or module `type_layout`
[INFO] [stdout] 
[INFO] [stdout] error[E0599]: no function or associated item named `type_layout` found for struct `Foo` in the current scope
[INFO] [stdout]   --> src/lib.rs:29:21
[INFO] [stdout]    |
[INFO] [stdout] 7  | struct Foo {
[INFO] [stdout]    | ---------- function or associated item `type_layout` not found for this struct
[INFO] [stdout] ...
[INFO] [stdout] 12 | println!("{}", Foo::type_layout());
[INFO] [stdout]    |                     ^^^^^^^^^^^ function or associated item not found in `Foo`
[INFO] [stdout]    |
[INFO] [stdout]    = help: items from traits can only be used if the trait is implemented and in scope
[INFO] [stdout]    = note: the following trait defines an item `type_layout`, perhaps you need to implement it:
[INFO] [stdout]            candidate #1: `type_layout_syn2::TypeLayout`
[INFO] [stdout] 
[INFO] [stdout] error: aborting due to 2 previous errors
[INFO] [stdout] 
[INFO] [stdout] Some errors have detailed explanations: E0432, E0599.
[INFO] [stdout] For more information about an error, try `rustc --explain E0432`.
[INFO] [stdout] Couldn't compile the test.
[INFO] [stdout] 
[INFO] [stdout] failures:
[INFO] [stdout]     src/lib.rs - (line 19)
[INFO] [stdout]     src/lib.rs - (line 42)
[INFO] [stdout] 
[INFO] [stdout] test result: FAILED. 0 passed; 2 failed; 0 ignored; 0 measured; 0 filtered out; finished in 0.05s
[INFO] [stdout] 
[INFO] [stderr] error: doctest failed, to rerun pass `--doc`
[INFO] running `Command { std: "docker" "inspect" "192294873e541705125e7627f7c89da388d067f0be6db3a83d86db462d0c0480", kill_on_drop: false }`
[INFO] running `Command { std: "docker" "rm" "-f" "192294873e541705125e7627f7c89da388d067f0be6db3a83d86db462d0c0480", kill_on_drop: false }`
[INFO] [stdout] 192294873e541705125e7627f7c89da388d067f0be6db3a83d86db462d0c0480
