[INFO] fetching crate typ 0.1.1...
[INFO] testing typ-0.1.1 against nightly-2024-10-28+rustflags=-Zrandomize-layout for randomize-layout
[INFO] extracting crate typ 0.1.1 into /workspace/builds/worker-1-tc2/source
[INFO] validating manifest of crates.io crate typ 0.1.1 on toolchain nightly-2024-10-28
[INFO] running `Command { std: CARGO_HOME="/workspace/cargo-home" RUSTUP_HOME="/workspace/rustup-home" "/workspace/cargo-home/bin/cargo" "+nightly-2024-10-28" "metadata" "--manifest-path" "Cargo.toml" "--no-deps", kill_on_drop: false }`
[INFO] started tweaking crates.io crate typ 0.1.1
[INFO] finished tweaking crates.io crate typ 0.1.1
[INFO] tweaked toml for crates.io crate typ 0.1.1 written to /workspace/builds/worker-1-tc2/source/Cargo.toml
[INFO] running `Command { std: CARGO_HOME="/workspace/cargo-home" RUSTUP_HOME="/workspace/rustup-home" "/workspace/cargo-home/bin/cargo" "+nightly-2024-10-28" "generate-lockfile" "--manifest-path" "Cargo.toml", kill_on_drop: false }`
[INFO] [stderr]     Updating crates.io index
[INFO] [stderr]      Locking 45 packages to latest compatible versions
[INFO] [stderr]       Adding indexmap v1.9.3 (available: v2.6.0)
[INFO] [stderr]       Adding itertools v0.9.0 (available: v0.13.0)
[INFO] [stderr]       Adding syn v1.0.109 (available: v2.0.86)
[INFO] running `Command { std: CARGO_HOME="/workspace/cargo-home" RUSTUP_HOME="/workspace/rustup-home" "/workspace/cargo-home/bin/cargo" "+nightly-2024-10-28" "fetch" "--manifest-path" "Cargo.toml", kill_on_drop: false }`
[INFO] running `Command { std: "docker" "create" "-v" "/var/lib/crater-agent-workspace/builds/worker-1-tc2/target:/opt/rustwide/target:rw,Z" "-v" "/var/lib/crater-agent-workspace/builds/worker-1-tc2/source:/opt/rustwide/workdir:ro,Z" "-v" "/var/lib/crater-agent-workspace/cargo-home:/opt/rustwide/cargo-home:ro,Z" "-v" "/var/lib/crater-agent-workspace/rustup-home:/opt/rustwide/rustup-home:ro,Z" "-e" "SOURCE_DIR=/opt/rustwide/workdir" "-e" "CARGO_TARGET_DIR=/opt/rustwide/target" "-e" "CARGO_HOME=/opt/rustwide/cargo-home" "-e" "RUSTUP_HOME=/opt/rustwide/rustup-home" "-w" "/opt/rustwide/workdir" "-m" "1610612736" "--user" "0:0" "--network" "none" "ghcr.io/rust-lang/crates-build-env/linux@sha256:4a844ea9eb2546a2d2c7022eacef16ef2e8229c7fbb2c7d4d55a9ceca922f72d" "/opt/rustwide/cargo-home/bin/cargo" "+nightly-2024-10-28" "metadata" "--no-deps" "--format-version=1", kill_on_drop: false }`
[INFO] [stdout] 5b9dfdb4752e9827fe0cdae0dd76633acb36901e9eb8ff4db56f380ff436a3b5
[INFO] running `Command { std: "docker" "start" "-a" "5b9dfdb4752e9827fe0cdae0dd76633acb36901e9eb8ff4db56f380ff436a3b5", kill_on_drop: false }`
[INFO] running `Command { std: "docker" "inspect" "5b9dfdb4752e9827fe0cdae0dd76633acb36901e9eb8ff4db56f380ff436a3b5", kill_on_drop: false }`
[INFO] running `Command { std: "docker" "rm" "-f" "5b9dfdb4752e9827fe0cdae0dd76633acb36901e9eb8ff4db56f380ff436a3b5", kill_on_drop: false }`
[INFO] [stdout] 5b9dfdb4752e9827fe0cdae0dd76633acb36901e9eb8ff4db56f380ff436a3b5
[INFO] running `Command { std: "docker" "create" "-v" "/var/lib/crater-agent-workspace/builds/worker-1-tc2/target:/opt/rustwide/target:rw,Z" "-v" "/var/lib/crater-agent-workspace/builds/worker-1-tc2/source:/opt/rustwide/workdir:ro,Z" "-v" "/var/lib/crater-agent-workspace/cargo-home:/opt/rustwide/cargo-home:ro,Z" "-v" "/var/lib/crater-agent-workspace/rustup-home:/opt/rustwide/rustup-home:ro,Z" "-e" "SOURCE_DIR=/opt/rustwide/workdir" "-e" "CARGO_TARGET_DIR=/opt/rustwide/target" "-e" "CARGO_INCREMENTAL=0" "-e" "RUST_BACKTRACE=full" "-e" "RUSTFLAGS=--cap-lints=forbid -Zrandomize-layout" "-e" "RUSTDOCFLAGS=--cap-lints=forbid" "-e" "CARGO_HOME=/opt/rustwide/cargo-home" "-e" "RUSTUP_HOME=/opt/rustwide/rustup-home" "-w" "/opt/rustwide/workdir" "-m" "1610612736" "--user" "0:0" "--network" "none" "ghcr.io/rust-lang/crates-build-env/linux@sha256:4a844ea9eb2546a2d2c7022eacef16ef2e8229c7fbb2c7d4d55a9ceca922f72d" "/opt/rustwide/cargo-home/bin/cargo" "+nightly-2024-10-28" "build" "--frozen" "--message-format=json", kill_on_drop: false }`
[INFO] [stdout] e053d460369c4b256918ed6649974f71f23adec21d356b85b47ac54f0bd2cda7
[INFO] running `Command { std: "docker" "start" "-a" "e053d460369c4b256918ed6649974f71f23adec21d356b85b47ac54f0bd2cda7", kill_on_drop: false }`
[INFO] [stderr]    Compiling autocfg v1.4.0
[INFO] [stderr]    Compiling smallvec v1.13.2
[INFO] [stderr]    Compiling syn v1.0.109
[INFO] [stderr]    Compiling hashbrown v0.12.3
[INFO] [stderr]    Compiling either v1.13.0
[INFO] [stderr]    Compiling endian-type v0.1.2
[INFO] [stderr]    Compiling by_address v1.2.1
[INFO] [stderr]    Compiling itertools v0.9.0
[INFO] [stderr]    Compiling nibble_vec v0.1.0
[INFO] [stderr]    Compiling radix_trie v0.2.1
[INFO] [stderr]    Compiling indexmap v1.9.3
[INFO] [stderr]    Compiling typ v0.1.1 (/opt/rustwide/workdir)
[INFO] [stdout] warning: unused import: `Span`
[INFO] [stdout]  --> src/common.rs:4:23
[INFO] [stdout]   |
[INFO] [stdout] 4 | pub use proc_macro2::{Span, TokenStream};
[INFO] [stdout]   |                       ^^^^
[INFO] [stdout]   |
[INFO] [stdout]   = note: `#[warn(unused_imports)]` on by default
[INFO] [stdout] 
[INFO] [stdout] 
[INFO] [stdout] warning: unused imports: `ToTokens` and `quote_spanned`
[INFO] [stdout]  --> src/common.rs:5:38
[INFO] [stdout]   |
[INFO] [stdout] 5 | pub use quote::{format_ident, quote, quote_spanned, ToTokens};
[INFO] [stdout]   |                                      ^^^^^^^^^^^^^  ^^^^^^^^
[INFO] [stdout] 
[INFO] [stdout] 
[INFO] [stdout] warning: unused import: `TrieKey`
[INFO] [stdout]  --> src/common.rs:6:40
[INFO] [stdout]   |
[INFO] [stdout] 6 | pub use radix_trie::{Trie, TrieCommon, TrieKey};
[INFO] [stdout]   |                                        ^^^^^^^
[INFO] [stdout] 
[INFO] [stdout] 
[INFO] [stdout] warning: unused imports: `AddAssign`, `Add`, `BTreeMap`, `BTreeSet`, `Cell`, `Cow`, `DerefMut`, `FromIterator`, `Sum`, `TryFrom`, `TryInto`, `Weak`, and `mem`
[INFO] [stdout]   --> src/common.rs:8:33
[INFO] [stdout]    |
[INFO] [stdout] 8  |     borrow::{Borrow, BorrowMut, Cow},
[INFO] [stdout]    |                                 ^^^
[INFO] [stdout] 9  |     cell::{Cell, Ref, RefCell, RefMut},
[INFO] [stdout]    |            ^^^^
[INFO] [stdout] 10 |     cmp::Ordering,
[INFO] [stdout] 11 |     collections::{BTreeMap, BTreeSet, HashMap, HashSet},
[INFO] [stdout]    |                   ^^^^^^^^  ^^^^^^^^
[INFO] [stdout] 12 |     convert::{TryFrom, TryInto},
[INFO] [stdout]    |               ^^^^^^^  ^^^^^^^
[INFO] [stdout] ...
[INFO] [stdout] 16 |     iter::{self, Extend, FromIterator, Sum},
[INFO] [stdout]    |                          ^^^^^^^^^^^^  ^^^
[INFO] [stdout] 17 |     mem,
[INFO] [stdout]    |     ^^^
[INFO] [stdout] 18 |     ops::{Add, AddAssign, Deref, DerefMut},
[INFO] [stdout]    |           ^^^  ^^^^^^^^^         ^^^^^^^^
[INFO] [stdout] 19 |     rc::{Rc, Weak},
[INFO] [stdout]    |              ^^^^
[INFO] [stdout] 
[INFO] [stdout] 
[INFO] [stdout] warning: unused imports: `ConstParam`, `ExprLet`, `ExprReturn`, `Field`, `Fields`, `ImplItemType`, `ItemMod`, `LifetimeDef`, `Lifetime`, `Receiver`, `Variant`, `token`, and `visit_mut::VisitMut`
[INFO] [stdout]   --> src/common.rs:26:5
[INFO] [stdout]    |
[INFO] [stdout] 26 |     token,
[INFO] [stdout]    |     ^^^^^
[INFO] [stdout] 27 |     visit_mut::VisitMut,
[INFO] [stdout]    |     ^^^^^^^^^^^^^^^^^^^
[INFO] [stdout] 28 |     Arm, AttrStyle, Attribute, BinOp, Block, ConstParam, Error, Expr, ExprAssign, ExprBinary,
[INFO] [stdout]    |                                              ^^^^^^^^^^
[INFO] [stdout] 29 |     ExprBlock, ExprCall, ExprIf, ExprIndex, ExprLet, ExprLit, ExprMatch, ExprMethodCall, ExprPath,
[INFO] [stdout]    |                                             ^^^^^^^
[INFO] [stdout] 30 |     ExprReturn, ExprTuple, ExprUnary, Field, Fields, FnArg, GenericArgument, GenericParam,
[INFO] [stdout]    |     ^^^^^^^^^^                        ^^^^^  ^^^^^^
[INFO] [stdout] 31 |     Generics, Ident, ImplItem, ImplItemMethod, ImplItemType, Item, ItemEnum, ItemFn, ItemImpl,
[INFO] [stdout]    |                                                ^^^^^^^^^^^^
[INFO] [stdout] 32 |     ItemMod, ItemStruct, ItemTrait, ItemUse, Lifetime, LifetimeDef, Lit, LitBool, LitInt, Local,
[INFO] [stdout]    |     ^^^^^^^                                  ^^^^^^^^  ^^^^^^^^^^^
[INFO] [stdout] 33 |     Pat, PatIdent, PatPath, PatTuple, PatType, Path, PathArguments, PathSegment, PredicateType,
[INFO] [stdout] 34 |     QSelf, Receiver, ReturnType, Signature, Stmt, Token, TraitBound, TraitBoundModifier, Type,
[INFO] [stdout]    |            ^^^^^^^^
[INFO] [stdout] 35 |     TypeParam, TypeParamBound, TypeParen, TypePath, TypeTraitObject, TypeTuple, UnOp, Variant,
[INFO] [stdout]    |                                                                                       ^^^^^^^
[INFO] [stdout] 
[INFO] [stdout] 
[INFO] [stdout] warning: unused import: `ParsePureWherePredicate`
[INFO] [stdout]   --> src/trans/mod.rs:20:53
[INFO] [stdout]    |
[INFO] [stdout] 20 |         ParsePathVar, ParsePurePath, ParsePureType, ParsePureWherePredicate,
[INFO] [stdout]    |                                                     ^^^^^^^^^^^^^^^^^^^^^^^
[INFO] [stdout] 
[INFO] [stdout] 
[INFO] [stdout] warning: methods `borrow` and `deep_clone` are never used
[INFO] [stdout]   --> src/utils.rs:63:12
[INFO] [stdout]    |
[INFO] [stdout] 58 | impl<T> SharedCell<T> {
[INFO] [stdout]    | --------------------- methods in this implementation
[INFO] [stdout] ...
[INFO] [stdout] 63 |     pub fn borrow(&self) -> Ref<T> {
[INFO] [stdout]    |            ^^^^^^
[INFO] [stdout] ...
[INFO] [stdout] 71 |     pub fn deep_clone(&self) -> SharedCell<T>
[INFO] [stdout]    |            ^^^^^^^^^^
[INFO] [stdout]    |
[INFO] [stdout]    = note: `#[warn(dead_code)]` on by default
[INFO] [stdout] 
[INFO] [stdout] 
[INFO] [stdout] warning: method `parse_pure_where_predicate` is never used
[INFO] [stdout]    --> src/var.rs:166:8
[INFO] [stdout]     |
[INFO] [stdout] 165 | pub trait ParsePureWherePredicate {
[INFO] [stdout]     |           ----------------------- method in this trait
[INFO] [stdout] 166 |     fn parse_pure_where_predicate<E: Extend<WherePredicateVar>>(
[INFO] [stdout]     |        ^^^^^^^^^^^^^^^^^^^^^^^^^^
[INFO] [stdout] 
[INFO] [stdout] 
[INFO] [stderr]     Finished `dev` profile [unoptimized + debuginfo] target(s) in 4.41s
[INFO] running `Command { std: "docker" "inspect" "e053d460369c4b256918ed6649974f71f23adec21d356b85b47ac54f0bd2cda7", kill_on_drop: false }`
[INFO] running `Command { std: "docker" "rm" "-f" "e053d460369c4b256918ed6649974f71f23adec21d356b85b47ac54f0bd2cda7", kill_on_drop: false }`
[INFO] [stdout] e053d460369c4b256918ed6649974f71f23adec21d356b85b47ac54f0bd2cda7
[INFO] running `Command { std: "docker" "create" "-v" "/var/lib/crater-agent-workspace/builds/worker-1-tc2/target:/opt/rustwide/target:rw,Z" "-v" "/var/lib/crater-agent-workspace/builds/worker-1-tc2/source:/opt/rustwide/workdir:ro,Z" "-v" "/var/lib/crater-agent-workspace/cargo-home:/opt/rustwide/cargo-home:ro,Z" "-v" "/var/lib/crater-agent-workspace/rustup-home:/opt/rustwide/rustup-home:ro,Z" "-e" "SOURCE_DIR=/opt/rustwide/workdir" "-e" "CARGO_TARGET_DIR=/opt/rustwide/target" "-e" "CARGO_INCREMENTAL=0" "-e" "RUST_BACKTRACE=full" "-e" "RUSTFLAGS=--cap-lints=forbid -Zrandomize-layout" "-e" "RUSTDOCFLAGS=--cap-lints=forbid" "-e" "CARGO_HOME=/opt/rustwide/cargo-home" "-e" "RUSTUP_HOME=/opt/rustwide/rustup-home" "-w" "/opt/rustwide/workdir" "-m" "1610612736" "--user" "0:0" "--network" "none" "ghcr.io/rust-lang/crates-build-env/linux@sha256:4a844ea9eb2546a2d2c7022eacef16ef2e8229c7fbb2c7d4d55a9ceca922f72d" "/opt/rustwide/cargo-home/bin/cargo" "+nightly-2024-10-28" "test" "--frozen" "--no-run" "--message-format=json", kill_on_drop: false }`
[INFO] [stdout] 7901ca202abb9c71f4fe555b50f9a295e34ca6972f9456b70f82f10b86b2b72a
[INFO] running `Command { std: "docker" "start" "-a" "7901ca202abb9c71f4fe555b50f9a295e34ca6972f9456b70f82f10b86b2b72a", kill_on_drop: false }`
[INFO] [stderr]    Compiling serde v1.0.214
[INFO] [stderr]    Compiling proc-macro2 v1.0.89
[INFO] [stderr]    Compiling unicode-ident v1.0.13
[INFO] [stderr]    Compiling hashbrown v0.15.0
[INFO] [stderr]    Compiling equivalent v1.0.1
[INFO] [stderr]    Compiling target-triple v0.1.3
[INFO] [stderr]    Compiling smallvec v1.13.2
[INFO] [stderr]    Compiling winnow v0.6.20
[INFO] [stderr]    Compiling syn v1.0.109
[INFO] [stderr]    Compiling indexmap v1.9.3
[INFO] [stderr]    Compiling either v1.13.0
[INFO] [stderr]    Compiling hashbrown v0.12.3
[INFO] [stderr]    Compiling endian-type v0.1.2
[INFO] [stderr]    Compiling nibble_vec v0.1.0
[INFO] [stderr]    Compiling itertools v0.9.0
[INFO] [stderr]    Compiling radix_trie v0.2.1
[INFO] [stderr]    Compiling by_address v1.2.1
[INFO] [stderr]    Compiling termcolor v1.4.1
[INFO] [stderr]    Compiling quote v1.0.37
[INFO] [stderr]    Compiling indexmap v2.6.0
[INFO] [stderr]    Compiling syn v2.0.86
[INFO] [stderr]    Compiling glob v0.3.1
[INFO] [stderr]    Compiling serde_derive v1.0.214
[INFO] [stderr]    Compiling serde_spanned v0.6.8
[INFO] [stderr]    Compiling toml_datetime v0.6.8
[INFO] [stderr]    Compiling serde_json v1.0.132
[INFO] [stderr]    Compiling toml_edit v0.22.22
[INFO] [stderr]    Compiling toml v0.8.19
[INFO] [stderr]    Compiling trybuild v1.0.101
[INFO] [stderr]    Compiling typ v0.1.1 (/opt/rustwide/workdir)
[INFO] [stdout] warning: unused import: `Span`
[INFO] [stdout]  --> src/common.rs:4:23
[INFO] [stdout]   |
[INFO] [stdout] 4 | pub use proc_macro2::{Span, TokenStream};
[INFO] [stdout]   |                       ^^^^
[INFO] [stdout]   |
[INFO] [stdout]   = note: `#[warn(unused_imports)]` on by default
[INFO] [stdout] 
[INFO] [stdout] 
[INFO] [stdout] warning: unused imports: `ToTokens` and `quote_spanned`
[INFO] [stdout]  --> src/common.rs:5:38
[INFO] [stdout]   |
[INFO] [stdout] 5 | pub use quote::{format_ident, quote, quote_spanned, ToTokens};
[INFO] [stdout]   |                                      ^^^^^^^^^^^^^  ^^^^^^^^
[INFO] [stdout] 
[INFO] [stdout] 
[INFO] [stdout] warning: unused import: `TrieKey`
[INFO] [stdout]  --> src/common.rs:6:40
[INFO] [stdout]   |
[INFO] [stdout] 6 | pub use radix_trie::{Trie, TrieCommon, TrieKey};
[INFO] [stdout]   |                                        ^^^^^^^
[INFO] [stdout] 
[INFO] [stdout] 
[INFO] [stdout] warning: unused imports: `AddAssign`, `Add`, `BTreeMap`, `BTreeSet`, `Cell`, `Cow`, `DerefMut`, `FromIterator`, `Sum`, `TryFrom`, `TryInto`, `Weak`, and `mem`
[INFO] [stdout]   --> src/common.rs:8:33
[INFO] [stdout]    |
[INFO] [stdout] 8  |     borrow::{Borrow, BorrowMut, Cow},
[INFO] [stdout]    |                                 ^^^
[INFO] [stdout] 9  |     cell::{Cell, Ref, RefCell, RefMut},
[INFO] [stdout]    |            ^^^^
[INFO] [stdout] 10 |     cmp::Ordering,
[INFO] [stdout] 11 |     collections::{BTreeMap, BTreeSet, HashMap, HashSet},
[INFO] [stdout]    |                   ^^^^^^^^  ^^^^^^^^
[INFO] [stdout] 12 |     convert::{TryFrom, TryInto},
[INFO] [stdout]    |               ^^^^^^^  ^^^^^^^
[INFO] [stdout] ...
[INFO] [stdout] 16 |     iter::{self, Extend, FromIterator, Sum},
[INFO] [stdout]    |                          ^^^^^^^^^^^^  ^^^
[INFO] [stdout] 17 |     mem,
[INFO] [stdout]    |     ^^^
[INFO] [stdout] 18 |     ops::{Add, AddAssign, Deref, DerefMut},
[INFO] [stdout]    |           ^^^  ^^^^^^^^^         ^^^^^^^^
[INFO] [stdout] 19 |     rc::{Rc, Weak},
[INFO] [stdout]    |              ^^^^
[INFO] [stdout] 
[INFO] [stdout] 
[INFO] [stdout] warning: unused imports: `ConstParam`, `ExprLet`, `ExprReturn`, `Field`, `Fields`, `ImplItemType`, `ItemMod`, `LifetimeDef`, `Lifetime`, `Receiver`, `Variant`, `token`, and `visit_mut::VisitMut`
[INFO] [stdout]   --> src/common.rs:26:5
[INFO] [stdout]    |
[INFO] [stdout] 26 |     token,
[INFO] [stdout]    |     ^^^^^
[INFO] [stdout] 27 |     visit_mut::VisitMut,
[INFO] [stdout]    |     ^^^^^^^^^^^^^^^^^^^
[INFO] [stdout] 28 |     Arm, AttrStyle, Attribute, BinOp, Block, ConstParam, Error, Expr, ExprAssign, ExprBinary,
[INFO] [stdout]    |                                              ^^^^^^^^^^
[INFO] [stdout] 29 |     ExprBlock, ExprCall, ExprIf, ExprIndex, ExprLet, ExprLit, ExprMatch, ExprMethodCall, ExprPath,
[INFO] [stdout]    |                                             ^^^^^^^
[INFO] [stdout] 30 |     ExprReturn, ExprTuple, ExprUnary, Field, Fields, FnArg, GenericArgument, GenericParam,
[INFO] [stdout]    |     ^^^^^^^^^^                        ^^^^^  ^^^^^^
[INFO] [stdout] 31 |     Generics, Ident, ImplItem, ImplItemMethod, ImplItemType, Item, ItemEnum, ItemFn, ItemImpl,
[INFO] [stdout]    |                                                ^^^^^^^^^^^^
[INFO] [stdout] 32 |     ItemMod, ItemStruct, ItemTrait, ItemUse, Lifetime, LifetimeDef, Lit, LitBool, LitInt, Local,
[INFO] [stdout]    |     ^^^^^^^                                  ^^^^^^^^  ^^^^^^^^^^^
[INFO] [stdout] 33 |     Pat, PatIdent, PatPath, PatTuple, PatType, Path, PathArguments, PathSegment, PredicateType,
[INFO] [stdout] 34 |     QSelf, Receiver, ReturnType, Signature, Stmt, Token, TraitBound, TraitBoundModifier, Type,
[INFO] [stdout]    |            ^^^^^^^^
[INFO] [stdout] 35 |     TypeParam, TypeParamBound, TypeParen, TypePath, TypeTraitObject, TypeTuple, UnOp, Variant,
[INFO] [stdout]    |                                                                                       ^^^^^^^
[INFO] [stdout] 
[INFO] [stdout] 
[INFO] [stdout] warning: unused import: `ParsePureWherePredicate`
[INFO] [stdout]   --> src/trans/mod.rs:20:53
[INFO] [stdout]    |
[INFO] [stdout] 20 |         ParsePathVar, ParsePurePath, ParsePureType, ParsePureWherePredicate,
[INFO] [stdout]    |                                                     ^^^^^^^^^^^^^^^^^^^^^^^
[INFO] [stdout] 
[INFO] [stdout] 
[INFO] [stdout] warning: methods `borrow` and `deep_clone` are never used
[INFO] [stdout]   --> src/utils.rs:63:12
[INFO] [stdout]    |
[INFO] [stdout] 58 | impl<T> SharedCell<T> {
[INFO] [stdout]    | --------------------- methods in this implementation
[INFO] [stdout] ...
[INFO] [stdout] 63 |     pub fn borrow(&self) -> Ref<T> {
[INFO] [stdout]    |            ^^^^^^
[INFO] [stdout] ...
[INFO] [stdout] 71 |     pub fn deep_clone(&self) -> SharedCell<T>
[INFO] [stdout]    |            ^^^^^^^^^^
[INFO] [stdout]    |
[INFO] [stdout]    = note: `#[warn(dead_code)]` on by default
[INFO] [stdout] 
[INFO] [stdout] 
[INFO] [stdout] warning: method `parse_pure_where_predicate` is never used
[INFO] [stdout]    --> src/var.rs:166:8
[INFO] [stdout]     |
[INFO] [stdout] 165 | pub trait ParsePureWherePredicate {
[INFO] [stdout]     |           ----------------------- method in this trait
[INFO] [stdout] 166 |     fn parse_pure_where_predicate<E: Extend<WherePredicateVar>>(
[INFO] [stdout]     |        ^^^^^^^^^^^^^^^^^^^^^^^^^^
[INFO] [stdout] 
[INFO] [stdout] 
[INFO] [stdout] warning: unused import: `Span`
[INFO] [stdout]  --> src/common.rs:4:23
[INFO] [stdout]   |
[INFO] [stdout] 4 | pub use proc_macro2::{Span, TokenStream};
[INFO] [stdout]   |                       ^^^^
[INFO] [stdout]   |
[INFO] [stdout]   = note: `#[warn(unused_imports)]` on by default
[INFO] [stdout] 
[INFO] [stdout] 
[INFO] [stdout] warning: unused imports: `ToTokens` and `quote_spanned`
[INFO] [stdout]  --> src/common.rs:5:38
[INFO] [stdout]   |
[INFO] [stdout] 5 | pub use quote::{format_ident, quote, quote_spanned, ToTokens};
[INFO] [stdout]   |                                      ^^^^^^^^^^^^^  ^^^^^^^^
[INFO] [stdout] 
[INFO] [stdout] 
[INFO] [stdout] warning: unused import: `TrieKey`
[INFO] [stdout]  --> src/common.rs:6:40
[INFO] [stdout]   |
[INFO] [stdout] 6 | pub use radix_trie::{Trie, TrieCommon, TrieKey};
[INFO] [stdout]   |                                        ^^^^^^^
[INFO] [stdout] 
[INFO] [stdout] 
[INFO] [stdout] warning: unused imports: `AddAssign`, `Add`, `BTreeMap`, `BTreeSet`, `Cell`, `Cow`, `DerefMut`, `FromIterator`, `Sum`, `TryFrom`, `TryInto`, `Weak`, and `mem`
[INFO] [stdout]   --> src/common.rs:8:33
[INFO] [stdout]    |
[INFO] [stdout] 8  |     borrow::{Borrow, BorrowMut, Cow},
[INFO] [stdout]    |                                 ^^^
[INFO] [stdout] 9  |     cell::{Cell, Ref, RefCell, RefMut},
[INFO] [stdout]    |            ^^^^
[INFO] [stdout] 10 |     cmp::Ordering,
[INFO] [stdout] 11 |     collections::{BTreeMap, BTreeSet, HashMap, HashSet},
[INFO] [stdout]    |                   ^^^^^^^^  ^^^^^^^^
[INFO] [stdout] 12 |     convert::{TryFrom, TryInto},
[INFO] [stdout]    |               ^^^^^^^  ^^^^^^^
[INFO] [stdout] ...
[INFO] [stdout] 16 |     iter::{self, Extend, FromIterator, Sum},
[INFO] [stdout]    |                          ^^^^^^^^^^^^  ^^^
[INFO] [stdout] 17 |     mem,
[INFO] [stdout]    |     ^^^
[INFO] [stdout] 18 |     ops::{Add, AddAssign, Deref, DerefMut},
[INFO] [stdout]    |           ^^^  ^^^^^^^^^         ^^^^^^^^
[INFO] [stdout] 19 |     rc::{Rc, Weak},
[INFO] [stdout]    |              ^^^^
[INFO] [stdout] 
[INFO] [stdout] 
[INFO] [stdout] warning: unused imports: `ConstParam`, `ExprLet`, `ExprReturn`, `Field`, `Fields`, `ImplItemType`, `ItemMod`, `LifetimeDef`, `Lifetime`, `Receiver`, `Variant`, `token`, and `visit_mut::VisitMut`
[INFO] [stdout]   --> src/common.rs:26:5
[INFO] [stdout]    |
[INFO] [stdout] 26 |     token,
[INFO] [stdout]    |     ^^^^^
[INFO] [stdout] 27 |     visit_mut::VisitMut,
[INFO] [stdout]    |     ^^^^^^^^^^^^^^^^^^^
[INFO] [stdout] 28 |     Arm, AttrStyle, Attribute, BinOp, Block, ConstParam, Error, Expr, ExprAssign, ExprBinary,
[INFO] [stdout]    |                                              ^^^^^^^^^^
[INFO] [stdout] 29 |     ExprBlock, ExprCall, ExprIf, ExprIndex, ExprLet, ExprLit, ExprMatch, ExprMethodCall, ExprPath,
[INFO] [stdout]    |                                             ^^^^^^^
[INFO] [stdout] 30 |     ExprReturn, ExprTuple, ExprUnary, Field, Fields, FnArg, GenericArgument, GenericParam,
[INFO] [stdout]    |     ^^^^^^^^^^                        ^^^^^  ^^^^^^
[INFO] [stdout] 31 |     Generics, Ident, ImplItem, ImplItemMethod, ImplItemType, Item, ItemEnum, ItemFn, ItemImpl,
[INFO] [stdout]    |                                                ^^^^^^^^^^^^
[INFO] [stdout] 32 |     ItemMod, ItemStruct, ItemTrait, ItemUse, Lifetime, LifetimeDef, Lit, LitBool, LitInt, Local,
[INFO] [stdout]    |     ^^^^^^^                                  ^^^^^^^^  ^^^^^^^^^^^
[INFO] [stdout] 33 |     Pat, PatIdent, PatPath, PatTuple, PatType, Path, PathArguments, PathSegment, PredicateType,
[INFO] [stdout] 34 |     QSelf, Receiver, ReturnType, Signature, Stmt, Token, TraitBound, TraitBoundModifier, Type,
[INFO] [stdout]    |            ^^^^^^^^
[INFO] [stdout] 35 |     TypeParam, TypeParamBound, TypeParen, TypePath, TypeTraitObject, TypeTuple, UnOp, Variant,
[INFO] [stdout]    |                                                                                       ^^^^^^^
[INFO] [stdout] 
[INFO] [stdout] 
[INFO] [stdout] warning: unused import: `ParsePureWherePredicate`
[INFO] [stdout]   --> src/trans/mod.rs:20:53
[INFO] [stdout]    |
[INFO] [stdout] 20 |         ParsePathVar, ParsePurePath, ParsePureType, ParsePureWherePredicate,
[INFO] [stdout]    |                                                     ^^^^^^^^^^^^^^^^^^^^^^^
[INFO] [stdout] 
[INFO] [stdout] 
[INFO] [stdout] warning: methods `borrow` and `deep_clone` are never used
[INFO] [stdout]   --> src/utils.rs:63:12
[INFO] [stdout]    |
[INFO] [stdout] 58 | impl<T> SharedCell<T> {
[INFO] [stdout]    | --------------------- methods in this implementation
[INFO] [stdout] ...
[INFO] [stdout] 63 |     pub fn borrow(&self) -> Ref<T> {
[INFO] [stdout]    |            ^^^^^^
[INFO] [stdout] ...
[INFO] [stdout] 71 |     pub fn deep_clone(&self) -> SharedCell<T>
[INFO] [stdout]    |            ^^^^^^^^^^
[INFO] [stdout]    |
[INFO] [stdout]    = note: `#[warn(dead_code)]` on by default
[INFO] [stdout] 
[INFO] [stdout] 
[INFO] [stdout] warning: method `parse_pure_where_predicate` is never used
[INFO] [stdout]    --> src/var.rs:166:8
[INFO] [stdout]     |
[INFO] [stdout] 165 | pub trait ParsePureWherePredicate {
[INFO] [stdout]     |           ----------------------- method in this trait
[INFO] [stdout] 166 |     fn parse_pure_where_predicate<E: Extend<WherePredicateVar>>(
[INFO] [stdout]     |        ^^^^^^^^^^^^^^^^^^^^^^^^^^
[INFO] [stdout] 
[INFO] [stdout] 
[INFO] [stderr]     Finished `test` profile [unoptimized + debuginfo] target(s) in 12.32s
[INFO] running `Command { std: "docker" "inspect" "7901ca202abb9c71f4fe555b50f9a295e34ca6972f9456b70f82f10b86b2b72a", kill_on_drop: false }`
[INFO] running `Command { std: "docker" "rm" "-f" "7901ca202abb9c71f4fe555b50f9a295e34ca6972f9456b70f82f10b86b2b72a", kill_on_drop: false }`
[INFO] [stdout] 7901ca202abb9c71f4fe555b50f9a295e34ca6972f9456b70f82f10b86b2b72a
[INFO] running `Command { std: "docker" "create" "-v" "/var/lib/crater-agent-workspace/builds/worker-1-tc2/target:/opt/rustwide/target:rw,Z" "-v" "/var/lib/crater-agent-workspace/builds/worker-1-tc2/source:/opt/rustwide/workdir:ro,Z" "-v" "/var/lib/crater-agent-workspace/cargo-home:/opt/rustwide/cargo-home:ro,Z" "-v" "/var/lib/crater-agent-workspace/rustup-home:/opt/rustwide/rustup-home:ro,Z" "-e" "SOURCE_DIR=/opt/rustwide/workdir" "-e" "CARGO_TARGET_DIR=/opt/rustwide/target" "-e" "CARGO_INCREMENTAL=0" "-e" "RUST_BACKTRACE=full" "-e" "RUSTFLAGS=--cap-lints=forbid -Zrandomize-layout" "-e" "RUSTDOCFLAGS=--cap-lints=forbid" "-e" "CARGO_HOME=/opt/rustwide/cargo-home" "-e" "RUSTUP_HOME=/opt/rustwide/rustup-home" "-w" "/opt/rustwide/workdir" "-m" "1610612736" "--user" "0:0" "--network" "none" "ghcr.io/rust-lang/crates-build-env/linux@sha256:4a844ea9eb2546a2d2c7022eacef16ef2e8229c7fbb2c7d4d55a9ceca922f72d" "/opt/rustwide/cargo-home/bin/cargo" "+nightly-2024-10-28" "test" "--frozen", kill_on_drop: false }`
[INFO] [stdout] 4e92df1d4a83d5e2a5079bd1b76b48c825677bb7fd315ee474d937620db2e5dc
[INFO] running `Command { std: "docker" "start" "-a" "4e92df1d4a83d5e2a5079bd1b76b48c825677bb7fd315ee474d937620db2e5dc", kill_on_drop: false }`
[INFO] [stderr] warning: unused import: `Span`
[INFO] [stderr]  --> src/common.rs:4:23
[INFO] [stderr]   |
[INFO] [stderr] 4 | pub use proc_macro2::{Span, TokenStream};
[INFO] [stderr]   |                       ^^^^
[INFO] [stderr]   |
[INFO] [stderr]   = note: `#[warn(unused_imports)]` on by default
[INFO] [stderr] 
[INFO] [stderr] warning: unused imports: `ToTokens` and `quote_spanned`
[INFO] [stderr]  --> src/common.rs:5:38
[INFO] [stderr]   |
[INFO] [stderr] 5 | pub use quote::{format_ident, quote, quote_spanned, ToTokens};
[INFO] [stderr]   |                                      ^^^^^^^^^^^^^  ^^^^^^^^
[INFO] [stderr] 
[INFO] [stderr] warning: unused import: `TrieKey`
[INFO] [stderr]  --> src/common.rs:6:40
[INFO] [stderr]   |
[INFO] [stderr] 6 | pub use radix_trie::{Trie, TrieCommon, TrieKey};
[INFO] [stderr]   |                                        ^^^^^^^
[INFO] [stderr] 
[INFO] [stderr] warning: unused imports: `AddAssign`, `Add`, `BTreeMap`, `BTreeSet`, `Cell`, `Cow`, `DerefMut`, `FromIterator`, `Sum`, `TryFrom`, `TryInto`, `Weak`, and `mem`
[INFO] [stderr]   --> src/common.rs:8:33
[INFO] [stderr]    |
[INFO] [stderr] 8  |     borrow::{Borrow, BorrowMut, Cow},
[INFO] [stderr]    |                                 ^^^
[INFO] [stderr] 9  |     cell::{Cell, Ref, RefCell, RefMut},
[INFO] [stderr]    |            ^^^^
[INFO] [stderr] 10 |     cmp::Ordering,
[INFO] [stderr] 11 |     collections::{BTreeMap, BTreeSet, HashMap, HashSet},
[INFO] [stderr]    |                   ^^^^^^^^  ^^^^^^^^
[INFO] [stderr] 12 |     convert::{TryFrom, TryInto},
[INFO] [stderr]    |               ^^^^^^^  ^^^^^^^
[INFO] [stderr] ...
[INFO] [stderr] 16 |     iter::{self, Extend, FromIterator, Sum},
[INFO] [stderr]    |                          ^^^^^^^^^^^^  ^^^
[INFO] [stderr] 17 |     mem,
[INFO] [stderr]    |     ^^^
[INFO] [stderr] 18 |     ops::{Add, AddAssign, Deref, DerefMut},
[INFO] [stderr]    |           ^^^  ^^^^^^^^^         ^^^^^^^^
[INFO] [stderr] 19 |     rc::{Rc, Weak},
[INFO] [stderr]    |              ^^^^
[INFO] [stderr] 
[INFO] [stderr] warning: unused imports: `ConstParam`, `ExprLet`, `ExprReturn`, `Field`, `Fields`, `ImplItemType`, `ItemMod`, `LifetimeDef`, `Lifetime`, `Receiver`, `Variant`, `token`, and `visit_mut::VisitMut`
[INFO] [stderr]   --> src/common.rs:26:5
[INFO] [stderr]    |
[INFO] [stderr] 26 |     token,
[INFO] [stderr]    |     ^^^^^
[INFO] [stderr] 27 |     visit_mut::VisitMut,
[INFO] [stderr]    |     ^^^^^^^^^^^^^^^^^^^
[INFO] [stderr] 28 |     Arm, AttrStyle, Attribute, BinOp, Block, ConstParam, Error, Expr, ExprAssign, ExprBinary,
[INFO] [stderr]    |                                              ^^^^^^^^^^
[INFO] [stderr] 29 |     ExprBlock, ExprCall, ExprIf, ExprIndex, ExprLet, ExprLit, ExprMatch, ExprMethodCall, ExprPath,
[INFO] [stderr]    |                                             ^^^^^^^
[INFO] [stderr] 30 |     ExprReturn, ExprTuple, ExprUnary, Field, Fields, FnArg, GenericArgument, GenericParam,
[INFO] [stderr]    |     ^^^^^^^^^^                        ^^^^^  ^^^^^^
[INFO] [stderr] 31 |     Generics, Ident, ImplItem, ImplItemMethod, ImplItemType, Item, ItemEnum, ItemFn, ItemImpl,
[INFO] [stderr]    |                                                ^^^^^^^^^^^^
[INFO] [stderr] 32 |     ItemMod, ItemStruct, ItemTrait, ItemUse, Lifetime, LifetimeDef, Lit, LitBool, LitInt, Local,
[INFO] [stderr]    |     ^^^^^^^                                  ^^^^^^^^  ^^^^^^^^^^^
[INFO] [stderr] 33 |     Pat, PatIdent, PatPath, PatTuple, PatType, Path, PathArguments, PathSegment, PredicateType,
[INFO] [stderr] 34 |     QSelf, Receiver, ReturnType, Signature, Stmt, Token, TraitBound, TraitBoundModifier, Type,
[INFO] [stderr]    |            ^^^^^^^^
[INFO] [stderr] 35 |     TypeParam, TypeParamBound, TypeParen, TypePath, TypeTraitObject, TypeTuple, UnOp, Variant,
[INFO] [stderr]    |                                                                                       ^^^^^^^
[INFO] [stderr] 
[INFO] [stderr] warning: unused import: `ParsePureWherePredicate`
[INFO] [stderr]   --> src/trans/mod.rs:20:53
[INFO] [stderr]    |
[INFO] [stderr] 20 |         ParsePathVar, ParsePurePath, ParsePureType, ParsePureWherePredicate,
[INFO] [stderr]    |                                                     ^^^^^^^^^^^^^^^^^^^^^^^
[INFO] [stderr] 
[INFO] [stderr] warning: methods `borrow` and `deep_clone` are never used
[INFO] [stderr]   --> src/utils.rs:63:12
[INFO] [stderr]    |
[INFO] [stderr] 58 | impl<T> SharedCell<T> {
[INFO] [stderr]    | --------------------- methods in this implementation
[INFO] [stderr] ...
[INFO] [stderr] 63 |     pub fn borrow(&self) -> Ref<T> {
[INFO] [stderr]    |            ^^^^^^
[INFO] [stderr] ...
[INFO] [stderr] 71 |     pub fn deep_clone(&self) -> SharedCell<T>
[INFO] [stderr]    |            ^^^^^^^^^^
[INFO] [stderr]    |
[INFO] [stderr]    = note: `#[warn(dead_code)]` on by default
[INFO] [stderr] 
[INFO] [stderr] warning: method `parse_pure_where_predicate` is never used
[INFO] [stderr]    --> src/var.rs:166:8
[INFO] [stderr]     |
[INFO] [stderr] 165 | pub trait ParsePureWherePredicate {
[INFO] [stderr]     |           ----------------------- method in this trait
[INFO] [stderr] 166 |     fn parse_pure_where_predicate<E: Extend<WherePredicateVar>>(
[INFO] [stderr]     |        ^^^^^^^^^^^^^^^^^^^^^^^^^^
[INFO] [stderr] 
[INFO] [stderr] warning: `typ` (lib) generated 8 warnings (run `cargo fix --lib -p typ` to apply 6 suggestions)
[INFO] [stderr] warning: `typ` (lib test) generated 8 warnings (8 duplicates)
[INFO] [stderr]     Finished `test` profile [unoptimized + debuginfo] target(s) in 0.03s
[INFO] [stderr]      Running unittests src/lib.rs (/opt/rustwide/target/debug/deps/typ-397f0f436e846b13)
[INFO] [stdout] 
[INFO] [stdout] running 0 tests
[INFO] [stdout] 
[INFO] [stdout] test result: ok. 0 passed; 0 failed; 0 ignored; 0 measured; 0 filtered out; finished in 0.00s
[INFO] [stdout] 
[INFO] [stderr]      Running tests/macro/main.rs (/opt/rustwide/target/debug/deps/macro-2d299511f6d5af35)
[INFO] [stdout] 
[INFO] [stdout] running 8 tests
[INFO] [stdout] test binop::test ... ok
[INFO] [stdout] test if_::test ... ok
[INFO] [stdout] test match_::animal_test::test ... ok
[INFO] [stdout] test match_::attributes_test::test ... ok
[INFO] [stdout] test match_::recursive_append_list_test::test ... ok
[INFO] [stdout] test misc::test ... ok
[INFO] [stdout] test recursion::binary_gcd::binary_gcd ... ok
[INFO] [stderr]    Compiling proc-macro2 v1.0.89
[INFO] [stderr]    Compiling autocfg v1.4.0
[INFO] [stderr]    Compiling syn v1.0.109
[INFO] [stderr]    Compiling unicode-ident v1.0.13
[INFO] [stderr]    Compiling smallvec v1.13.2
[INFO] [stderr]    Compiling typenum v1.17.0
[INFO] [stderr]    Compiling endian-type v0.1.2
[INFO] [stderr]    Compiling either v1.13.0
[INFO] [stderr]    Compiling hashbrown v0.12.3
[INFO] [stderr]    Compiling nibble_vec v0.1.0
[INFO] [stderr]    Compiling itertools v0.9.0
[INFO] [stderr]    Compiling radix_trie v0.2.1
[INFO] [stderr]    Compiling by_address v1.2.1
[INFO] [stderr]    Compiling indexmap v1.9.3
[INFO] [stderr]    Compiling quote v1.0.37
[INFO] [stderr]    Compiling typ v0.1.1 (/opt/rustwide/workdir)
[INFO] [stderr] warning: unused import: `Span`
[INFO] [stderr]  --> /opt/rustwide/workdir/src/common.rs:4:23
[INFO] [stderr]   |
[INFO] [stderr] 4 | pub use proc_macro2::{Span, TokenStream};
[INFO] [stderr]   |                       ^^^^
[INFO] [stderr]   |
[INFO] [stderr]   = note: `#[warn(unused_imports)]` on by default
[INFO] [stderr] 
[INFO] [stderr] warning: unused imports: `ToTokens` and `quote_spanned`
[INFO] [stderr]  --> /opt/rustwide/workdir/src/common.rs:5:38
[INFO] [stderr]   |
[INFO] [stderr] 5 | pub use quote::{format_ident, quote, quote_spanned, ToTokens};
[INFO] [stderr]   |                                      ^^^^^^^^^^^^^  ^^^^^^^^
[INFO] [stderr] 
[INFO] [stderr] warning: unused import: `TrieKey`
[INFO] [stderr]  --> /opt/rustwide/workdir/src/common.rs:6:40
[INFO] [stderr]   |
[INFO] [stderr] 6 | pub use radix_trie::{Trie, TrieCommon, TrieKey};
[INFO] [stderr]   |                                        ^^^^^^^
[INFO] [stderr] 
[INFO] [stderr] warning: unused imports: `AddAssign`, `Add`, `BTreeMap`, `BTreeSet`, `Cell`, `Cow`, `DerefMut`, `FromIterator`, `Sum`, `TryFrom`, `TryInto`, `Weak`, and `mem`
[INFO] [stderr]   --> /opt/rustwide/workdir/src/common.rs:8:33
[INFO] [stderr]    |
[INFO] [stderr] 8  |     borrow::{Borrow, BorrowMut, Cow},
[INFO] [stderr]    |                                 ^^^
[INFO] [stderr] 9  |     cell::{Cell, Ref, RefCell, RefMut},
[INFO] [stderr]    |            ^^^^
[INFO] [stderr] 10 |     cmp::Ordering,
[INFO] [stderr] 11 |     collections::{BTreeMap, BTreeSet, HashMap, HashSet},
[INFO] [stderr]    |                   ^^^^^^^^  ^^^^^^^^
[INFO] [stderr] 12 |     convert::{TryFrom, TryInto},
[INFO] [stderr]    |               ^^^^^^^  ^^^^^^^
[INFO] [stderr] ...
[INFO] [stderr] 16 |     iter::{self, Extend, FromIterator, Sum},
[INFO] [stderr]    |                          ^^^^^^^^^^^^  ^^^
[INFO] [stderr] 17 |     mem,
[INFO] [stderr]    |     ^^^
[INFO] [stderr] 18 |     ops::{Add, AddAssign, Deref, DerefMut},
[INFO] [stderr]    |           ^^^  ^^^^^^^^^         ^^^^^^^^
[INFO] [stderr] 19 |     rc::{Rc, Weak},
[INFO] [stderr]    |              ^^^^
[INFO] [stderr] 
[INFO] [stderr] warning: unused imports: `ConstParam`, `ExprLet`, `ExprReturn`, `Field`, `Fields`, `ImplItemType`, `ItemMod`, `LifetimeDef`, `Lifetime`, `Receiver`, `Variant`, `token`, and `visit_mut::VisitMut`
[INFO] [stderr]   --> /opt/rustwide/workdir/src/common.rs:26:5
[INFO] [stderr]    |
[INFO] [stderr] 26 |     token,
[INFO] [stderr]    |     ^^^^^
[INFO] [stderr] 27 |     visit_mut::VisitMut,
[INFO] [stderr]    |     ^^^^^^^^^^^^^^^^^^^
[INFO] [stderr] 28 |     Arm, AttrStyle, Attribute, BinOp, Block, ConstParam, Error, Expr, ExprAssign, ExprBinary,
[INFO] [stderr]    |                                              ^^^^^^^^^^
[INFO] [stderr] 29 |     ExprBlock, ExprCall, ExprIf, ExprIndex, ExprLet, ExprLit, ExprMatch, ExprMethodCall, ExprPath,
[INFO] [stderr]    |                                             ^^^^^^^
[INFO] [stderr] 30 |     ExprReturn, ExprTuple, ExprUnary, Field, Fields, FnArg, GenericArgument, GenericParam,
[INFO] [stderr]    |     ^^^^^^^^^^                        ^^^^^  ^^^^^^
[INFO] [stderr] 31 |     Generics, Ident, ImplItem, ImplItemMethod, ImplItemType, Item, ItemEnum, ItemFn, ItemImpl,
[INFO] [stderr]    |                                                ^^^^^^^^^^^^
[INFO] [stderr] 32 |     ItemMod, ItemStruct, ItemTrait, ItemUse, Lifetime, LifetimeDef, Lit, LitBool, LitInt, Local,
[INFO] [stderr]    |     ^^^^^^^                                  ^^^^^^^^  ^^^^^^^^^^^
[INFO] [stderr] 33 |     Pat, PatIdent, PatPath, PatTuple, PatType, Path, PathArguments, PathSegment, PredicateType,
[INFO] [stderr] 34 |     QSelf, Receiver, ReturnType, Signature, Stmt, Token, TraitBound, TraitBoundModifier, Type,
[INFO] [stderr]    |            ^^^^^^^^
[INFO] [stderr] 35 |     TypeParam, TypeParamBound, TypeParen, TypePath, TypeTraitObject, TypeTuple, UnOp, Variant,
[INFO] [stderr]    |                                                                                       ^^^^^^^
[INFO] [stderr] 
[INFO] [stderr] warning: unused import: `ParsePureWherePredicate`
[INFO] [stderr]   --> /opt/rustwide/workdir/src/trans/mod.rs:20:53
[INFO] [stderr]    |
[INFO] [stderr] 20 |         ParsePathVar, ParsePurePath, ParsePureType, ParsePureWherePredicate,
[INFO] [stderr]    |                                                     ^^^^^^^^^^^^^^^^^^^^^^^
[INFO] [stderr] 
[INFO] [stderr] warning: methods `borrow` and `deep_clone` are never used
[INFO] [stderr]   --> /opt/rustwide/workdir/src/utils.rs:63:12
[INFO] [stderr]    |
[INFO] [stderr] 58 | impl<T> SharedCell<T> {
[INFO] [stderr]    | --------------------- methods in this implementation
[INFO] [stderr] ...
[INFO] [stderr] 63 |     pub fn borrow(&self) -> Ref<T> {
[INFO] [stderr]    |            ^^^^^^
[INFO] [stderr] ...
[INFO] [stderr] 71 |     pub fn deep_clone(&self) -> SharedCell<T>
[INFO] [stderr]    |            ^^^^^^^^^^
[INFO] [stderr]    |
[INFO] [stderr]    = note: `#[warn(dead_code)]` on by default
[INFO] [stderr] 
[INFO] [stderr] warning: method `parse_pure_where_predicate` is never used
[INFO] [stderr]    --> /opt/rustwide/workdir/src/var.rs:166:8
[INFO] [stderr]     |
[INFO] [stderr] 165 | pub trait ParsePureWherePredicate {
[INFO] [stderr]     |           ----------------------- method in this trait
[INFO] [stderr] 166 |     fn parse_pure_where_predicate<E: Extend<WherePredicateVar>>(
[INFO] [stderr]     |        ^^^^^^^^^^^^^^^^^^^^^^^^^^
[INFO] [stderr] 
[INFO] [stderr] warning: `typ` (lib) generated 8 warnings (run `cargo fix --lib -p typ` to apply 6 suggestions)
[INFO] [stderr]     Checking typ-tests v0.0.0 (/opt/rustwide/target/tests/trybuild/typ)
[INFO] [stderr]     Finished `dev` profile [unoptimized + debuginfo] target(s) in 7.01s
[INFO] [stderr] 
[INFO] [stderr] 
[INFO] [stderr] test tests/macro/fail_match_attribute.rs ... mismatch
[INFO] [stderr] 
[INFO] [stderr] EXPECTED:
[INFO] [stderr] ┈┈┈┈┈┈┈┈┈┈┈┈┈┈┈┈┈┈┈┈┈┈┈┈┈┈┈┈┈┈┈┈┈┈┈┈┈┈┈┈┈┈┈┈┈┈┈┈┈┈┈┈┈┈┈┈┈┈┈┈
[INFO] [stderr] error[E0271]: type mismatch resolving `<() as __TYP_MatchArm_0<Alice<typenum::B0>, Alice<typenum::B1>, Alice<typenum::B0>>>::Output == typenum::B1`
[INFO] [stderr]   --> $DIR/fail_match_attribute.rs:37:25
[INFO] [stderr]    |
[INFO] [stderr] 37 |     let _: AssertSameOp<CompareOp<Alice<B0>, Alice<B1>>, ()> = ();
[INFO] [stderr]    |                         ^^^^^^^^^^^^^^^^^^^^^^^^^^^^^^^ expected struct `typenum::B0`, found struct `typenum::B1`
[INFO] [stderr] 
[INFO] [stderr] error[E0271]: type mismatch resolving `<() as __TYP_MatchArm_0<Alice<typenum::B0>, Bob<typenum::B1>, Alice<typenum::B0>>>::Output == typenum::B1`
[INFO] [stderr]   --> $DIR/fail_match_attribute.rs:38:25
[INFO] [stderr]    |
[INFO] [stderr] 38 |     let _: AssertSameOp<CompareOp<Alice<B0>, Bob<B1>>, ()> = ();
[INFO] [stderr]    |                         ^^^^^^^^^^^^^^^^^^^^^^^^^^^^^ expected struct `typenum::B0`, found struct `typenum::B1`
[INFO] [stderr] 
[INFO] [stderr] error[E0271]: type mismatch resolving `<() as __TYP_MatchArm_0<Bob<typenum::B0>, Alice<typenum::B1>, Bob<typenum::B0>>>::Output == typenum::B1`
[INFO] [stderr]   --> $DIR/fail_match_attribute.rs:39:25
[INFO] [stderr]    |
[INFO] [stderr] 39 |     let _: AssertSameOp<CompareOp<Bob<B0>, Alice<B1>>, ()> = ();
[INFO] [stderr]    |                         ^^^^^^^^^^^^^^^^^^^^^^^^^^^^^ expected struct `typenum::B0`, found struct `typenum::B1`
[INFO] [stderr] 
[INFO] [stderr] error[E0271]: type mismatch resolving `<() as __TYP_MatchArm_0<Bob<typenum::B0>, Bob<typenum::B1>, Bob<typenum::B0>>>::Output == typenum::B1`
[INFO] [stderr]   --> $DIR/fail_match_attribute.rs:40:25
[INFO] [stderr]    |
[INFO] [stderr] 40 |     let _: AssertSameOp<CompareOp<Bob<B0>, Bob<B1>>, ()> = ();
[INFO] [stderr]    |                         ^^^^^^^^^^^^^^^^^^^^^^^^^^^ expected struct `typenum::B0`, found struct `typenum::B1`
[INFO] [stderr] 
[INFO] [stderr] error[E0271]: type mismatch resolving `<() as __TYP_MatchArm_0<Alice<typenum::B1>, Alice<typenum::B0>, Alice<typenum::B1>>>::Output == typenum::B0`
[INFO] [stderr]   --> $DIR/fail_match_attribute.rs:41:25
[INFO] [stderr]    |
[INFO] [stderr] 41 |     let _: AssertSameOp<CompareOp<Alice<B1>, Alice<B0>>, ()> = ();
[INFO] [stderr]    |                         ^^^^^^^^^^^^^^^^^^^^^^^^^^^^^^^ expected struct `typenum::B1`, found struct `typenum::B0`
[INFO] [stderr] 
[INFO] [stderr] error[E0271]: type mismatch resolving `<() as __TYP_MatchArm_0<Alice<typenum::B1>, Bob<typenum::B0>, Alice<typenum::B1>>>::Output == typenum::B0`
[INFO] [stderr]   --> $DIR/fail_match_attribute.rs:42:25
[INFO] [stderr]    |
[INFO] [stderr] 42 |     let _: AssertSameOp<CompareOp<Alice<B1>, Bob<B0>>, ()> = ();
[INFO] [stderr]    |                         ^^^^^^^^^^^^^^^^^^^^^^^^^^^^^ expected struct `typenum::B1`, found struct `typenum::B0`
[INFO] [stderr] 
[INFO] [stderr] error[E0271]: type mismatch resolving `<() as __TYP_MatchArm_0<Bob<typenum::B1>, Alice<typenum::B0>, Bob<typenum::B1>>>::Output == typenum::B0`
[INFO] [stderr]   --> $DIR/fail_match_attribute.rs:43:25
[INFO] [stderr]    |
[INFO] [stderr] 43 |     let _: AssertSameOp<CompareOp<Bob<B1>, Alice<B0>>, ()> = ();
[INFO] [stderr]    |                         ^^^^^^^^^^^^^^^^^^^^^^^^^^^^^ expected struct `typenum::B1`, found struct `typenum::B0`
[INFO] [stderr] 
[INFO] [stderr] error[E0271]: type mismatch resolving `<() as __TYP_MatchArm_0<Bob<typenum::B1>, Bob<typenum::B0>, Bob<typenum::B1>>>::Output == typenum::B0`
[INFO] [stderr]   --> $DIR/fail_match_attribute.rs:44:25
[INFO] [stderr]    |
[INFO] [stderr] 44 |     let _: AssertSameOp<CompareOp<Bob<B1>, Bob<B0>>, ()> = ();
[INFO] [stderr]    |                         ^^^^^^^^^^^^^^^^^^^^^^^^^^^ expected struct `typenum::B1`, found struct `typenum::B0`
[INFO] [stderr] ┈┈┈┈┈┈┈┈┈┈┈┈┈┈┈┈┈┈┈┈┈┈┈┈┈┈┈┈┈┈┈┈┈┈┈┈┈┈┈┈┈┈┈┈┈┈┈┈┈┈┈┈┈┈┈┈┈┈┈┈
[INFO] [stderr] 
[INFO] [stderr] ACTUAL OUTPUT:
[INFO] [stderr] ┈┈┈┈┈┈┈┈┈┈┈┈┈┈┈┈┈┈┈┈┈┈┈┈┈┈┈┈┈┈┈┈┈┈┈┈┈┈┈┈┈┈┈┈┈┈┈┈┈┈┈┈┈┈┈┈┈┈┈┈
[INFO] [stderr] error[E0271]: type mismatch resolving `<() as __TYP_MatchArm_0<Alice<B0>, Alice<B1>, Alice<B0>>>::Output == B1`
[INFO] [stderr]   --> tests/macro/fail_match_attribute.rs:37:25
[INFO] [stderr]    |
[INFO] [stderr] 37 |     let _: AssertSameOp<CompareOp<Alice<B0>, Alice<B1>>, ()> = ();
[INFO] [stderr]    |                         ^^^^^^^^^^^^^^^^^^^^^^^^^^^^^^^ expected `B1`, found `B0`
[INFO] [stderr] 
[INFO] [stderr] error[E0271]: type mismatch resolving `<() as __TYP_MatchArm_0<Alice<B0>, Bob<B1>, Alice<B0>>>::Output == B1`
[INFO] [stderr]   --> tests/macro/fail_match_attribute.rs:38:25
[INFO] [stderr]    |
[INFO] [stderr] 38 |     let _: AssertSameOp<CompareOp<Alice<B0>, Bob<B1>>, ()> = ();
[INFO] [stderr]    |                         ^^^^^^^^^^^^^^^^^^^^^^^^^^^^^ expected `B1`, found `B0`
[INFO] [stderr] 
[INFO] [stderr] error[E0271]: type mismatch resolving `<() as __TYP_MatchArm_0<Bob<B0>, Alice<B1>, Bob<B0>>>::Output == B1`
[INFO] [stderr]   --> tests/macro/fail_match_attribute.rs:39:25
[INFO] [stderr]    |
[INFO] [stderr] 39 |     let _: AssertSameOp<CompareOp<Bob<B0>, Alice<B1>>, ()> = ();
[INFO] [stderr]    |                         ^^^^^^^^^^^^^^^^^^^^^^^^^^^^^ expected `B1`, found `B0`
[INFO] [stderr] 
[INFO] [stderr] error[E0271]: type mismatch resolving `<() as __TYP_MatchArm_0<Bob<B0>, Bob<B1>, Bob<B0>>>::Output == B1`
[INFO] [stderr]   --> tests/macro/fail_match_attribute.rs:40:25
[INFO] [stderr]    |
[INFO] [stderr] 40 |     let _: AssertSameOp<CompareOp<Bob<B0>, Bob<B1>>, ()> = ();
[INFO] [stderr]    |                         ^^^^^^^^^^^^^^^^^^^^^^^^^^^ expected `B1`, found `B0`
[INFO] [stderr] 
[INFO] [stderr] error[E0271]: type mismatch resolving `<() as __TYP_MatchArm_0<Alice<B1>, Alice<B0>, Alice<B1>>>::Output == B0`
[INFO] [stderr]   --> tests/macro/fail_match_attribute.rs:41:25
[INFO] [stderr]    |
[INFO] [stderr] 41 |     let _: AssertSameOp<CompareOp<Alice<B1>, Alice<B0>>, ()> = ();
[INFO] [stderr]    |                         ^^^^^^^^^^^^^^^^^^^^^^^^^^^^^^^ expected `B0`, found `B1`
[INFO] [stderr] 
[INFO] [stderr] error[E0271]: type mismatch resolving `<() as __TYP_MatchArm_0<Alice<B1>, Bob<B0>, Alice<B1>>>::Output == B0`
[INFO] [stderr]   --> tests/macro/fail_match_attribute.rs:42:25
[INFO] [stderr]    |
[INFO] [stderr] 42 |     let _: AssertSameOp<CompareOp<Alice<B1>, Bob<B0>>, ()> = ();
[INFO] [stderr]    |                         ^^^^^^^^^^^^^^^^^^^^^^^^^^^^^ expected `B0`, found `B1`
[INFO] [stderr] 
[INFO] [stderr] error[E0271]: type mismatch resolving `<() as __TYP_MatchArm_0<Bob<B1>, Alice<B0>, Bob<B1>>>::Output == B0`
[INFO] [stderr]   --> tests/macro/fail_match_attribute.rs:43:25
[INFO] [stderr]    |
[INFO] [stderr] 43 |     let _: AssertSameOp<CompareOp<Bob<B1>, Alice<B0>>, ()> = ();
[INFO] [stderr]    |                         ^^^^^^^^^^^^^^^^^^^^^^^^^^^^^ expected `B0`, found `B1`
[INFO] [stderr] 
[INFO] [stderr] error[E0271]: type mismatch resolving `<() as __TYP_MatchArm_0<Bob<B1>, Bob<B0>, Bob<B1>>>::Output == B0`
[INFO] [stderr]   --> tests/macro/fail_match_attribute.rs:44:25
[INFO] [stderr]    |
[INFO] [stderr] 44 |     let _: AssertSameOp<CompareOp<Bob<B1>, Bob<B0>>, ()> = ();
[INFO] [stderr]    |                         ^^^^^^^^^^^^^^^^^^^^^^^^^^^ expected `B0`, found `B1`
[INFO] [stderr] ┈┈┈┈┈┈┈┈┈┈┈┈┈┈┈┈┈┈┈┈┈┈┈┈┈┈┈┈┈┈┈┈┈┈┈┈┈┈┈┈┈┈┈┈┈┈┈┈┈┈┈┈┈┈┈┈┈┈┈┈
[INFO] [stderr] note: If the actual output is the correct output you can bless it by rerunning
[INFO] [stderr]       your test with the environment variable TRYBUILD=overwrite
[INFO] [stderr] 
[INFO] [stderr] 
[INFO] [stderr] 
[INFO] [stdout] test match_::compile_fail_test ... FAILED
[INFO] [stdout] 
[INFO] [stdout] failures:
[INFO] [stdout] 
[INFO] [stdout] ---- match_::compile_fail_test stdout ----
[INFO] [stdout] thread 'match_::compile_fail_test' panicked at /opt/rustwide/cargo-home/registry/src/index.crates.io-6f17d22bba15001f/trybuild-1.0.101/src/run.rs:101:13:
[INFO] [stdout] 1 of 1 tests failed
[INFO] [stdout] stack backtrace:
[INFO] [stdout]    0:     0x6004170d52ea - std::backtrace_rs::backtrace::libunwind::trace::h207520d6e9873551
[INFO] [stdout]                                at /rustc/df4ca44d3fbc9301ee17f30f4d474e6ae4b05252/library/std/src/../../backtrace/src/backtrace/libunwind.rs:116:5
[INFO] [stdout]    1:     0x6004170d52ea - std::backtrace_rs::backtrace::trace_unsynchronized::h2ed7433f370e3eca
[INFO] [stdout]                                at /rustc/df4ca44d3fbc9301ee17f30f4d474e6ae4b05252/library/std/src/../../backtrace/src/backtrace/mod.rs:66:5
[INFO] [stdout]    2:     0x6004170d52ea - std::sys::backtrace::_print_fmt::h916fac51166b18d7
[INFO] [stdout]                                at /rustc/df4ca44d3fbc9301ee17f30f4d474e6ae4b05252/library/std/src/sys/backtrace.rs:66:9
[INFO] [stdout]    3:     0x6004170d52ea - <std::sys::backtrace::BacktraceLock::print::DisplayBacktrace as core::fmt::Display>::fmt::ha0a4c9b8ce3802e6
[INFO] [stdout]                                at /rustc/df4ca44d3fbc9301ee17f30f4d474e6ae4b05252/library/std/src/sys/backtrace.rs:39:26
[INFO] [stdout]    4:     0x6004170ff793 - core::fmt::rt::Argument::fmt::h4cfc8587d52b3eb5
[INFO] [stdout]                                at /rustc/df4ca44d3fbc9301ee17f30f4d474e6ae4b05252/library/core/src/fmt/rt.rs:177:76
[INFO] [stdout]    5:     0x6004170ff793 - core::fmt::write::h522cc39e5b36ae9f
[INFO] [stdout]                                at /rustc/df4ca44d3fbc9301ee17f30f4d474e6ae4b05252/library/core/src/fmt/mod.rs:1190:21
[INFO] [stdout]    6:     0x6004170d1323 - std::io::Write::write_fmt::h7d3c26752da97734
[INFO] [stdout]                                at /rustc/df4ca44d3fbc9301ee17f30f4d474e6ae4b05252/library/std/src/io/mod.rs:1839:15
[INFO] [stdout]    7:     0x6004170d5132 - std::sys::backtrace::BacktraceLock::print::h4b9e00b29e9c0942
[INFO] [stdout]                                at /rustc/df4ca44d3fbc9301ee17f30f4d474e6ae4b05252/library/std/src/sys/backtrace.rs:42:9
[INFO] [stdout]    8:     0x6004170d6d7a - std::panicking::default_hook::{{closure}}::hb59b88280d0324d9
[INFO] [stdout]                                at /rustc/df4ca44d3fbc9301ee17f30f4d474e6ae4b05252/library/std/src/panicking.rs:268:22
[INFO] [stdout]    9:     0x6004170d6b84 - std::panicking::default_hook::he1dd496665be4a29
[INFO] [stdout]                                at /rustc/df4ca44d3fbc9301ee17f30f4d474e6ae4b05252/library/std/src/panicking.rs:292:9
[INFO] [stdout]   10:     0x60041709d879 - <alloc::boxed::Box<F,A> as core::ops::function::Fn<Args>>::call::h4ff71de18744e1dc
[INFO] [stdout]                                at /rustc/df4ca44d3fbc9301ee17f30f4d474e6ae4b05252/library/alloc/src/boxed.rs:2468:9
[INFO] [stdout]   11:     0x60041709d879 - test::test_main::{{closure}}::hcf7c055ce117aa81
[INFO] [stdout]                                at /rustc/df4ca44d3fbc9301ee17f30f4d474e6ae4b05252/library/test/src/lib.rs:133:21
[INFO] [stdout]   12:     0x6004170d7478 - <alloc::boxed::Box<F,A> as core::ops::function::Fn<Args>>::call::h1d66c6bbd60c9692
[INFO] [stdout]                                at /rustc/df4ca44d3fbc9301ee17f30f4d474e6ae4b05252/library/alloc/src/boxed.rs:2468:9
[INFO] [stdout]   13:     0x6004170d7478 - std::panicking::rust_panic_with_hook::h2ff17fe8f26dfcf8
[INFO] [stdout]                                at /rustc/df4ca44d3fbc9301ee17f30f4d474e6ae4b05252/library/std/src/panicking.rs:809:13
[INFO] [stdout]   14:     0x6004170d723a - std::panicking::begin_panic_handler::{{closure}}::h4fad77951c07e101
[INFO] [stdout]                                at /rustc/df4ca44d3fbc9301ee17f30f4d474e6ae4b05252/library/std/src/panicking.rs:674:13
[INFO] [stdout]   15:     0x6004170d57c9 - std::sys::backtrace::__rust_end_short_backtrace::hb1a25b3da5d0ea08
[INFO] [stdout]                                at /rustc/df4ca44d3fbc9301ee17f30f4d474e6ae4b05252/library/std/src/sys/backtrace.rs:170:18
[INFO] [stdout]   16:     0x6004170d6ecc - rust_begin_unwind
[INFO] [stdout]                                at /rustc/df4ca44d3fbc9301ee17f30f4d474e6ae4b05252/library/std/src/panicking.rs:665:5
[INFO] [stdout]   17:     0x6004170fdb40 - core::panicking::panic_fmt::ha9db07b529f9b256
[INFO] [stdout]                                at /rustc/df4ca44d3fbc9301ee17f30f4d474e6ae4b05252/library/core/src/panicking.rs:75:14
[INFO] [stdout]   18:     0x600416e7b765 - trybuild::run::<impl trybuild::Runner>::run::h8552e4200e71e63d
[INFO] [stdout]                                at /opt/rustwide/cargo-home/registry/src/index.crates.io-6f17d22bba15001f/trybuild-1.0.101/src/run.rs:101:13
[INFO] [stdout]   19:     0x600416e80c98 - <trybuild::TestCases as core::ops::drop::Drop>::drop::hc4a735a9454cdfbe
[INFO] [stdout]                                at /opt/rustwide/cargo-home/registry/src/index.crates.io-6f17d22bba15001f/trybuild-1.0.101/src/lib.rs:340:13
[INFO] [stdout]   20:     0x600416daccd7 - core::ptr::drop_in_place<trybuild::TestCases>::hf11d4c2e584c40fb
[INFO] [stdout]                                at /rustc/df4ca44d3fbc9301ee17f30f4d474e6ae4b05252/library/core/src/ptr/mod.rs:521:1
[INFO] [stdout]   21:     0x600416dad563 - macro::match_::compile_fail_test::h71ec563f4c45ea87
[INFO] [stdout]                                at /opt/rustwide/workdir/tests/macro/match_.rs:132:1
[INFO] [stdout]   22:     0x600416dad4f7 - macro::match_::compile_fail_test::{{closure}}::hae2228c8b058f8f3
[INFO] [stdout]                                at /opt/rustwide/workdir/tests/macro/match_.rs:129:23
[INFO] [stdout]   23:     0x600416dacb46 - core::ops::function::FnOnce::call_once::h73ca9f21b2a56b6e
[INFO] [stdout]                                at /rustc/df4ca44d3fbc9301ee17f30f4d474e6ae4b05252/library/core/src/ops/function.rs:250:5
[INFO] [stdout]   24:     0x6004170a214b - core::ops::function::FnOnce::call_once::h22c3ba5715e93f05
[INFO] [stdout]                                at /rustc/df4ca44d3fbc9301ee17f30f4d474e6ae4b05252/library/core/src/ops/function.rs:250:5
[INFO] [stdout]   25:     0x6004170a214b - test::__rust_begin_short_backtrace::h8e82d8113d0da17f
[INFO] [stdout]                                at /rustc/df4ca44d3fbc9301ee17f30f4d474e6ae4b05252/library/test/src/lib.rs:621:18
[INFO] [stdout]   26:     0x6004170a1ac7 - test::run_test_in_process::{{closure}}::h33235f4f20b7b7c7
[INFO] [stdout]                                at /rustc/df4ca44d3fbc9301ee17f30f4d474e6ae4b05252/library/test/src/lib.rs:644:60
[INFO] [stdout]   27:     0x6004170a1ac7 - <core::panic::unwind_safe::AssertUnwindSafe<F> as core::ops::function::FnOnce<()>>::call_once::hb5043206310c586f
[INFO] [stdout]                                at /rustc/df4ca44d3fbc9301ee17f30f4d474e6ae4b05252/library/core/src/panic/unwind_safe.rs:272:9
[INFO] [stdout]   28:     0x6004170a1ac7 - std::panicking::try::do_call::h9ad4731a60ab23e2
[INFO] [stdout]                                at /rustc/df4ca44d3fbc9301ee17f30f4d474e6ae4b05252/library/std/src/panicking.rs:557:40
[INFO] [stdout]   29:     0x6004170a1ac7 - std::panicking::try::h3824d23db772a716
[INFO] [stdout]                                at /rustc/df4ca44d3fbc9301ee17f30f4d474e6ae4b05252/library/std/src/panicking.rs:520:19
[INFO] [stdout]   30:     0x6004170a1ac7 - std::panic::catch_unwind::h5afd514605fde46b
[INFO] [stdout]                                at /rustc/df4ca44d3fbc9301ee17f30f4d474e6ae4b05252/library/std/src/panic.rs:358:14
[INFO] [stdout]   31:     0x6004170a1ac7 - test::run_test_in_process::h0d5cbfa7067d1720
[INFO] [stdout]                                at /rustc/df4ca44d3fbc9301ee17f30f4d474e6ae4b05252/library/test/src/lib.rs:644:27
[INFO] [stdout]   32:     0x6004170a1ac7 - test::run_test::{{closure}}::h708eb8872708115d
[INFO] [stdout]                                at /rustc/df4ca44d3fbc9301ee17f30f4d474e6ae4b05252/library/test/src/lib.rs:565:43
[INFO] [stdout]   33:     0x6004170651e4 - test::run_test::{{closure}}::h392c51cee94713ab
[INFO] [stdout]                                at /rustc/df4ca44d3fbc9301ee17f30f4d474e6ae4b05252/library/test/src/lib.rs:595:41
[INFO] [stdout]   34:     0x6004170651e4 - std::sys::backtrace::__rust_begin_short_backtrace::h2f40290710935a8b
[INFO] [stdout]                                at /rustc/df4ca44d3fbc9301ee17f30f4d474e6ae4b05252/library/std/src/sys/backtrace.rs:154:18
[INFO] [stdout]   35:     0x60041706898e - std::thread::Builder::spawn_unchecked_::{{closure}}::{{closure}}::h3fd968d89053a903
[INFO] [stdout]                                at /rustc/df4ca44d3fbc9301ee17f30f4d474e6ae4b05252/library/std/src/thread/mod.rs:541:17
[INFO] [stdout]   36:     0x60041706898e - <core::panic::unwind_safe::AssertUnwindSafe<F> as core::ops::function::FnOnce<()>>::call_once::h743f637ba4229880
[INFO] [stdout]                                at /rustc/df4ca44d3fbc9301ee17f30f4d474e6ae4b05252/library/core/src/panic/unwind_safe.rs:272:9
[INFO] [stdout]   37:     0x60041706898e - std::panicking::try::do_call::h07440897322525a6
[INFO] [stdout]                                at /rustc/df4ca44d3fbc9301ee17f30f4d474e6ae4b05252/library/std/src/panicking.rs:557:40
[INFO] [stdout]   38:     0x60041706898e - std::panicking::try::he5a2e00188156637
[INFO] [stdout]                                at /rustc/df4ca44d3fbc9301ee17f30f4d474e6ae4b05252/library/std/src/panicking.rs:520:19
[INFO] [stdout]   39:     0x60041706898e - std::panic::catch_unwind::hbaf3cae49b3c6433
[INFO] [stdout]                                at /rustc/df4ca44d3fbc9301ee17f30f4d474e6ae4b05252/library/std/src/panic.rs:358:14
[INFO] [stdout]   40:     0x60041706898e - std::thread::Builder::spawn_unchecked_::{{closure}}::h8e141ea224820bce
[INFO] [stdout]                                at /rustc/df4ca44d3fbc9301ee17f30f4d474e6ae4b05252/library/std/src/thread/mod.rs:540:30
[INFO] [stdout]   41:     0x60041706898e - core::ops::function::FnOnce::call_once{{vtable.shim}}::h90d312fedd7b8ea8
[INFO] [stdout]                                at /rustc/df4ca44d3fbc9301ee17f30f4d474e6ae4b05252/library/core/src/ops/function.rs:250:5
[INFO] [stdout]   42:     0x6004170dc23b - <alloc::boxed::Box<F,A> as core::ops::function::FnOnce<Args>>::call_once::h69aa08ddb6adb8b6
[INFO] [stdout]                                at /rustc/df4ca44d3fbc9301ee17f30f4d474e6ae4b05252/library/alloc/src/boxed.rs:2454:9
[INFO] [stdout]   43:     0x6004170dc23b - <alloc::boxed::Box<F,A> as core::ops::function::FnOnce<Args>>::call_once::h5aa36efdb79c806f
[INFO] [stdout]                                at /rustc/df4ca44d3fbc9301ee17f30f4d474e6ae4b05252/library/alloc/src/boxed.rs:2454:9
[INFO] [stdout]   44:     0x6004170dc23b - std::sys::pal::unix::thread::Thread::new::thread_start::h6cd80a1b4be5158d
[INFO] [stdout]                                at /rustc/df4ca44d3fbc9301ee17f30f4d474e6ae4b05252/library/std/src/sys/pal/unix/thread.rs:105:17
[INFO] [stdout]   45:     0x73e230dfcac3 - <unknown>
[INFO] [stdout]   46:     0x73e230e8da04 - clone
[INFO] [stdout]   47:                0x0 - <unknown>
[INFO] [stdout] 
[INFO] [stdout] 
[INFO] [stdout] failures:
[INFO] [stdout]     match_::compile_fail_test
[INFO] [stdout] 
[INFO] [stdout] test result: FAILED. 7 passed; 1 failed; 0 ignored; 0 measured; 0 filtered out; finished in 7.44s
[INFO] [stdout] 
[INFO] [stderr] error: test failed, to rerun pass `--test macro`
[INFO] running `Command { std: "docker" "inspect" "4e92df1d4a83d5e2a5079bd1b76b48c825677bb7fd315ee474d937620db2e5dc", kill_on_drop: false }`
[INFO] running `Command { std: "docker" "rm" "-f" "4e92df1d4a83d5e2a5079bd1b76b48c825677bb7fd315ee474d937620db2e5dc", kill_on_drop: false }`
[INFO] [stdout] 4e92df1d4a83d5e2a5079bd1b76b48c825677bb7fd315ee474d937620db2e5dc
