[INFO] fetching crate twirp-rs 0.13.0-succinct...
[INFO] testing twirp-rs-0.13.0-succinct against nightly-2024-10-28 for randomize-layout
[INFO] extracting crate twirp-rs 0.13.0-succinct into /workspace/builds/worker-2-tc1/source
[INFO] validating manifest of crates.io crate twirp-rs 0.13.0-succinct on toolchain nightly-2024-10-28
[INFO] running `Command { std: CARGO_HOME="/workspace/cargo-home" RUSTUP_HOME="/workspace/rustup-home" "/workspace/cargo-home/bin/cargo" "+nightly-2024-10-28" "metadata" "--manifest-path" "Cargo.toml" "--no-deps", kill_on_drop: false }`
[INFO] started tweaking crates.io crate twirp-rs 0.13.0-succinct
[INFO] finished tweaking crates.io crate twirp-rs 0.13.0-succinct
[INFO] tweaked toml for crates.io crate twirp-rs 0.13.0-succinct written to /workspace/builds/worker-2-tc1/source/Cargo.toml
[INFO] running `Command { std: CARGO_HOME="/workspace/cargo-home" RUSTUP_HOME="/workspace/rustup-home" "/workspace/cargo-home/bin/cargo" "+nightly-2024-10-28" "generate-lockfile" "--manifest-path" "Cargo.toml", kill_on_drop: false }`
[INFO] [stderr]     Updating crates.io index
[INFO] [stderr]      Locking 107 packages to latest compatible versions
[INFO] running `Command { std: CARGO_HOME="/workspace/cargo-home" RUSTUP_HOME="/workspace/rustup-home" "/workspace/cargo-home/bin/cargo" "+nightly-2024-10-28" "fetch" "--manifest-path" "Cargo.toml", kill_on_drop: false }`
[INFO] running `Command { std: "docker" "create" "-v" "/var/lib/crater-agent-workspace/builds/worker-2-tc1/target:/opt/rustwide/target:rw,Z" "-v" "/var/lib/crater-agent-workspace/builds/worker-2-tc1/source:/opt/rustwide/workdir:ro,Z" "-v" "/var/lib/crater-agent-workspace/cargo-home:/opt/rustwide/cargo-home:ro,Z" "-v" "/var/lib/crater-agent-workspace/rustup-home:/opt/rustwide/rustup-home:ro,Z" "-e" "SOURCE_DIR=/opt/rustwide/workdir" "-e" "CARGO_TARGET_DIR=/opt/rustwide/target" "-e" "CARGO_HOME=/opt/rustwide/cargo-home" "-e" "RUSTUP_HOME=/opt/rustwide/rustup-home" "-w" "/opt/rustwide/workdir" "-m" "1610612736" "--user" "0:0" "--network" "none" "ghcr.io/rust-lang/crates-build-env/linux@sha256:4a844ea9eb2546a2d2c7022eacef16ef2e8229c7fbb2c7d4d55a9ceca922f72d" "/opt/rustwide/cargo-home/bin/cargo" "+nightly-2024-10-28" "metadata" "--no-deps" "--format-version=1", kill_on_drop: false }`
[INFO] [stdout] e4a40e6513acb71cfcf575869cc6b6ddccf069c2cb6a909016102ba84ab67c76
[INFO] running `Command { std: "docker" "start" "-a" "e4a40e6513acb71cfcf575869cc6b6ddccf069c2cb6a909016102ba84ab67c76", kill_on_drop: false }`
[INFO] running `Command { std: "docker" "inspect" "e4a40e6513acb71cfcf575869cc6b6ddccf069c2cb6a909016102ba84ab67c76", kill_on_drop: false }`
[INFO] running `Command { std: "docker" "rm" "-f" "e4a40e6513acb71cfcf575869cc6b6ddccf069c2cb6a909016102ba84ab67c76", kill_on_drop: false }`
[INFO] [stdout] e4a40e6513acb71cfcf575869cc6b6ddccf069c2cb6a909016102ba84ab67c76
[INFO] running `Command { std: "docker" "create" "-v" "/var/lib/crater-agent-workspace/builds/worker-2-tc1/target:/opt/rustwide/target:rw,Z" "-v" "/var/lib/crater-agent-workspace/builds/worker-2-tc1/source:/opt/rustwide/workdir:ro,Z" "-v" "/var/lib/crater-agent-workspace/cargo-home:/opt/rustwide/cargo-home:ro,Z" "-v" "/var/lib/crater-agent-workspace/rustup-home:/opt/rustwide/rustup-home:ro,Z" "-e" "SOURCE_DIR=/opt/rustwide/workdir" "-e" "CARGO_TARGET_DIR=/opt/rustwide/target" "-e" "CARGO_INCREMENTAL=0" "-e" "RUST_BACKTRACE=full" "-e" "RUSTFLAGS=--cap-lints=forbid" "-e" "RUSTDOCFLAGS=--cap-lints=forbid" "-e" "CARGO_HOME=/opt/rustwide/cargo-home" "-e" "RUSTUP_HOME=/opt/rustwide/rustup-home" "-w" "/opt/rustwide/workdir" "-m" "1610612736" "--user" "0:0" "--network" "none" "ghcr.io/rust-lang/crates-build-env/linux@sha256:4a844ea9eb2546a2d2c7022eacef16ef2e8229c7fbb2c7d4d55a9ceca922f72d" "/opt/rustwide/cargo-home/bin/cargo" "+nightly-2024-10-28" "build" "--frozen" "--message-format=json", kill_on_drop: false }`
[INFO] [stdout] dd291934cc4d49c3bb4249e180a9b5ba8722fa588c8769a25d667ad57847c864
[INFO] running `Command { std: "docker" "start" "-a" "dd291934cc4d49c3bb4249e180a9b5ba8722fa588c8769a25d667ad57847c864", kill_on_drop: false }`
[INFO] [stderr]    Compiling futures-channel v0.3.31
[INFO] [stderr]    Compiling futures-io v0.3.31
[INFO] [stderr]    Compiling syn v2.0.86
[INFO] [stderr]    Compiling http v1.1.0
[INFO] [stderr]    Compiling tracing-core v0.1.32
[INFO] [stderr]    Compiling httparse v1.9.5
[INFO] [stderr]    Compiling tower-service v0.3.3
[INFO] [stderr]    Compiling tinyvec_macros v0.1.1
[INFO] [stderr]    Compiling form_urlencoded v1.2.1
[INFO] [stderr]    Compiling tinyvec v1.8.0
[INFO] [stderr]    Compiling anyhow v1.0.92
[INFO] [stderr]    Compiling smallvec v1.13.2
[INFO] [stderr]    Compiling sync_wrapper v1.0.1
[INFO] [stderr]    Compiling serde_json v1.0.132
[INFO] [stderr]    Compiling either v1.13.0
[INFO] [stderr]    Compiling tower-layer v0.3.3
[INFO] [stderr]    Compiling tracing v0.1.40
[INFO] [stderr]    Compiling unicode-bidi v0.3.17
[INFO] [stderr]    Compiling itertools v0.13.0
[INFO] [stderr]    Compiling ipnet v2.10.1
[INFO] [stderr]    Compiling http-body v1.0.1
[INFO] [stderr]    Compiling unicode-normalization v0.1.24
[INFO] [stderr]    Compiling base64 v0.22.1
[INFO] [stderr]    Compiling idna v0.5.0
[INFO] [stderr]    Compiling url v2.5.2
[INFO] [stderr]    Compiling futures-macro v0.3.31
[INFO] [stderr]    Compiling serde_derive v1.0.214
[INFO] [stderr]    Compiling tokio-macros v2.4.0
[INFO] [stderr]    Compiling async-trait v0.1.83
[INFO] [stderr]    Compiling prost-derive v0.13.3
[INFO] [stderr]    Compiling thiserror-impl v1.0.66
[INFO] [stderr]    Compiling tokio v1.41.0
[INFO] [stderr]    Compiling futures-util v0.3.31
[INFO] [stderr]    Compiling thiserror v1.0.66
[INFO] [stderr]    Compiling prost v0.13.3
[INFO] [stderr]    Compiling serde v1.0.214
[INFO] [stderr]    Compiling hyper v1.5.0
[INFO] [stderr]    Compiling http-body-util v0.1.2
[INFO] [stderr]    Compiling futures-executor v0.3.31
[INFO] [stderr]    Compiling tower v0.5.1
[INFO] [stderr]    Compiling futures v0.3.31
[INFO] [stderr]    Compiling axum-core v0.4.5
[INFO] [stderr]    Compiling hyper-util v0.1.10
[INFO] [stderr]    Compiling serde_urlencoded v0.7.1
[INFO] [stderr]    Compiling serde_path_to_error v0.1.16
[INFO] [stderr]    Compiling reqwest v0.12.9
[INFO] [stderr]    Compiling axum v0.7.7
[INFO] [stderr]    Compiling twirp-rs v0.13.0-succinct (/opt/rustwide/workdir)
[INFO] [stderr]     Finished `dev` profile [unoptimized + debuginfo] target(s) in 26.41s
[INFO] running `Command { std: "docker" "inspect" "dd291934cc4d49c3bb4249e180a9b5ba8722fa588c8769a25d667ad57847c864", kill_on_drop: false }`
[INFO] running `Command { std: "docker" "rm" "-f" "dd291934cc4d49c3bb4249e180a9b5ba8722fa588c8769a25d667ad57847c864", kill_on_drop: false }`
[INFO] [stdout] dd291934cc4d49c3bb4249e180a9b5ba8722fa588c8769a25d667ad57847c864
[INFO] running `Command { std: "docker" "create" "-v" "/var/lib/crater-agent-workspace/builds/worker-2-tc1/target:/opt/rustwide/target:rw,Z" "-v" "/var/lib/crater-agent-workspace/builds/worker-2-tc1/source:/opt/rustwide/workdir:ro,Z" "-v" "/var/lib/crater-agent-workspace/cargo-home:/opt/rustwide/cargo-home:ro,Z" "-v" "/var/lib/crater-agent-workspace/rustup-home:/opt/rustwide/rustup-home:ro,Z" "-e" "SOURCE_DIR=/opt/rustwide/workdir" "-e" "CARGO_TARGET_DIR=/opt/rustwide/target" "-e" "CARGO_INCREMENTAL=0" "-e" "RUST_BACKTRACE=full" "-e" "RUSTFLAGS=--cap-lints=forbid" "-e" "RUSTDOCFLAGS=--cap-lints=forbid" "-e" "CARGO_HOME=/opt/rustwide/cargo-home" "-e" "RUSTUP_HOME=/opt/rustwide/rustup-home" "-w" "/opt/rustwide/workdir" "-m" "1610612736" "--user" "0:0" "--network" "none" "ghcr.io/rust-lang/crates-build-env/linux@sha256:4a844ea9eb2546a2d2c7022eacef16ef2e8229c7fbb2c7d4d55a9ceca922f72d" "/opt/rustwide/cargo-home/bin/cargo" "+nightly-2024-10-28" "test" "--frozen" "--no-run" "--message-format=json", kill_on_drop: false }`
[INFO] [stdout] 3f7229204cf4721ca3da7d8e06872fa228074deed719ca41e2126a8a8c6a3843
[INFO] running `Command { std: "docker" "start" "-a" "3f7229204cf4721ca3da7d8e06872fa228074deed719ca41e2126a8a8c6a3843", kill_on_drop: false }`
[INFO] [stderr]    Compiling twirp-rs v0.13.0-succinct (/opt/rustwide/workdir)
[INFO] [stderr]     Finished `test` profile [unoptimized + debuginfo] target(s) in 2.16s
[INFO] running `Command { std: "docker" "inspect" "3f7229204cf4721ca3da7d8e06872fa228074deed719ca41e2126a8a8c6a3843", kill_on_drop: false }`
[INFO] running `Command { std: "docker" "rm" "-f" "3f7229204cf4721ca3da7d8e06872fa228074deed719ca41e2126a8a8c6a3843", kill_on_drop: false }`
[INFO] [stdout] 3f7229204cf4721ca3da7d8e06872fa228074deed719ca41e2126a8a8c6a3843
[INFO] running `Command { std: "docker" "create" "-v" "/var/lib/crater-agent-workspace/builds/worker-2-tc1/target:/opt/rustwide/target:rw,Z" "-v" "/var/lib/crater-agent-workspace/builds/worker-2-tc1/source:/opt/rustwide/workdir:ro,Z" "-v" "/var/lib/crater-agent-workspace/cargo-home:/opt/rustwide/cargo-home:ro,Z" "-v" "/var/lib/crater-agent-workspace/rustup-home:/opt/rustwide/rustup-home:ro,Z" "-e" "SOURCE_DIR=/opt/rustwide/workdir" "-e" "CARGO_TARGET_DIR=/opt/rustwide/target" "-e" "CARGO_INCREMENTAL=0" "-e" "RUST_BACKTRACE=full" "-e" "RUSTFLAGS=--cap-lints=forbid" "-e" "RUSTDOCFLAGS=--cap-lints=forbid" "-e" "CARGO_HOME=/opt/rustwide/cargo-home" "-e" "RUSTUP_HOME=/opt/rustwide/rustup-home" "-w" "/opt/rustwide/workdir" "-m" "1610612736" "--user" "0:0" "--network" "none" "ghcr.io/rust-lang/crates-build-env/linux@sha256:4a844ea9eb2546a2d2c7022eacef16ef2e8229c7fbb2c7d4d55a9ceca922f72d" "/opt/rustwide/cargo-home/bin/cargo" "+nightly-2024-10-28" "test" "--frozen", kill_on_drop: false }`
[INFO] [stdout] 5bb4c6d304d35409e9733a1c0435c731ef29f372e0a9c4359e62020950998a73
[INFO] running `Command { std: "docker" "start" "-a" "5bb4c6d304d35409e9733a1c0435c731ef29f372e0a9c4359e62020950998a73", kill_on_drop: false }`
[INFO] [stderr]     Finished `test` profile [unoptimized + debuginfo] target(s) in 0.09s
[INFO] [stderr]      Running unittests src/lib.rs (/opt/rustwide/target/debug/deps/twirp_rs-904089be463c607f)
[INFO] [stdout] 
[INFO] [stdout] running 10 tests
[INFO] [stdout] test client::tests::test_standard_client ... ignored, integration
[INFO] [stdout] test error::test::twirp_status_mapping ... ok
[INFO] [stdout] test error::test::twirp_error_response_serialization ... ok
[INFO] [stdout] test client::tests::test_base_url ... ok
[INFO] [stdout] test server::tests::test_bad_route ... ok
[INFO] [stdout] test server::tests::test_ping_invalid_request ... ok
[INFO] [stdout] test server::tests::test_ping_success ... ok
[INFO] [stdout] test server::tests::test_boom ... ok
[INFO] [stdout] test client::tests::test_routes ... ok
[INFO] [stdout] test server::tests::test_middleware ... ok
[INFO] [stdout] 
[INFO] [stdout] test result: ok. 9 passed; 0 failed; 1 ignored; 0 measured; 0 filtered out; finished in 0.00s
[INFO] [stdout] 
[INFO] [stderr]    Doc-tests twirp_rs
[INFO] [stdout] 
[INFO] [stdout] running 1 test
[INFO] [stdout] test src/server.rs - server::not_found_handler (line 148) ... FAILED
[INFO] [stdout] 
[INFO] [stdout] failures:
[INFO] [stdout] 
[INFO] [stdout] ---- src/server.rs - server::not_found_handler (line 148) stdout ----
[INFO] [stdout] error[E0433]: failed to resolve: use of undeclared crate or module `twirp`
[INFO] [stdout]  --> src/server.rs:154:15
[INFO] [stdout]   |
[INFO] [stdout] 8 |     .fallback(twirp::server::not_found_handler);
[INFO] [stdout]   |               ^^^^^ use of undeclared crate or module `twirp`
[INFO] [stdout]   |
[INFO] [stdout] help: consider importing this module
[INFO] [stdout]   |
[INFO] [stdout] 2 + use twirp_rs::server;
[INFO] [stdout]   |
[INFO] [stdout] help: if you import `server`, refer to it directly
[INFO] [stdout]   |
[INFO] [stdout] 8 -     .fallback(twirp::server::not_found_handler);
[INFO] [stdout] 8 +     .fallback(server::not_found_handler);
[INFO] [stdout]   |
[INFO] [stdout] 
[INFO] [stdout] error: aborting due to 1 previous error
[INFO] [stdout] 
[INFO] [stdout] For more information about this error, try `rustc --explain E0433`.
[INFO] [stdout] Couldn't compile the test.
[INFO] [stdout] 
[INFO] [stdout] failures:
[INFO] [stdout]     src/server.rs - server::not_found_handler (line 148)
[INFO] [stdout] 
[INFO] [stdout] test result: FAILED. 0 passed; 1 failed; 0 ignored; 0 measured; 0 filtered out; finished in 0.09s
[INFO] [stdout] 
[INFO] [stderr] error: doctest failed, to rerun pass `--doc`
[INFO] running `Command { std: "docker" "inspect" "5bb4c6d304d35409e9733a1c0435c731ef29f372e0a9c4359e62020950998a73", kill_on_drop: false }`
[INFO] running `Command { std: "docker" "rm" "-f" "5bb4c6d304d35409e9733a1c0435c731ef29f372e0a9c4359e62020950998a73", kill_on_drop: false }`
[INFO] [stdout] 5bb4c6d304d35409e9733a1c0435c731ef29f372e0a9c4359e62020950998a73
