[INFO] fetching crate tux-owned-alloc 0.2.0...
[INFO] testing tux-owned-alloc-0.2.0 against nightly-2024-10-28+rustflags=-Zrandomize-layout for randomize-layout
[INFO] extracting crate tux-owned-alloc 0.2.0 into /workspace/builds/worker-5-tc2/source
[INFO] validating manifest of crates.io crate tux-owned-alloc 0.2.0 on toolchain nightly-2024-10-28
[INFO] running `Command { std: CARGO_HOME="/workspace/cargo-home" RUSTUP_HOME="/workspace/rustup-home" "/workspace/cargo-home/bin/cargo" "+nightly-2024-10-28" "metadata" "--manifest-path" "Cargo.toml" "--no-deps", kill_on_drop: false }`
[INFO] started tweaking crates.io crate tux-owned-alloc 0.2.0
[INFO] finished tweaking crates.io crate tux-owned-alloc 0.2.0
[INFO] tweaked toml for crates.io crate tux-owned-alloc 0.2.0 written to /workspace/builds/worker-5-tc2/source/Cargo.toml
[INFO] running `Command { std: CARGO_HOME="/workspace/cargo-home" RUSTUP_HOME="/workspace/rustup-home" "/workspace/cargo-home/bin/cargo" "+nightly-2024-10-28" "generate-lockfile" "--manifest-path" "Cargo.toml", kill_on_drop: false }`
[INFO] running `Command { std: CARGO_HOME="/workspace/cargo-home" RUSTUP_HOME="/workspace/rustup-home" "/workspace/cargo-home/bin/cargo" "+nightly-2024-10-28" "fetch" "--manifest-path" "Cargo.toml", kill_on_drop: false }`
[INFO] running `Command { std: "docker" "create" "-v" "/var/lib/crater-agent-workspace/builds/worker-5-tc2/target:/opt/rustwide/target:rw,Z" "-v" "/var/lib/crater-agent-workspace/builds/worker-5-tc2/source:/opt/rustwide/workdir:ro,Z" "-v" "/var/lib/crater-agent-workspace/cargo-home:/opt/rustwide/cargo-home:ro,Z" "-v" "/var/lib/crater-agent-workspace/rustup-home:/opt/rustwide/rustup-home:ro,Z" "-e" "SOURCE_DIR=/opt/rustwide/workdir" "-e" "CARGO_TARGET_DIR=/opt/rustwide/target" "-e" "CARGO_HOME=/opt/rustwide/cargo-home" "-e" "RUSTUP_HOME=/opt/rustwide/rustup-home" "-w" "/opt/rustwide/workdir" "-m" "1610612736" "--user" "0:0" "--network" "none" "ghcr.io/rust-lang/crates-build-env/linux@sha256:4a844ea9eb2546a2d2c7022eacef16ef2e8229c7fbb2c7d4d55a9ceca922f72d" "/opt/rustwide/cargo-home/bin/cargo" "+nightly-2024-10-28" "metadata" "--no-deps" "--format-version=1", kill_on_drop: false }`
[INFO] [stdout] 062df912a3ad6dd4c49fd25ab859fec94459204d2379e7ef8f6b7b4bbd25af57
[INFO] running `Command { std: "docker" "start" "-a" "062df912a3ad6dd4c49fd25ab859fec94459204d2379e7ef8f6b7b4bbd25af57", kill_on_drop: false }`
[INFO] running `Command { std: "docker" "inspect" "062df912a3ad6dd4c49fd25ab859fec94459204d2379e7ef8f6b7b4bbd25af57", kill_on_drop: false }`
[INFO] running `Command { std: "docker" "rm" "-f" "062df912a3ad6dd4c49fd25ab859fec94459204d2379e7ef8f6b7b4bbd25af57", kill_on_drop: false }`
[INFO] [stdout] 062df912a3ad6dd4c49fd25ab859fec94459204d2379e7ef8f6b7b4bbd25af57
[INFO] running `Command { std: "docker" "create" "-v" "/var/lib/crater-agent-workspace/builds/worker-5-tc2/target:/opt/rustwide/target:rw,Z" "-v" "/var/lib/crater-agent-workspace/builds/worker-5-tc2/source:/opt/rustwide/workdir:ro,Z" "-v" "/var/lib/crater-agent-workspace/cargo-home:/opt/rustwide/cargo-home:ro,Z" "-v" "/var/lib/crater-agent-workspace/rustup-home:/opt/rustwide/rustup-home:ro,Z" "-e" "SOURCE_DIR=/opt/rustwide/workdir" "-e" "CARGO_TARGET_DIR=/opt/rustwide/target" "-e" "CARGO_INCREMENTAL=0" "-e" "RUST_BACKTRACE=full" "-e" "RUSTFLAGS=--cap-lints=forbid -Zrandomize-layout" "-e" "RUSTDOCFLAGS=--cap-lints=forbid" "-e" "CARGO_HOME=/opt/rustwide/cargo-home" "-e" "RUSTUP_HOME=/opt/rustwide/rustup-home" "-w" "/opt/rustwide/workdir" "-m" "1610612736" "--user" "0:0" "--network" "none" "ghcr.io/rust-lang/crates-build-env/linux@sha256:4a844ea9eb2546a2d2c7022eacef16ef2e8229c7fbb2c7d4d55a9ceca922f72d" "/opt/rustwide/cargo-home/bin/cargo" "+nightly-2024-10-28" "build" "--frozen" "--message-format=json", kill_on_drop: false }`
[INFO] [stdout] b3f44c8480899ada846aae8f236c447a6e74c9af94e92b16fa8f68a73c1b049b
[INFO] running `Command { std: "docker" "start" "-a" "b3f44c8480899ada846aae8f236c447a6e74c9af94e92b16fa8f68a73c1b049b", kill_on_drop: false }`
[INFO] [stderr]    Compiling tux-owned-alloc v0.2.0 (/opt/rustwide/workdir)
[INFO] [stderr]     Finished `dev` profile [unoptimized + debuginfo] target(s) in 0.13s
[INFO] running `Command { std: "docker" "inspect" "b3f44c8480899ada846aae8f236c447a6e74c9af94e92b16fa8f68a73c1b049b", kill_on_drop: false }`
[INFO] running `Command { std: "docker" "rm" "-f" "b3f44c8480899ada846aae8f236c447a6e74c9af94e92b16fa8f68a73c1b049b", kill_on_drop: false }`
[INFO] [stdout] b3f44c8480899ada846aae8f236c447a6e74c9af94e92b16fa8f68a73c1b049b
[INFO] running `Command { std: "docker" "create" "-v" "/var/lib/crater-agent-workspace/builds/worker-5-tc2/target:/opt/rustwide/target:rw,Z" "-v" "/var/lib/crater-agent-workspace/builds/worker-5-tc2/source:/opt/rustwide/workdir:ro,Z" "-v" "/var/lib/crater-agent-workspace/cargo-home:/opt/rustwide/cargo-home:ro,Z" "-v" "/var/lib/crater-agent-workspace/rustup-home:/opt/rustwide/rustup-home:ro,Z" "-e" "SOURCE_DIR=/opt/rustwide/workdir" "-e" "CARGO_TARGET_DIR=/opt/rustwide/target" "-e" "CARGO_INCREMENTAL=0" "-e" "RUST_BACKTRACE=full" "-e" "RUSTFLAGS=--cap-lints=forbid -Zrandomize-layout" "-e" "RUSTDOCFLAGS=--cap-lints=forbid" "-e" "CARGO_HOME=/opt/rustwide/cargo-home" "-e" "RUSTUP_HOME=/opt/rustwide/rustup-home" "-w" "/opt/rustwide/workdir" "-m" "1610612736" "--user" "0:0" "--network" "none" "ghcr.io/rust-lang/crates-build-env/linux@sha256:4a844ea9eb2546a2d2c7022eacef16ef2e8229c7fbb2c7d4d55a9ceca922f72d" "/opt/rustwide/cargo-home/bin/cargo" "+nightly-2024-10-28" "test" "--frozen" "--no-run" "--message-format=json", kill_on_drop: false }`
[INFO] [stdout] f5a80c108540d9f3ade5c13998c504bb3ffabd4f04434f381898fad6c710dd3d
[INFO] running `Command { std: "docker" "start" "-a" "f5a80c108540d9f3ade5c13998c504bb3ffabd4f04434f381898fad6c710dd3d", kill_on_drop: false }`
[INFO] [stderr]    Compiling tux-owned-alloc v0.2.0 (/opt/rustwide/workdir)
[INFO] [stderr]     Finished `test` profile [unoptimized + debuginfo] target(s) in 0.33s
[INFO] running `Command { std: "docker" "inspect" "f5a80c108540d9f3ade5c13998c504bb3ffabd4f04434f381898fad6c710dd3d", kill_on_drop: false }`
[INFO] running `Command { std: "docker" "rm" "-f" "f5a80c108540d9f3ade5c13998c504bb3ffabd4f04434f381898fad6c710dd3d", kill_on_drop: false }`
[INFO] [stdout] f5a80c108540d9f3ade5c13998c504bb3ffabd4f04434f381898fad6c710dd3d
[INFO] running `Command { std: "docker" "create" "-v" "/var/lib/crater-agent-workspace/builds/worker-5-tc2/target:/opt/rustwide/target:rw,Z" "-v" "/var/lib/crater-agent-workspace/builds/worker-5-tc2/source:/opt/rustwide/workdir:ro,Z" "-v" "/var/lib/crater-agent-workspace/cargo-home:/opt/rustwide/cargo-home:ro,Z" "-v" "/var/lib/crater-agent-workspace/rustup-home:/opt/rustwide/rustup-home:ro,Z" "-e" "SOURCE_DIR=/opt/rustwide/workdir" "-e" "CARGO_TARGET_DIR=/opt/rustwide/target" "-e" "CARGO_INCREMENTAL=0" "-e" "RUST_BACKTRACE=full" "-e" "RUSTFLAGS=--cap-lints=forbid -Zrandomize-layout" "-e" "RUSTDOCFLAGS=--cap-lints=forbid" "-e" "CARGO_HOME=/opt/rustwide/cargo-home" "-e" "RUSTUP_HOME=/opt/rustwide/rustup-home" "-w" "/opt/rustwide/workdir" "-m" "1610612736" "--user" "0:0" "--network" "none" "ghcr.io/rust-lang/crates-build-env/linux@sha256:4a844ea9eb2546a2d2c7022eacef16ef2e8229c7fbb2c7d4d55a9ceca922f72d" "/opt/rustwide/cargo-home/bin/cargo" "+nightly-2024-10-28" "test" "--frozen", kill_on_drop: false }`
[INFO] [stdout] 1463f58382f0de433f4d56b7fc6a81bd56c94a9d22af5a892957a819507da16f
[INFO] running `Command { std: "docker" "start" "-a" "1463f58382f0de433f4d56b7fc6a81bd56c94a9d22af5a892957a819507da16f", kill_on_drop: false }`
[INFO] [stderr]     Finished `test` profile [unoptimized + debuginfo] target(s) in 0.01s
[INFO] [stderr]      Running unittests src/lib.rs (/opt/rustwide/target/debug/deps/tux_owned_alloc-b4b2d773570023e9)
[INFO] [stdout] 
[INFO] [stdout] running 9 tests
[INFO] [stdout] test maybe_uninit::test::or_init_is_noop_if_initialized ... ok
[INFO] [stdout] test maybe_uninit::test::or_init_calls_if_uninit ... ok
[INFO] [stdout] test maybe_uninit::test::modifies ... ok
[INFO] [stdout] test owned::test::from_into_std_box ... ok
[INFO] [stdout] test owned::test::move_inner_eq ... ok
[INFO] [stdout] test owned::test::inner_eq ... ok
[INFO] [stdout] test raw_vec::test::cap_is_the_one_passed ... ok
[INFO] [stdout] test raw_vec::test::from_into_std_vec ... ok
[INFO] [stdout] test uninit::test::into_from_raw ... ok
[INFO] [stdout] 
[INFO] [stdout] test result: ok. 9 passed; 0 failed; 0 ignored; 0 measured; 0 filtered out; finished in 0.01s
[INFO] [stdout] 
[INFO] [stderr]    Doc-tests tux_owned_alloc
[INFO] [stdout] 
[INFO] [stdout] running 2 tests
[INFO] [stdout] test src/raw_vec.rs - raw_vec::RawVec (line 19) ... FAILED
[INFO] [stdout] test src/cache.rs - cache::Cache (line 5) ... FAILED
[INFO] [stdout] 
[INFO] [stdout] failures:
[INFO] [stdout] 
[INFO] [stdout] ---- src/raw_vec.rs - raw_vec::RawVec (line 19) stdout ----
[INFO] [stdout] error[E0463]: can't find crate for `owned_alloc`
[INFO] [stdout]  --> src/raw_vec.rs:19:1
[INFO] [stdout]   |
[INFO] [stdout] 2 | extern crate owned_alloc;
[INFO] [stdout]   | ^^^^^^^^^^^^^^^^^^^^^^^^^ can't find crate
[INFO] [stdout] 
[INFO] [stdout] error: aborting due to 1 previous error
[INFO] [stdout] 
[INFO] [stdout] For more information about this error, try `rustc --explain E0463`.
[INFO] [stdout] Couldn't compile the test.
[INFO] [stdout] ---- src/cache.rs - cache::Cache (line 5) stdout ----
[INFO] [stdout] error[E0463]: can't find crate for `owned_alloc`
[INFO] [stdout]  --> src/cache.rs:5:1
[INFO] [stdout]   |
[INFO] [stdout] 2 | extern crate owned_alloc;
[INFO] [stdout]   | ^^^^^^^^^^^^^^^^^^^^^^^^^ can't find crate
[INFO] [stdout] 
[INFO] [stdout] error: aborting due to 1 previous error
[INFO] [stdout] 
[INFO] [stdout] For more information about this error, try `rustc --explain E0463`.
[INFO] [stdout] Couldn't compile the test.
[INFO] [stdout] 
[INFO] [stdout] failures:
[INFO] [stdout]     src/cache.rs - cache::Cache (line 5)
[INFO] [stdout]     src/raw_vec.rs - raw_vec::RawVec (line 19)
[INFO] [stdout] 
[INFO] [stdout] test result: FAILED. 0 passed; 2 failed; 0 ignored; 0 measured; 0 filtered out; finished in 0.07s
[INFO] [stdout] 
[INFO] [stderr] error: doctest failed, to rerun pass `--doc`
[INFO] running `Command { std: "docker" "inspect" "1463f58382f0de433f4d56b7fc6a81bd56c94a9d22af5a892957a819507da16f", kill_on_drop: false }`
[INFO] running `Command { std: "docker" "rm" "-f" "1463f58382f0de433f4d56b7fc6a81bd56c94a9d22af5a892957a819507da16f", kill_on_drop: false }`
[INFO] [stdout] 1463f58382f0de433f4d56b7fc6a81bd56c94a9d22af5a892957a819507da16f
