[INFO] fetching crate turbo-remote-cache-rs 0.3.4...
[INFO] testing turbo-remote-cache-rs-0.3.4 against nightly-2024-10-28+rustflags=-Zrandomize-layout for randomize-layout
[INFO] extracting crate turbo-remote-cache-rs 0.3.4 into /workspace/builds/worker-1-tc2/source
[INFO] validating manifest of crates.io crate turbo-remote-cache-rs 0.3.4 on toolchain nightly-2024-10-28
[INFO] running `Command { std: CARGO_HOME="/workspace/cargo-home" RUSTUP_HOME="/workspace/rustup-home" "/workspace/cargo-home/bin/cargo" "+nightly-2024-10-28" "metadata" "--manifest-path" "Cargo.toml" "--no-deps", kill_on_drop: false }`
[INFO] removed /workspace/builds/worker-1-tc2/source/.cargo/config.toml
[INFO] removed /workspace/builds/worker-1-tc2/source/rust-toolchain.toml
[INFO] started tweaking crates.io crate turbo-remote-cache-rs 0.3.4
[INFO] finished tweaking crates.io crate turbo-remote-cache-rs 0.3.4
[INFO] tweaked toml for crates.io crate turbo-remote-cache-rs 0.3.4 written to /workspace/builds/worker-1-tc2/source/Cargo.toml
[INFO] crate crates.io crate turbo-remote-cache-rs 0.3.4 already has a lockfile, it will not be regenerated
[INFO] running `Command { std: CARGO_HOME="/workspace/cargo-home" RUSTUP_HOME="/workspace/rustup-home" "/workspace/cargo-home/bin/cargo" "+nightly-2024-10-28" "fetch" "--manifest-path" "Cargo.toml", kill_on_drop: false }`
[INFO] running `Command { std: "docker" "create" "-v" "/var/lib/crater-agent-workspace/builds/worker-1-tc2/target:/opt/rustwide/target:rw,Z" "-v" "/var/lib/crater-agent-workspace/builds/worker-1-tc2/source:/opt/rustwide/workdir:ro,Z" "-v" "/var/lib/crater-agent-workspace/cargo-home:/opt/rustwide/cargo-home:ro,Z" "-v" "/var/lib/crater-agent-workspace/rustup-home:/opt/rustwide/rustup-home:ro,Z" "-e" "SOURCE_DIR=/opt/rustwide/workdir" "-e" "CARGO_TARGET_DIR=/opt/rustwide/target" "-e" "CARGO_HOME=/opt/rustwide/cargo-home" "-e" "RUSTUP_HOME=/opt/rustwide/rustup-home" "-w" "/opt/rustwide/workdir" "-m" "1610612736" "--user" "0:0" "--network" "none" "ghcr.io/rust-lang/crates-build-env/linux@sha256:4a844ea9eb2546a2d2c7022eacef16ef2e8229c7fbb2c7d4d55a9ceca922f72d" "/opt/rustwide/cargo-home/bin/cargo" "+nightly-2024-10-28" "metadata" "--no-deps" "--format-version=1", kill_on_drop: false }`
[INFO] [stdout] 311bd9b3b419eead4e54ab5eb4288b7f614d1c9c33594a596f54b49c8135bb61
[INFO] running `Command { std: "docker" "start" "-a" "311bd9b3b419eead4e54ab5eb4288b7f614d1c9c33594a596f54b49c8135bb61", kill_on_drop: false }`
[INFO] running `Command { std: "docker" "inspect" "311bd9b3b419eead4e54ab5eb4288b7f614d1c9c33594a596f54b49c8135bb61", kill_on_drop: false }`
[INFO] running `Command { std: "docker" "rm" "-f" "311bd9b3b419eead4e54ab5eb4288b7f614d1c9c33594a596f54b49c8135bb61", kill_on_drop: false }`
[INFO] [stdout] 311bd9b3b419eead4e54ab5eb4288b7f614d1c9c33594a596f54b49c8135bb61
[INFO] running `Command { std: "docker" "create" "-v" "/var/lib/crater-agent-workspace/builds/worker-1-tc2/target:/opt/rustwide/target:rw,Z" "-v" "/var/lib/crater-agent-workspace/builds/worker-1-tc2/source:/opt/rustwide/workdir:ro,Z" "-v" "/var/lib/crater-agent-workspace/cargo-home:/opt/rustwide/cargo-home:ro,Z" "-v" "/var/lib/crater-agent-workspace/rustup-home:/opt/rustwide/rustup-home:ro,Z" "-e" "SOURCE_DIR=/opt/rustwide/workdir" "-e" "CARGO_TARGET_DIR=/opt/rustwide/target" "-e" "CARGO_INCREMENTAL=0" "-e" "RUST_BACKTRACE=full" "-e" "RUSTFLAGS=--cap-lints=forbid -Zrandomize-layout" "-e" "RUSTDOCFLAGS=--cap-lints=forbid" "-e" "CARGO_HOME=/opt/rustwide/cargo-home" "-e" "RUSTUP_HOME=/opt/rustwide/rustup-home" "-w" "/opt/rustwide/workdir" "-m" "1610612736" "--user" "0:0" "--network" "none" "ghcr.io/rust-lang/crates-build-env/linux@sha256:4a844ea9eb2546a2d2c7022eacef16ef2e8229c7fbb2c7d4d55a9ceca922f72d" "/opt/rustwide/cargo-home/bin/cargo" "+nightly-2024-10-28" "build" "--frozen" "--message-format=json", kill_on_drop: false }`
[INFO] [stdout] d7278bd3897e120d9e4da14e1f6b4f7250511bad658c18aede08f00ee68a1002
[INFO] running `Command { std: "docker" "start" "-a" "d7278bd3897e120d9e4da14e1f6b4f7250511bad658c18aede08f00ee68a1002", kill_on_drop: false }`
[INFO] [stderr]    Compiling proc-macro2 v1.0.86
[INFO] [stderr]    Compiling unicode-ident v1.0.12
[INFO] [stderr]    Compiling libc v0.2.158
[INFO] [stderr]    Compiling cfg-if v1.0.0
[INFO] [stderr]    Compiling autocfg v1.3.0
[INFO] [stderr]    Compiling pin-project-lite v0.2.14
[INFO] [stderr]    Compiling memchr v2.7.4
[INFO] [stderr]    Compiling futures-core v0.3.30
[INFO] [stderr]    Compiling bytes v1.7.1
[INFO] [stderr]    Compiling log v0.4.22
[INFO] [stderr]    Compiling parking_lot_core v0.9.10
[INFO] [stderr]    Compiling futures-sink v0.3.30
[INFO] [stderr]    Compiling scopeguard v1.2.0
[INFO] [stderr]    Compiling itoa v1.0.11
[INFO] [stderr]    Compiling smallvec v1.13.2
[INFO] [stderr]    Compiling once_cell v1.19.0
[INFO] [stderr]    Compiling lock_api v0.4.12
[INFO] [stderr]    Compiling slab v0.4.9
[INFO] [stderr]    Compiling version_check v0.9.5
[INFO] [stderr]    Compiling futures-channel v0.3.30
[INFO] [stderr]    Compiling futures-io v0.3.30
[INFO] [stderr]    Compiling quote v1.0.37
[INFO] [stderr]    Compiling pin-utils v0.1.0
[INFO] [stderr]    Compiling fnv v1.0.7
[INFO] [stderr]    Compiling futures-task v0.3.30
[INFO] [stderr]    Compiling mio v1.0.2
[INFO] [stderr]    Compiling syn v2.0.77
[INFO] [stderr]    Compiling jobserver v0.1.32
[INFO] [stderr]    Compiling socket2 v0.5.7
[INFO] [stderr]    Compiling signal-hook-registry v1.4.2
[INFO] [stderr]    Compiling getrandom v0.2.15
[INFO] [stderr]    Compiling tracing-core v0.1.32
[INFO] [stderr]    Compiling cc v1.1.18
[INFO] [stderr]    Compiling parking_lot v0.12.3
[INFO] [stderr]    Compiling typenum v1.17.0
[INFO] [stderr]    Compiling generic-array v0.14.7
[INFO] [stderr]    Compiling serde v1.0.210
[INFO] [stderr]    Compiling equivalent v1.0.1
[INFO] [stderr]    Compiling hashbrown v0.14.5
[INFO] [stderr]    Compiling httparse v1.9.4
[INFO] [stderr]    Compiling base64 v0.22.1
[INFO] [stderr]    Compiling rustls-pki-types v1.8.0
[INFO] [stderr]    Compiling byteorder v1.5.0
[INFO] [stderr]    Compiling pkg-config v0.3.30
[INFO] [stderr]    Compiling percent-encoding v2.3.1
[INFO] [stderr]    Compiling http v1.1.0
[INFO] [stderr]    Compiling tinyvec_macros v0.1.1
[INFO] [stderr]    Compiling tinyvec v1.8.0
[INFO] [stderr]    Compiling aho-corasick v1.1.3
[INFO] [stderr]    Compiling indexmap v2.5.0
[INFO] [stderr]    Compiling paste v1.0.15
[INFO] [stderr]    Compiling untrusted v0.9.0
[INFO] [stderr]    Compiling spin v0.9.8
[INFO] [stderr]    Compiling regex-syntax v0.8.4
[INFO] [stderr]    Compiling unicode-normalization v0.1.23
[INFO] [stderr]    Compiling ring v0.17.8
[INFO] [stderr]    Compiling zstd-sys v2.0.13+zstd.1.5.6
[INFO] [stderr]    Compiling block-buffer v0.10.4
[INFO] [stderr]    Compiling crypto-common v0.1.6
[INFO] [stderr]    Compiling digest v0.10.7
[INFO] [stderr]    Compiling http-body v1.0.1
[INFO] [stderr]    Compiling form_urlencoded v1.2.1
[INFO] [stderr]    Compiling rand_core v0.6.4
[INFO] [stderr]    Compiling serde_json v1.0.128
[INFO] [stderr]    Compiling try-lock v0.2.5
[INFO] [stderr]    Compiling rustls v0.23.12
[INFO] [stderr]    Compiling unicode-bidi v0.3.15
[INFO] [stderr]    Compiling ryu v1.0.18
[INFO] [stderr]    Compiling zstd-safe v7.2.1
[INFO] [stderr]    Compiling local-waker v0.1.4
[INFO] [stderr]    Compiling atomic-waker v1.1.2
[INFO] [stderr]    Compiling alloc-no-stdlib v2.0.4
[INFO] [stderr]    Compiling idna v0.5.0
[INFO] [stderr]    Compiling alloc-stdlib v0.2.2
[INFO] [stderr]    Compiling want v0.3.1
[INFO] [stderr]    Compiling rustls-pemfile v2.1.3
[INFO] [stderr]    Compiling regex-automata v0.4.7
[INFO] [stderr]    Compiling http v0.2.12
[INFO] [stderr]    Compiling ahash v0.8.11
[INFO] [stderr]    Compiling powerfmt v0.2.0
[INFO] [stderr]    Compiling time-core v0.1.2
[INFO] [stderr]    Compiling tower-layer v0.3.3
[INFO] [stderr]    Compiling adler2 v2.0.0
[INFO] [stderr]    Compiling num-conv v0.1.0
[INFO] [stderr]    Compiling mime v0.3.17
[INFO] [stderr]    Compiling tower-service v0.3.3
[INFO] [stderr]    Compiling subtle v2.6.1
[INFO] [stderr]    Compiling openssl-probe v0.1.5
[INFO] [stderr]    Compiling zeroize v1.8.1
[INFO] [stderr]    Compiling tracing v0.1.40
[INFO] [stderr]    Compiling time-macros v0.2.18
[INFO] [stderr]    Compiling miniz_oxide v0.8.0
[INFO] [stderr]    Compiling bytestring v1.3.1
[INFO] [stderr]    Compiling deranged v0.3.11
[INFO] [stderr]    Compiling actix-service v2.0.2
[INFO] [stderr]    Compiling url v2.5.2
[INFO] [stderr]    Compiling tokio-macros v2.4.0
[INFO] [stderr]    Compiling futures-macro v0.3.30
[INFO] [stderr]    Compiling tracing-attributes v0.1.27
[INFO] [stderr]    Compiling serde_derive v1.0.210
[INFO] [stderr]    Compiling tokio v1.40.0
[INFO] [stderr]    Compiling futures-util v0.3.30
[INFO] [stderr]    Compiling zerocopy-derive v0.7.35
[INFO] [stderr]    Compiling pin-project-internal v1.1.5
[INFO] [stderr]    Compiling rustls-webpki v0.102.7
[INFO] [stderr]    Compiling regex v1.10.6
[INFO] [stderr]    Compiling zerocopy v0.7.35
[INFO] [stderr]    Compiling brotli-decompressor v4.0.1
[INFO] [stderr]    Compiling pin-project v1.1.5
[INFO] [stderr]    Compiling actix-utils v3.0.1
[INFO] [stderr]    Compiling ppv-lite86 v0.2.20
[INFO] [stderr]    Compiling cookie v0.16.2
[INFO] [stderr]    Compiling num-traits v0.2.19
[INFO] [stderr]    Compiling rand_chacha v0.3.1
[INFO] [stderr]    Compiling crc32fast v1.4.2
[INFO] [stderr]    Compiling convert_case v0.4.0
[INFO] [stderr]    Compiling rand v0.8.5
[INFO] [stderr]    Compiling regex-lite v0.1.6
[INFO] [stderr]    Compiling cpufeatures v0.2.14
[INFO] [stderr]    Compiling bitflags v2.6.0
[INFO] [stderr]    Compiling time v0.3.36
[INFO] [stderr]    Compiling sha1 v0.10.6
[INFO] [stderr]    Compiling actix-router v0.5.3
[INFO] [stderr]    Compiling tokio-util v0.7.12
[INFO] [stderr]    Compiling actix-rt v2.10.0
[INFO] [stderr]    Compiling h2 v0.4.6
[INFO] [stderr]    Compiling tower v0.4.13
[INFO] [stderr]    Compiling actix-codec v0.5.2
[INFO] [stderr]    Compiling tokio-rustls v0.26.0
[INFO] [stderr]    Compiling h2 v0.3.26
[INFO] [stderr]    Compiling derive_more v0.99.18
[INFO] [stderr]    Compiling serde_urlencoded v0.7.1
[INFO] [stderr]    Compiling flate2 v1.0.33
[INFO] [stderr]    Compiling brotli v6.0.0
[INFO] [stderr]    Compiling rustls-native-certs v0.8.0
[INFO] [stderr]    Compiling local-channel v0.1.5
[INFO] [stderr]    Compiling encoding_rs v0.8.34
[INFO] [stderr]    Compiling utf8parse v0.2.2
[INFO] [stderr]    Compiling heck v0.5.0
[INFO] [stderr]    Compiling language-tags v0.3.2
[INFO] [stderr]    Compiling httpdate v1.0.3
[INFO] [stderr]    Compiling snafu-derive v0.8.4
[INFO] [stderr]    Compiling hyper v1.4.1
[INFO] [stderr]    Compiling zstd v0.13.2
[INFO] [stderr]    Compiling hyper-util v0.1.7
[INFO] [stderr]    Compiling actix-http v3.9.0
[INFO] [stderr]    Compiling anstyle-parse v0.2.5
[INFO] [stderr]    Compiling actix-web-codegen v4.3.0
[INFO] [stderr]    Compiling actix-server v2.5.0
[INFO] [stderr]    Compiling futures-executor v0.3.30
[INFO] [stderr]    Compiling http-body-util v0.1.2
[INFO] [stderr]    Compiling actix-macros v0.2.4
[INFO] [stderr]    Compiling rustls-native-certs v0.7.3
[INFO] [stderr]    Compiling sync_wrapper v1.0.1
[INFO] [stderr]    Compiling is_terminal_polyfill v1.70.1
[INFO] [stderr]    Compiling hyper-rustls v0.27.3
[INFO] [stderr]    Compiling ipnet v2.10.0
[INFO] [stderr]    Compiling iana-time-zone v0.1.60
[INFO] [stderr]    Compiling same-file v1.0.6
[INFO] [stderr]    Compiling colorchoice v1.0.2
[INFO] [stderr]    Compiling either v1.13.0
[INFO] [stderr]    Compiling impl-more v0.1.6
[INFO] [stderr]    Compiling anstyle v1.0.8
[INFO] [stderr]    Compiling anstyle-query v1.1.1
[INFO] [stderr]    Compiling humantime v2.1.0
[INFO] [stderr]    Compiling itertools v0.13.0
[INFO] [stderr]    Compiling reqwest v0.12.7
[INFO] [stderr]    Compiling anstream v0.6.15
[INFO] [stderr]    Compiling walkdir v2.5.0
[INFO] [stderr]    Compiling chrono v0.4.38
[INFO] [stderr]    Compiling futures v0.3.30
[INFO] [stderr]    Compiling snafu v0.8.4
[INFO] [stderr]    Compiling quick-xml v0.36.1
[INFO] [stderr]    Compiling env_filter v0.1.2
[INFO] [stderr]    Compiling async-trait v0.1.82
[INFO] [stderr]    Compiling md-5 v0.10.6
[INFO] [stderr]    Compiling env_logger v0.11.5
[INFO] [stderr]    Compiling actix-web v4.9.0
[INFO] [stderr]    Compiling dotenvy v0.15.7
[INFO] [stderr]    Compiling object_store v0.11.0
[INFO] [stderr]    Compiling actix-cors v0.7.0
[INFO] [stderr]    Compiling turbo-remote-cache-rs v0.3.4 (/opt/rustwide/workdir)
[INFO] [stderr]     Finished `dev` profile [unoptimized + debuginfo] target(s) in 1m 36s
[INFO] running `Command { std: "docker" "inspect" "d7278bd3897e120d9e4da14e1f6b4f7250511bad658c18aede08f00ee68a1002", kill_on_drop: false }`
[INFO] running `Command { std: "docker" "rm" "-f" "d7278bd3897e120d9e4da14e1f6b4f7250511bad658c18aede08f00ee68a1002", kill_on_drop: false }`
[INFO] [stdout] d7278bd3897e120d9e4da14e1f6b4f7250511bad658c18aede08f00ee68a1002
[INFO] running `Command { std: "docker" "create" "-v" "/var/lib/crater-agent-workspace/builds/worker-1-tc2/target:/opt/rustwide/target:rw,Z" "-v" "/var/lib/crater-agent-workspace/builds/worker-1-tc2/source:/opt/rustwide/workdir:ro,Z" "-v" "/var/lib/crater-agent-workspace/cargo-home:/opt/rustwide/cargo-home:ro,Z" "-v" "/var/lib/crater-agent-workspace/rustup-home:/opt/rustwide/rustup-home:ro,Z" "-e" "SOURCE_DIR=/opt/rustwide/workdir" "-e" "CARGO_TARGET_DIR=/opt/rustwide/target" "-e" "CARGO_INCREMENTAL=0" "-e" "RUST_BACKTRACE=full" "-e" "RUSTFLAGS=--cap-lints=forbid -Zrandomize-layout" "-e" "RUSTDOCFLAGS=--cap-lints=forbid" "-e" "CARGO_HOME=/opt/rustwide/cargo-home" "-e" "RUSTUP_HOME=/opt/rustwide/rustup-home" "-w" "/opt/rustwide/workdir" "-m" "1610612736" "--user" "0:0" "--network" "none" "ghcr.io/rust-lang/crates-build-env/linux@sha256:4a844ea9eb2546a2d2c7022eacef16ef2e8229c7fbb2c7d4d55a9ceca922f72d" "/opt/rustwide/cargo-home/bin/cargo" "+nightly-2024-10-28" "test" "--frozen" "--no-run" "--message-format=json", kill_on_drop: false }`
[INFO] [stdout] 4f5fa6b8a342b0573f71f61ea69ffef9f42b83928c878f19761dcd0aea6ce790
[INFO] running `Command { std: "docker" "start" "-a" "4f5fa6b8a342b0573f71f61ea69ffef9f42b83928c878f19761dcd0aea6ce790", kill_on_drop: false }`
[INFO] [stderr]    Compiling cfg-if v1.0.0
[INFO] [stderr]    Compiling pin-project-lite v0.2.14
[INFO] [stderr]    Compiling memchr v2.7.4
[INFO] [stderr]    Compiling bytes v1.7.1
[INFO] [stderr]    Compiling futures-core v0.3.30
[INFO] [stderr]    Compiling log v0.4.22
[INFO] [stderr]    Compiling libc v0.2.158
[INFO] [stderr]    Compiling futures-sink v0.3.30
[INFO] [stderr]    Compiling itoa v1.0.11
[INFO] [stderr]    Compiling smallvec v1.13.2
[INFO] [stderr]    Compiling scopeguard v1.2.0
[INFO] [stderr]    Compiling once_cell v1.19.0
[INFO] [stderr]    Compiling lock_api v0.4.12
[INFO] [stderr]    Compiling slab v0.4.9
[INFO] [stderr]    Compiling futures-channel v0.3.30
[INFO] [stderr]    Compiling futures-task v0.3.30
[INFO] [stderr]    Compiling pin-utils v0.1.0
[INFO] [stderr]    Compiling fnv v1.0.7
[INFO] [stderr]    Compiling futures-io v0.3.30
[INFO] [stderr]    Compiling tracing-core v0.1.32
[INFO] [stderr]    Compiling hashbrown v0.14.5
[INFO] [stderr]    Compiling equivalent v1.0.1
[INFO] [stderr]    Compiling typenum v1.17.0
[INFO] [stderr]    Compiling serde v1.0.210
[INFO] [stderr]    Compiling percent-encoding v2.3.1
[INFO] [stderr]    Compiling tracing v0.1.40
[INFO] [stderr]    Compiling futures-util v0.3.30
[INFO] [stderr]    Compiling parking_lot_core v0.9.10
[INFO] [stderr]    Compiling mio v1.0.2
[INFO] [stderr]    Compiling signal-hook-registry v1.4.2
[INFO] [stderr]    Compiling socket2 v0.5.7
[INFO] [stderr]    Compiling parking_lot v0.12.3
[INFO] [stderr]    Compiling getrandom v0.2.15
[INFO] [stderr]    Compiling indexmap v2.5.0
[INFO] [stderr]    Compiling tokio v1.40.0
[INFO] [stderr]    Compiling generic-array v0.14.7
[INFO] [stderr]    Compiling rustls-pki-types v1.8.0
[INFO] [stderr]    Compiling byteorder v1.5.0
[INFO] [stderr]    Compiling base64 v0.22.1
[INFO] [stderr]    Compiling zerocopy v0.7.35
[INFO] [stderr]    Compiling http v1.1.0
[INFO] [stderr]    Compiling httparse v1.9.4
[INFO] [stderr]    Compiling tinyvec_macros v0.1.1
[INFO] [stderr]    Compiling tinyvec v1.8.0
[INFO] [stderr]    Compiling block-buffer v0.10.4
[INFO] [stderr]    Compiling crypto-common v0.1.6
[INFO] [stderr]    Compiling aho-corasick v1.1.3
[INFO] [stderr]    Compiling spin v0.9.8
[INFO] [stderr]    Compiling regex-syntax v0.8.4
[INFO] [stderr]    Compiling untrusted v0.9.0
[INFO] [stderr]    Compiling ring v0.17.8
[INFO] [stderr]    Compiling unicode-normalization v0.1.23
[INFO] [stderr]    Compiling http-body v1.0.1
[INFO] [stderr]    Compiling ppv-lite86 v0.2.20
[INFO] [stderr]    Compiling digest v0.10.7
[INFO] [stderr]    Compiling rand_core v0.6.4
[INFO] [stderr]    Compiling form_urlencoded v1.2.1
[INFO] [stderr]    Compiling ryu v1.0.18
[INFO] [stderr]    Compiling alloc-no-stdlib v2.0.4
[INFO] [stderr]    Compiling try-lock v0.2.5
[INFO] [stderr]    Compiling local-waker v0.1.4
[INFO] [stderr]    Compiling unicode-bidi v0.3.15
[INFO] [stderr]    Compiling atomic-waker v1.1.2
[INFO] [stderr]    Compiling alloc-stdlib v0.2.2
[INFO] [stderr]    Compiling want v0.3.1
[INFO] [stderr]    Compiling rustls-webpki v0.102.7
[INFO] [stderr]    Compiling rand_chacha v0.3.1
[INFO] [stderr]    Compiling pin-project v1.1.5
[INFO] [stderr]    Compiling zstd-sys v2.0.13+zstd.1.5.6
[INFO] [stderr]    Compiling rustls-pemfile v2.1.3
[INFO] [stderr]    Compiling regex-automata v0.4.7
[INFO] [stderr]    Compiling idna v0.5.0
[INFO] [stderr]    Compiling http v0.2.12
[INFO] [stderr]    Compiling tower-service v0.3.3
[INFO] [stderr]    Compiling zeroize v1.8.1
[INFO] [stderr]    Compiling adler2 v2.0.0
[INFO] [stderr]    Compiling powerfmt v0.2.0
[INFO] [stderr]    Compiling tower-layer v0.3.3
[INFO] [stderr]    Compiling mime v0.3.17
[INFO] [stderr]    Compiling subtle v2.6.1
[INFO] [stderr]    Compiling openssl-probe v0.1.5
[INFO] [stderr]    Compiling tokio-util v0.7.12
[INFO] [stderr]    Compiling rustls v0.23.12
[INFO] [stderr]    Compiling actix-rt v2.10.0
[INFO] [stderr]    Compiling tower v0.4.13
[INFO] [stderr]    Compiling deranged v0.3.11
[INFO] [stderr]    Compiling miniz_oxide v0.8.0
[INFO] [stderr]    Compiling h2 v0.4.6
[INFO] [stderr]    Compiling url v2.5.2
[INFO] [stderr]    Compiling zstd-safe v7.2.1
[INFO] [stderr]    Compiling rand v0.8.5
[INFO] [stderr]    Compiling regex v1.10.6
[INFO] [stderr]    Compiling actix-service v2.0.2
[INFO] [stderr]    Compiling serde_json v1.0.128
[INFO] [stderr]    Compiling brotli-decompressor v4.0.1
[INFO] [stderr]    Compiling actix-utils v3.0.1
[INFO] [stderr]    Compiling serde_urlencoded v0.7.1
[INFO] [stderr]    Compiling bytestring v1.3.1
[INFO] [stderr]    Compiling crc32fast v1.4.2
[INFO] [stderr]    Compiling cpufeatures v0.2.14
[INFO] [stderr]    Compiling bitflags v2.6.0
[INFO] [stderr]    Compiling num-conv v0.1.0
[INFO] [stderr]    Compiling time-core v0.1.2
[INFO] [stderr]    Compiling time v0.3.36
[INFO] [stderr]    Compiling actix-codec v0.5.2
[INFO] [stderr]    Compiling brotli v6.0.0
[INFO] [stderr]    Compiling flate2 v1.0.33
[INFO] [stderr]    Compiling sha1 v0.10.6
[INFO] [stderr]    Compiling zstd v0.13.2
[INFO] [stderr]    Compiling tokio-rustls v0.26.0
[INFO] [stderr]    Compiling ahash v0.8.11
[INFO] [stderr]    Compiling h2 v0.3.26
[INFO] [stderr]    Compiling rustls-native-certs v0.8.0
[INFO] [stderr]    Compiling local-channel v0.1.5
[INFO] [stderr]    Compiling encoding_rs v0.8.34
[INFO] [stderr]    Compiling utf8parse v0.2.2
[INFO] [stderr]    Compiling httpdate v1.0.3
[INFO] [stderr]    Compiling language-tags v0.3.2
[INFO] [stderr]    Compiling regex-lite v0.1.6
[INFO] [stderr]    Compiling hyper v1.4.1
[INFO] [stderr]    Compiling actix-router v0.5.3
[INFO] [stderr]    Compiling cookie v0.16.2
[INFO] [stderr]    Compiling hyper-util v0.1.7
[INFO] [stderr]    Compiling anstyle-parse v0.2.5
[INFO] [stderr]    Compiling num-traits v0.2.19
[INFO] [stderr]    Compiling actix-server v2.5.0
[INFO] [stderr]    Compiling rustls-native-certs v0.7.3
[INFO] [stderr]    Compiling http-body-util v0.1.2
[INFO] [stderr]    Compiling futures-executor v0.3.30
[INFO] [stderr]    Compiling sync_wrapper v1.0.1
[INFO] [stderr]    Compiling iana-time-zone v0.1.60
[INFO] [stderr]    Compiling impl-more v0.1.6
[INFO] [stderr]    Compiling anstyle-query v1.1.1
[INFO] [stderr]    Compiling colorchoice v1.0.2
[INFO] [stderr]    Compiling humantime v2.1.0
[INFO] [stderr]    Compiling anstyle v1.0.8
[INFO] [stderr]    Compiling is_terminal_polyfill v1.70.1
[INFO] [stderr]    Compiling either v1.13.0
[INFO] [stderr]    Compiling ipnet v2.10.0
[INFO] [stderr]    Compiling same-file v1.0.6
[INFO] [stderr]    Compiling anstream v0.6.15
[INFO] [stderr]    Compiling actix-http v3.9.0
[INFO] [stderr]    Compiling walkdir v2.5.0
[INFO] [stderr]    Compiling itertools v0.13.0
[INFO] [stderr]    Compiling hyper-rustls v0.27.3
[INFO] [stderr]    Compiling chrono v0.4.38
[INFO] [stderr]    Compiling futures v0.3.30
[INFO] [stderr]    Compiling snafu v0.8.4
[INFO] [stderr]    Compiling reqwest v0.12.7
[INFO] [stderr]    Compiling env_filter v0.1.2
[INFO] [stderr]    Compiling md-5 v0.10.6
[INFO] [stderr]    Compiling quick-xml v0.36.1
[INFO] [stderr]    Compiling env_logger v0.11.5
[INFO] [stderr]    Compiling dotenvy v0.15.7
[INFO] [stderr]    Compiling object_store v0.11.0
[INFO] [stderr]    Compiling actix-web v4.9.0
[INFO] [stderr]    Compiling actix-cors v0.7.0
[INFO] [stderr]    Compiling turbo-remote-cache-rs v0.3.4 (/opt/rustwide/workdir)
[INFO] [stderr]     Finished `test` profile [unoptimized + debuginfo] target(s) in 43.52s
[INFO] running `Command { std: "docker" "inspect" "4f5fa6b8a342b0573f71f61ea69ffef9f42b83928c878f19761dcd0aea6ce790", kill_on_drop: false }`
[INFO] running `Command { std: "docker" "rm" "-f" "4f5fa6b8a342b0573f71f61ea69ffef9f42b83928c878f19761dcd0aea6ce790", kill_on_drop: false }`
[INFO] [stdout] 4f5fa6b8a342b0573f71f61ea69ffef9f42b83928c878f19761dcd0aea6ce790
[INFO] running `Command { std: "docker" "create" "-v" "/var/lib/crater-agent-workspace/builds/worker-1-tc2/target:/opt/rustwide/target:rw,Z" "-v" "/var/lib/crater-agent-workspace/builds/worker-1-tc2/source:/opt/rustwide/workdir:ro,Z" "-v" "/var/lib/crater-agent-workspace/cargo-home:/opt/rustwide/cargo-home:ro,Z" "-v" "/var/lib/crater-agent-workspace/rustup-home:/opt/rustwide/rustup-home:ro,Z" "-e" "SOURCE_DIR=/opt/rustwide/workdir" "-e" "CARGO_TARGET_DIR=/opt/rustwide/target" "-e" "CARGO_INCREMENTAL=0" "-e" "RUST_BACKTRACE=full" "-e" "RUSTFLAGS=--cap-lints=forbid -Zrandomize-layout" "-e" "RUSTDOCFLAGS=--cap-lints=forbid" "-e" "CARGO_HOME=/opt/rustwide/cargo-home" "-e" "RUSTUP_HOME=/opt/rustwide/rustup-home" "-w" "/opt/rustwide/workdir" "-m" "1610612736" "--user" "0:0" "--network" "none" "ghcr.io/rust-lang/crates-build-env/linux@sha256:4a844ea9eb2546a2d2c7022eacef16ef2e8229c7fbb2c7d4d55a9ceca922f72d" "/opt/rustwide/cargo-home/bin/cargo" "+nightly-2024-10-28" "test" "--frozen", kill_on_drop: false }`
[INFO] [stdout] 6b642faa4f411d936a6d1f9c842895ef7319df60925ac49f5ae0f9ba2f400e04
[INFO] running `Command { std: "docker" "start" "-a" "6b642faa4f411d936a6d1f9c842895ef7319df60925ac49f5ae0f9ba2f400e04", kill_on_drop: false }`
[INFO] [stderr]     Finished `test` profile [unoptimized + debuginfo] target(s) in 0.91s
[INFO] [stderr]      Running unittests src/main.rs (/opt/rustwide/target/debug/deps/turbo_remote_cache_rs-eb2c19147cad851f)
[INFO] [stdout] 
[INFO] [stdout] running 8 tests
[INFO] [stdout] test handlers::artifacts::artifacts_tests::test_artifacts_authorized ... ok
[INFO] [stdout] test handlers::artifacts::artifacts_tests::test_artifacts_unauthorized ... ok
[INFO] [stdout] test handlers::artifacts::artifacts_tests::test_get_status ... ok
[INFO] [stdout] test handlers::artifacts::artifacts_tests::test_artifacts_head_ok ... ok
[INFO] [stdout] test handlers::artifacts::artifacts_tests::test_artifacts_get_ok ... ok
[INFO] [stdout] test handlers::artifacts::artifacts_tests::test_artifacts_put_ok ... ok
[INFO] [stdout] test handlers::artifacts::artifacts_tests::test_artifacts_without_team_param ... ok
[INFO] [stdout] test handlers::artifacts::artifacts_tests::test_artifacts_with_file_provider ... FAILED
[INFO] [stdout] 
[INFO] [stdout] failures:
[INFO] [stdout] 
[INFO] [stdout] ---- handlers::artifacts::artifacts_tests::test_artifacts_with_file_provider stdout ----
[INFO] [stdout] thread 'handlers::artifacts::artifacts_tests::test_artifacts_with_file_provider' panicked at src/storage.rs:44:31:
[INFO] [stdout] error creating cache folder: Os { code: 30, kind: ReadOnlyFilesystem, message: "Read-only file system" }
[INFO] [stdout] stack backtrace:
[INFO] [stdout]    0:     0x652c1b56edda - std::backtrace_rs::backtrace::libunwind::trace::h207520d6e9873551
[INFO] [stdout]                                at /rustc/df4ca44d3fbc9301ee17f30f4d474e6ae4b05252/library/std/src/../../backtrace/src/backtrace/libunwind.rs:116:5
[INFO] [stdout]    1:     0x652c1b56edda - std::backtrace_rs::backtrace::trace_unsynchronized::h2ed7433f370e3eca
[INFO] [stdout]                                at /rustc/df4ca44d3fbc9301ee17f30f4d474e6ae4b05252/library/std/src/../../backtrace/src/backtrace/mod.rs:66:5
[INFO] [stdout]    2:     0x652c1b56edda - std::sys::backtrace::_print_fmt::h916fac51166b18d7
[INFO] [stdout]                                at /rustc/df4ca44d3fbc9301ee17f30f4d474e6ae4b05252/library/std/src/sys/backtrace.rs:66:9
[INFO] [stdout]    3:     0x652c1b56edda - <std::sys::backtrace::BacktraceLock::print::DisplayBacktrace as core::fmt::Display>::fmt::ha0a4c9b8ce3802e6
[INFO] [stdout]                                at /rustc/df4ca44d3fbc9301ee17f30f4d474e6ae4b05252/library/std/src/sys/backtrace.rs:39:26
[INFO] [stdout]    4:     0x652c1b59c223 - core::fmt::rt::Argument::fmt::h4cfc8587d52b3eb5
[INFO] [stdout]                                at /rustc/df4ca44d3fbc9301ee17f30f4d474e6ae4b05252/library/core/src/fmt/rt.rs:177:76
[INFO] [stdout]    5:     0x652c1b59c223 - core::fmt::write::h522cc39e5b36ae9f
[INFO] [stdout]                                at /rustc/df4ca44d3fbc9301ee17f30f4d474e6ae4b05252/library/core/src/fmt/mod.rs:1190:21
[INFO] [stdout]    6:     0x652c1b56aaf3 - std::io::Write::write_fmt::h7d3c26752da97734
[INFO] [stdout]                                at /rustc/df4ca44d3fbc9301ee17f30f4d474e6ae4b05252/library/std/src/io/mod.rs:1839:15
[INFO] [stdout]    7:     0x652c1b56ec22 - std::sys::backtrace::BacktraceLock::print::h4b9e00b29e9c0942
[INFO] [stdout]                                at /rustc/df4ca44d3fbc9301ee17f30f4d474e6ae4b05252/library/std/src/sys/backtrace.rs:42:9
[INFO] [stdout]    8:     0x652c1b57026a - std::panicking::default_hook::{{closure}}::hb59b88280d0324d9
[INFO] [stdout]                                at /rustc/df4ca44d3fbc9301ee17f30f4d474e6ae4b05252/library/std/src/panicking.rs:268:22
[INFO] [stdout]    9:     0x652c1b570074 - std::panicking::default_hook::he1dd496665be4a29
[INFO] [stdout]                                at /rustc/df4ca44d3fbc9301ee17f30f4d474e6ae4b05252/library/std/src/panicking.rs:292:9
[INFO] [stdout]   10:     0x652c1a6ffb39 - <alloc::boxed::Box<F,A> as core::ops::function::Fn<Args>>::call::h4ff71de18744e1dc
[INFO] [stdout]                                at /rustc/df4ca44d3fbc9301ee17f30f4d474e6ae4b05252/library/alloc/src/boxed.rs:2468:9
[INFO] [stdout]   11:     0x652c1a6ffb39 - test::test_main::{{closure}}::hcf7c055ce117aa81
[INFO] [stdout]                                at /rustc/df4ca44d3fbc9301ee17f30f4d474e6ae4b05252/library/test/src/lib.rs:133:21
[INFO] [stdout]   12:     0x652c1b570968 - <alloc::boxed::Box<F,A> as core::ops::function::Fn<Args>>::call::h1d66c6bbd60c9692
[INFO] [stdout]                                at /rustc/df4ca44d3fbc9301ee17f30f4d474e6ae4b05252/library/alloc/src/boxed.rs:2468:9
[INFO] [stdout]   13:     0x652c1b570968 - std::panicking::rust_panic_with_hook::h2ff17fe8f26dfcf8
[INFO] [stdout]                                at /rustc/df4ca44d3fbc9301ee17f30f4d474e6ae4b05252/library/std/src/panicking.rs:809:13
[INFO] [stdout]   14:     0x652c1b57072a - std::panicking::begin_panic_handler::{{closure}}::h4fad77951c07e101
[INFO] [stdout]                                at /rustc/df4ca44d3fbc9301ee17f30f4d474e6ae4b05252/library/std/src/panicking.rs:674:13
[INFO] [stdout]   15:     0x652c1b56f2b9 - std::sys::backtrace::__rust_end_short_backtrace::hb1a25b3da5d0ea08
[INFO] [stdout]                                at /rustc/df4ca44d3fbc9301ee17f30f4d474e6ae4b05252/library/std/src/sys/backtrace.rs:170:18
[INFO] [stdout]   16:     0x652c1b5703bc - rust_begin_unwind
[INFO] [stdout]                                at /rustc/df4ca44d3fbc9301ee17f30f4d474e6ae4b05252/library/std/src/panicking.rs:665:5
[INFO] [stdout]   17:     0x652c1b599500 - core::panicking::panic_fmt::ha9db07b529f9b256
[INFO] [stdout]                                at /rustc/df4ca44d3fbc9301ee17f30f4d474e6ae4b05252/library/core/src/panicking.rs:75:14
[INFO] [stdout]   18:     0x652c1b599986 - core::result::unwrap_failed::h5e8218e4d4338b8a
[INFO] [stdout]                                at /rustc/df4ca44d3fbc9301ee17f30f4d474e6ae4b05252/library/core/src/result.rs:1698:5
[INFO] [stdout]   19:     0x652c1b4e938f - core::result::Result<T,E>::expect::he80f27b07de59772
[INFO] [stdout]                                at /rustc/df4ca44d3fbc9301ee17f30f4d474e6ae4b05252/library/core/src/result.rs:1060:23
[INFO] [stdout]   20:     0x652c1a6c432c - turbo_remote_cache_rs::storage::get_file_store::h1e093c31ec9992d6
[INFO] [stdout]                                at /opt/rustwide/workdir/src/storage.rs:44:3
[INFO] [stdout]   21:     0x652c1a6c451f - turbo_remote_cache_rs::storage::get_object_store::h48c8109d728c9988
[INFO] [stdout]                                at /opt/rustwide/workdir/src/storage.rs:60:30
[INFO] [stdout]   22:     0x652c1a6c457c - turbo_remote_cache_rs::storage::StorageStore::new::h55832752548f0ec9
[INFO] [stdout]                                at /opt/rustwide/workdir/src/storage.rs:72:52
[INFO] [stdout]   23:     0x652c1a6c3da3 - turbo_remote_cache_rs::handlers::artifacts::configure::{{closure}}::he0cfa9c0b7d78f0e
[INFO] [stdout]                                at /opt/rustwide/workdir/src/handlers/artifacts.rs:122:37
[INFO] [stdout]   24:     0x652c1a65cc2d - core::ops::function::FnOnce::call_once::h86b95ee329a1a853
[INFO] [stdout]                                at /rustc/df4ca44d3fbc9301ee17f30f4d474e6ae4b05252/library/core/src/ops/function.rs:250:5
[INFO] [stdout]   25:     0x652c1a69fb13 - actix_web::app::App<T>::configure::h4ff72e41407fc89c
[INFO] [stdout]                                at /opt/rustwide/cargo-home/registry/src/index.crates.io-6f17d22bba15001f/actix-web-4.9.0/src/app.rs:191:9
[INFO] [stdout]   26:     0x652c1a6a7104 - turbo_remote_cache_rs::handlers::artifacts::artifacts_tests::test_artifacts_with_file_provider::{{closure}}::h3bdf9160159c6e1e
[INFO] [stdout]                                at /opt/rustwide/workdir/src/handlers/artifacts.rs:318:7
[INFO] [stdout]   27:     0x652c1a6ba4e6 - <tokio::task::local::RunUntil<T> as core::future::future::Future>::poll::{{closure}}::he6cc00e23f87baba
[INFO] [stdout]                                at /opt/rustwide/cargo-home/registry/src/index.crates.io-6f17d22bba15001f/tokio-1.40.0/src/task/local.rs:995:42
[INFO] [stdout]   28:     0x652c1a6b5304 - tokio::task::local::LocalSet::with::{{closure}}::h7c3bae14beaa993f
[INFO] [stdout]                                at /opt/rustwide/cargo-home/registry/src/index.crates.io-6f17d22bba15001f/tokio-1.40.0/src/task/local.rs:747:13
[INFO] [stdout]   29:     0x652c1a659c10 - std::thread::local::LocalKey<T>::try_with::hae1ea8f14fd708a4
[INFO] [stdout]                                at /rustc/df4ca44d3fbc9301ee17f30f4d474e6ae4b05252/library/std/src/thread/local.rs:283:12
[INFO] [stdout]   30:     0x652c1a655daa - std::thread::local::LocalKey<T>::with::h7505d706b1c1598c
[INFO] [stdout]                                at /rustc/df4ca44d3fbc9301ee17f30f4d474e6ae4b05252/library/std/src/thread/local.rs:260:9
[INFO] [stdout]   31:     0x652c1a6b4e96 - tokio::task::local::LocalSet::with::hb1e670c5ba05c767
[INFO] [stdout]                                at /opt/rustwide/cargo-home/registry/src/index.crates.io-6f17d22bba15001f/tokio-1.40.0/src/task/local.rs:745:9
[INFO] [stdout]   32:     0x652c1a6b9945 - <tokio::task::local::RunUntil<T> as core::future::future::Future>::poll::h618f9081b7494c26
[INFO] [stdout]                                at /opt/rustwide/cargo-home/registry/src/index.crates.io-6f17d22bba15001f/tokio-1.40.0/src/task/local.rs:985:9
[INFO] [stdout]   33:     0x652c1a6b6257 - tokio::task::local::LocalSet::run_until::{{closure}}::h2b40c56e2d1cf199
[INFO] [stdout]                                at /opt/rustwide/cargo-home/registry/src/index.crates.io-6f17d22bba15001f/tokio-1.40.0/src/task/local.rs:639:19
[INFO] [stdout]   34:     0x652c1a6838ad - <core::pin::Pin<P> as core::future::future::Future>::poll::hb6e0296d0ac7377f
[INFO] [stdout]                                at /rustc/df4ca44d3fbc9301ee17f30f4d474e6ae4b05252/library/core/src/future/future.rs:123:9
[INFO] [stdout]   35:     0x652c1a65581f - tokio::runtime::scheduler::current_thread::CoreGuard::block_on::{{closure}}::{{closure}}::{{closure}}::hcbabe1dbe602d111
[INFO] [stdout]                                at /opt/rustwide/cargo-home/registry/src/index.crates.io-6f17d22bba15001f/tokio-1.40.0/src/runtime/scheduler/current_thread/mod.rs:696:57
[INFO] [stdout]   36:     0x652c1a654005 - tokio::runtime::coop::with_budget::h39a6d7ca3b03cdb9
[INFO] [stdout]                                at /opt/rustwide/cargo-home/registry/src/index.crates.io-6f17d22bba15001f/tokio-1.40.0/src/runtime/coop.rs:107:5
[INFO] [stdout]   37:     0x652c1a654005 - tokio::runtime::coop::budget::h9c12efb5c08c34cd
[INFO] [stdout]                                at /opt/rustwide/cargo-home/registry/src/index.crates.io-6f17d22bba15001f/tokio-1.40.0/src/runtime/coop.rs:73:5
[INFO] [stdout]   38:     0x652c1a654005 - tokio::runtime::scheduler::current_thread::CoreGuard::block_on::{{closure}}::{{closure}}::h29520bd6c4e6488a
[INFO] [stdout]                                at /opt/rustwide/cargo-home/registry/src/index.crates.io-6f17d22bba15001f/tokio-1.40.0/src/runtime/scheduler/current_thread/mod.rs:696:25
[INFO] [stdout]   39:     0x652c1a63e7a0 - tokio::runtime::scheduler::current_thread::Context::enter::h2fd5b6cf6d8452f0
[INFO] [stdout]                                at /opt/rustwide/cargo-home/registry/src/index.crates.io-6f17d22bba15001f/tokio-1.40.0/src/runtime/scheduler/current_thread/mod.rs:423:19
[INFO] [stdout]   40:     0x652c1a64f71e - tokio::runtime::scheduler::current_thread::CoreGuard::block_on::{{closure}}::hb14c6b3fe21731e9
[INFO] [stdout]                                at /opt/rustwide/cargo-home/registry/src/index.crates.io-6f17d22bba15001f/tokio-1.40.0/src/runtime/scheduler/current_thread/mod.rs:695:36
[INFO] [stdout]   41:     0x652c1a64a8a4 - tokio::runtime::scheduler::current_thread::CoreGuard::enter::{{closure}}::h8862e5bac26e39ad
[INFO] [stdout]                                at /opt/rustwide/cargo-home/registry/src/index.crates.io-6f17d22bba15001f/tokio-1.40.0/src/runtime/scheduler/current_thread/mod.rs:774:68
[INFO] [stdout]   42:     0x652c1a6812cb - tokio::runtime::context::scoped::Scoped<T>::set::h07260c478fe187ac
[INFO] [stdout]                                at /opt/rustwide/cargo-home/registry/src/index.crates.io-6f17d22bba15001f/tokio-1.40.0/src/runtime/context/scoped.rs:40:9
[INFO] [stdout]   43:     0x652c1a6b8a99 - tokio::runtime::context::set_scheduler::{{closure}}::hcf3bee388c236e41
[INFO] [stdout]                                at /opt/rustwide/cargo-home/registry/src/index.crates.io-6f17d22bba15001f/tokio-1.40.0/src/runtime/context.rs:180:26
[INFO] [stdout]   44:     0x652c1a658a5d - std::thread::local::LocalKey<T>::try_with::h7e61ba241505f37b
[INFO] [stdout]                                at /rustc/df4ca44d3fbc9301ee17f30f4d474e6ae4b05252/library/std/src/thread/local.rs:283:12
[INFO] [stdout]   45:     0x652c1a655d7a - std::thread::local::LocalKey<T>::with::h6d6cfcc90d7b9230
[INFO] [stdout]                                at /rustc/df4ca44d3fbc9301ee17f30f4d474e6ae4b05252/library/std/src/thread/local.rs:260:9
[INFO] [stdout]   46:     0x652c1a6b850d - tokio::runtime::context::set_scheduler::hc039761ab1c51db0
[INFO] [stdout]                                at /opt/rustwide/cargo-home/registry/src/index.crates.io-6f17d22bba15001f/tokio-1.40.0/src/runtime/context.rs:180:9
[INFO] [stdout]   47:     0x652c1a6484b8 - tokio::runtime::scheduler::current_thread::CoreGuard::enter::h88e7a0087bf6d893
[INFO] [stdout]                                at /opt/rustwide/cargo-home/registry/src/index.crates.io-6f17d22bba15001f/tokio-1.40.0/src/runtime/scheduler/current_thread/mod.rs:774:27
[INFO] [stdout]   48:     0x652c1a64adc3 - tokio::runtime::scheduler::current_thread::CoreGuard::block_on::h8570809bb35476b5
[INFO] [stdout]                                at /opt/rustwide/cargo-home/registry/src/index.crates.io-6f17d22bba15001f/tokio-1.40.0/src/runtime/scheduler/current_thread/mod.rs:683:19
[INFO] [stdout]   49:     0x652c1a63a045 - tokio::runtime::scheduler::current_thread::CurrentThread::block_on::{{closure}}::h4ff27465c6d7ec23
[INFO] [stdout]                                at /opt/rustwide/cargo-home/registry/src/index.crates.io-6f17d22bba15001f/tokio-1.40.0/src/runtime/scheduler/current_thread/mod.rs:191:28
[INFO] [stdout]   50:     0x652c1a68e017 - tokio::runtime::context::runtime::enter_runtime::hfebd5490132f507b
[INFO] [stdout]                                at /opt/rustwide/cargo-home/registry/src/index.crates.io-6f17d22bba15001f/tokio-1.40.0/src/runtime/context/runtime.rs:65:16
[INFO] [stdout]   51:     0x652c1a637bd6 - tokio::runtime::scheduler::current_thread::CurrentThread::block_on::h177b1a0c3c38a76a
[INFO] [stdout]                                at /opt/rustwide/cargo-home/registry/src/index.crates.io-6f17d22bba15001f/tokio-1.40.0/src/runtime/scheduler/current_thread/mod.rs:179:9
[INFO] [stdout]   52:     0x652c1a66f630 - tokio::runtime::runtime::Runtime::block_on_inner::h0b846480a3a7ca4e
[INFO] [stdout]                                at /opt/rustwide/cargo-home/registry/src/index.crates.io-6f17d22bba15001f/tokio-1.40.0/src/runtime/runtime.rs:361:47
[INFO] [stdout]   53:     0x652c1a6703e6 - tokio::runtime::runtime::Runtime::block_on::h04ed5821c6ec6c84
[INFO] [stdout]                                at /opt/rustwide/cargo-home/registry/src/index.crates.io-6f17d22bba15001f/tokio-1.40.0/src/runtime/runtime.rs:335:13
[INFO] [stdout]   54:     0x652c1a6b5943 - tokio::task::local::LocalSet::block_on::hf150e9a70129e53f
[INFO] [stdout]                                at /opt/rustwide/cargo-home/registry/src/index.crates.io-6f17d22bba15001f/tokio-1.40.0/src/task/local.rs:596:9
[INFO] [stdout]   55:     0x652c1a671ada - actix_rt::runtime::Runtime::block_on::h7ed28390f54c8552
[INFO] [stdout]                                at /opt/rustwide/cargo-home/registry/src/index.crates.io-6f17d22bba15001f/actix-rt-2.10.0/src/runtime.rs:138:9
[INFO] [stdout]   56:     0x652c1a6c08ce - actix_rt::system::SystemRunner::block_on::h81ab12fbe71155de
[INFO] [stdout]                                at /opt/rustwide/cargo-home/registry/src/index.crates.io-6f17d22bba15001f/actix-rt-2.10.0/src/system.rs:244:9
[INFO] [stdout]   57:     0x652c1a6a6b18 - turbo_remote_cache_rs::handlers::artifacts::artifacts_tests::test_artifacts_with_file_provider::hc20132e7f94614ce
[INFO] [stdout]                                at /opt/rustwide/workdir/src/handlers/artifacts.rs:309:3
[INFO] [stdout]   58:     0x652c1a6a6ac7 - turbo_remote_cache_rs::handlers::artifacts::artifacts_tests::test_artifacts_with_file_provider::{{closure}}::hec20c75d6d8338b9
[INFO] [stdout]                                at /opt/rustwide/workdir/src/handlers/artifacts.rs:310:47
[INFO] [stdout]   59:     0x652c1a65c9a6 - core::ops::function::FnOnce::call_once::h34154505679efb1a
[INFO] [stdout]                                at /rustc/df4ca44d3fbc9301ee17f30f4d474e6ae4b05252/library/core/src/ops/function.rs:250:5
[INFO] [stdout]   60:     0x652c1a70440b - core::ops::function::FnOnce::call_once::h22c3ba5715e93f05
[INFO] [stdout]                                at /rustc/df4ca44d3fbc9301ee17f30f4d474e6ae4b05252/library/core/src/ops/function.rs:250:5
[INFO] [stdout]   61:     0x652c1a70440b - test::__rust_begin_short_backtrace::h8e82d8113d0da17f
[INFO] [stdout]                                at /rustc/df4ca44d3fbc9301ee17f30f4d474e6ae4b05252/library/test/src/lib.rs:621:18
[INFO] [stdout]   62:     0x652c1a703d87 - test::run_test_in_process::{{closure}}::h33235f4f20b7b7c7
[INFO] [stdout]                                at /rustc/df4ca44d3fbc9301ee17f30f4d474e6ae4b05252/library/test/src/lib.rs:644:60
[INFO] [stdout]   63:     0x652c1a703d87 - <core::panic::unwind_safe::AssertUnwindSafe<F> as core::ops::function::FnOnce<()>>::call_once::hb5043206310c586f
[INFO] [stdout]                                at /rustc/df4ca44d3fbc9301ee17f30f4d474e6ae4b05252/library/core/src/panic/unwind_safe.rs:272:9
[INFO] [stdout]   64:     0x652c1a703d87 - std::panicking::try::do_call::h9ad4731a60ab23e2
[INFO] [stdout]                                at /rustc/df4ca44d3fbc9301ee17f30f4d474e6ae4b05252/library/std/src/panicking.rs:557:40
[INFO] [stdout]   65:     0x652c1a703d87 - std::panicking::try::h3824d23db772a716
[INFO] [stdout]                                at /rustc/df4ca44d3fbc9301ee17f30f4d474e6ae4b05252/library/std/src/panicking.rs:520:19
[INFO] [stdout]   66:     0x652c1a703d87 - std::panic::catch_unwind::h5afd514605fde46b
[INFO] [stdout]                                at /rustc/df4ca44d3fbc9301ee17f30f4d474e6ae4b05252/library/std/src/panic.rs:358:14
[INFO] [stdout]   67:     0x652c1a703d87 - test::run_test_in_process::h0d5cbfa7067d1720
[INFO] [stdout]                                at /rustc/df4ca44d3fbc9301ee17f30f4d474e6ae4b05252/library/test/src/lib.rs:644:27
[INFO] [stdout]   68:     0x652c1a703d87 - test::run_test::{{closure}}::h708eb8872708115d
[INFO] [stdout]                                at /rustc/df4ca44d3fbc9301ee17f30f4d474e6ae4b05252/library/test/src/lib.rs:565:43
[INFO] [stdout]   69:     0x652c1a6c74a4 - test::run_test::{{closure}}::h392c51cee94713ab
[INFO] [stdout]                                at /rustc/df4ca44d3fbc9301ee17f30f4d474e6ae4b05252/library/test/src/lib.rs:595:41
[INFO] [stdout]   70:     0x652c1a6c74a4 - std::sys::backtrace::__rust_begin_short_backtrace::h2f40290710935a8b
[INFO] [stdout]                                at /rustc/df4ca44d3fbc9301ee17f30f4d474e6ae4b05252/library/std/src/sys/backtrace.rs:154:18
[INFO] [stdout]   71:     0x652c1a6cac4e - std::thread::Builder::spawn_unchecked_::{{closure}}::{{closure}}::h3fd968d89053a903
[INFO] [stdout]                                at /rustc/df4ca44d3fbc9301ee17f30f4d474e6ae4b05252/library/std/src/thread/mod.rs:541:17
[INFO] [stdout]   72:     0x652c1a6cac4e - <core::panic::unwind_safe::AssertUnwindSafe<F> as core::ops::function::FnOnce<()>>::call_once::h743f637ba4229880
[INFO] [stdout]                                at /rustc/df4ca44d3fbc9301ee17f30f4d474e6ae4b05252/library/core/src/panic/unwind_safe.rs:272:9
[INFO] [stdout]   73:     0x652c1a6cac4e - std::panicking::try::do_call::h07440897322525a6
[INFO] [stdout]                                at /rustc/df4ca44d3fbc9301ee17f30f4d474e6ae4b05252/library/std/src/panicking.rs:557:40
[INFO] [stdout]   74:     0x652c1a6cac4e - std::panicking::try::he5a2e00188156637
[INFO] [stdout]                                at /rustc/df4ca44d3fbc9301ee17f30f4d474e6ae4b05252/library/std/src/panicking.rs:520:19
[INFO] [stdout]   75:     0x652c1a6cac4e - std::panic::catch_unwind::hbaf3cae49b3c6433
[INFO] [stdout]                                at /rustc/df4ca44d3fbc9301ee17f30f4d474e6ae4b05252/library/std/src/panic.rs:358:14
[INFO] [stdout]   76:     0x652c1a6cac4e - std::thread::Builder::spawn_unchecked_::{{closure}}::h8e141ea224820bce
[INFO] [stdout]                                at /rustc/df4ca44d3fbc9301ee17f30f4d474e6ae4b05252/library/std/src/thread/mod.rs:540:30
[INFO] [stdout]   77:     0x652c1a6cac4e - core::ops::function::FnOnce::call_once{{vtable.shim}}::h90d312fedd7b8ea8
[INFO] [stdout]                                at /rustc/df4ca44d3fbc9301ee17f30f4d474e6ae4b05252/library/core/src/ops/function.rs:250:5
[INFO] [stdout]   78:     0x652c1b575dcb - <alloc::boxed::Box<F,A> as core::ops::function::FnOnce<Args>>::call_once::h69aa08ddb6adb8b6
[INFO] [stdout]                                at /rustc/df4ca44d3fbc9301ee17f30f4d474e6ae4b05252/library/alloc/src/boxed.rs:2454:9
[INFO] [stdout]   79:     0x652c1b575dcb - <alloc::boxed::Box<F,A> as core::ops::function::FnOnce<Args>>::call_once::h5aa36efdb79c806f
[INFO] [stdout]                                at /rustc/df4ca44d3fbc9301ee17f30f4d474e6ae4b05252/library/alloc/src/boxed.rs:2454:9
[INFO] [stdout]   80:     0x652c1b575dcb - std::sys::pal::unix::thread::Thread::new::thread_start::h6cd80a1b4be5158d
[INFO] [stdout]                                at /rustc/df4ca44d3fbc9301ee17f30f4d474e6ae4b05252/library/std/src/sys/pal/unix/thread.rs:105:17
[INFO] [stdout]   81:     0x7ca0c7037ac3 - <unknown>
[INFO] [stdout]   82:     0x7ca0c70c8a04 - clone
[INFO] [stdout]   83:                0x0 - <unknown>
[INFO] [stdout] 
[INFO] [stdout] 
[INFO] [stdout] failures:
[INFO] [stdout]     handlers::artifacts::artifacts_tests::test_artifacts_with_file_provider
[INFO] [stdout] 
[INFO] [stdout] test result: FAILED. 7 passed; 1 failed; 0 ignored; 0 measured; 0 filtered out; finished in 0.07s
[INFO] [stdout] 
[INFO] [stderr] error: test failed, to rerun pass `--bin turbo-remote-cache-rs`
[INFO] running `Command { std: "docker" "inspect" "6b642faa4f411d936a6d1f9c842895ef7319df60925ac49f5ae0f9ba2f400e04", kill_on_drop: false }`
[INFO] running `Command { std: "docker" "rm" "-f" "6b642faa4f411d936a6d1f9c842895ef7319df60925ac49f5ae0f9ba2f400e04", kill_on_drop: false }`
[INFO] [stdout] 6b642faa4f411d936a6d1f9c842895ef7319df60925ac49f5ae0f9ba2f400e04
