[INFO] fetching crate tui-form-widget 0.1.0...
[INFO] testing tui-form-widget-0.1.0 against nightly-2024-10-28 for randomize-layout
[INFO] extracting crate tui-form-widget 0.1.0 into /workspace/builds/worker-1-tc1/source
[INFO] validating manifest of crates.io crate tui-form-widget 0.1.0 on toolchain nightly-2024-10-28
[INFO] running `Command { std: CARGO_HOME="/workspace/cargo-home" RUSTUP_HOME="/workspace/rustup-home" "/workspace/cargo-home/bin/cargo" "+nightly-2024-10-28" "metadata" "--manifest-path" "Cargo.toml" "--no-deps", kill_on_drop: false }`
[INFO] started tweaking crates.io crate tui-form-widget 0.1.0
[INFO] finished tweaking crates.io crate tui-form-widget 0.1.0
[INFO] tweaked toml for crates.io crate tui-form-widget 0.1.0 written to /workspace/builds/worker-1-tc1/source/Cargo.toml
[INFO] crate crates.io crate tui-form-widget 0.1.0 already has a lockfile, it will not be regenerated
[INFO] running `Command { std: CARGO_HOME="/workspace/cargo-home" RUSTUP_HOME="/workspace/rustup-home" "/workspace/cargo-home/bin/cargo" "+nightly-2024-10-28" "fetch" "--manifest-path" "Cargo.toml", kill_on_drop: false }`
[INFO] running `Command { std: "docker" "create" "-v" "/var/lib/crater-agent-workspace/builds/worker-1-tc1/target:/opt/rustwide/target:rw,Z" "-v" "/var/lib/crater-agent-workspace/builds/worker-1-tc1/source:/opt/rustwide/workdir:ro,Z" "-v" "/var/lib/crater-agent-workspace/cargo-home:/opt/rustwide/cargo-home:ro,Z" "-v" "/var/lib/crater-agent-workspace/rustup-home:/opt/rustwide/rustup-home:ro,Z" "-e" "SOURCE_DIR=/opt/rustwide/workdir" "-e" "CARGO_TARGET_DIR=/opt/rustwide/target" "-e" "CARGO_HOME=/opt/rustwide/cargo-home" "-e" "RUSTUP_HOME=/opt/rustwide/rustup-home" "-w" "/opt/rustwide/workdir" "-m" "1610612736" "--user" "0:0" "--network" "none" "ghcr.io/rust-lang/crates-build-env/linux@sha256:4a844ea9eb2546a2d2c7022eacef16ef2e8229c7fbb2c7d4d55a9ceca922f72d" "/opt/rustwide/cargo-home/bin/cargo" "+nightly-2024-10-28" "metadata" "--no-deps" "--format-version=1", kill_on_drop: false }`
[INFO] [stdout] 2a7354e065ef6db05145ebe49cb90d11f4aaa834e2576b3c8cb64a8e4cb2d752
[INFO] running `Command { std: "docker" "start" "-a" "2a7354e065ef6db05145ebe49cb90d11f4aaa834e2576b3c8cb64a8e4cb2d752", kill_on_drop: false }`
[INFO] running `Command { std: "docker" "inspect" "2a7354e065ef6db05145ebe49cb90d11f4aaa834e2576b3c8cb64a8e4cb2d752", kill_on_drop: false }`
[INFO] running `Command { std: "docker" "rm" "-f" "2a7354e065ef6db05145ebe49cb90d11f4aaa834e2576b3c8cb64a8e4cb2d752", kill_on_drop: false }`
[INFO] [stdout] 2a7354e065ef6db05145ebe49cb90d11f4aaa834e2576b3c8cb64a8e4cb2d752
[INFO] running `Command { std: "docker" "create" "-v" "/var/lib/crater-agent-workspace/builds/worker-1-tc1/target:/opt/rustwide/target:rw,Z" "-v" "/var/lib/crater-agent-workspace/builds/worker-1-tc1/source:/opt/rustwide/workdir:ro,Z" "-v" "/var/lib/crater-agent-workspace/cargo-home:/opt/rustwide/cargo-home:ro,Z" "-v" "/var/lib/crater-agent-workspace/rustup-home:/opt/rustwide/rustup-home:ro,Z" "-e" "SOURCE_DIR=/opt/rustwide/workdir" "-e" "CARGO_TARGET_DIR=/opt/rustwide/target" "-e" "CARGO_INCREMENTAL=0" "-e" "RUST_BACKTRACE=full" "-e" "RUSTFLAGS=--cap-lints=forbid" "-e" "RUSTDOCFLAGS=--cap-lints=forbid" "-e" "CARGO_HOME=/opt/rustwide/cargo-home" "-e" "RUSTUP_HOME=/opt/rustwide/rustup-home" "-w" "/opt/rustwide/workdir" "-m" "1610612736" "--user" "0:0" "--network" "none" "ghcr.io/rust-lang/crates-build-env/linux@sha256:4a844ea9eb2546a2d2c7022eacef16ef2e8229c7fbb2c7d4d55a9ceca922f72d" "/opt/rustwide/cargo-home/bin/cargo" "+nightly-2024-10-28" "build" "--frozen" "--message-format=json", kill_on_drop: false }`
[INFO] [stdout] 0d663dff74762379a854d26d1d7479cd3d21de29e30a27917729317be8690605
[INFO] running `Command { std: "docker" "start" "-a" "0d663dff74762379a854d26d1d7479cd3d21de29e30a27917729317be8690605", kill_on_drop: false }`
[INFO] [stderr]    Compiling libc v0.2.148
[INFO] [stderr]    Compiling proc-macro2 v1.0.67
[INFO] [stderr]    Compiling rustversion v1.0.14
[INFO] [stderr]    Compiling signal-hook v0.3.17
[INFO] [stderr]    Compiling smallvec v1.11.1
[INFO] [stderr]    Compiling log v0.4.20
[INFO] [stderr]    Compiling paste v1.0.14
[INFO] [stderr]    Compiling either v1.9.0
[INFO] [stderr]    Compiling bitflags v2.4.0
[INFO] [stderr]    Compiling time-core v0.1.2
[INFO] [stderr]    Compiling num_threads v0.1.6
[INFO] [stderr]    Compiling deranged v0.3.8
[INFO] [stderr]    Compiling unicode-segmentation v1.10.1
[INFO] [stderr]    Compiling unicode-width v0.1.11
[INFO] [stderr]    Compiling itertools v0.11.0
[INFO] [stderr]    Compiling quote v1.0.33
[INFO] [stderr]    Compiling syn v2.0.37
[INFO] [stderr]    Compiling signal-hook-registry v1.4.1
[INFO] [stderr]    Compiling parking_lot_core v0.9.8
[INFO] [stderr]    Compiling mio v0.8.8
[INFO] [stderr]    Compiling time v0.3.29
[INFO] [stderr]    Compiling parking_lot v0.12.1
[INFO] [stderr]    Compiling signal-hook-mio v0.2.3
[INFO] [stderr]    Compiling crossterm v0.27.0
[INFO] [stderr]    Compiling strum_macros v0.25.2
[INFO] [stderr]    Compiling strum v0.25.0
[INFO] [stderr]    Compiling ratatui v0.23.0
[INFO] [stderr]    Compiling tui-form-widget v0.1.0 (/opt/rustwide/workdir)
[INFO] [stdout] warning: method `inner` is never used
[INFO] [stdout]   --> src/form.rs:46:8
[INFO] [stdout]    |
[INFO] [stdout] 23 | impl<'a> Field<'a> {
[INFO] [stdout]    | ------------------ method in this implementation
[INFO] [stdout] ...
[INFO] [stdout] 46 |     fn inner(&self) -> &FieldData<'_> {
[INFO] [stdout]    |        ^^^^^
[INFO] [stdout]    |
[INFO] [stdout]    = note: `#[warn(dead_code)]` on by default
[INFO] [stdout] 
[INFO] [stdout] 
[INFO] [stderr]     Finished `dev` profile [unoptimized + debuginfo] target(s) in 5.40s
[INFO] running `Command { std: "docker" "inspect" "0d663dff74762379a854d26d1d7479cd3d21de29e30a27917729317be8690605", kill_on_drop: false }`
[INFO] running `Command { std: "docker" "rm" "-f" "0d663dff74762379a854d26d1d7479cd3d21de29e30a27917729317be8690605", kill_on_drop: false }`
[INFO] [stdout] 0d663dff74762379a854d26d1d7479cd3d21de29e30a27917729317be8690605
[INFO] running `Command { std: "docker" "create" "-v" "/var/lib/crater-agent-workspace/builds/worker-1-tc1/target:/opt/rustwide/target:rw,Z" "-v" "/var/lib/crater-agent-workspace/builds/worker-1-tc1/source:/opt/rustwide/workdir:ro,Z" "-v" "/var/lib/crater-agent-workspace/cargo-home:/opt/rustwide/cargo-home:ro,Z" "-v" "/var/lib/crater-agent-workspace/rustup-home:/opt/rustwide/rustup-home:ro,Z" "-e" "SOURCE_DIR=/opt/rustwide/workdir" "-e" "CARGO_TARGET_DIR=/opt/rustwide/target" "-e" "CARGO_INCREMENTAL=0" "-e" "RUST_BACKTRACE=full" "-e" "RUSTFLAGS=--cap-lints=forbid" "-e" "RUSTDOCFLAGS=--cap-lints=forbid" "-e" "CARGO_HOME=/opt/rustwide/cargo-home" "-e" "RUSTUP_HOME=/opt/rustwide/rustup-home" "-w" "/opt/rustwide/workdir" "-m" "1610612736" "--user" "0:0" "--network" "none" "ghcr.io/rust-lang/crates-build-env/linux@sha256:4a844ea9eb2546a2d2c7022eacef16ef2e8229c7fbb2c7d4d55a9ceca922f72d" "/opt/rustwide/cargo-home/bin/cargo" "+nightly-2024-10-28" "test" "--frozen" "--no-run" "--message-format=json", kill_on_drop: false }`
[INFO] [stdout] 0bb032a9bc6f9393711996864ad6d76e12a208b4750f491f96099018308ab1b2
[INFO] running `Command { std: "docker" "start" "-a" "0bb032a9bc6f9393711996864ad6d76e12a208b4750f491f96099018308ab1b2", kill_on_drop: false }`
[INFO] [stdout] warning: method `inner` is never used
[INFO] [stdout]   --> src/form.rs:46:8
[INFO] [stdout]    |
[INFO] [stdout] 23 | impl<'a> Field<'a> {
[INFO] [stdout]    | ------------------ method in this implementation
[INFO] [stdout] ...
[INFO] [stdout] 46 |     fn inner(&self) -> &FieldData<'_> {
[INFO] [stdout]    |        ^^^^^
[INFO] [stdout]    |
[INFO] [stdout]    = note: `#[warn(dead_code)]` on by default
[INFO] [stdout] 
[INFO] [stdout] 
[INFO] [stderr]    Compiling tui-form-widget v0.1.0 (/opt/rustwide/workdir)
[INFO] [stdout] warning: method `inner` is never used
[INFO] [stdout]   --> src/form.rs:46:8
[INFO] [stdout]    |
[INFO] [stdout] 23 | impl<'a> Field<'a> {
[INFO] [stdout]    | ------------------ method in this implementation
[INFO] [stdout] ...
[INFO] [stdout] 46 |     fn inner(&self) -> &FieldData<'_> {
[INFO] [stdout]    |        ^^^^^
[INFO] [stdout]    |
[INFO] [stdout]    = note: `#[warn(dead_code)]` on by default
[INFO] [stdout] 
[INFO] [stdout] 
[INFO] [stderr]     Finished `test` profile [unoptimized + debuginfo] target(s) in 0.29s
[INFO] running `Command { std: "docker" "inspect" "0bb032a9bc6f9393711996864ad6d76e12a208b4750f491f96099018308ab1b2", kill_on_drop: false }`
[INFO] running `Command { std: "docker" "rm" "-f" "0bb032a9bc6f9393711996864ad6d76e12a208b4750f491f96099018308ab1b2", kill_on_drop: false }`
[INFO] [stdout] 0bb032a9bc6f9393711996864ad6d76e12a208b4750f491f96099018308ab1b2
[INFO] running `Command { std: "docker" "create" "-v" "/var/lib/crater-agent-workspace/builds/worker-1-tc1/target:/opt/rustwide/target:rw,Z" "-v" "/var/lib/crater-agent-workspace/builds/worker-1-tc1/source:/opt/rustwide/workdir:ro,Z" "-v" "/var/lib/crater-agent-workspace/cargo-home:/opt/rustwide/cargo-home:ro,Z" "-v" "/var/lib/crater-agent-workspace/rustup-home:/opt/rustwide/rustup-home:ro,Z" "-e" "SOURCE_DIR=/opt/rustwide/workdir" "-e" "CARGO_TARGET_DIR=/opt/rustwide/target" "-e" "CARGO_INCREMENTAL=0" "-e" "RUST_BACKTRACE=full" "-e" "RUSTFLAGS=--cap-lints=forbid" "-e" "RUSTDOCFLAGS=--cap-lints=forbid" "-e" "CARGO_HOME=/opt/rustwide/cargo-home" "-e" "RUSTUP_HOME=/opt/rustwide/rustup-home" "-w" "/opt/rustwide/workdir" "-m" "1610612736" "--user" "0:0" "--network" "none" "ghcr.io/rust-lang/crates-build-env/linux@sha256:4a844ea9eb2546a2d2c7022eacef16ef2e8229c7fbb2c7d4d55a9ceca922f72d" "/opt/rustwide/cargo-home/bin/cargo" "+nightly-2024-10-28" "test" "--frozen", kill_on_drop: false }`
[INFO] [stdout] 849d37f8392dd69639266fbf1db5959c39a2ddba5d17a7dc6c8dc38c7e28963f
[INFO] running `Command { std: "docker" "start" "-a" "849d37f8392dd69639266fbf1db5959c39a2ddba5d17a7dc6c8dc38c7e28963f", kill_on_drop: false }`
[INFO] [stderr] warning: method `inner` is never used
[INFO] [stderr]   --> src/form.rs:46:8
[INFO] [stderr]    |
[INFO] [stderr] 23 | impl<'a> Field<'a> {
[INFO] [stderr]    | ------------------ method in this implementation
[INFO] [stderr] ...
[INFO] [stderr] 46 |     fn inner(&self) -> &FieldData<'_> {
[INFO] [stderr]    |        ^^^^^
[INFO] [stderr]    |
[INFO] [stderr]    = note: `#[warn(dead_code)]` on by default
[INFO] [stderr] 
[INFO] [stderr] warning: `tui-form-widget` (lib) generated 1 warning
[INFO] [stderr] warning: `tui-form-widget` (lib test) generated 1 warning (1 duplicate)
[INFO] [stderr]     Finished `test` profile [unoptimized + debuginfo] target(s) in 0.03s
[INFO] [stderr]      Running unittests src/lib.rs (/opt/rustwide/target/debug/deps/tui_form_widget-48c86b9263fd9763)
[INFO] [stdout] 
[INFO] [stdout] running 0 tests
[INFO] [stdout] 
[INFO] [stdout] test result: ok. 0 passed; 0 failed; 0 ignored; 0 measured; 0 filtered out; finished in 0.00s
[INFO] [stdout] 
[INFO] [stderr]    Doc-tests tui_form_widget
[INFO] [stdout] 
[INFO] [stdout] running 1 test
[INFO] [stdout] test src/form.rs - form::Form (line 120) ... FAILED
[INFO] [stdout] 
[INFO] [stdout] failures:
[INFO] [stdout] 
[INFO] [stdout] ---- src/form.rs - form::Form (line 120) stdout ----
[INFO] [stdout] error[E0433]: failed to resolve: use of undeclared type `Form`
[INFO] [stdout]  --> src/form.rs:121:12
[INFO] [stdout]   |
[INFO] [stdout] 3 | let form = Form::new(&["A", "B", "C"], |field| !field.is_empty());
[INFO] [stdout]   |            ^^^^ use of undeclared type `Form`
[INFO] [stdout]   |
[INFO] [stdout] help: a trait with a similar name exists
[INFO] [stdout]   |
[INFO] [stdout] 3 | let form = From::new(&["A", "B", "C"], |field| !field.is_empty());
[INFO] [stdout]   |            ~~~~
[INFO] [stdout] help: consider importing this struct
[INFO] [stdout]   |
[INFO] [stdout] 2 + use tui_form_widget::Form;
[INFO] [stdout]   |
[INFO] [stdout] 
[INFO] [stdout] error[E0433]: failed to resolve: use of undeclared type `FormSelection`
[INFO] [stdout]   --> src/form.rs:130:13
[INFO] [stdout]    |
[INFO] [stdout] 12 | form.select(FormSelection::Active(0));
[INFO] [stdout]    |             ^^^^^^^^^^^^^ use of undeclared type `FormSelection`
[INFO] [stdout]    |
[INFO] [stdout] help: consider importing this enum
[INFO] [stdout]    |
[INFO] [stdout] 2  + use tui_form_widget::FormSelection;
[INFO] [stdout]    |
[INFO] [stdout] 
[INFO] [stdout] error: aborting due to 2 previous errors
[INFO] [stdout] 
[INFO] [stdout] For more information about this error, try `rustc --explain E0433`.
[INFO] [stdout] Couldn't compile the test.
[INFO] [stdout] 
[INFO] [stdout] failures:
[INFO] [stdout]     src/form.rs - form::Form (line 120)
[INFO] [stdout] 
[INFO] [stdout] test result: FAILED. 0 passed; 1 failed; 0 ignored; 0 measured; 0 filtered out; finished in 0.05s
[INFO] [stdout] 
[INFO] [stderr] error: doctest failed, to rerun pass `--doc`
[INFO] running `Command { std: "docker" "inspect" "849d37f8392dd69639266fbf1db5959c39a2ddba5d17a7dc6c8dc38c7e28963f", kill_on_drop: false }`
[INFO] running `Command { std: "docker" "rm" "-f" "849d37f8392dd69639266fbf1db5959c39a2ddba5d17a7dc6c8dc38c7e28963f", kill_on_drop: false }`
[INFO] [stdout] 849d37f8392dd69639266fbf1db5959c39a2ddba5d17a7dc6c8dc38c7e28963f
