[INFO] fetching crate ttycarousel 0.1.4...
[INFO] testing ttycarousel-0.1.4 against nightly-2024-10-28 for randomize-layout
[INFO] extracting crate ttycarousel 0.1.4 into /workspace/builds/worker-5-tc1/source
[INFO] validating manifest of crates.io crate ttycarousel 0.1.4 on toolchain nightly-2024-10-28
[INFO] running `Command { std: CARGO_HOME="/workspace/cargo-home" RUSTUP_HOME="/workspace/rustup-home" "/workspace/cargo-home/bin/cargo" "+nightly-2024-10-28" "metadata" "--manifest-path" "Cargo.toml" "--no-deps", kill_on_drop: false }`
[INFO] started tweaking crates.io crate ttycarousel 0.1.4
[INFO] removed 0 missing examples
[INFO] finished tweaking crates.io crate ttycarousel 0.1.4
[INFO] tweaked toml for crates.io crate ttycarousel 0.1.4 written to /workspace/builds/worker-5-tc1/source/Cargo.toml
[INFO] crate crates.io crate ttycarousel 0.1.4 already has a lockfile, it will not be regenerated
[INFO] running `Command { std: CARGO_HOME="/workspace/cargo-home" RUSTUP_HOME="/workspace/rustup-home" "/workspace/cargo-home/bin/cargo" "+nightly-2024-10-28" "fetch" "--manifest-path" "Cargo.toml", kill_on_drop: false }`
[INFO] running `Command { std: "docker" "create" "-v" "/var/lib/crater-agent-workspace/builds/worker-5-tc1/target:/opt/rustwide/target:rw,Z" "-v" "/var/lib/crater-agent-workspace/builds/worker-5-tc1/source:/opt/rustwide/workdir:ro,Z" "-v" "/var/lib/crater-agent-workspace/cargo-home:/opt/rustwide/cargo-home:ro,Z" "-v" "/var/lib/crater-agent-workspace/rustup-home:/opt/rustwide/rustup-home:ro,Z" "-e" "SOURCE_DIR=/opt/rustwide/workdir" "-e" "CARGO_TARGET_DIR=/opt/rustwide/target" "-e" "CARGO_HOME=/opt/rustwide/cargo-home" "-e" "RUSTUP_HOME=/opt/rustwide/rustup-home" "-w" "/opt/rustwide/workdir" "-m" "1610612736" "--user" "0:0" "--network" "none" "ghcr.io/rust-lang/crates-build-env/linux@sha256:4a844ea9eb2546a2d2c7022eacef16ef2e8229c7fbb2c7d4d55a9ceca922f72d" "/opt/rustwide/cargo-home/bin/cargo" "+nightly-2024-10-28" "metadata" "--no-deps" "--format-version=1", kill_on_drop: false }`
[INFO] [stdout] 4c37f06986337eddeced0169dae4245ed0cdf3cd70fdcb757e493d4d335cdc9f
[INFO] running `Command { std: "docker" "start" "-a" "4c37f06986337eddeced0169dae4245ed0cdf3cd70fdcb757e493d4d335cdc9f", kill_on_drop: false }`
[INFO] running `Command { std: "docker" "inspect" "4c37f06986337eddeced0169dae4245ed0cdf3cd70fdcb757e493d4d335cdc9f", kill_on_drop: false }`
[INFO] running `Command { std: "docker" "rm" "-f" "4c37f06986337eddeced0169dae4245ed0cdf3cd70fdcb757e493d4d335cdc9f", kill_on_drop: false }`
[INFO] [stdout] 4c37f06986337eddeced0169dae4245ed0cdf3cd70fdcb757e493d4d335cdc9f
[INFO] running `Command { std: "docker" "create" "-v" "/var/lib/crater-agent-workspace/builds/worker-5-tc1/target:/opt/rustwide/target:rw,Z" "-v" "/var/lib/crater-agent-workspace/builds/worker-5-tc1/source:/opt/rustwide/workdir:ro,Z" "-v" "/var/lib/crater-agent-workspace/cargo-home:/opt/rustwide/cargo-home:ro,Z" "-v" "/var/lib/crater-agent-workspace/rustup-home:/opt/rustwide/rustup-home:ro,Z" "-e" "SOURCE_DIR=/opt/rustwide/workdir" "-e" "CARGO_TARGET_DIR=/opt/rustwide/target" "-e" "CARGO_INCREMENTAL=0" "-e" "RUST_BACKTRACE=full" "-e" "RUSTFLAGS=--cap-lints=forbid" "-e" "RUSTDOCFLAGS=--cap-lints=forbid" "-e" "CARGO_HOME=/opt/rustwide/cargo-home" "-e" "RUSTUP_HOME=/opt/rustwide/rustup-home" "-w" "/opt/rustwide/workdir" "-m" "1610612736" "--user" "0:0" "--network" "none" "ghcr.io/rust-lang/crates-build-env/linux@sha256:4a844ea9eb2546a2d2c7022eacef16ef2e8229c7fbb2c7d4d55a9ceca922f72d" "/opt/rustwide/cargo-home/bin/cargo" "+nightly-2024-10-28" "build" "--frozen" "--message-format=json", kill_on_drop: false }`
[INFO] [stdout] c774599de48fcd685442f576c19bf78cecdc0f254af39830da583664eafdb5b9
[INFO] running `Command { std: "docker" "start" "-a" "c774599de48fcd685442f576c19bf78cecdc0f254af39830da583664eafdb5b9", kill_on_drop: false }`
[INFO] [stderr]    Compiling libc v0.2.124
[INFO] [stderr]    Compiling lazy_static v1.4.0
[INFO] [stderr]    Compiling atty v0.2.14
[INFO] [stderr]    Compiling ttycarousel v0.1.4 (/opt/rustwide/workdir)
[INFO] [stderr]     Finished `dev` profile [unoptimized + debuginfo] target(s) in 0.43s
[INFO] running `Command { std: "docker" "inspect" "c774599de48fcd685442f576c19bf78cecdc0f254af39830da583664eafdb5b9", kill_on_drop: false }`
[INFO] running `Command { std: "docker" "rm" "-f" "c774599de48fcd685442f576c19bf78cecdc0f254af39830da583664eafdb5b9", kill_on_drop: false }`
[INFO] [stdout] c774599de48fcd685442f576c19bf78cecdc0f254af39830da583664eafdb5b9
[INFO] running `Command { std: "docker" "create" "-v" "/var/lib/crater-agent-workspace/builds/worker-5-tc1/target:/opt/rustwide/target:rw,Z" "-v" "/var/lib/crater-agent-workspace/builds/worker-5-tc1/source:/opt/rustwide/workdir:ro,Z" "-v" "/var/lib/crater-agent-workspace/cargo-home:/opt/rustwide/cargo-home:ro,Z" "-v" "/var/lib/crater-agent-workspace/rustup-home:/opt/rustwide/rustup-home:ro,Z" "-e" "SOURCE_DIR=/opt/rustwide/workdir" "-e" "CARGO_TARGET_DIR=/opt/rustwide/target" "-e" "CARGO_INCREMENTAL=0" "-e" "RUST_BACKTRACE=full" "-e" "RUSTFLAGS=--cap-lints=forbid" "-e" "RUSTDOCFLAGS=--cap-lints=forbid" "-e" "CARGO_HOME=/opt/rustwide/cargo-home" "-e" "RUSTUP_HOME=/opt/rustwide/rustup-home" "-w" "/opt/rustwide/workdir" "-m" "1610612736" "--user" "0:0" "--network" "none" "ghcr.io/rust-lang/crates-build-env/linux@sha256:4a844ea9eb2546a2d2c7022eacef16ef2e8229c7fbb2c7d4d55a9ceca922f72d" "/opt/rustwide/cargo-home/bin/cargo" "+nightly-2024-10-28" "test" "--frozen" "--no-run" "--message-format=json", kill_on_drop: false }`
[INFO] [stdout] 0b6b665dfc7da4da7e1cc782ca65d56c1e3e6966de7d3a9473a3de6362993090
[INFO] running `Command { std: "docker" "start" "-a" "0b6b665dfc7da4da7e1cc782ca65d56c1e3e6966de7d3a9473a3de6362993090", kill_on_drop: false }`
[INFO] [stderr]    Compiling libc v0.2.124
[INFO] [stderr]    Compiling proc-macro2 v1.0.37
[INFO] [stderr]    Compiling autocfg v1.1.0
[INFO] [stderr]    Compiling unicode-xid v0.2.2
[INFO] [stderr]    Compiling cfg-if v1.0.0
[INFO] [stderr]    Compiling syn v1.0.91
[INFO] [stderr]    Compiling log v0.4.16
[INFO] [stderr]    Compiling parking_lot_core v0.9.2
[INFO] [stderr]    Compiling memchr v2.4.1
[INFO] [stderr]    Compiling scopeguard v1.1.0
[INFO] [stderr]    Compiling smallvec v1.8.0
[INFO] [stderr]    Compiling bytes v1.1.0
[INFO] [stderr]    Compiling pin-project-lite v0.2.8
[INFO] [stderr]    Compiling once_cell v1.10.0
[INFO] [stderr]    Compiling lock_api v0.4.7
[INFO] [stderr]    Compiling quote v1.0.18
[INFO] [stderr]    Compiling num_cpus v1.13.1
[INFO] [stderr]    Compiling signal-hook-registry v1.4.0
[INFO] [stderr]    Compiling atty v0.2.14
[INFO] [stderr]    Compiling socket2 v0.4.4
[INFO] [stderr]    Compiling mio v0.8.2
[INFO] [stderr]    Compiling ttycarousel v0.1.4 (/opt/rustwide/workdir)
[INFO] [stderr]    Compiling parking_lot v0.12.0
[INFO] [stderr]    Compiling tokio-macros v1.7.0
[INFO] [stderr]    Compiling tokio v1.17.0
[INFO] [stderr]     Finished `test` profile [unoptimized + debuginfo] target(s) in 5.58s
[INFO] running `Command { std: "docker" "inspect" "0b6b665dfc7da4da7e1cc782ca65d56c1e3e6966de7d3a9473a3de6362993090", kill_on_drop: false }`
[INFO] running `Command { std: "docker" "rm" "-f" "0b6b665dfc7da4da7e1cc782ca65d56c1e3e6966de7d3a9473a3de6362993090", kill_on_drop: false }`
[INFO] [stdout] 0b6b665dfc7da4da7e1cc782ca65d56c1e3e6966de7d3a9473a3de6362993090
[INFO] running `Command { std: "docker" "create" "-v" "/var/lib/crater-agent-workspace/builds/worker-5-tc1/target:/opt/rustwide/target:rw,Z" "-v" "/var/lib/crater-agent-workspace/builds/worker-5-tc1/source:/opt/rustwide/workdir:ro,Z" "-v" "/var/lib/crater-agent-workspace/cargo-home:/opt/rustwide/cargo-home:ro,Z" "-v" "/var/lib/crater-agent-workspace/rustup-home:/opt/rustwide/rustup-home:ro,Z" "-e" "SOURCE_DIR=/opt/rustwide/workdir" "-e" "CARGO_TARGET_DIR=/opt/rustwide/target" "-e" "CARGO_INCREMENTAL=0" "-e" "RUST_BACKTRACE=full" "-e" "RUSTFLAGS=--cap-lints=forbid" "-e" "RUSTDOCFLAGS=--cap-lints=forbid" "-e" "CARGO_HOME=/opt/rustwide/cargo-home" "-e" "RUSTUP_HOME=/opt/rustwide/rustup-home" "-w" "/opt/rustwide/workdir" "-m" "1610612736" "--user" "0:0" "--network" "none" "ghcr.io/rust-lang/crates-build-env/linux@sha256:4a844ea9eb2546a2d2c7022eacef16ef2e8229c7fbb2c7d4d55a9ceca922f72d" "/opt/rustwide/cargo-home/bin/cargo" "+nightly-2024-10-28" "test" "--frozen", kill_on_drop: false }`
[INFO] [stdout] 155d64f177825cfe8a71d6c7f88dad178ccafda6891d12166ef59aab6b23663b
[INFO] running `Command { std: "docker" "start" "-a" "155d64f177825cfe8a71d6c7f88dad178ccafda6891d12166ef59aab6b23663b", kill_on_drop: false }`
[INFO] [stderr]     Finished `test` profile [unoptimized + debuginfo] target(s) in 0.02s
[INFO] [stderr]      Running unittests src/lib.rs (/opt/rustwide/target/debug/deps/ttycarousel-1e90a9facf6c3872)
[INFO] [stdout] 
[INFO] [stdout] running 0 tests
[INFO] [stdout] 
[INFO] [stdout] test result: ok. 0 passed; 0 failed; 0 ignored; 0 measured; 0 filtered out; finished in 0.00s
[INFO] [stdout] 
[INFO] [stderr]    Doc-tests ttycarousel
[INFO] [stdout] 
[INFO] [stdout] running 3 tests
[INFO] [stdout] test src/lib.rs - (line 33) ... FAILED
[INFO] [stdout] test src/lib.rs - (line 22) ... FAILED
[INFO] [stdout] test src/lib.rs - (line 58) ... FAILED
[INFO] [stdout] 
[INFO] [stdout] failures:
[INFO] [stdout] 
[INFO] [stdout] ---- src/lib.rs - (line 33) stdout ----
[INFO] [stdout] error[E0425]: cannot find function `spawn` in crate `ttycarousel`
[INFO] [stdout]   --> src/lib.rs:37:14
[INFO] [stdout]    |
[INFO] [stdout] 7  | ttycarousel::spawn(
[INFO] [stdout]    |              ^^^^^ not found in `ttycarousel`
[INFO] [stdout]    |
[INFO] [stdout] note: found an item that was configured out
[INFO] [stdout]   --> /opt/rustwide/workdir/src/lib.rs:89:16
[INFO] [stdout]    |
[INFO] [stdout] 89 | pub use sync::{spawn, spawn0, stop, stop_clear, stop_with};
[INFO] [stdout]    |                ^^^^^
[INFO] [stdout] note: the item is gated behind the `sync` feature
[INFO] [stdout]   --> /opt/rustwide/workdir/src/lib.rs:88:7
[INFO] [stdout]    |
[INFO] [stdout] 88 | #[cfg(feature = "sync")]
[INFO] [stdout]    |       ^^^^^^^^^^^^^^^^
[INFO] [stdout] help: consider importing one of these functions
[INFO] [stdout]    |
[INFO] [stdout] 2  + use std::thread::spawn;
[INFO] [stdout]    |
[INFO] [stdout] 2  + use tokio::spawn;
[INFO] [stdout]    |
[INFO] [stdout] help: if you import `spawn`, refer to it directly
[INFO] [stdout]    |
[INFO] [stdout] 7  - ttycarousel::spawn(
[INFO] [stdout] 7  + spawn(
[INFO] [stdout]    |
[INFO] [stdout] 
[INFO] [stdout] error[E0425]: cannot find function `stop` in crate `ttycarousel`
[INFO] [stdout]   --> src/lib.rs:45:14
[INFO] [stdout]    |
[INFO] [stdout] 15 | ttycarousel::stop();
[INFO] [stdout]    |              ^^^^ not found in `ttycarousel`
[INFO] [stdout]    |
[INFO] [stdout] note: found an item that was configured out
[INFO] [stdout]   --> /opt/rustwide/workdir/src/lib.rs:89:31
[INFO] [stdout]    |
[INFO] [stdout] 89 | pub use sync::{spawn, spawn0, stop, stop_clear, stop_with};
[INFO] [stdout]    |                               ^^^^
[INFO] [stdout] note: the item is gated behind the `sync` feature
[INFO] [stdout]   --> /opt/rustwide/workdir/src/lib.rs:88:7
[INFO] [stdout]    |
[INFO] [stdout] 88 | #[cfg(feature = "sync")]
[INFO] [stdout]    |       ^^^^^^^^^^^^^^^^
[INFO] [stdout] 
[INFO] [stdout] error: aborting due to 2 previous errors
[INFO] [stdout] 
[INFO] [stdout] For more information about this error, try `rustc --explain E0425`.
[INFO] [stdout] Couldn't compile the test.
[INFO] [stdout] ---- src/lib.rs - (line 22) stdout ----
[INFO] [stdout] error[E0425]: cannot find function `spawn0` in crate `ttycarousel`
[INFO] [stdout]   --> src/lib.rs:26:14
[INFO] [stdout]    |
[INFO] [stdout] 7  | ttycarousel::spawn0("working");
[INFO] [stdout]    |              ^^^^^^ not found in `ttycarousel`
[INFO] [stdout]    |
[INFO] [stdout] note: found an item that was configured out
[INFO] [stdout]   --> /opt/rustwide/workdir/src/lib.rs:89:23
[INFO] [stdout]    |
[INFO] [stdout] 89 | pub use sync::{spawn, spawn0, stop, stop_clear, stop_with};
[INFO] [stdout]    |                       ^^^^^^
[INFO] [stdout] note: the item is gated behind the `sync` feature
[INFO] [stdout]   --> /opt/rustwide/workdir/src/lib.rs:88:7
[INFO] [stdout]    |
[INFO] [stdout] 88 | #[cfg(feature = "sync")]
[INFO] [stdout]    |       ^^^^^^^^^^^^^^^^
[INFO] [stdout] 
[INFO] [stdout] error[E0425]: cannot find function `stop` in crate `ttycarousel`
[INFO] [stdout]   --> src/lib.rs:28:14
[INFO] [stdout]    |
[INFO] [stdout] 9  | ttycarousel::stop();
[INFO] [stdout]    |              ^^^^ not found in `ttycarousel`
[INFO] [stdout]    |
[INFO] [stdout] note: found an item that was configured out
[INFO] [stdout]   --> /opt/rustwide/workdir/src/lib.rs:89:31
[INFO] [stdout]    |
[INFO] [stdout] 89 | pub use sync::{spawn, spawn0, stop, stop_clear, stop_with};
[INFO] [stdout]    |                               ^^^^
[INFO] [stdout] note: the item is gated behind the `sync` feature
[INFO] [stdout]   --> /opt/rustwide/workdir/src/lib.rs:88:7
[INFO] [stdout]    |
[INFO] [stdout] 88 | #[cfg(feature = "sync")]
[INFO] [stdout]    |       ^^^^^^^^^^^^^^^^
[INFO] [stdout] 
[INFO] [stdout] error: aborting due to 2 previous errors
[INFO] [stdout] 
[INFO] [stdout] For more information about this error, try `rustc --explain E0425`.
[INFO] [stdout] Couldn't compile the test.
[INFO] [stdout] ---- src/lib.rs - (line 58) stdout ----
[INFO] [stdout] error[E0433]: failed to resolve: could not find `tokio1` in `ttycarousel`
[INFO] [stdout]   --> src/lib.rs:63:18
[INFO] [stdout]    |
[INFO] [stdout] 8  |     ttycarousel::tokio1::spawn(
[INFO] [stdout]    |                  ^^^^^^ could not find `tokio1` in `ttycarousel`
[INFO] [stdout]    |
[INFO] [stdout] note: found an item that was configured out
[INFO] [stdout]   --> /opt/rustwide/workdir/src/lib.rs:86:9
[INFO] [stdout]    |
[INFO] [stdout] 86 | pub mod tokio1;
[INFO] [stdout]    |         ^^^^^^
[INFO] [stdout] note: the item is gated behind the `tokio1` feature
[INFO] [stdout]   --> /opt/rustwide/workdir/src/lib.rs:85:7
[INFO] [stdout]    |
[INFO] [stdout] 85 | #[cfg(feature = "tokio1")]
[INFO] [stdout]    |       ^^^^^^^^^^^^^^^^^^
[INFO] [stdout] 
[INFO] [stdout] error[E0433]: failed to resolve: could not find `tokio1` in `ttycarousel`
[INFO] [stdout]   --> src/lib.rs:72:18
[INFO] [stdout]    |
[INFO] [stdout] 17 |     ttycarousel::tokio1::stop().await;
[INFO] [stdout]    |                  ^^^^^^ could not find `tokio1` in `ttycarousel`
[INFO] [stdout]    |
[INFO] [stdout] note: found an item that was configured out
[INFO] [stdout]   --> /opt/rustwide/workdir/src/lib.rs:86:9
[INFO] [stdout]    |
[INFO] [stdout] 86 | pub mod tokio1;
[INFO] [stdout]    |         ^^^^^^
[INFO] [stdout] note: the item is gated behind the `tokio1` feature
[INFO] [stdout]   --> /opt/rustwide/workdir/src/lib.rs:85:7
[INFO] [stdout]    |
[INFO] [stdout] 85 | #[cfg(feature = "tokio1")]
[INFO] [stdout]    |       ^^^^^^^^^^^^^^^^^^
[INFO] [stdout] 
[INFO] [stdout] error: aborting due to 2 previous errors
[INFO] [stdout] 
[INFO] [stdout] For more information about this error, try `rustc --explain E0433`.
[INFO] [stdout] Couldn't compile the test.
[INFO] [stdout] 
[INFO] [stdout] failures:
[INFO] [stdout]     src/lib.rs - (line 22)
[INFO] [stdout]     src/lib.rs - (line 33)
[INFO] [stdout]     src/lib.rs - (line 58)
[INFO] [stdout] 
[INFO] [stdout] test result: FAILED. 0 passed; 3 failed; 0 ignored; 0 measured; 0 filtered out; finished in 0.05s
[INFO] [stdout] 
[INFO] [stderr] error: doctest failed, to rerun pass `--doc`
[INFO] running `Command { std: "docker" "inspect" "155d64f177825cfe8a71d6c7f88dad178ccafda6891d12166ef59aab6b23663b", kill_on_drop: false }`
[INFO] running `Command { std: "docker" "rm" "-f" "155d64f177825cfe8a71d6c7f88dad178ccafda6891d12166ef59aab6b23663b", kill_on_drop: false }`
[INFO] [stdout] 155d64f177825cfe8a71d6c7f88dad178ccafda6891d12166ef59aab6b23663b
