[INFO] fetching crate truck-stepio 0.3.0...
[INFO] testing truck-stepio-0.3.0 against nightly-2024-10-28 for randomize-layout
[INFO] extracting crate truck-stepio 0.3.0 into /workspace/builds/worker-5-tc1/source
[INFO] validating manifest of crates.io crate truck-stepio 0.3.0 on toolchain nightly-2024-10-28
[INFO] running `Command { std: CARGO_HOME="/workspace/cargo-home" RUSTUP_HOME="/workspace/rustup-home" "/workspace/cargo-home/bin/cargo" "+nightly-2024-10-28" "metadata" "--manifest-path" "Cargo.toml" "--no-deps", kill_on_drop: false }`
[INFO] started tweaking crates.io crate truck-stepio 0.3.0
[INFO] removed 0 missing examples
[INFO] removed 0 missing tests
[INFO] finished tweaking crates.io crate truck-stepio 0.3.0
[INFO] tweaked toml for crates.io crate truck-stepio 0.3.0 written to /workspace/builds/worker-5-tc1/source/Cargo.toml
[INFO] crate crates.io crate truck-stepio 0.3.0 already has a lockfile, it will not be regenerated
[INFO] running `Command { std: CARGO_HOME="/workspace/cargo-home" RUSTUP_HOME="/workspace/rustup-home" "/workspace/cargo-home/bin/cargo" "+nightly-2024-10-28" "fetch" "--manifest-path" "Cargo.toml", kill_on_drop: false }`
[INFO] [stderr]     Updating crates.io index
[INFO] [stderr]  Downloading crates ...
[INFO] [stderr]   Downloaded branches v0.1.3
[INFO] [stderr]   Downloaded truck-geotrait v0.4.0
[INFO] [stderr]   Downloaded matext4cgmath v0.1.0
[INFO] [stderr]   Downloaded rclite v0.2.4
[INFO] [stderr]   Downloaded cgmath v0.18.0
[INFO] [stderr]   Downloaded check_keyword v0.2.0
[INFO] [stderr]   Downloaded truck-geometry v0.5.0
[INFO] [stderr]   Downloaded truck-modeling v0.6.0
[INFO] [stderr]   Downloaded truck-base v0.5.0
[INFO] [stderr]   Downloaded truck-topology v0.6.0
[INFO] [stderr]   Downloaded ruststep v0.4.0
[INFO] [stderr]   Downloaded truck-polymesh v0.6.0
[INFO] [stderr]   Downloaded ruststep-derive v0.4.0
[INFO] [stderr]   Downloaded truck-meshalgo v0.4.0
[INFO] [stderr]   Downloaded truck-derivers v0.1.0
[INFO] [stderr]   Downloaded espr-derive v0.4.0
[INFO] [stderr]   Downloaded espr v0.4.0
[INFO] running `Command { std: "docker" "create" "-v" "/var/lib/crater-agent-workspace/builds/worker-5-tc1/target:/opt/rustwide/target:rw,Z" "-v" "/var/lib/crater-agent-workspace/builds/worker-5-tc1/source:/opt/rustwide/workdir:ro,Z" "-v" "/var/lib/crater-agent-workspace/cargo-home:/opt/rustwide/cargo-home:ro,Z" "-v" "/var/lib/crater-agent-workspace/rustup-home:/opt/rustwide/rustup-home:ro,Z" "-e" "SOURCE_DIR=/opt/rustwide/workdir" "-e" "CARGO_TARGET_DIR=/opt/rustwide/target" "-e" "CARGO_HOME=/opt/rustwide/cargo-home" "-e" "RUSTUP_HOME=/opt/rustwide/rustup-home" "-w" "/opt/rustwide/workdir" "-m" "1610612736" "--user" "0:0" "--network" "none" "ghcr.io/rust-lang/crates-build-env/linux@sha256:4a844ea9eb2546a2d2c7022eacef16ef2e8229c7fbb2c7d4d55a9ceca922f72d" "/opt/rustwide/cargo-home/bin/cargo" "+nightly-2024-10-28" "metadata" "--no-deps" "--format-version=1", kill_on_drop: false }`
[INFO] [stdout] 8ec07958dee27162e029cd26a8b25accdbeaa691b60d4d62fad80885274869f8
[INFO] running `Command { std: "docker" "start" "-a" "8ec07958dee27162e029cd26a8b25accdbeaa691b60d4d62fad80885274869f8", kill_on_drop: false }`
[INFO] running `Command { std: "docker" "inspect" "8ec07958dee27162e029cd26a8b25accdbeaa691b60d4d62fad80885274869f8", kill_on_drop: false }`
[INFO] running `Command { std: "docker" "rm" "-f" "8ec07958dee27162e029cd26a8b25accdbeaa691b60d4d62fad80885274869f8", kill_on_drop: false }`
[INFO] [stdout] 8ec07958dee27162e029cd26a8b25accdbeaa691b60d4d62fad80885274869f8
[INFO] running `Command { std: "docker" "create" "-v" "/var/lib/crater-agent-workspace/builds/worker-5-tc1/target:/opt/rustwide/target:rw,Z" "-v" "/var/lib/crater-agent-workspace/builds/worker-5-tc1/source:/opt/rustwide/workdir:ro,Z" "-v" "/var/lib/crater-agent-workspace/cargo-home:/opt/rustwide/cargo-home:ro,Z" "-v" "/var/lib/crater-agent-workspace/rustup-home:/opt/rustwide/rustup-home:ro,Z" "-e" "SOURCE_DIR=/opt/rustwide/workdir" "-e" "CARGO_TARGET_DIR=/opt/rustwide/target" "-e" "CARGO_INCREMENTAL=0" "-e" "RUST_BACKTRACE=full" "-e" "RUSTFLAGS=--cap-lints=forbid" "-e" "RUSTDOCFLAGS=--cap-lints=forbid" "-e" "CARGO_HOME=/opt/rustwide/cargo-home" "-e" "RUSTUP_HOME=/opt/rustwide/rustup-home" "-w" "/opt/rustwide/workdir" "-m" "1610612736" "--user" "0:0" "--network" "none" "ghcr.io/rust-lang/crates-build-env/linux@sha256:4a844ea9eb2546a2d2c7022eacef16ef2e8229c7fbb2c7d4d55a9ceca922f72d" "/opt/rustwide/cargo-home/bin/cargo" "+nightly-2024-10-28" "build" "--frozen" "--message-format=json", kill_on_drop: false }`
[INFO] [stdout] e6a7902e5b0b7b877d36d3ea424aa7b21130b37a20590b9b26d3cd991435b704
[INFO] running `Command { std: "docker" "start" "-a" "e6a7902e5b0b7b877d36d3ea424aa7b21130b37a20590b9b26d3cd991435b704", kill_on_drop: false }`
[INFO] [stderr]    Compiling syn v1.0.109
[INFO] [stderr]    Compiling version_check v0.9.5
[INFO] [stderr]    Compiling libc v0.2.158
[INFO] [stderr]    Compiling serde v1.0.210
[INFO] [stderr]    Compiling cgmath v0.18.0
[INFO] [stderr]    Compiling crossbeam-utils v0.8.20
[INFO] [stderr]    Compiling thiserror v1.0.63
[INFO] [stderr]    Compiling either v1.13.0
[INFO] [stderr]    Compiling rustc-hash v2.0.0
[INFO] [stderr]    Compiling proc-macro2 v1.0.86
[INFO] [stderr]    Compiling num-traits v0.2.19
[INFO] [stderr]    Compiling equivalent v1.0.1
[INFO] [stderr]    Compiling rayon-core v1.12.1
[INFO] [stderr]    Compiling regex-syntax v0.8.4
[INFO] [stderr]    Compiling toml_datetime v0.6.8
[INFO] [stderr]    Compiling once_cell v1.19.0
[INFO] [stderr]    Compiling indexmap v2.5.0
[INFO] [stderr]    Compiling convert_case v0.4.0
[INFO] [stderr]    Compiling branches v0.1.3
[INFO] [stderr]    Compiling lazy_static v1.5.0
[INFO] [stderr]    Compiling itertools v0.13.0
[INFO] [stderr]    Compiling array-macro v2.1.8
[INFO] [stderr]    Compiling nom v7.1.3
[INFO] [stderr]    Compiling rclite v0.2.4
[INFO] [stderr]    Compiling itertools v0.10.5
[INFO] [stderr]    Compiling iana-time-zone v0.1.61
[INFO] [stderr]    Compiling proc-macro-error-attr v1.0.4
[INFO] [stderr]    Compiling proc-macro-error v1.0.4
[INFO] [stderr]    Compiling quote v1.0.37
[INFO] [stderr]    Compiling syn v2.0.77
[INFO] [stderr]    Compiling crossbeam-epoch v0.9.18
[INFO] [stderr]    Compiling toml_edit v0.19.15
[INFO] [stderr]    Compiling crossbeam-deque v0.8.5
[INFO] [stderr]    Compiling getrandom v0.2.15
[INFO] [stderr]    Compiling parking_lot_core v0.9.10
[INFO] [stderr]    Compiling approx v0.4.0
[INFO] [stderr]    Compiling num-complex v0.4.6
[INFO] [stderr]    Compiling chrono v0.4.38
[INFO] [stderr]    Compiling rand_core v0.6.4
[INFO] [stderr]    Compiling parking_lot v0.12.3
[INFO] [stderr]    Compiling rayon v1.10.0
[INFO] [stderr]    Compiling regex-automata v0.4.7
[INFO] [stderr]    Compiling proc-macro-crate v1.3.1
[INFO] [stderr]    Compiling regex v1.10.6
[INFO] [stderr]    Compiling katexit v0.1.4
[INFO] [stderr]    Compiling derive-new v0.5.9
[INFO] [stderr]    Compiling serde_derive v1.0.210
[INFO] [stderr]    Compiling zerocopy-derive v0.7.35
[INFO] [stderr]    Compiling thiserror-impl v1.0.63
[INFO] [stderr]    Compiling truck-derivers v0.1.0
[INFO] [stderr]    Compiling bytemuck_derive v1.7.1
[INFO] [stderr]    Compiling derive_more v0.99.18
[INFO] [stderr]    Compiling Inflector v0.11.4
[INFO] [stderr]    Compiling zerocopy v0.7.35
[INFO] [stderr]    Compiling bytemuck v1.18.0
[INFO] [stderr]    Compiling ppv-lite86 v0.2.20
[INFO] [stderr]    Compiling ruststep-derive v0.4.0
[INFO] [stderr]    Compiling rand_chacha v0.3.1
[INFO] [stderr]    Compiling rand v0.8.5
[INFO] [stderr]    Compiling ruststep v0.4.0
[INFO] [stderr]    Compiling matext4cgmath v0.1.0
[INFO] [stderr]    Compiling truck-base v0.5.0
[INFO] [stderr]    Compiling truck-geotrait v0.4.0
[INFO] [stderr]    Compiling truck-geometry v0.5.0
[INFO] [stderr]    Compiling truck-topology v0.6.0
[INFO] [stderr]    Compiling truck-polymesh v0.6.0
[INFO] [stderr]    Compiling truck-modeling v0.6.0
[INFO] [stderr]    Compiling truck-stepio v0.3.0 (/opt/rustwide/workdir)
[INFO] [stderr]     Finished `dev` profile [unoptimized + debuginfo] target(s) in 20.38s
[INFO] running `Command { std: "docker" "inspect" "e6a7902e5b0b7b877d36d3ea424aa7b21130b37a20590b9b26d3cd991435b704", kill_on_drop: false }`
[INFO] running `Command { std: "docker" "rm" "-f" "e6a7902e5b0b7b877d36d3ea424aa7b21130b37a20590b9b26d3cd991435b704", kill_on_drop: false }`
[INFO] [stdout] e6a7902e5b0b7b877d36d3ea424aa7b21130b37a20590b9b26d3cd991435b704
[INFO] running `Command { std: "docker" "create" "-v" "/var/lib/crater-agent-workspace/builds/worker-5-tc1/target:/opt/rustwide/target:rw,Z" "-v" "/var/lib/crater-agent-workspace/builds/worker-5-tc1/source:/opt/rustwide/workdir:ro,Z" "-v" "/var/lib/crater-agent-workspace/cargo-home:/opt/rustwide/cargo-home:ro,Z" "-v" "/var/lib/crater-agent-workspace/rustup-home:/opt/rustwide/rustup-home:ro,Z" "-e" "SOURCE_DIR=/opt/rustwide/workdir" "-e" "CARGO_TARGET_DIR=/opt/rustwide/target" "-e" "CARGO_INCREMENTAL=0" "-e" "RUST_BACKTRACE=full" "-e" "RUSTFLAGS=--cap-lints=forbid" "-e" "RUSTDOCFLAGS=--cap-lints=forbid" "-e" "CARGO_HOME=/opt/rustwide/cargo-home" "-e" "RUSTUP_HOME=/opt/rustwide/rustup-home" "-w" "/opt/rustwide/workdir" "-m" "1610612736" "--user" "0:0" "--network" "none" "ghcr.io/rust-lang/crates-build-env/linux@sha256:4a844ea9eb2546a2d2c7022eacef16ef2e8229c7fbb2c7d4d55a9ceca922f72d" "/opt/rustwide/cargo-home/bin/cargo" "+nightly-2024-10-28" "test" "--frozen" "--no-run" "--message-format=json", kill_on_drop: false }`
[INFO] [stdout] 4df5de4574d86bfdab78e0abf4df5142bc4b714a426eb128f3d020f4a859ff07
[INFO] running `Command { std: "docker" "start" "-a" "4df5de4574d86bfdab78e0abf4df5142bc4b714a426eb128f3d020f4a859ff07", kill_on_drop: false }`
[INFO] [stderr]    Compiling libc v0.2.158
[INFO] [stderr]    Compiling memchr v2.7.4
[INFO] [stderr]    Compiling once_cell v1.19.0
[INFO] [stderr]    Compiling shlex v1.3.0
[INFO] [stderr]    Compiling pkg-config v0.3.30
[INFO] [stderr]    Compiling approx v0.4.0
[INFO] [stderr]    Compiling num-complex v0.4.6
[INFO] [stderr]    Compiling zerocopy v0.7.35
[INFO] [stderr]    Compiling bytemuck v1.18.0
[INFO] [stderr]    Compiling ahash v0.8.11
[INFO] [stderr]    Compiling aho-corasick v1.1.3
[INFO] [stderr]    Compiling unicode-width v0.1.13
[INFO] [stderr]    Compiling rustix v0.38.37
[INFO] [stderr]    Compiling unicode-segmentation v1.12.0
[INFO] [stderr]    Compiling ansi_term v0.12.1
[INFO] [stderr]    Compiling cgmath v0.18.0
[INFO] [stderr]    Compiling cc v1.1.21
[INFO] [stderr]    Compiling textwrap v0.11.0
[INFO] [stderr]    Compiling adler2 v2.0.0
[INFO] [stderr]    Compiling strsim v0.8.0
[INFO] [stderr]    Compiling bitflags v1.3.2
[INFO] [stderr]    Compiling vec_map v0.8.2
[INFO] [stderr]    Compiling bitflags v2.6.0
[INFO] [stderr]    Compiling linux-raw-sys v0.4.14
[INFO] [stderr]    Compiling anstyle-parse v0.2.5
[INFO] [stderr]    Compiling heck v0.3.3
[INFO] [stderr]    Compiling miniz_oxide v0.8.0
[INFO] [stderr]    Compiling fastrand v2.1.1
[INFO] [stderr]    Compiling anstyle-query v1.1.1
[INFO] [stderr]    Compiling colorchoice v1.0.2
[INFO] [stderr]    Compiling quick-xml v0.22.0
[INFO] [stderr]    Compiling num-derive v0.3.3
[INFO] [stderr]    Compiling structopt-derive v0.4.18
[INFO] [stderr]    Compiling anstream v0.6.15
[INFO] [stderr]    Compiling lz4_flex v0.7.5
[INFO] [stderr]    Compiling quick-error v1.2.3
[INFO] [stderr]    Compiling robust v1.1.0
[INFO] [stderr]    Compiling ppv-lite86 v0.2.20
[INFO] [stderr]    Compiling atty v0.2.14
[INFO] [stderr]    Compiling clap v2.34.0
[INFO] [stderr]    Compiling getrandom v0.2.15
[INFO] [stderr]    Compiling parking_lot_core v0.9.10
[INFO] [stderr]    Compiling regex-automata v0.4.7
[INFO] [stderr]    Compiling memchr v1.0.2
[INFO] [stderr]    Compiling rand_core v0.6.4
[INFO] [stderr]    Compiling nom v3.2.1
[INFO] [stderr]    Compiling hashbrown v0.14.5
[INFO] [stderr]    Compiling wait-timeout v0.2.0
[INFO] [stderr]    Compiling rand_chacha v0.3.1
[INFO] [stderr]    Compiling parking_lot v0.12.3
[INFO] [stderr]    Compiling flate2 v1.0.33
[INFO] [stderr]    Compiling rand v0.8.5
[INFO] [stderr]    Compiling nom v7.1.3
[INFO] [stderr]    Compiling base64 v0.13.1
[INFO] [stderr]    Compiling lzma-sys v0.1.20
[INFO] [stderr]    Compiling serde_json v1.0.128
[INFO] [stderr]    Compiling maplit v1.0.2
[INFO] [stderr]    Compiling bit-vec v0.6.3
[INFO] [stderr]    Compiling check_keyword v0.2.0
[INFO] [stderr]    Compiling xz2 v0.1.7
[INFO] [stderr]    Compiling clap_lex v0.7.2
[INFO] [stderr]    Compiling chrono v0.4.38
[INFO] [stderr]    Compiling rand_xorshift v0.3.0
[INFO] [stderr]    Compiling bit-set v0.5.3
[INFO] [stderr]    Compiling clap_derive v4.5.13
[INFO] [stderr]    Compiling spade v2.12.1
[INFO] [stderr]    Compiling vtkio v0.6.3
[INFO] [stderr]    Compiling clap_builder v4.5.17
[INFO] [stderr]    Compiling unarray v0.1.4
[INFO] [stderr]    Compiling matext4cgmath v0.1.0
[INFO] [stderr]    Compiling truck-base v0.5.0
[INFO] [stderr]    Compiling truck-geotrait v0.4.0
[INFO] [stderr]    Compiling truck-topology v0.6.0
[INFO] [stderr]    Compiling truck-geometry v0.5.0
[INFO] [stderr]    Compiling truck-polymesh v0.6.0
[INFO] [stderr]    Compiling tempfile v3.12.0
[INFO] [stderr]    Compiling rusty-fork v0.3.0
[INFO] [stderr]    Compiling proptest v1.5.0
[INFO] [stderr]    Compiling structopt v0.3.26
[INFO] [stderr]    Compiling regex v1.10.6
[INFO] [stderr]    Compiling Inflector v0.11.4
[INFO] [stderr]    Compiling truck-modeling v0.6.0
[INFO] [stderr]    Compiling clap v4.5.17
[INFO] [stderr]    Compiling espr v0.4.0
[INFO] [stderr]    Compiling truck-meshalgo v0.4.0
[INFO] [stderr]    Compiling ruststep-derive v0.4.0
[INFO] [stderr]    Compiling ruststep v0.4.0
[INFO] [stderr]    Compiling truck-stepio v0.3.0 (/opt/rustwide/workdir)
[INFO] [stderr]    Compiling espr-derive v0.4.0
[INFO] [stderr]     Finished `test` profile [unoptimized + debuginfo] target(s) in 27.99s
[INFO] [stderr] warning: the following packages contain code that will be rejected by a future version of Rust: nom v3.2.1, quick-xml v0.22.0
[INFO] [stderr] note: to see what the problems were, use the option `--future-incompat-report`, or run `cargo report future-incompatibilities --id 1`
[INFO] running `Command { std: "docker" "inspect" "4df5de4574d86bfdab78e0abf4df5142bc4b714a426eb128f3d020f4a859ff07", kill_on_drop: false }`
[INFO] running `Command { std: "docker" "rm" "-f" "4df5de4574d86bfdab78e0abf4df5142bc4b714a426eb128f3d020f4a859ff07", kill_on_drop: false }`
[INFO] [stdout] 4df5de4574d86bfdab78e0abf4df5142bc4b714a426eb128f3d020f4a859ff07
[INFO] running `Command { std: "docker" "create" "-v" "/var/lib/crater-agent-workspace/builds/worker-5-tc1/target:/opt/rustwide/target:rw,Z" "-v" "/var/lib/crater-agent-workspace/builds/worker-5-tc1/source:/opt/rustwide/workdir:ro,Z" "-v" "/var/lib/crater-agent-workspace/cargo-home:/opt/rustwide/cargo-home:ro,Z" "-v" "/var/lib/crater-agent-workspace/rustup-home:/opt/rustwide/rustup-home:ro,Z" "-e" "SOURCE_DIR=/opt/rustwide/workdir" "-e" "CARGO_TARGET_DIR=/opt/rustwide/target" "-e" "CARGO_INCREMENTAL=0" "-e" "RUST_BACKTRACE=full" "-e" "RUSTFLAGS=--cap-lints=forbid" "-e" "RUSTDOCFLAGS=--cap-lints=forbid" "-e" "CARGO_HOME=/opt/rustwide/cargo-home" "-e" "RUSTUP_HOME=/opt/rustwide/rustup-home" "-w" "/opt/rustwide/workdir" "-m" "1610612736" "--user" "0:0" "--network" "none" "ghcr.io/rust-lang/crates-build-env/linux@sha256:4a844ea9eb2546a2d2c7022eacef16ef2e8229c7fbb2c7d4d55a9ceca922f72d" "/opt/rustwide/cargo-home/bin/cargo" "+nightly-2024-10-28" "test" "--frozen", kill_on_drop: false }`
[INFO] [stdout] ee63a7ead160e32cbca4f3dc0bdc1c1a45dd1652692097a1d84a67cc3e51d3ca
[INFO] running `Command { std: "docker" "start" "-a" "ee63a7ead160e32cbca4f3dc0bdc1c1a45dd1652692097a1d84a67cc3e51d3ca", kill_on_drop: false }`
[INFO] [stderr]     Finished `test` profile [unoptimized + debuginfo] target(s) in 0.24s
[INFO] [stderr] warning: the following packages contain code that will be rejected by a future version of Rust: nom v3.2.1, quick-xml v0.22.0
[INFO] [stderr] note: to see what the problems were, use the option `--future-incompat-report`, or run `cargo report future-incompatibilities --id 1`
[INFO] [stderr]      Running unittests src/lib.rs (/opt/rustwide/target/debug/deps/truck_stepio-fca46d8c9308ca1b)
[INFO] [stdout] 
[INFO] [stdout] running 2 tests
[INFO] [stdout] test r#in::deserialize_pscr ... ok
[INFO] [stdout] test r#in::alias::sphere::surface ... ok
[INFO] [stdout] 
[INFO] [stdout] test result: ok. 2 passed; 0 failed; 0 ignored; 0 measured; 0 filtered out; finished in 0.02s
[INFO] [stdout] 
[INFO] [stderr]      Running tests/input/main.rs (/opt/rustwide/target/debug/deps/input-20110d73c21d930c)
[INFO] [stdout] 
[INFO] [stdout] running 38 tests
[INFO] [stdout] test geometry::cartesian_point ... ok
[INFO] [stdout] test geometry::direction ... ok
[INFO] [stdout] test geometry::axis2_placement_2d ... ok
[INFO] [stdout] test geometry::hyperbola ... ok
[INFO] [stdout] test geometry::circle ... ok
[INFO] [stdout] test geometry::ellipse ... ok
[INFO] [stdout] test geometry::axis2_placement_3d ... ok
[INFO] [stdout] test geometry::line ... ok
[INFO] [stdout] test geometry::bezier_curve ... ok
[INFO] [stdout] test geometry::axis1_placement ... ok
[INFO] [stdout] test geometry::cylindrical_surface ... ok
[INFO] [stdout] test geometry::conical_surface ... ok
[INFO] [stdout] test geometry::parabola ... ok
[INFO] [stdout] test geometry::placement ... ok
[INFO] [stdout] test geometry::plane ... ok
[INFO] [stdout] test geometry::nurbs_curve_bezier_curve ... ok
[INFO] [stdout] test geometry::nurbs_curve_quasi_uniform_curve ... ok
[INFO] [stdout] test geometry::spherical_surface ... ok
[INFO] [stdout] test geometry::nurbs_curve_uniform_curve ... ok
[INFO] [stdout] test geometry::quasi_uniform_curve ... ok
[INFO] [stdout] test geometry::bezier_surface ... ok
[INFO] [stdout] test table::read ... ok
[INFO] [stdout] test geometry::toroidal_surface ... ok
[INFO] [stdout] test geometry::vector ... ok
[INFO] [stdout] test tessellate_shape::tessellate_shape ... FAILED
[INFO] [stdout] test geometry::uniform_curve ... ok
[INFO] [stdout] test geometry::b_spline_curve_with_knots ... ok
[INFO] [stdout] test geometry::surface_of_linear_extrusion ... ok
[INFO] [stdout] test geometry::nurbs_surface_bezier_surface ... ok
[INFO] [stdout] test geometry::nurbs_curve_b_spline_curve_with_knots ... ok
[INFO] [stdout] test geometry::polyline ... ok
[INFO] [stdout] test geometry::quasi_uniform_surface ... ok
[INFO] [stdout] test geometry::nurbs_surface_quasi_uniform_surface ... ok
[INFO] [stdout] test geometry::uniform_surface ... ok
[INFO] [stdout] test geometry::surface_of_revolution ... ok
[INFO] [stdout] test geometry::nurbs_surface_uniform_surface ... ok
[INFO] [stdout] test geometry::b_spline_surface_with_knots ... ok
[INFO] [stdout] test geometry::nurbs_surface_b_spline_surface_with_knots ... ok
[INFO] [stdout] 
[INFO] [stdout] failures:
[INFO] [stdout] 
[INFO] [stdout] ---- tessellate_shape::tessellate_shape stdout ----
[INFO] [stdout] thread 'tessellate_shape::tessellate_shape' panicked at tests/input/tessellate_shape.rs:23:57:
[INFO] [stdout] called `Result::unwrap()` on an `Err` value: Os { code: 2, kind: NotFound, message: "No such file or directory" }
[INFO] [stdout] stack backtrace:
[INFO] [stdout]    0:     0x5c47b271009a - std::backtrace_rs::backtrace::libunwind::trace::h207520d6e9873551
[INFO] [stdout]                                at /rustc/df4ca44d3fbc9301ee17f30f4d474e6ae4b05252/library/std/src/../../backtrace/src/backtrace/libunwind.rs:116:5
[INFO] [stdout]    1:     0x5c47b271009a - std::backtrace_rs::backtrace::trace_unsynchronized::h2ed7433f370e3eca
[INFO] [stdout]                                at /rustc/df4ca44d3fbc9301ee17f30f4d474e6ae4b05252/library/std/src/../../backtrace/src/backtrace/mod.rs:66:5
[INFO] [stdout]    2:     0x5c47b271009a - std::sys::backtrace::_print_fmt::h916fac51166b18d7
[INFO] [stdout]                                at /rustc/df4ca44d3fbc9301ee17f30f4d474e6ae4b05252/library/std/src/sys/backtrace.rs:66:9
[INFO] [stdout]    3:     0x5c47b271009a - <std::sys::backtrace::BacktraceLock::print::DisplayBacktrace as core::fmt::Display>::fmt::ha0a4c9b8ce3802e6
[INFO] [stdout]                                at /rustc/df4ca44d3fbc9301ee17f30f4d474e6ae4b05252/library/std/src/sys/backtrace.rs:39:26
[INFO] [stdout]    4:     0x5c47b2739e63 - core::fmt::rt::Argument::fmt::h4cfc8587d52b3eb5
[INFO] [stdout]                                at /rustc/df4ca44d3fbc9301ee17f30f4d474e6ae4b05252/library/core/src/fmt/rt.rs:177:76
[INFO] [stdout]    5:     0x5c47b2739e63 - core::fmt::write::h522cc39e5b36ae9f
[INFO] [stdout]                                at /rustc/df4ca44d3fbc9301ee17f30f4d474e6ae4b05252/library/core/src/fmt/mod.rs:1190:21
[INFO] [stdout]    6:     0x5c47b270c693 - std::io::Write::write_fmt::h7d3c26752da97734
[INFO] [stdout]                                at /rustc/df4ca44d3fbc9301ee17f30f4d474e6ae4b05252/library/std/src/io/mod.rs:1839:15
[INFO] [stdout]    7:     0x5c47b270fee2 - std::sys::backtrace::BacktraceLock::print::h4b9e00b29e9c0942
[INFO] [stdout]                                at /rustc/df4ca44d3fbc9301ee17f30f4d474e6ae4b05252/library/std/src/sys/backtrace.rs:42:9
[INFO] [stdout]    8:     0x5c47b271152a - std::panicking::default_hook::{{closure}}::hb59b88280d0324d9
[INFO] [stdout]                                at /rustc/df4ca44d3fbc9301ee17f30f4d474e6ae4b05252/library/std/src/panicking.rs:268:22
[INFO] [stdout]    9:     0x5c47b2711334 - std::panicking::default_hook::he1dd496665be4a29
[INFO] [stdout]                                at /rustc/df4ca44d3fbc9301ee17f30f4d474e6ae4b05252/library/std/src/panicking.rs:292:9
[INFO] [stdout]   10:     0x5c47b22d3e09 - <alloc::boxed::Box<F,A> as core::ops::function::Fn<Args>>::call::h4ff71de18744e1dc
[INFO] [stdout]                                at /rustc/df4ca44d3fbc9301ee17f30f4d474e6ae4b05252/library/alloc/src/boxed.rs:2468:9
[INFO] [stdout]   11:     0x5c47b22d3e09 - test::test_main::{{closure}}::hcf7c055ce117aa81
[INFO] [stdout]                                at /rustc/df4ca44d3fbc9301ee17f30f4d474e6ae4b05252/library/test/src/lib.rs:133:21
[INFO] [stdout]   12:     0x5c47b2711c28 - <alloc::boxed::Box<F,A> as core::ops::function::Fn<Args>>::call::h1d66c6bbd60c9692
[INFO] [stdout]                                at /rustc/df4ca44d3fbc9301ee17f30f4d474e6ae4b05252/library/alloc/src/boxed.rs:2468:9
[INFO] [stdout]   13:     0x5c47b2711c28 - std::panicking::rust_panic_with_hook::h2ff17fe8f26dfcf8
[INFO] [stdout]                                at /rustc/df4ca44d3fbc9301ee17f30f4d474e6ae4b05252/library/std/src/panicking.rs:809:13
[INFO] [stdout]   14:     0x5c47b27119ea - std::panicking::begin_panic_handler::{{closure}}::h4fad77951c07e101
[INFO] [stdout]                                at /rustc/df4ca44d3fbc9301ee17f30f4d474e6ae4b05252/library/std/src/panicking.rs:674:13
[INFO] [stdout]   15:     0x5c47b2710579 - std::sys::backtrace::__rust_end_short_backtrace::hb1a25b3da5d0ea08
[INFO] [stdout]                                at /rustc/df4ca44d3fbc9301ee17f30f4d474e6ae4b05252/library/std/src/sys/backtrace.rs:170:18
[INFO] [stdout]   16:     0x5c47b271167c - rust_begin_unwind
[INFO] [stdout]                                at /rustc/df4ca44d3fbc9301ee17f30f4d474e6ae4b05252/library/std/src/panicking.rs:665:5
[INFO] [stdout]   17:     0x5c47b2737e40 - core::panicking::panic_fmt::ha9db07b529f9b256
[INFO] [stdout]                                at /rustc/df4ca44d3fbc9301ee17f30f4d474e6ae4b05252/library/core/src/panicking.rs:75:14
[INFO] [stdout]   18:     0x5c47b27382c6 - core::result::unwrap_failed::h5e8218e4d4338b8a
[INFO] [stdout]                                at /rustc/df4ca44d3fbc9301ee17f30f4d474e6ae4b05252/library/core/src/result.rs:1698:5
[INFO] [stdout]   19:     0x5c47b21bcd16 - core::result::Result<T,E>::unwrap::hf5475316b98a9cfd
[INFO] [stdout]                                at /rustc/df4ca44d3fbc9301ee17f30f4d474e6ae4b05252/library/core/src/result.rs:1103:23
[INFO] [stdout]   20:     0x5c47b21bcd16 - input::tessellate_shape::tessellate_shape::{{closure}}::h9d226e033668b024
[INFO] [stdout]                                at /opt/rustwide/workdir/tests/input/tessellate_shape.rs:23:27
[INFO] [stdout]   21:     0x5c47b21aaad5 - <core::slice::iter::Iter<T> as core::iter::traits::iterator::Iterator>::for_each::h82b4af6c8c20f565
[INFO] [stdout]                                at /rustc/df4ca44d3fbc9301ee17f30f4d474e6ae4b05252/library/core/src/slice/iter/macros.rs:254:21
[INFO] [stdout]   22:     0x5c47b21bcc3e - input::tessellate_shape::tessellate_shape::h9f717d4d72269b14
[INFO] [stdout]                                at /opt/rustwide/workdir/tests/input/tessellate_shape.rs:21:5
[INFO] [stdout]   23:     0x5c47b21bcc07 - input::tessellate_shape::tessellate_shape::{{closure}}::h3cd0964627f4e01c
[INFO] [stdout]                                at /opt/rustwide/workdir/tests/input/tessellate_shape.rs:20:22
[INFO] [stdout]   24:     0x5c47b21632d6 - core::ops::function::FnOnce::call_once::h4a94aec3c837d1fd
[INFO] [stdout]                                at /rustc/df4ca44d3fbc9301ee17f30f4d474e6ae4b05252/library/core/src/ops/function.rs:250:5
[INFO] [stdout]   25:     0x5c47b22d86db - core::ops::function::FnOnce::call_once::h22c3ba5715e93f05
[INFO] [stdout]                                at /rustc/df4ca44d3fbc9301ee17f30f4d474e6ae4b05252/library/core/src/ops/function.rs:250:5
[INFO] [stdout]   26:     0x5c47b22d86db - test::__rust_begin_short_backtrace::h8e82d8113d0da17f
[INFO] [stdout]                                at /rustc/df4ca44d3fbc9301ee17f30f4d474e6ae4b05252/library/test/src/lib.rs:621:18
[INFO] [stdout]   27:     0x5c47b22d8057 - test::run_test_in_process::{{closure}}::h33235f4f20b7b7c7
[INFO] [stdout]                                at /rustc/df4ca44d3fbc9301ee17f30f4d474e6ae4b05252/library/test/src/lib.rs:644:60
[INFO] [stdout]   28:     0x5c47b22d8057 - <core::panic::unwind_safe::AssertUnwindSafe<F> as core::ops::function::FnOnce<()>>::call_once::hb5043206310c586f
[INFO] [stdout]                                at /rustc/df4ca44d3fbc9301ee17f30f4d474e6ae4b05252/library/core/src/panic/unwind_safe.rs:272:9
[INFO] [stdout]   29:     0x5c47b22d8057 - std::panicking::try::do_call::h9ad4731a60ab23e2
[INFO] [stdout]                                at /rustc/df4ca44d3fbc9301ee17f30f4d474e6ae4b05252/library/std/src/panicking.rs:557:40
[INFO] [stdout]   30:     0x5c47b22d8057 - std::panicking::try::h3824d23db772a716
[INFO] [stdout]                                at /rustc/df4ca44d3fbc9301ee17f30f4d474e6ae4b05252/library/std/src/panicking.rs:520:19
[INFO] [stdout]   31:     0x5c47b22d8057 - std::panic::catch_unwind::h5afd514605fde46b
[INFO] [stdout]                                at /rustc/df4ca44d3fbc9301ee17f30f4d474e6ae4b05252/library/std/src/panic.rs:358:14
[INFO] [stdout]   32:     0x5c47b22d8057 - test::run_test_in_process::h0d5cbfa7067d1720
[INFO] [stdout]                                at /rustc/df4ca44d3fbc9301ee17f30f4d474e6ae4b05252/library/test/src/lib.rs:644:27
[INFO] [stdout]   33:     0x5c47b22d8057 - test::run_test::{{closure}}::h708eb8872708115d
[INFO] [stdout]                                at /rustc/df4ca44d3fbc9301ee17f30f4d474e6ae4b05252/library/test/src/lib.rs:565:43
[INFO] [stdout]   34:     0x5c47b229b774 - test::run_test::{{closure}}::h392c51cee94713ab
[INFO] [stdout]                                at /rustc/df4ca44d3fbc9301ee17f30f4d474e6ae4b05252/library/test/src/lib.rs:595:41
[INFO] [stdout]   35:     0x5c47b229b774 - std::sys::backtrace::__rust_begin_short_backtrace::h2f40290710935a8b
[INFO] [stdout]                                at /rustc/df4ca44d3fbc9301ee17f30f4d474e6ae4b05252/library/std/src/sys/backtrace.rs:154:18
[INFO] [stdout]   36:     0x5c47b229ef1e - std::thread::Builder::spawn_unchecked_::{{closure}}::{{closure}}::h3fd968d89053a903
[INFO] [stdout]                                at /rustc/df4ca44d3fbc9301ee17f30f4d474e6ae4b05252/library/std/src/thread/mod.rs:541:17
[INFO] [stdout]   37:     0x5c47b229ef1e - <core::panic::unwind_safe::AssertUnwindSafe<F> as core::ops::function::FnOnce<()>>::call_once::h743f637ba4229880
[INFO] [stdout]                                at /rustc/df4ca44d3fbc9301ee17f30f4d474e6ae4b05252/library/core/src/panic/unwind_safe.rs:272:9
[INFO] [stdout]   38:     0x5c47b229ef1e - std::panicking::try::do_call::h07440897322525a6
[INFO] [stdout]                                at /rustc/df4ca44d3fbc9301ee17f30f4d474e6ae4b05252/library/std/src/panicking.rs:557:40
[INFO] [stdout]   39:     0x5c47b229ef1e - std::panicking::try::he5a2e00188156637
[INFO] [stdout]                                at /rustc/df4ca44d3fbc9301ee17f30f4d474e6ae4b05252/library/std/src/panicking.rs:520:19
[INFO] [stdout]   40:     0x5c47b229ef1e - std::panic::catch_unwind::hbaf3cae49b3c6433
[INFO] [stdout]                                at /rustc/df4ca44d3fbc9301ee17f30f4d474e6ae4b05252/library/std/src/panic.rs:358:14
[INFO] [stdout]   41:     0x5c47b229ef1e - std::thread::Builder::spawn_unchecked_::{{closure}}::h8e141ea224820bce
[INFO] [stdout]                                at /rustc/df4ca44d3fbc9301ee17f30f4d474e6ae4b05252/library/std/src/thread/mod.rs:540:30
[INFO] [stdout]   42:     0x5c47b229ef1e - core::ops::function::FnOnce::call_once{{vtable.shim}}::h90d312fedd7b8ea8
[INFO] [stdout]                                at /rustc/df4ca44d3fbc9301ee17f30f4d474e6ae4b05252/library/core/src/ops/function.rs:250:5
[INFO] [stdout]   43:     0x5c47b2715f2b - <alloc::boxed::Box<F,A> as core::ops::function::FnOnce<Args>>::call_once::h69aa08ddb6adb8b6
[INFO] [stdout]                                at /rustc/df4ca44d3fbc9301ee17f30f4d474e6ae4b05252/library/alloc/src/boxed.rs:2454:9
[INFO] [stdout]   44:     0x5c47b2715f2b - <alloc::boxed::Box<F,A> as core::ops::function::FnOnce<Args>>::call_once::h5aa36efdb79c806f
[INFO] [stdout]                                at /rustc/df4ca44d3fbc9301ee17f30f4d474e6ae4b05252/library/alloc/src/boxed.rs:2454:9
[INFO] [stdout]   45:     0x5c47b2715f2b - std::sys::pal::unix::thread::Thread::new::thread_start::h6cd80a1b4be5158d
[INFO] [stdout]                                at /rustc/df4ca44d3fbc9301ee17f30f4d474e6ae4b05252/library/std/src/sys/pal/unix/thread.rs:105:17
[INFO] [stdout]   46:     0x73a1603d9ac3 - <unknown>
[INFO] [stdout]   47:     0x73a16046aa04 - clone
[INFO] [stdout]   48:                0x0 - <unknown>
[INFO] [stdout] 
[INFO] [stdout] 
[INFO] [stdout] failures:
[INFO] [stdout]     tessellate_shape::tessellate_shape
[INFO] [stdout] 
[INFO] [stdout] test result: FAILED. 37 passed; 1 failed; 0 ignored; 0 measured; 0 filtered out; finished in 10.14s
[INFO] [stdout] 
[INFO] [stderr] error: test failed, to rerun pass `--test input`
[INFO] running `Command { std: "docker" "inspect" "ee63a7ead160e32cbca4f3dc0bdc1c1a45dd1652692097a1d84a67cc3e51d3ca", kill_on_drop: false }`
[INFO] running `Command { std: "docker" "rm" "-f" "ee63a7ead160e32cbca4f3dc0bdc1c1a45dd1652692097a1d84a67cc3e51d3ca", kill_on_drop: false }`
[INFO] [stdout] ee63a7ead160e32cbca4f3dc0bdc1c1a45dd1652692097a1d84a67cc3e51d3ca
