[INFO] fetching crate trot 0.1.2...
[INFO] testing trot-0.1.2 against nightly-2024-10-28 for randomize-layout
[INFO] extracting crate trot 0.1.2 into /workspace/builds/worker-3-tc1/source
[INFO] validating manifest of crates.io crate trot 0.1.2 on toolchain nightly-2024-10-28
[INFO] running `Command { std: CARGO_HOME="/workspace/cargo-home" RUSTUP_HOME="/workspace/rustup-home" "/workspace/cargo-home/bin/cargo" "+nightly-2024-10-28" "metadata" "--manifest-path" "Cargo.toml" "--no-deps", kill_on_drop: false }`
[INFO] started tweaking crates.io crate trot 0.1.2
[INFO] finished tweaking crates.io crate trot 0.1.2
[INFO] tweaked toml for crates.io crate trot 0.1.2 written to /workspace/builds/worker-3-tc1/source/Cargo.toml
[INFO] running `Command { std: CARGO_HOME="/workspace/cargo-home" RUSTUP_HOME="/workspace/rustup-home" "/workspace/cargo-home/bin/cargo" "+nightly-2024-10-28" "generate-lockfile" "--manifest-path" "Cargo.toml", kill_on_drop: false }`
[INFO] [stderr]     Blocking waiting for file lock on package cache
[INFO] [stderr]     Blocking waiting for file lock on package cache
[INFO] running `Command { std: CARGO_HOME="/workspace/cargo-home" RUSTUP_HOME="/workspace/rustup-home" "/workspace/cargo-home/bin/cargo" "+nightly-2024-10-28" "fetch" "--manifest-path" "Cargo.toml", kill_on_drop: false }`
[INFO] [stderr]     Blocking waiting for file lock on package cache
[INFO] running `Command { std: "docker" "create" "-v" "/var/lib/crater-agent-workspace/builds/worker-3-tc1/target:/opt/rustwide/target:rw,Z" "-v" "/var/lib/crater-agent-workspace/builds/worker-3-tc1/source:/opt/rustwide/workdir:ro,Z" "-v" "/var/lib/crater-agent-workspace/cargo-home:/opt/rustwide/cargo-home:ro,Z" "-v" "/var/lib/crater-agent-workspace/rustup-home:/opt/rustwide/rustup-home:ro,Z" "-e" "SOURCE_DIR=/opt/rustwide/workdir" "-e" "CARGO_TARGET_DIR=/opt/rustwide/target" "-e" "CARGO_HOME=/opt/rustwide/cargo-home" "-e" "RUSTUP_HOME=/opt/rustwide/rustup-home" "-w" "/opt/rustwide/workdir" "-m" "1610612736" "--user" "0:0" "--network" "none" "ghcr.io/rust-lang/crates-build-env/linux@sha256:4a844ea9eb2546a2d2c7022eacef16ef2e8229c7fbb2c7d4d55a9ceca922f72d" "/opt/rustwide/cargo-home/bin/cargo" "+nightly-2024-10-28" "metadata" "--no-deps" "--format-version=1", kill_on_drop: false }`
[INFO] [stdout] cf21beeafd4880ec5c5c5ceb5f731187558c75ec1c04b3e2a2fdcdc01921dd97
[INFO] running `Command { std: "docker" "start" "-a" "cf21beeafd4880ec5c5c5ceb5f731187558c75ec1c04b3e2a2fdcdc01921dd97", kill_on_drop: false }`
[INFO] running `Command { std: "docker" "inspect" "cf21beeafd4880ec5c5c5ceb5f731187558c75ec1c04b3e2a2fdcdc01921dd97", kill_on_drop: false }`
[INFO] running `Command { std: "docker" "rm" "-f" "cf21beeafd4880ec5c5c5ceb5f731187558c75ec1c04b3e2a2fdcdc01921dd97", kill_on_drop: false }`
[INFO] [stdout] cf21beeafd4880ec5c5c5ceb5f731187558c75ec1c04b3e2a2fdcdc01921dd97
[INFO] running `Command { std: "docker" "create" "-v" "/var/lib/crater-agent-workspace/builds/worker-3-tc1/target:/opt/rustwide/target:rw,Z" "-v" "/var/lib/crater-agent-workspace/builds/worker-3-tc1/source:/opt/rustwide/workdir:ro,Z" "-v" "/var/lib/crater-agent-workspace/cargo-home:/opt/rustwide/cargo-home:ro,Z" "-v" "/var/lib/crater-agent-workspace/rustup-home:/opt/rustwide/rustup-home:ro,Z" "-e" "SOURCE_DIR=/opt/rustwide/workdir" "-e" "CARGO_TARGET_DIR=/opt/rustwide/target" "-e" "CARGO_INCREMENTAL=0" "-e" "RUST_BACKTRACE=full" "-e" "RUSTFLAGS=--cap-lints=forbid" "-e" "RUSTDOCFLAGS=--cap-lints=forbid" "-e" "CARGO_HOME=/opt/rustwide/cargo-home" "-e" "RUSTUP_HOME=/opt/rustwide/rustup-home" "-w" "/opt/rustwide/workdir" "-m" "1610612736" "--user" "0:0" "--network" "none" "ghcr.io/rust-lang/crates-build-env/linux@sha256:4a844ea9eb2546a2d2c7022eacef16ef2e8229c7fbb2c7d4d55a9ceca922f72d" "/opt/rustwide/cargo-home/bin/cargo" "+nightly-2024-10-28" "build" "--frozen" "--message-format=json", kill_on_drop: false }`
[INFO] [stdout] 062032ebb8e37849a1ae5ba923241fc2903b41ca9b950f1ac938bcac1683f12f
[INFO] running `Command { std: "docker" "start" "-a" "062032ebb8e37849a1ae5ba923241fc2903b41ca9b950f1ac938bcac1683f12f", kill_on_drop: false }`
[INFO] [stderr]    Compiling trot v0.1.2 (/opt/rustwide/workdir)
[INFO] [stderr]     Finished `dev` profile [unoptimized + debuginfo] target(s) in 0.04s
[INFO] running `Command { std: "docker" "inspect" "062032ebb8e37849a1ae5ba923241fc2903b41ca9b950f1ac938bcac1683f12f", kill_on_drop: false }`
[INFO] running `Command { std: "docker" "rm" "-f" "062032ebb8e37849a1ae5ba923241fc2903b41ca9b950f1ac938bcac1683f12f", kill_on_drop: false }`
[INFO] [stdout] 062032ebb8e37849a1ae5ba923241fc2903b41ca9b950f1ac938bcac1683f12f
[INFO] running `Command { std: "docker" "create" "-v" "/var/lib/crater-agent-workspace/builds/worker-3-tc1/target:/opt/rustwide/target:rw,Z" "-v" "/var/lib/crater-agent-workspace/builds/worker-3-tc1/source:/opt/rustwide/workdir:ro,Z" "-v" "/var/lib/crater-agent-workspace/cargo-home:/opt/rustwide/cargo-home:ro,Z" "-v" "/var/lib/crater-agent-workspace/rustup-home:/opt/rustwide/rustup-home:ro,Z" "-e" "SOURCE_DIR=/opt/rustwide/workdir" "-e" "CARGO_TARGET_DIR=/opt/rustwide/target" "-e" "CARGO_INCREMENTAL=0" "-e" "RUST_BACKTRACE=full" "-e" "RUSTFLAGS=--cap-lints=forbid" "-e" "RUSTDOCFLAGS=--cap-lints=forbid" "-e" "CARGO_HOME=/opt/rustwide/cargo-home" "-e" "RUSTUP_HOME=/opt/rustwide/rustup-home" "-w" "/opt/rustwide/workdir" "-m" "1610612736" "--user" "0:0" "--network" "none" "ghcr.io/rust-lang/crates-build-env/linux@sha256:4a844ea9eb2546a2d2c7022eacef16ef2e8229c7fbb2c7d4d55a9ceca922f72d" "/opt/rustwide/cargo-home/bin/cargo" "+nightly-2024-10-28" "test" "--frozen" "--no-run" "--message-format=json", kill_on_drop: false }`
[INFO] [stdout] fbf4a441b65e873671bdf2d5187c3531173c5a89652d11fc9014c2245514dfa6
[INFO] running `Command { std: "docker" "start" "-a" "fbf4a441b65e873671bdf2d5187c3531173c5a89652d11fc9014c2245514dfa6", kill_on_drop: false }`
[INFO] [stderr]    Compiling trot v0.1.2 (/opt/rustwide/workdir)
[INFO] [stderr]     Finished `test` profile [unoptimized + debuginfo] target(s) in 0.32s
[INFO] running `Command { std: "docker" "inspect" "fbf4a441b65e873671bdf2d5187c3531173c5a89652d11fc9014c2245514dfa6", kill_on_drop: false }`
[INFO] running `Command { std: "docker" "rm" "-f" "fbf4a441b65e873671bdf2d5187c3531173c5a89652d11fc9014c2245514dfa6", kill_on_drop: false }`
[INFO] [stdout] fbf4a441b65e873671bdf2d5187c3531173c5a89652d11fc9014c2245514dfa6
[INFO] running `Command { std: "docker" "create" "-v" "/var/lib/crater-agent-workspace/builds/worker-3-tc1/target:/opt/rustwide/target:rw,Z" "-v" "/var/lib/crater-agent-workspace/builds/worker-3-tc1/source:/opt/rustwide/workdir:ro,Z" "-v" "/var/lib/crater-agent-workspace/cargo-home:/opt/rustwide/cargo-home:ro,Z" "-v" "/var/lib/crater-agent-workspace/rustup-home:/opt/rustwide/rustup-home:ro,Z" "-e" "SOURCE_DIR=/opt/rustwide/workdir" "-e" "CARGO_TARGET_DIR=/opt/rustwide/target" "-e" "CARGO_INCREMENTAL=0" "-e" "RUST_BACKTRACE=full" "-e" "RUSTFLAGS=--cap-lints=forbid" "-e" "RUSTDOCFLAGS=--cap-lints=forbid" "-e" "CARGO_HOME=/opt/rustwide/cargo-home" "-e" "RUSTUP_HOME=/opt/rustwide/rustup-home" "-w" "/opt/rustwide/workdir" "-m" "1610612736" "--user" "0:0" "--network" "none" "ghcr.io/rust-lang/crates-build-env/linux@sha256:4a844ea9eb2546a2d2c7022eacef16ef2e8229c7fbb2c7d4d55a9ceca922f72d" "/opt/rustwide/cargo-home/bin/cargo" "+nightly-2024-10-28" "test" "--frozen", kill_on_drop: false }`
[INFO] [stdout] 8c6d2b4152fe3010ecbb1b9ecc90004736c9a42ffdae9fa1782143533d08672d
[INFO] running `Command { std: "docker" "start" "-a" "8c6d2b4152fe3010ecbb1b9ecc90004736c9a42ffdae9fa1782143533d08672d", kill_on_drop: false }`
[INFO] [stderr]     Finished `test` profile [unoptimized + debuginfo] target(s) in 0.01s
[INFO] [stderr]      Running unittests src/lib.rs (/opt/rustwide/target/debug/deps/trot-7ed5e526bda12b7a)
[INFO] [stdout] 
[INFO] [stdout] running 5 tests
[INFO] [stdout] test tests::compare ... ok
[INFO] [stdout] test tests::dedup ... ok
[INFO] [stdout] test tests::extend ... ok
[INFO] [stdout] test tests::sort ... ok
[INFO] [stdout] test tests::sort_and_dedup ... ok
[INFO] [stdout] 
[INFO] [stdout] test result: ok. 5 passed; 0 failed; 0 ignored; 0 measured; 0 filtered out; finished in 0.00s
[INFO] [stdout] 
[INFO] [stderr]    Doc-tests trot
[INFO] [stdout] 
[INFO] [stdout] running 3 tests
[INFO] [stdout] test src/../readme.md - (line 8) ... FAILED
[INFO] [stdout] test src/../readme.md - (line 14) ... FAILED
[INFO] [stdout] test src/../readme.md - (line 22) ... ok
[INFO] [stdout] 
[INFO] [stdout] failures:
[INFO] [stdout] 
[INFO] [stdout] ---- src/../readme.md - (line 8) stdout ----
[INFO] [stdout] error[E0599]: no method named `sort_vec` found for struct `Vec<{integer}>` in the current scope
[INFO] [stdout]  --> src/../readme.md:9:34
[INFO] [stdout]   |
[INFO] [stdout] 3 | let vec = vec![2, 1, 1, 2, 0, 3].sort_vec();
[INFO] [stdout]   |                                  ^^^^^^^^
[INFO] [stdout]   |
[INFO] [stdout] help: there is a method `sort` with a similar name
[INFO] [stdout]   |
[INFO] [stdout] 3 | let vec = vec![2, 1, 1, 2, 0, 3].sort();
[INFO] [stdout]   |                                  ~~~~
[INFO] [stdout] 
[INFO] [stdout] error: aborting due to 1 previous error
[INFO] [stdout] 
[INFO] [stdout] For more information about this error, try `rustc --explain E0599`.
[INFO] [stdout] Couldn't compile the test.
[INFO] [stdout] ---- src/../readme.md - (line 14) stdout ----
[INFO] [stdout] error[E0599]: no method named `dedup_vec` found for struct `Vec<{integer}>` in the current scope
[INFO] [stdout]  --> src/../readme.md:15:34
[INFO] [stdout]   |
[INFO] [stdout] 3 | let vec = vec![2, 1, 1, 0, 0, 3].dedup_vec();
[INFO] [stdout]   |                                  ^^^^^^^^^
[INFO] [stdout]   |
[INFO] [stdout] help: there is a method `dedup` with a similar name
[INFO] [stdout]   |
[INFO] [stdout] 3 | let vec = vec![2, 1, 1, 0, 0, 3].dedup();
[INFO] [stdout]   |                                  ~~~~~
[INFO] [stdout] 
[INFO] [stdout] error: aborting due to 1 previous error
[INFO] [stdout] 
[INFO] [stdout] For more information about this error, try `rustc --explain E0599`.
[INFO] [stdout] Couldn't compile the test.
[INFO] [stdout] 
[INFO] [stdout] failures:
[INFO] [stdout]     src/../readme.md - (line 14)
[INFO] [stdout]     src/../readme.md - (line 8)
[INFO] [stdout] 
[INFO] [stdout] test result: FAILED. 1 passed; 2 failed; 0 ignored; 0 measured; 0 filtered out; finished in 0.22s
[INFO] [stdout] 
[INFO] [stderr] error: doctest failed, to rerun pass `--doc`
[INFO] running `Command { std: "docker" "inspect" "8c6d2b4152fe3010ecbb1b9ecc90004736c9a42ffdae9fa1782143533d08672d", kill_on_drop: false }`
[INFO] running `Command { std: "docker" "rm" "-f" "8c6d2b4152fe3010ecbb1b9ecc90004736c9a42ffdae9fa1782143533d08672d", kill_on_drop: false }`
[INFO] [stdout] 8c6d2b4152fe3010ecbb1b9ecc90004736c9a42ffdae9fa1782143533d08672d
