[INFO] fetching crate trident-client 0.8.0...
[INFO] testing trident-client-0.8.0 against nightly-2024-10-28 for randomize-layout
[INFO] extracting crate trident-client 0.8.0 into /workspace/builds/worker-3-tc1/source
[INFO] validating manifest of crates.io crate trident-client 0.8.0 on toolchain nightly-2024-10-28
[INFO] running `Command { std: CARGO_HOME="/workspace/cargo-home" RUSTUP_HOME="/workspace/rustup-home" "/workspace/cargo-home/bin/cargo" "+nightly-2024-10-28" "metadata" "--manifest-path" "Cargo.toml" "--no-deps", kill_on_drop: false }`
[INFO] started tweaking crates.io crate trident-client 0.8.0
[INFO] finished tweaking crates.io crate trident-client 0.8.0
[INFO] tweaked toml for crates.io crate trident-client 0.8.0 written to /workspace/builds/worker-3-tc1/source/Cargo.toml
[INFO] running `Command { std: CARGO_HOME="/workspace/cargo-home" RUSTUP_HOME="/workspace/rustup-home" "/workspace/cargo-home/bin/cargo" "+nightly-2024-10-28" "generate-lockfile" "--manifest-path" "Cargo.toml", kill_on_drop: false }`
[INFO] [stderr]     Updating crates.io index
[INFO] [stderr]     Blocking waiting for file lock on package cache
[INFO] [stderr]      Locking 594 packages to latest compatible versions
[INFO] [stderr]       Adding blake3 v1.5.1 (available: v1.5.4)
[INFO] [stderr]       Adding quinn-proto v0.10.6 (available: v0.11.8)
[INFO] [stderr]       Adding solana-program-test v1.18.26 (available: v2.1.0)
[INFO] [stderr]       Adding solana-sdk v1.18.26 (available: v2.1.0)
[INFO] [stderr]       Adding solana_rbpf v0.8.3 (available: v0.8.5)
[INFO] [stderr]       Adding spl-memo v4.0.0 (available: v4.0.4)
[INFO] [stderr]       Adding spl-token v4.0.0 (available: v4.0.3)
[INFO] [stderr]       Adding subtle v2.4.1 (available: v2.6.1)
[INFO] [stderr]       Adding zeroize v1.3.0 (available: v1.8.1)
[INFO] running `Command { std: CARGO_HOME="/workspace/cargo-home" RUSTUP_HOME="/workspace/rustup-home" "/workspace/cargo-home/bin/cargo" "+nightly-2024-10-28" "fetch" "--manifest-path" "Cargo.toml", kill_on_drop: false }`
[INFO] [stderr]  Downloading crates ...
[INFO] [stderr]   Downloaded trident-derive-displayix v0.0.3
[INFO] [stderr]   Downloaded trident-derive-fuzz-test-executor v0.0.3
[INFO] [stderr]   Downloaded honggfuzz v0.5.56
[INFO] [stderr]   Downloaded trident-derive-accounts-snapshots v0.0.2
[INFO] [stderr]   Downloaded trident-fuzz v0.2.0
[INFO] [stderr]   Downloaded afl v0.15.11
[INFO] running `Command { std: "docker" "create" "-v" "/var/lib/crater-agent-workspace/builds/worker-3-tc1/target:/opt/rustwide/target:rw,Z" "-v" "/var/lib/crater-agent-workspace/builds/worker-3-tc1/source:/opt/rustwide/workdir:ro,Z" "-v" "/var/lib/crater-agent-workspace/cargo-home:/opt/rustwide/cargo-home:ro,Z" "-v" "/var/lib/crater-agent-workspace/rustup-home:/opt/rustwide/rustup-home:ro,Z" "-e" "SOURCE_DIR=/opt/rustwide/workdir" "-e" "CARGO_TARGET_DIR=/opt/rustwide/target" "-e" "CARGO_HOME=/opt/rustwide/cargo-home" "-e" "RUSTUP_HOME=/opt/rustwide/rustup-home" "-w" "/opt/rustwide/workdir" "-m" "1610612736" "--user" "0:0" "--network" "none" "ghcr.io/rust-lang/crates-build-env/linux@sha256:4a844ea9eb2546a2d2c7022eacef16ef2e8229c7fbb2c7d4d55a9ceca922f72d" "/opt/rustwide/cargo-home/bin/cargo" "+nightly-2024-10-28" "metadata" "--no-deps" "--format-version=1", kill_on_drop: false }`
[INFO] [stdout] 705858b800ffc09be17fe59ce37db63314f2e67d7c23c8618f059599c03dc5a6
[INFO] running `Command { std: "docker" "start" "-a" "705858b800ffc09be17fe59ce37db63314f2e67d7c23c8618f059599c03dc5a6", kill_on_drop: false }`
[INFO] running `Command { std: "docker" "inspect" "705858b800ffc09be17fe59ce37db63314f2e67d7c23c8618f059599c03dc5a6", kill_on_drop: false }`
[INFO] running `Command { std: "docker" "rm" "-f" "705858b800ffc09be17fe59ce37db63314f2e67d7c23c8618f059599c03dc5a6", kill_on_drop: false }`
[INFO] [stdout] 705858b800ffc09be17fe59ce37db63314f2e67d7c23c8618f059599c03dc5a6
[INFO] running `Command { std: "docker" "create" "-v" "/var/lib/crater-agent-workspace/builds/worker-3-tc1/target:/opt/rustwide/target:rw,Z" "-v" "/var/lib/crater-agent-workspace/builds/worker-3-tc1/source:/opt/rustwide/workdir:ro,Z" "-v" "/var/lib/crater-agent-workspace/cargo-home:/opt/rustwide/cargo-home:ro,Z" "-v" "/var/lib/crater-agent-workspace/rustup-home:/opt/rustwide/rustup-home:ro,Z" "-e" "SOURCE_DIR=/opt/rustwide/workdir" "-e" "CARGO_TARGET_DIR=/opt/rustwide/target" "-e" "CARGO_INCREMENTAL=0" "-e" "RUST_BACKTRACE=full" "-e" "RUSTFLAGS=--cap-lints=forbid" "-e" "RUSTDOCFLAGS=--cap-lints=forbid" "-e" "CARGO_HOME=/opt/rustwide/cargo-home" "-e" "RUSTUP_HOME=/opt/rustwide/rustup-home" "-w" "/opt/rustwide/workdir" "-m" "1610612736" "--user" "0:0" "--network" "none" "ghcr.io/rust-lang/crates-build-env/linux@sha256:4a844ea9eb2546a2d2c7022eacef16ef2e8229c7fbb2c7d4d55a9ceca922f72d" "/opt/rustwide/cargo-home/bin/cargo" "+nightly-2024-10-28" "build" "--frozen" "--message-format=json", kill_on_drop: false }`
[INFO] [stdout] a5e4a7bc12be945a98f9ff3c66737f42397451ceb18e5f2159c698e2cf40290c
[INFO] running `Command { std: "docker" "start" "-a" "a5e4a7bc12be945a98f9ff3c66737f42397451ceb18e5f2159c698e2cf40290c", kill_on_drop: false }`
[INFO] [stderr]    Compiling proc-macro2 v1.0.89
[INFO] [stderr]    Compiling unicode-ident v1.0.13
[INFO] [stderr]    Compiling serde v1.0.214
[INFO] [stderr]    Compiling libc v0.2.161
[INFO] [stderr]    Compiling typenum v1.17.0
[INFO] [stderr]    Compiling syn v1.0.109
[INFO] [stderr]    Compiling generic-array v0.14.7
[INFO] [stderr]    Compiling memchr v2.7.4
[INFO] [stderr]    Compiling subtle v2.4.1
[INFO] [stderr]    Compiling semver v1.0.23
[INFO] [stderr]    Compiling byteorder v1.5.0
[INFO] [stderr]    Compiling num-traits v0.2.19
[INFO] [stderr]    Compiling thiserror v1.0.66
[INFO] [stderr]    Compiling cpufeatures v0.2.14
[INFO] [stderr]    Compiling log v0.4.22
[INFO] [stderr]    Compiling serde_json v1.0.132
[INFO] [stderr]    Compiling anyhow v1.0.92
[INFO] [stderr]    Compiling either v1.13.0
[INFO] [stderr]    Compiling tinyvec_macros v0.1.1
[INFO] [stderr]    Compiling getrandom v0.1.16
[INFO] [stderr]    Compiling tinyvec v1.8.0
[INFO] [stderr]    Compiling quote v1.0.37
[INFO] [stderr]    Compiling proc-macro-error-attr v1.0.4
[INFO] [stderr]    Compiling syn v2.0.86
[INFO] [stderr]    Compiling num-integer v0.1.46
[INFO] [stderr]    Compiling opaque-debug v0.3.1
[INFO] [stderr]    Compiling itertools v0.10.5
[INFO] [stderr]    Compiling proc-macro-error v1.0.4
[INFO] [stderr]    Compiling ahash v0.7.8
[INFO] [stderr]    Compiling num-bigint v0.4.6
[INFO] [stderr]    Compiling crunchy v0.2.2
[INFO] [stderr]    Compiling getrandom v0.2.15
[INFO] [stderr]    Compiling jobserver v0.1.32
[INFO] [stderr]    Compiling rand_core v0.6.4
[INFO] [stderr]    Compiling cc v1.1.31
[INFO] [stderr]    Compiling rand_core v0.5.1
[INFO] [stderr]    Compiling block-padding v0.2.1
[INFO] [stderr]    Compiling winnow v0.6.20
[INFO] [stderr]    Compiling paste v1.0.15
[INFO] [stderr]    Compiling unicode-normalization v0.1.24
[INFO] [stderr]    Compiling wasm-bindgen-shared v0.2.95
[INFO] [stderr]    Compiling base64 v0.21.7
[INFO] [stderr]    Compiling rustversion v1.0.18
[INFO] [stderr]    Compiling feature-probe v0.1.1
[INFO] [stderr]    Compiling bumpalo v3.16.0
[INFO] [stderr]    Compiling rayon v1.10.0
[INFO] [stderr]    Compiling bv v0.11.1
[INFO] [stderr]    Compiling bitmaps v2.1.0
[INFO] [stderr]    Compiling aho-corasick v1.1.3
[INFO] [stderr]    Compiling im v15.1.0
[INFO] [stderr]    Compiling keccak v0.1.5
[INFO] [stderr]    Compiling cfg_aliases v0.2.1
[INFO] [stderr]    Compiling rustc-hash v1.1.0
[INFO] [stderr]    Compiling borsh v1.5.1
[INFO] [stderr]    Compiling blake3 v1.5.1
[INFO] [stderr]    Compiling sized-chunks v0.6.5
[INFO] [stderr]    Compiling rand_xoshiro v0.6.0
[INFO] [stderr]    Compiling memoffset v0.9.1
[INFO] [stderr]    Compiling wasm-bindgen v0.2.95
[INFO] [stderr]    Compiling pin-project-lite v0.2.15
[INFO] [stderr]    Compiling regex-automata v0.4.8
[INFO] [stderr]    Compiling bs58 v0.4.0
[INFO] [stderr]    Compiling arrayref v0.3.9
[INFO] [stderr]    Compiling borsh-derive-internal v0.10.4
[INFO] [stderr]    Compiling borsh-schema-derive-internal v0.9.3
[INFO] [stderr]    Compiling borsh-derive-internal v0.9.3
[INFO] [stderr]    Compiling wasm-bindgen-backend v0.2.95
[INFO] [stderr]    Compiling borsh-schema-derive-internal v0.10.4
[INFO] [stderr]    Compiling hashbrown v0.11.2
[INFO] [stderr]    Compiling memmap2 v0.5.10
[INFO] [stderr]    Compiling constant_time_eq v0.3.1
[INFO] [stderr]    Compiling base64 v0.12.3
[INFO] [stderr]    Compiling strsim v0.11.1
[INFO] [stderr]    Compiling ident_case v1.0.1
[INFO] [stderr]    Compiling atty v0.2.14
[INFO] [stderr]    Compiling wasm-bindgen-macro-support v0.2.95
[INFO] [stderr]    Compiling darling_core v0.20.10
[INFO] [stderr]    Compiling bytes v1.8.0
[INFO] [stderr]    Compiling scopeguard v1.2.0
[INFO] [stderr]    Compiling lock_api v0.4.12
[INFO] [stderr]    Compiling regex v1.11.1
[INFO] [stderr]    Compiling parking_lot_core v0.9.10
[INFO] [stderr]    Compiling humantime v2.1.0
[INFO] [stderr]    Compiling signature v1.6.4
[INFO] [stderr]    Compiling termcolor v1.4.1
[INFO] [stderr]    Compiling ed25519 v1.5.3
[INFO] [stderr]    Compiling iana-time-zone v0.1.61
[INFO] [stderr]    Compiling parking_lot v0.12.3
[INFO] [stderr]    Compiling derivation-path v0.2.0
[INFO] [stderr]    Compiling env_logger v0.9.3
[INFO] [stderr]    Compiling qstring v0.7.2
[INFO] [stderr]    Compiling uriparse v0.6.4
[INFO] [stderr]    Compiling solana-logger v1.18.26
[INFO] [stderr]    Compiling siphasher v0.3.11
[INFO] [stderr]    Compiling assert_matches v1.5.0
[INFO] [stderr]    Compiling socket2 v0.5.7
[INFO] [stderr]    Compiling mio v1.0.2
[INFO] [stderr]    Compiling signal-hook-registry v1.4.2
[INFO] [stderr]    Compiling ark-serialize-derive v0.4.2
[INFO] [stderr]    Compiling derivative v2.2.0
[INFO] [stderr]    Compiling serde_derive v1.0.214
[INFO] [stderr]    Compiling thiserror-impl v1.0.66
[INFO] [stderr]    Compiling zerocopy-derive v0.7.35
[INFO] [stderr]    Compiling zeroize_derive v1.4.2
[INFO] [stderr]    Compiling ark-ff-macros v0.4.2
[INFO] [stderr]    Compiling ark-ff-asm v0.4.2
[INFO] [stderr]    Compiling syn_derive v0.1.8
[INFO] [stderr]    Compiling zeroize v1.3.0
[INFO] [stderr]    Compiling zerocopy v0.7.35
[INFO] [stderr]    Compiling bytemuck_derive v1.8.0
[INFO] [stderr]    Compiling wasm-bindgen-macro v0.2.95
[INFO] [stderr]    Compiling num-derive v0.4.2
[INFO] [stderr]    Compiling solana-sdk-macro v1.18.26
[INFO] [stderr]    Compiling ppv-lite86 v0.2.20
[INFO] [stderr]    Compiling ahash v0.8.11
[INFO] [stderr]    Compiling hashbrown v0.13.2
[INFO] [stderr]    Compiling darling_macro v0.20.10
[INFO] [stderr]    Compiling qualifier_attr v0.2.2
[INFO] [stderr]    Compiling rand_chacha v0.3.1
[INFO] [stderr]    Compiling rand v0.8.5
[INFO] [stderr]    Compiling rand_chacha v0.2.2
[INFO] [stderr]    Compiling bytemuck v1.19.0
[INFO] [stderr]    Compiling darling v0.20.10
[INFO] [stderr]    Compiling rand v0.7.3
[INFO] [stderr]    Compiling serde_with_macros v2.3.3
[INFO] [stderr]    Compiling tokio-macros v2.4.0
[INFO] [stderr]    Compiling futures-macro v0.3.31
[INFO] [stderr]    Compiling futures-channel v0.3.31
[INFO] [stderr]    Compiling ring v0.17.8
[INFO] [stderr]    Compiling futures-io v0.3.31
[INFO] [stderr]    Compiling ark-std v0.4.0
[INFO] [stderr]    Compiling tracing-core v0.1.32
[INFO] [stderr]    Compiling tracing-attributes v0.1.27
[INFO] [stderr]    Compiling tokio v1.41.0
[INFO] [stderr]    Compiling untrusted v0.9.0
[INFO] [stderr]    Compiling futures-util v0.3.31
[INFO] [stderr]    Compiling spin v0.9.8
[INFO] [stderr]    Compiling rustls v0.21.12
[INFO] [stderr]    Compiling http v0.2.12
[INFO] [stderr]    Compiling form_urlencoded v1.2.1
[INFO] [stderr]    Compiling unicode-bidi v0.3.17
[INFO] [stderr]    Compiling crossbeam-channel v0.5.13
[INFO] [stderr]    Compiling idna v0.5.0
[INFO] [stderr]    Compiling alloc-no-stdlib v2.0.4
[INFO] [stderr]    Compiling alloc-stdlib v0.2.2
[INFO] [stderr]    Compiling tracing v0.1.40
[INFO] [stderr]    Compiling rustls-pemfile v1.0.4
[INFO] [stderr]    Compiling url v2.5.2
[INFO] [stderr]    Compiling miniz_oxide v0.8.0
[INFO] [stderr]    Compiling brotli-decompressor v4.0.1
[INFO] [stderr]    Compiling http-body v0.4.6
[INFO] [stderr]    Compiling num-bigint v0.2.6
[INFO] [stderr]    Compiling crc32fast v1.4.2
[INFO] [stderr]    Compiling num-complex v0.2.4
[INFO] [stderr]    Compiling brotli v7.0.0
[INFO] [stderr]    Compiling flate2 v1.0.34
[INFO] [stderr]    Compiling num-rational v0.2.4
[INFO] [stderr]    Compiling webpki-roots v0.25.4
[INFO] [stderr]    Compiling scroll_derive v0.11.1
[INFO] [stderr]    Compiling rustc_version v0.4.1
[INFO] [stderr]    Compiling toml_datetime v0.6.8
[INFO] [stderr]    Compiling crypto-common v0.1.6
[INFO] [stderr]    Compiling block-buffer v0.10.4
[INFO] [stderr]    Compiling digest v0.9.0
[INFO] [stderr]    Compiling serde_spanned v0.6.8
[INFO] [stderr]    Compiling digest v0.10.7
[INFO] [stderr]    Compiling block-buffer v0.9.0
[INFO] [stderr]    Compiling toml_edit v0.22.22
[INFO] [stderr]    Compiling libsecp256k1-core v0.2.2
[INFO] [stderr]    Compiling sha2 v0.10.8
[INFO] [stderr]    Compiling ark-serialize v0.4.2
[INFO] [stderr]    Compiling crypto-mac v0.8.0
[INFO] [stderr]    Compiling toml v0.5.11
[INFO] [stderr]    Compiling bitflags v2.6.0
[INFO] [stderr]    Compiling ark-ff v0.4.2
[INFO] [stderr]    Compiling sha2 v0.9.9
[INFO] [stderr]    Compiling libsecp256k1-gen-genmult v0.2.1
[INFO] [stderr]    Compiling libsecp256k1-gen-ecmult v0.2.1
[INFO] [stderr]    Compiling hmac v0.8.1
[INFO] [stderr]    Compiling solana-frozen-abi-macro v1.18.26
[INFO] [stderr]    Compiling libsecp256k1 v0.6.0
[INFO] [stderr]    Compiling curve25519-dalek v3.2.1
[INFO] [stderr]    Compiling solana-frozen-abi v1.18.26
[INFO] [stderr]    Compiling proc-macro-crate v0.1.5
[INFO] [stderr]    Compiling bincode v1.3.3
[INFO] [stderr]    Compiling proc-macro-crate v3.2.0
[INFO] [stderr]    Compiling borsh-derive v0.9.3
[INFO] [stderr]    Compiling borsh-derive v0.10.4
[INFO] [stderr]    Compiling hmac-drbg v0.3.0
[INFO] [stderr]    Compiling pbkdf2 v0.4.0
[INFO] [stderr]    Compiling solana-program v1.18.26
[INFO] [stderr]    Compiling serde_bytes v0.11.15
[INFO] [stderr]    Compiling tiny-bip39 v0.8.2
[INFO] [stderr]    Compiling borsh v0.10.4
[INFO] [stderr]    Compiling borsh v0.9.3
[INFO] [stderr]    Compiling sha3 v0.10.8
[INFO] [stderr]    Compiling ed25519-dalek v1.0.1
[INFO] [stderr]    Compiling hmac v0.12.1
[INFO] [stderr]    Compiling solana-sdk v1.18.26
[INFO] [stderr]    Compiling chrono v0.4.38
[INFO] [stderr]    Compiling ed25519-dalek-bip32 v0.2.0
[INFO] [stderr]    Compiling borsh-derive v1.5.1
[INFO] [stderr]    Compiling num_enum_derive v0.7.3
[INFO] [stderr]    Compiling pbkdf2 v0.11.0
[INFO] [stderr]    Compiling serde_with v2.3.3
[INFO] [stderr]    Compiling tokio-util v0.7.12
[INFO] [stderr]    Compiling h2 v0.3.26
[INFO] [stderr]    Compiling async-compression v0.4.17
[INFO] [stderr]    Compiling num_enum v0.7.3
[INFO] [stderr]    Compiling serde_urlencoded v0.7.1
[INFO] [stderr]    Compiling rustls-webpki v0.101.7
[INFO] [stderr]    Compiling sct v0.7.1
[INFO] [stderr]    Compiling encoding_rs v0.8.35
[INFO] [stderr]    Compiling ipnet v2.10.1
[INFO] [stderr]    Compiling void v1.0.2
[INFO] [stderr]    Compiling unreachable v1.0.0
[INFO] [stderr]    Compiling scroll v0.11.0
[INFO] [stderr]    Compiling gethostname v0.2.3
[INFO] [stderr]    Compiling num-iter v0.1.45
[INFO] [stderr]    Compiling plain v0.2.3
[INFO] [stderr]    Compiling ascii v0.9.3
[INFO] [stderr]    Compiling goblin v0.5.4
[INFO] [stderr]    Compiling solana-program-runtime v1.18.26
[INFO] [stderr]    Compiling num v0.2.1
[INFO] [stderr]    Compiling combine v3.8.1
[INFO] [stderr]    Compiling enum-iterator-derive v1.4.0
[INFO] [stderr]    Compiling hash32 v0.2.1
[INFO] [stderr]    Compiling percentage v0.1.0
[INFO] [stderr]    Compiling ark-poly v0.4.2
[INFO] [stderr]    Compiling eager v0.1.0
[INFO] [stderr]    Compiling cipher v0.3.0
[INFO] [stderr]    Compiling tokio-rustls v0.24.1
[INFO] [stderr]    Compiling universal-hash v0.4.1
[INFO] [stderr]    Compiling aes v0.7.5
[INFO] [stderr]    Compiling enum-iterator v1.5.0
[INFO] [stderr]    Compiling polyval v0.5.3
[INFO] [stderr]    Compiling ark-ec v0.4.2
[INFO] [stderr]    Compiling hyper v0.14.31
[INFO] [stderr]    Compiling ctr v0.8.0
[INFO] [stderr]    Compiling aead v0.4.3
[INFO] [stderr]    Compiling aes-gcm-siv v0.10.3
[INFO] [stderr]    Compiling sha3 v0.9.1
[INFO] [stderr]    Compiling merlin v3.0.0
[INFO] [stderr]    Compiling pkg-config v0.3.31
[INFO] [stderr]    Compiling spl-program-error-derive v0.3.2
[INFO] [stderr]    Compiling ark-bn254 v0.4.0
[INFO] [stderr]    Compiling solana_rbpf v0.8.3
[INFO] [stderr]    Compiling spl-discriminator-syn v0.1.2
[INFO] [stderr]    Compiling winnow v0.5.40
[INFO] [stderr]    Compiling zstd-sys v2.0.13+zstd.1.5.6
[INFO] [stderr]    Compiling light-poseidon v0.2.0
[INFO] [stderr]    Compiling spl-discriminator-derive v0.1.2
[INFO] [stderr]    Compiling solana-vote-program v1.18.26
[INFO] [stderr]    Compiling futures-executor v0.3.31
[INFO] [stderr]    Compiling powerfmt v0.2.0
[INFO] [stderr]    Compiling time-core v0.1.2
[INFO] [stderr]    Compiling num-conv v0.1.0
[INFO] [stderr]    Compiling deranged v0.3.11
[INFO] [stderr]    Compiling time-macros v0.2.18
[INFO] [stderr]    Compiling hyper-rustls v0.24.2
[INFO] [stderr]    Compiling toml_edit v0.19.15
[INFO] [stderr]    Compiling Inflector v0.11.4
[INFO] [stderr]    Compiling reqwest v0.11.27
[INFO] [stderr]    Compiling zstd-safe v5.0.2+zstd.1.5.2
[INFO] [stderr]    Compiling solana-version v1.18.26
[INFO] [stderr]    Compiling async-trait v0.1.83
[INFO] [stderr]    Compiling time v0.3.36
[INFO] [stderr]    Compiling num-derive v0.3.3
[INFO] [stderr]    Compiling proc-macro-crate v1.3.1
[INFO] [stderr]    Compiling rustix v0.38.38
[INFO] [stderr]    Compiling unicode-width v0.1.14
[INFO] [stderr]    Compiling futures v0.3.31
[INFO] [stderr]    Compiling ring v0.16.20
[INFO] [stderr]    Compiling linux-raw-sys v0.4.14
[INFO] [stderr]    Compiling solana-security-txt v1.1.1
[INFO] [stderr]    Compiling num_enum_derive v0.6.1
[INFO] [stderr]    Compiling unicode-segmentation v1.12.0
[INFO] [stderr]    Compiling untrusted v0.7.1
[INFO] [stderr]    Compiling spin v0.5.2
[INFO] [stderr]    Compiling memoffset v0.7.1
[INFO] [stderr]    Compiling num_enum v0.6.1
[INFO] [stderr]    Compiling base64 v0.13.1
[INFO] [stderr]    Compiling minimal-lexical v0.2.1
[INFO] [stderr]    Compiling unicode-xid v0.2.6
[INFO] [stderr]    Compiling synstructure v0.12.6
[INFO] [stderr]    Compiling nom v7.1.3
[INFO] [stderr]    Compiling heck v0.3.3
[INFO] [stderr]    Compiling console v0.15.8
[INFO] [stderr]    Compiling data-encoding v2.6.0
[INFO] [stderr]    Compiling tempfile v3.13.0
[INFO] [stderr]    Compiling asn1-rs-derive v0.4.0
[INFO] [stderr]    Compiling pem v1.1.1
[INFO] [stderr]    Compiling rusticata-macros v4.1.0
[INFO] [stderr]    Compiling jsonrpc-core v18.0.0
[INFO] [stderr]    Compiling yasna v0.5.2
[INFO] [stderr]    Compiling derive_arbitrary v1.3.2
[INFO] [stderr]    Compiling displaydoc v0.2.5
[INFO] [stderr]    Compiling asn1-rs-impl v0.1.0
[INFO] [stderr]    Compiling hashbrown v0.12.3
[INFO] [stderr]    Compiling num_cpus v1.16.0
[INFO] [stderr]    Compiling bs58 v0.5.1
[INFO] [stderr]    Compiling portable-atomic v1.9.0
[INFO] [stderr]    Compiling anchor-syn v0.30.1
[INFO] [stderr]    Compiling solana-rayon-threadlimit v1.18.26
[INFO] [stderr]    Compiling asn1-rs v0.5.2
[INFO] [stderr]    Compiling rcgen v0.10.0
[INFO] [stderr]    Compiling arbitrary v1.3.2
[INFO] [stderr]    Compiling nix v0.26.4
[INFO] [stderr]    Compiling solana-perf v1.18.26
[INFO] [stderr]    Compiling dlopen2_derive v0.3.0
[INFO] [stderr]    Compiling indexmap v1.9.3
[INFO] [stderr]    Compiling openssl-probe v0.1.5
[INFO] [stderr]    Compiling const-oid v0.7.1
[INFO] [stderr]    Compiling oid-registry v0.6.1
[INFO] [stderr]    Compiling static_assertions v1.1.0
[INFO] [stderr]    Compiling der v0.5.1
[INFO] [stderr]    Compiling dlopen2 v0.5.0
[INFO] [stderr]    Compiling rustls-native-certs v0.6.3
[INFO] [stderr]    Compiling caps v0.5.5
[INFO] [stderr]    Compiling pin-project-internal v1.1.7
[INFO] [stderr]    Compiling os_str_bytes v6.6.1
[INFO] [stderr]    Compiling base64ct v1.6.0
[INFO] [stderr]    Compiling number_prefix v0.4.0
[INFO] [stderr]    Compiling event-listener v2.5.3
[INFO] [stderr]    Compiling indicatif v0.17.8
[INFO] [stderr]    Compiling spki v0.5.4
[INFO] [stderr]    Compiling clap_lex v0.2.4
[INFO] [stderr]    Compiling quinn-proto v0.10.6
[INFO] [stderr]    Compiling pin-project v1.1.7
[INFO] [stderr]    Compiling der-parser v8.2.0
[INFO] [stderr]    Compiling bzip2-sys v0.1.11+1.0.8
[INFO] [stderr]    Compiling webpki-roots v0.24.0
[INFO] [stderr]    Compiling sha1 v0.10.6
[INFO] [stderr]    Compiling solana-stake-program v1.18.26
[INFO] [stderr]    Compiling quinn-udp v0.4.1
[INFO] [stderr]    Compiling lz4-sys v1.11.1+lz4-1.10.0
[INFO] [stderr]    Compiling concurrent-queue v2.5.0
[INFO] [stderr]    Compiling utf-8 v0.7.6
[INFO] [stderr]    Compiling shell-words v1.1.0
[INFO] [stderr]    Compiling textwrap v0.16.1
[INFO] [stderr]    Compiling strsim v0.10.0
[INFO] [stderr]    Compiling async-channel v1.9.0
[INFO] [stderr]    Compiling clap v3.2.25
[INFO] [stderr]    Compiling dialoguer v0.10.4
[INFO] [stderr]    Compiling tungstenite v0.20.1
[INFO] [stderr]    Compiling x509-parser v0.14.0
[INFO] [stderr]    Compiling quinn v0.10.2
[INFO] [stderr]    Compiling zstd v0.11.2+zstd.1.5.2
[INFO] [stderr]    Compiling pkcs8 v0.8.0
[INFO] [stderr]    Compiling spl-program-error v0.3.0
[INFO] [stderr]    Compiling spl-discriminator v0.1.0
[INFO] [stderr]    Compiling spl-token v4.0.0
[INFO] [stderr]    Compiling spl-memo v4.0.0
[INFO] [stderr]    Compiling textwrap v0.11.0
[INFO] [stderr]    Compiling solana-address-lookup-table-program v1.18.26
[INFO] [stderr]    Compiling enum-ordinalize v3.1.15
[INFO] [stderr]    Compiling modular-bitfield-impl v0.11.2
[INFO] [stderr]    Compiling rtoolbox v0.0.2
[INFO] [stderr]    Compiling ansi_term v0.12.1
[INFO] [stderr]    Compiling vec_map v0.8.2
[INFO] [stderr]    Compiling strsim v0.8.0
[INFO] [stderr]    Compiling heck v0.4.1
[INFO] [stderr]    Compiling histogram v0.6.9
[INFO] [stderr]    Compiling hashbrown v0.14.5
[INFO] [stderr]    Compiling predicates-core v1.0.8
[INFO] [stderr]    Compiling strum_macros v0.24.3
[INFO] [stderr]    Compiling clap v2.34.0
[INFO] [stderr]    Compiling educe v0.4.23
[INFO] [stderr]    Compiling dashmap v5.5.3
[INFO] [stderr]    Compiling modular-bitfield v0.11.2
[INFO] [stderr]    Compiling tracing-subscriber v0.3.18
[INFO] [stderr]    Compiling rpassword v7.3.1
[INFO] [stderr]    Compiling tokio-tungstenite v0.20.1
[INFO] [stderr]    Compiling opentelemetry v0.17.0
[INFO] [stderr]    Compiling xattr v1.3.1
[INFO] [stderr]    Compiling ouroboros_macro v0.15.6
[INFO] [stderr]    Compiling tokio-stream v0.1.16
[INFO] [stderr]    Compiling solana-vote v1.18.26
[INFO] [stderr]    Compiling solana-cost-model v1.18.26
[INFO] [stderr]    Compiling solana-accounts-db v1.18.26
[INFO] [stderr]    Compiling filetime v0.2.25
[INFO] [stderr]    Compiling include_dir_macros v0.7.4
[INFO] [stderr]    Compiling float-cmp v0.9.0
[INFO] [stderr]    Compiling difflib v0.4.0
[INFO] [stderr]    Compiling normalize-line-endings v0.3.0
[INFO] [stderr]    Compiling termtree v0.4.1
[INFO] [stderr]    Compiling aliasable v0.1.3
[INFO] [stderr]    Compiling include_dir v0.7.4
[INFO] [stderr]    Compiling predicates v2.1.5
[INFO] [stderr]    Compiling predicates-tree v1.0.11
[INFO] [stderr]    Compiling tracing-opentelemetry v0.17.4
[INFO] [stderr]    Compiling tar v0.4.42
[INFO] [stderr]    Compiling strum v0.24.1
[INFO] [stderr]    Compiling ouroboros v0.15.6
[INFO] [stderr]    Compiling bzip2 v0.4.4
[INFO] [stderr]    Compiling tokio-serde v0.8.0
[INFO] [stderr]    Compiling async-mutex v1.4.0
[INFO] [stderr]    Compiling tokio-util v0.6.10
[INFO] [stderr]    Compiling solana-runtime v1.18.26
[INFO] [stderr]    Compiling tarpc-plugins v0.12.0
[INFO] [stderr]    Compiling mockall_derive v0.11.4
[INFO] [stderr]    Compiling solana-measure v1.18.26
[INFO] [stderr]    Compiling solana-metrics v1.18.26
[INFO] [stderr]    Compiling solana-zk-token-sdk v1.18.26
[INFO] [stderr]    Compiling solana-net-utils v1.18.26
[INFO] [stderr]    Compiling solana-connection-cache v1.18.26
[INFO] [stderr]    Compiling solana-remote-wallet v1.18.26
[INFO] [stderr]    Compiling solana-bucket-map v1.18.26
[INFO] [stderr]    Compiling solana-config-program v1.18.26
[INFO] [stderr]    Compiling solana-system-program v1.18.26
[INFO] [stderr]    Compiling solana-loader-v4-program v1.18.26
[INFO] [stderr]    Compiling solana-streamer v1.18.26
[INFO] [stderr]    Compiling solana-compute-budget-program v1.18.26
[INFO] [stderr]    Compiling solana-clap-utils v1.18.26
[INFO] [stderr]    Compiling seqlock v0.2.0
[INFO] [stderr]    Compiling downcast v0.11.0
[INFO] [stderr]    Compiling index_list v0.2.13
[INFO] [stderr]    Compiling solana-nohash-hasher v0.2.1
[INFO] [stderr]    Compiling fragile v2.0.0
[INFO] [stderr]    Compiling tarpc v0.29.0
[INFO] [stderr]    Compiling dir-diff v0.3.3
[INFO] [stderr]    Compiling mockall v0.11.4
[INFO] [stderr]    Compiling aquamarine v0.3.3
[INFO] [stderr]    Compiling lru v0.7.8
[INFO] [stderr]    Compiling solana-udp-client v1.18.26
[INFO] [stderr]    Compiling symlink v0.1.0
[INFO] [stderr]    Compiling anchor-lang-idl-spec v0.1.0
[INFO] [stderr]    Compiling test-case-core v3.3.1
[INFO] [stderr]    Compiling dirs-sys-next v0.1.2
[INFO] [stderr]    Compiling csv-core v0.1.11
[INFO] [stderr]    Compiling spl-pod v0.1.0
[INFO] [stderr]    Compiling solana-bpf-loader-program v1.18.26
[INFO] [stderr]    Compiling solana-zk-token-proof-program v1.18.26
[INFO] [stderr]    Compiling solana-banks-interface v1.18.26
[INFO] [stderr]    Compiling anchor-lang-idl v0.1.1
[INFO] [stderr]    Compiling test-case-macros v3.3.1
[INFO] [stderr]    Compiling lz4 v1.28.0
[INFO] [stderr]    Compiling spl-type-length-value v0.3.0
[INFO] [stderr]    Compiling spl-token-group-interface v0.1.0
[INFO] [stderr]    Compiling dirs-next v2.0.0
[INFO] [stderr]    Compiling camino v1.1.9
[INFO] [stderr]    Compiling home v0.5.9
[INFO] [stderr]    Compiling spl-tlv-account-resolution v0.5.1
[INFO] [stderr]    Compiling spl-token-metadata-interface v0.2.0
[INFO] [stderr]    Compiling afl v0.15.11
[INFO] [stderr]    Compiling term v0.7.0
[INFO] [stderr]    Compiling test-case v3.3.1
[INFO] [stderr]    Compiling solana-banks-client v1.18.26
[INFO] [stderr]    Compiling spl-transfer-hook-interface v0.4.1
[INFO] [stderr]    Compiling csv v1.3.0
[INFO] [stderr]    Compiling anchor-attribute-error v0.30.1
[INFO] [stderr]    Compiling spl-token-2022 v1.0.0
[INFO] [stderr]    Compiling anchor-attribute-constant v0.30.1
[INFO] [stderr]    Compiling anchor-attribute-account v0.30.1
[INFO] [stderr]    Compiling anchor-derive-serde v0.30.1
[INFO] [stderr]    Compiling anchor-derive-accounts v0.30.1
[INFO] [stderr]    Compiling anchor-attribute-access-control v0.30.1
[INFO] [stderr]    Compiling anchor-attribute-event v0.30.1
[INFO] [stderr]    Compiling chrono-humanize v0.2.3
[INFO] [stderr]    Compiling anchor-derive-space v0.30.1
[INFO] [stderr]    Compiling fehler-macros v1.0.0
[INFO] [stderr]    Compiling is-terminal v0.4.13
[INFO] [stderr]    Compiling encode_unicode v1.0.0
[INFO] [stderr]    Compiling anchor-attribute-program v0.30.1
[INFO] [stderr]    Compiling honggfuzz v0.5.56
[INFO] [stderr]    Compiling convert_case v0.6.0
[INFO] [stderr]    Compiling toml v0.8.19
[INFO] [stderr]    Compiling prettytable v0.10.0
[INFO] [stderr]    Compiling cargo-platform v0.1.8
[INFO] [stderr]    Compiling xdg v2.5.2
[INFO] [stderr]    Compiling cargo_metadata v0.18.1
[INFO] [stderr]    Compiling anchor-lang v0.30.1
[INFO] [stderr]    Compiling trident-derive-accounts-snapshots v0.0.2
[INFO] [stderr]    Compiling fehler v1.0.0
[INFO] [stderr]    Compiling trident-derive-fuzz-test-executor v0.0.3
[INFO] [stderr]    Compiling trident-derive-displayix v0.0.3
[INFO] [stderr]    Compiling pathdiff v0.2.2
[INFO] [stderr]    Compiling solana-account-decoder v1.18.26
[INFO] [stderr]    Compiling spl-associated-token-account v2.3.0
[INFO] [stderr]    Compiling solana-transaction-status v1.18.26
[INFO] [stderr]    Compiling solana-rpc-client-api v1.18.26
[INFO] [stderr]    Compiling solana-rpc-client v1.18.26
[INFO] [stderr]    Compiling solana-pubsub-client v1.18.26
[INFO] [stderr]    Compiling solana-quic-client v1.18.26
[INFO] [stderr]    Compiling solana-tpu-client v1.18.26
[INFO] [stderr]    Compiling solana-rpc-client-nonce-utils v1.18.26
[INFO] [stderr]    Compiling solana-thin-client v1.18.26
[INFO] [stderr]    Compiling solana-client v1.18.26
[INFO] [stderr]    Compiling solana-send-transaction-service v1.18.26
[INFO] [stderr]    Compiling solana-banks-server v1.18.26
[INFO] [stderr]    Compiling solana-program-test v1.18.26
[INFO] [stderr]    Compiling trident-fuzz v0.2.0
[INFO] [stderr]    Compiling trident-client v0.8.0 (/opt/rustwide/workdir)
[INFO] [stdout] warning: unused return value of `exec` that must be used
[INFO] [stdout]    --> src/commander/honggfuzz.rs:153:9
[INFO] [stdout]     |
[INFO] [stdout] 153 | /         std::process::Command::new("cargo")
[INFO] [stdout] 154 | |             .env("CARGO_TARGET_DIR", cargo_target_dir)
[INFO] [stdout] 155 | |             .env("RUSTFLAGS", rustflags)
[INFO] [stdout] 156 | |             .arg("hfuzz")
[INFO] [stdout] ...   |
[INFO] [stdout] 159 | |             .arg(crash_file)
[INFO] [stdout] 160 | |             .exec();
[INFO] [stdout]     | |___________________^
[INFO] [stdout]     |
[INFO] [stdout]     = note: `#[warn(unused_must_use)]` on by default
[INFO] [stdout] help: use `let _ = ...` to ignore the resulting value
[INFO] [stdout]     |
[INFO] [stdout] 153 |         let _ = std::process::Command::new("cargo")
[INFO] [stdout]     |         +++++++
[INFO] [stdout] 
[INFO] [stdout] 
[INFO] [stderr]     Finished `dev` profile [unoptimized + debuginfo] target(s) in 1m 39s
[INFO] running `Command { std: "docker" "inspect" "a5e4a7bc12be945a98f9ff3c66737f42397451ceb18e5f2159c698e2cf40290c", kill_on_drop: false }`
[INFO] running `Command { std: "docker" "rm" "-f" "a5e4a7bc12be945a98f9ff3c66737f42397451ceb18e5f2159c698e2cf40290c", kill_on_drop: false }`
[INFO] [stdout] a5e4a7bc12be945a98f9ff3c66737f42397451ceb18e5f2159c698e2cf40290c
[INFO] running `Command { std: "docker" "create" "-v" "/var/lib/crater-agent-workspace/builds/worker-3-tc1/target:/opt/rustwide/target:rw,Z" "-v" "/var/lib/crater-agent-workspace/builds/worker-3-tc1/source:/opt/rustwide/workdir:ro,Z" "-v" "/var/lib/crater-agent-workspace/cargo-home:/opt/rustwide/cargo-home:ro,Z" "-v" "/var/lib/crater-agent-workspace/rustup-home:/opt/rustwide/rustup-home:ro,Z" "-e" "SOURCE_DIR=/opt/rustwide/workdir" "-e" "CARGO_TARGET_DIR=/opt/rustwide/target" "-e" "CARGO_INCREMENTAL=0" "-e" "RUST_BACKTRACE=full" "-e" "RUSTFLAGS=--cap-lints=forbid" "-e" "RUSTDOCFLAGS=--cap-lints=forbid" "-e" "CARGO_HOME=/opt/rustwide/cargo-home" "-e" "RUSTUP_HOME=/opt/rustwide/rustup-home" "-w" "/opt/rustwide/workdir" "-m" "1610612736" "--user" "0:0" "--network" "none" "ghcr.io/rust-lang/crates-build-env/linux@sha256:4a844ea9eb2546a2d2c7022eacef16ef2e8229c7fbb2c7d4d55a9ceca922f72d" "/opt/rustwide/cargo-home/bin/cargo" "+nightly-2024-10-28" "test" "--frozen" "--no-run" "--message-format=json", kill_on_drop: false }`
[INFO] [stdout] 5b8e72073c0b23a68127705d36cd61947523ff6a21e99217dd42ebfc79ee6724
[INFO] running `Command { std: "docker" "start" "-a" "5b8e72073c0b23a68127705d36cd61947523ff6a21e99217dd42ebfc79ee6724", kill_on_drop: false }`
[INFO] [stderr]    Compiling diff v0.1.13
[INFO] [stderr]    Compiling yansi v1.0.1
[INFO] [stdout] warning: unused return value of `exec` that must be used
[INFO] [stdout]    --> src/commander/honggfuzz.rs:153:9
[INFO] [stdout]     |
[INFO] [stdout] 153 | /         std::process::Command::new("cargo")
[INFO] [stdout] 154 | |             .env("CARGO_TARGET_DIR", cargo_target_dir)
[INFO] [stdout] 155 | |             .env("RUSTFLAGS", rustflags)
[INFO] [stdout] 156 | |             .arg("hfuzz")
[INFO] [stdout] ...   |
[INFO] [stdout] 159 | |             .arg(crash_file)
[INFO] [stdout] 160 | |             .exec();
[INFO] [stdout]     | |___________________^
[INFO] [stdout]     |
[INFO] [stdout]     = note: `#[warn(unused_must_use)]` on by default
[INFO] [stdout] help: use `let _ = ...` to ignore the resulting value
[INFO] [stdout]     |
[INFO] [stdout] 153 |         let _ = std::process::Command::new("cargo")
[INFO] [stdout]     |         +++++++
[INFO] [stdout] 
[INFO] [stdout] 
[INFO] [stderr]    Compiling pretty_assertions v1.4.1
[INFO] [stderr]    Compiling trident-client v0.8.0 (/opt/rustwide/workdir)
[INFO] [stdout] warning: unused return value of `exec` that must be used
[INFO] [stdout]    --> src/commander/honggfuzz.rs:153:9
[INFO] [stdout]     |
[INFO] [stdout] 153 | /         std::process::Command::new("cargo")
[INFO] [stdout] 154 | |             .env("CARGO_TARGET_DIR", cargo_target_dir)
[INFO] [stdout] 155 | |             .env("RUSTFLAGS", rustflags)
[INFO] [stdout] 156 | |             .arg("hfuzz")
[INFO] [stdout] ...   |
[INFO] [stdout] 159 | |             .arg(crash_file)
[INFO] [stdout] 160 | |             .exec();
[INFO] [stdout]     | |___________________^
[INFO] [stdout]     |
[INFO] [stdout]     = note: `#[warn(unused_must_use)]` on by default
[INFO] [stdout] help: use `let _ = ...` to ignore the resulting value
[INFO] [stdout]     |
[INFO] [stdout] 153 |         let _ = std::process::Command::new("cargo")
[INFO] [stdout]     |         +++++++
[INFO] [stdout] 
[INFO] [stdout] 
[INFO] [stderr]     Finished `test` profile [unoptimized + debuginfo] target(s) in 12.44s
[INFO] running `Command { std: "docker" "inspect" "5b8e72073c0b23a68127705d36cd61947523ff6a21e99217dd42ebfc79ee6724", kill_on_drop: false }`
[INFO] running `Command { std: "docker" "rm" "-f" "5b8e72073c0b23a68127705d36cd61947523ff6a21e99217dd42ebfc79ee6724", kill_on_drop: false }`
[INFO] [stdout] 5b8e72073c0b23a68127705d36cd61947523ff6a21e99217dd42ebfc79ee6724
[INFO] running `Command { std: "docker" "create" "-v" "/var/lib/crater-agent-workspace/builds/worker-3-tc1/target:/opt/rustwide/target:rw,Z" "-v" "/var/lib/crater-agent-workspace/builds/worker-3-tc1/source:/opt/rustwide/workdir:ro,Z" "-v" "/var/lib/crater-agent-workspace/cargo-home:/opt/rustwide/cargo-home:ro,Z" "-v" "/var/lib/crater-agent-workspace/rustup-home:/opt/rustwide/rustup-home:ro,Z" "-e" "SOURCE_DIR=/opt/rustwide/workdir" "-e" "CARGO_TARGET_DIR=/opt/rustwide/target" "-e" "CARGO_INCREMENTAL=0" "-e" "RUST_BACKTRACE=full" "-e" "RUSTFLAGS=--cap-lints=forbid" "-e" "RUSTDOCFLAGS=--cap-lints=forbid" "-e" "CARGO_HOME=/opt/rustwide/cargo-home" "-e" "RUSTUP_HOME=/opt/rustwide/rustup-home" "-w" "/opt/rustwide/workdir" "-m" "1610612736" "--user" "0:0" "--network" "none" "ghcr.io/rust-lang/crates-build-env/linux@sha256:4a844ea9eb2546a2d2c7022eacef16ef2e8229c7fbb2c7d4d55a9ceca922f72d" "/opt/rustwide/cargo-home/bin/cargo" "+nightly-2024-10-28" "test" "--frozen", kill_on_drop: false }`
[INFO] [stdout] c7713afa9780cd99ad0eeccd21c12f11c5de7da7288c48bacb7ca915544bc245
[INFO] running `Command { std: "docker" "start" "-a" "c7713afa9780cd99ad0eeccd21c12f11c5de7da7288c48bacb7ca915544bc245", kill_on_drop: false }`
[INFO] [stderr] warning: unused return value of `exec` that must be used
[INFO] [stderr]    --> src/commander/honggfuzz.rs:153:9
[INFO] [stderr]     |
[INFO] [stderr] 153 | /         std::process::Command::new("cargo")
[INFO] [stderr] 154 | |             .env("CARGO_TARGET_DIR", cargo_target_dir)
[INFO] [stderr] 155 | |             .env("RUSTFLAGS", rustflags)
[INFO] [stderr] 156 | |             .arg("hfuzz")
[INFO] [stderr] ...   |
[INFO] [stderr] 159 | |             .arg(crash_file)
[INFO] [stderr] 160 | |             .exec();
[INFO] [stderr]     | |___________________^
[INFO] [stderr]     |
[INFO] [stderr]     = note: `#[warn(unused_must_use)]` on by default
[INFO] [stderr] help: use `let _ = ...` to ignore the resulting value
[INFO] [stderr]     |
[INFO] [stderr] 153 |         let _ = std::process::Command::new("cargo")
[INFO] [stderr]     |         +++++++
[INFO] [stderr] 
[INFO] [stderr] warning: `trident-client` (lib) generated 1 warning
[INFO] [stderr] warning: `trident-client` (lib test) generated 1 warning (1 duplicate)
[INFO] [stderr]     Finished `test` profile [unoptimized + debuginfo] target(s) in 1.05s
[INFO] [stderr]      Running unittests src/lib.rs (/opt/rustwide/target/debug/deps/trident_client-6182963ca4f1a07b)
[INFO] [stdout] 
[INFO] [stdout] running 0 tests
[INFO] [stdout] 
[INFO] [stdout] test result: ok. 0 passed; 0 failed; 0 ignored; 0 measured; 0 filtered out; finished in 0.00s
[INFO] [stdout] 
[INFO] [stderr]      Running tests/test_fuzz.rs (/opt/rustwide/target/debug/deps/test_fuzz-31d8647e3368c052)
[INFO] [stdout] 
[INFO] [stdout] running 2 tests
[INFO] [stderr] error: toolchain 'nightly-x86_64-unknown-linux-gnu' is not installed
[INFO] [stderr] error: toolchain 'nightly-x86_64-unknown-linux-gnu' is not installed
[INFO] [stdout] test test_fuzz_test ... FAILED
[INFO] [stdout] test test_fuzz_instructions ... FAILED
[INFO] [stdout] 
[INFO] [stdout] failures:
[INFO] [stdout] 
[INFO] [stdout] ---- test_fuzz_test stdout ----
[INFO] [stdout] thread 'test_fuzz_test' panicked at tests/test_fuzz.rs:52:5:
[INFO] [stdout] assertion failed: `(left == right)`
[INFO] [stdout] 
[INFO] [stdout] [1mDiff[0m [31m< left[0m / [32mright >[0m :
[INFO] [stdout] [32m>use trident_client::fuzzing::*;[0m
[INFO] [stdout] [32m>mod fuzz_instructions;[0m
[INFO] [stdout] [32m>use dummy_2::entry as entry_dummy_2;[0m
[INFO] [stdout] [32m>use dummy_2::ID as PROGRAM_ID_DUMMY_2;[0m
[INFO] [stdout] [32m>use dummy_example::entry as entry_dummy_example;[0m
[INFO] [stdout] [32m>use dummy_example::ID as PROGRAM_ID_DUMMY_EXAMPLE;[0m
[INFO] [stdout] [32m>use fuzz_instructions::FuzzInstruction;[0m
[INFO] [stdout] [32m>const PROGRAM_NAME_DUMMY_2: &str = "dummy_2";[0m
[INFO] [stdout] [32m>const PROGRAM_NAME_DUMMY_EXAMPLE: &str = "dummy_example";[0m
[INFO] [stdout] [32m>struct MyFuzzData;[0m
[INFO] [stdout] [32m>/// Define instruction sequences for invocation.[0m
[INFO] [stdout] [32m>/// `pre_ixs` runs at the start, `ixs` in the middle, and `post_ixs` at the end.[0m
[INFO] [stdout] [32m>/// For example, to call `InitializeFn` at the start of each fuzzing iteration:[0m
[INFO] [stdout] [32m>/// ```[0m
[INFO] [stdout] [32m>/// fn pre_ixs(u: &mut arbitrary::Unstructured) ->[0m
[INFO] [stdout] [32m>/// arbitrary::Result<Vec<FuzzInstruction>> {[0m
[INFO] [stdout] [32m>///     let init = FuzzInstruction::InitializeFn(InitializeFn::arbitrary(u)?);[0m
[INFO] [stdout] [32m>///     Ok(vec![init])[0m
[INFO] [stdout] [32m>/// }[0m
[INFO] [stdout] [32m>/// ```[0m
[INFO] [stdout] [32m>/// For more details, see: https://ackee.xyz/trident/docs/dev/features/instructions-sequences/#instructions-sequences[0m
[INFO] [stdout] [32m>impl FuzzDataBuilder<FuzzInstruction> for MyFuzzData {}[0m
[INFO] [stdout] [32m>/// `fn fuzz_iteration` runs during every fuzzing iteration.[0m
[INFO] [stdout] [32m>/// Modification is not required.[0m
[INFO] [stdout] [32m>fn fuzz_iteration<T: FuzzTestExecutor<U> + std::fmt::Display, U>([0m
[INFO] [stdout] [32m>    fuzz_data: FuzzData<T, U>,[0m
[INFO] [stdout] [32m>    config: &Config,[0m
[INFO] [stdout] [32m>) {[0m
[INFO] [stdout] [32m>    let fuzzing_program_dummy_2 = FuzzingProgram::new([0m
[INFO] [stdout] [32m>        PROGRAM_NAME_DUMMY_2,[0m
[INFO] [stdout] [32m>        &PROGRAM_ID_DUMMY_2,[0m
[INFO] [stdout] [32m>        processor!(convert_entry!(entry_dummy_2)),[0m
[INFO] [stdout] [32m>    );[0m
[INFO] [stdout] [32m>    let fuzzing_program_dummy_example = FuzzingProgram::new([0m
[INFO] [stdout] [32m>        PROGRAM_NAME_DUMMY_EXAMPLE,[0m
[INFO] [stdout] [32m>        &PROGRAM_ID_DUMMY_EXAMPLE,[0m
[INFO] [stdout] [32m>        processor!(convert_entry!(entry_dummy_example)),[0m
[INFO] [stdout] [32m>    );[0m
[INFO] [stdout] [32m>    let mut client = ProgramTestClientBlocking::new([0m
[INFO] [stdout] [32m>        &[fuzzing_program_dummy_2, fuzzing_program_dummy_example],[0m
[INFO] [stdout] [32m>        config,[0m
[INFO] [stdout] [32m>    )[0m
[INFO] [stdout] [32m>    .unwrap();[0m
[INFO] [stdout] [32m>    let _ = fuzz_data.run_with_runtime(&mut client, config);[0m
[INFO] [stdout] [32m>}[0m
[INFO] [stdout] [32m>fn main() {[0m
[INFO] [stdout] [32m>    let config = Config::new();[0m
[INFO] [stdout] [32m>    fuzz_trident ! (fuzz_ix : FuzzInstruction , | fuzz_data : MyFuzzData | { fuzz_iteration (fuzz_data , & config) ; });[0m
[INFO] [stdout] [32m>}[0m
[INFO] [stdout] [32m>[0m
[INFO] [stdout] 
[INFO] [stdout] 
[INFO] [stdout] stack backtrace:
[INFO] [stdout]    0:     0x6504c161dd3a - std::backtrace_rs::backtrace::libunwind::trace::h207520d6e9873551
[INFO] [stdout]                                at /rustc/df4ca44d3fbc9301ee17f30f4d474e6ae4b05252/library/std/src/../../backtrace/src/backtrace/libunwind.rs:116:5
[INFO] [stdout]    1:     0x6504c161dd3a - std::backtrace_rs::backtrace::trace_unsynchronized::h2ed7433f370e3eca
[INFO] [stdout]                                at /rustc/df4ca44d3fbc9301ee17f30f4d474e6ae4b05252/library/std/src/../../backtrace/src/backtrace/mod.rs:66:5
[INFO] [stdout]    2:     0x6504c161dd3a - std::sys::backtrace::_print_fmt::h916fac51166b18d7
[INFO] [stdout]                                at /rustc/df4ca44d3fbc9301ee17f30f4d474e6ae4b05252/library/std/src/sys/backtrace.rs:66:9
[INFO] [stdout]    3:     0x6504c161dd3a - <std::sys::backtrace::BacktraceLock::print::DisplayBacktrace as core::fmt::Display>::fmt::ha0a4c9b8ce3802e6
[INFO] [stdout]                                at /rustc/df4ca44d3fbc9301ee17f30f4d474e6ae4b05252/library/std/src/sys/backtrace.rs:39:26
[INFO] [stdout]    4:     0x6504c1646643 - core::fmt::rt::Argument::fmt::h4cfc8587d52b3eb5
[INFO] [stdout]                                at /rustc/df4ca44d3fbc9301ee17f30f4d474e6ae4b05252/library/core/src/fmt/rt.rs:177:76
[INFO] [stdout]    5:     0x6504c1646643 - core::fmt::write::h522cc39e5b36ae9f
[INFO] [stdout]                                at /rustc/df4ca44d3fbc9301ee17f30f4d474e6ae4b05252/library/core/src/fmt/mod.rs:1190:21
[INFO] [stdout]    6:     0x6504c161a503 - std::io::Write::write_fmt::h7d3c26752da97734
[INFO] [stdout]                                at /rustc/df4ca44d3fbc9301ee17f30f4d474e6ae4b05252/library/std/src/io/mod.rs:1839:15
[INFO] [stdout]    7:     0x6504c161db82 - std::sys::backtrace::BacktraceLock::print::h4b9e00b29e9c0942
[INFO] [stdout]                                at /rustc/df4ca44d3fbc9301ee17f30f4d474e6ae4b05252/library/std/src/sys/backtrace.rs:42:9
[INFO] [stdout]    8:     0x6504c161f1ca - std::panicking::default_hook::{{closure}}::hb59b88280d0324d9
[INFO] [stdout]                                at /rustc/df4ca44d3fbc9301ee17f30f4d474e6ae4b05252/library/std/src/panicking.rs:268:22
[INFO] [stdout]    9:     0x6504c161efd4 - std::panicking::default_hook::he1dd496665be4a29
[INFO] [stdout]                                at /rustc/df4ca44d3fbc9301ee17f30f4d474e6ae4b05252/library/std/src/panicking.rs:292:9
[INFO] [stdout]   10:     0x6504c1513dd9 - <alloc::boxed::Box<F,A> as core::ops::function::Fn<Args>>::call::h4ff71de18744e1dc
[INFO] [stdout]                                at /rustc/df4ca44d3fbc9301ee17f30f4d474e6ae4b05252/library/alloc/src/boxed.rs:2468:9
[INFO] [stdout]   11:     0x6504c1513dd9 - test::test_main::{{closure}}::hcf7c055ce117aa81
[INFO] [stdout]                                at /rustc/df4ca44d3fbc9301ee17f30f4d474e6ae4b05252/library/test/src/lib.rs:133:21
[INFO] [stdout]   12:     0x6504c161f8c8 - <alloc::boxed::Box<F,A> as core::ops::function::Fn<Args>>::call::h1d66c6bbd60c9692
[INFO] [stdout]                                at /rustc/df4ca44d3fbc9301ee17f30f4d474e6ae4b05252/library/alloc/src/boxed.rs:2468:9
[INFO] [stdout]   13:     0x6504c161f8c8 - std::panicking::rust_panic_with_hook::h2ff17fe8f26dfcf8
[INFO] [stdout]                                at /rustc/df4ca44d3fbc9301ee17f30f4d474e6ae4b05252/library/std/src/panicking.rs:809:13
[INFO] [stdout]   14:     0x6504c161f68a - std::panicking::begin_panic_handler::{{closure}}::h4fad77951c07e101
[INFO] [stdout]                                at /rustc/df4ca44d3fbc9301ee17f30f4d474e6ae4b05252/library/std/src/panicking.rs:674:13
[INFO] [stdout]   15:     0x6504c161e219 - std::sys::backtrace::__rust_end_short_backtrace::hb1a25b3da5d0ea08
[INFO] [stdout]                                at /rustc/df4ca44d3fbc9301ee17f30f4d474e6ae4b05252/library/std/src/sys/backtrace.rs:170:18
[INFO] [stdout]   16:     0x6504c161f31c - rust_begin_unwind
[INFO] [stdout]                                at /rustc/df4ca44d3fbc9301ee17f30f4d474e6ae4b05252/library/std/src/panicking.rs:665:5
[INFO] [stdout]   17:     0x6504c1644fc0 - core::panicking::panic_fmt::ha9db07b529f9b256
[INFO] [stdout]                                at /rustc/df4ca44d3fbc9301ee17f30f4d474e6ae4b05252/library/core/src/panicking.rs:75:14
[INFO] [stdout]   18:     0x6504c126af46 - test_fuzz::test_fuzz_test::{{closure}}::hce64bed8cde8c78e
[INFO] [stdout]                                at /opt/rustwide/workdir/tests/test_fuzz.rs:52:5
[INFO] [stdout]   19:     0x6504c125e135 - <core::pin::Pin<P> as core::future::future::Future>::poll::h1c58c848b67d6290
[INFO] [stdout]                                at /rustc/df4ca44d3fbc9301ee17f30f4d474e6ae4b05252/library/core/src/future/future.rs:123:9
[INFO] [stdout]   20:     0x6504c125e1ad - <core::pin::Pin<P> as core::future::future::Future>::poll::h3116c4d716c29ba9
[INFO] [stdout]                                at /rustc/df4ca44d3fbc9301ee17f30f4d474e6ae4b05252/library/core/src/future/future.rs:123:9
[INFO] [stdout]   21:     0x6504c125ddcf - tokio::runtime::scheduler::current_thread::CoreGuard::block_on::{{closure}}::{{closure}}::{{closure}}::h1d135fdd5f1abe79
[INFO] [stdout]                                at /opt/rustwide/cargo-home/registry/src/index.crates.io-6f17d22bba15001f/tokio-1.41.0/src/runtime/scheduler/current_thread/mod.rs:729:57
[INFO] [stdout]   22:     0x6504c125dcf6 - tokio::runtime::coop::with_budget::hcf31981cbdaba55e
[INFO] [stdout]                                at /opt/rustwide/cargo-home/registry/src/index.crates.io-6f17d22bba15001f/tokio-1.41.0/src/runtime/coop.rs:107:5
[INFO] [stdout]   23:     0x6504c125dcf6 - tokio::runtime::coop::budget::h44bc2a0bcf267964
[INFO] [stdout]                                at /opt/rustwide/cargo-home/registry/src/index.crates.io-6f17d22bba15001f/tokio-1.41.0/src/runtime/coop.rs:73:5
[INFO] [stdout]   24:     0x6504c125dcf6 - tokio::runtime::scheduler::current_thread::CoreGuard::block_on::{{closure}}::{{closure}}::hccebe8c1f9a8286b
[INFO] [stdout]                                at /opt/rustwide/cargo-home/registry/src/index.crates.io-6f17d22bba15001f/tokio-1.41.0/src/runtime/scheduler/current_thread/mod.rs:729:25
[INFO] [stdout]   25:     0x6504c125adaa - tokio::runtime::scheduler::current_thread::Context::enter::h37009c7b09fad6f5
[INFO] [stdout]                                at /opt/rustwide/cargo-home/registry/src/index.crates.io-6f17d22bba15001f/tokio-1.41.0/src/runtime/scheduler/current_thread/mod.rs:428:19
[INFO] [stdout]   26:     0x6504c125d2fe - tokio::runtime::scheduler::current_thread::CoreGuard::block_on::{{closure}}::hffbe9320a3485caa
[INFO] [stdout]                                at /opt/rustwide/cargo-home/registry/src/index.crates.io-6f17d22bba15001f/tokio-1.41.0/src/runtime/scheduler/current_thread/mod.rs:728:36
[INFO] [stdout]   27:     0x6504c125c69b - tokio::runtime::scheduler::current_thread::CoreGuard::enter::{{closure}}::h12480f2b473361f6
[INFO] [stdout]                                at /opt/rustwide/cargo-home/registry/src/index.crates.io-6f17d22bba15001f/tokio-1.41.0/src/runtime/scheduler/current_thread/mod.rs:807:68
[INFO] [stdout]   28:     0x6504c12691ba - tokio::runtime::context::scoped::Scoped<T>::set::h9ca82fb0394988df
[INFO] [stdout]                                at /opt/rustwide/cargo-home/registry/src/index.crates.io-6f17d22bba15001f/tokio-1.41.0/src/runtime/context/scoped.rs:40:9
[INFO] [stdout]   29:     0x6504c1268d4a - tokio::runtime::context::set_scheduler::{{closure}}::h0cfd6ca7288629e3
[INFO] [stdout]                                at /opt/rustwide/cargo-home/registry/src/index.crates.io-6f17d22bba15001f/tokio-1.41.0/src/runtime/context.rs:180:26
[INFO] [stdout]   30:     0x6504c12577f1 - std::thread::local::LocalKey<T>::try_with::h9de1e1a5561ef619
[INFO] [stdout]                                at /rustc/df4ca44d3fbc9301ee17f30f4d474e6ae4b05252/library/std/src/thread/local.rs:283:12
[INFO] [stdout]   31:     0x6504c1256c3d - std::thread::local::LocalKey<T>::with::h3e3a5de2725afa0a
[INFO] [stdout]                                at /rustc/df4ca44d3fbc9301ee17f30f4d474e6ae4b05252/library/std/src/thread/local.rs:260:9
[INFO] [stdout]   32:     0x6504c1268ca1 - tokio::runtime::context::set_scheduler::h62e971fe83cb07a8
[INFO] [stdout]                                at /opt/rustwide/cargo-home/registry/src/index.crates.io-6f17d22bba15001f/tokio-1.41.0/src/runtime/context.rs:180:9
[INFO] [stdout]   33:     0x6504c125c409 - tokio::runtime::scheduler::current_thread::CoreGuard::enter::h7441be42c4fc6316
[INFO] [stdout]                                at /opt/rustwide/cargo-home/registry/src/index.crates.io-6f17d22bba15001f/tokio-1.41.0/src/runtime/scheduler/current_thread/mod.rs:807:27
[INFO] [stdout]   34:     0x6504c125c763 - tokio::runtime::scheduler::current_thread::CoreGuard::block_on::he16f220141a60e4a
[INFO] [stdout]                                at /opt/rustwide/cargo-home/registry/src/index.crates.io-6f17d22bba15001f/tokio-1.41.0/src/runtime/scheduler/current_thread/mod.rs:716:19
[INFO] [stdout]   35:     0x6504c125a1be - tokio::runtime::scheduler::current_thread::CurrentThread::block_on::{{closure}}::h669b08ed61405101
[INFO] [stdout]                                at /opt/rustwide/cargo-home/registry/src/index.crates.io-6f17d22bba15001f/tokio-1.41.0/src/runtime/scheduler/current_thread/mod.rs:196:28
[INFO] [stdout]   36:     0x6504c126ebc6 - tokio::runtime::context::runtime::enter_runtime::h5e0c2ecad984fabe
[INFO] [stdout]                                at /opt/rustwide/cargo-home/registry/src/index.crates.io-6f17d22bba15001f/tokio-1.41.0/src/runtime/context/runtime.rs:65:16
[INFO] [stdout]   37:     0x6504c1259e91 - tokio::runtime::scheduler::current_thread::CurrentThread::block_on::h670803c5e5140e6d
[INFO] [stdout]                                at /opt/rustwide/cargo-home/registry/src/index.crates.io-6f17d22bba15001f/tokio-1.41.0/src/runtime/scheduler/current_thread/mod.rs:184:9
[INFO] [stdout]   38:     0x6504c12643b9 - tokio::runtime::runtime::Runtime::block_on_inner::h4ae24ecf2d4fbcc9
[INFO] [stdout]                                at /opt/rustwide/cargo-home/registry/src/index.crates.io-6f17d22bba15001f/tokio-1.41.0/src/runtime/runtime.rs:368:47
[INFO] [stdout]   39:     0x6504c1264710 - tokio::runtime::runtime::Runtime::block_on::h68e7d977142f8cf0
[INFO] [stdout]                                at /opt/rustwide/cargo-home/registry/src/index.crates.io-6f17d22bba15001f/tokio-1.41.0/src/runtime/runtime.rs:342:13
[INFO] [stdout]   40:     0x6504c126a5a7 - test_fuzz::test_fuzz_test::hfd2682df5ce326e7
[INFO] [stdout]                                at /opt/rustwide/workdir/tests/test_fuzz.rs:34:1
[INFO] [stdout]   41:     0x6504c126a447 - test_fuzz::test_fuzz_test::{{closure}}::h2be6ba27104d9a97
[INFO] [stdout]                                at /opt/rustwide/workdir/tests/test_fuzz.rs:34:1
[INFO] [stdout]   42:     0x6504c1260f26 - core::ops::function::FnOnce::call_once::h13f4159a19a22392
[INFO] [stdout]                                at /rustc/df4ca44d3fbc9301ee17f30f4d474e6ae4b05252/library/core/src/ops/function.rs:250:5
[INFO] [stdout]   43:     0x6504c15186ab - core::ops::function::FnOnce::call_once::h22c3ba5715e93f05
[INFO] [stdout]                                at /rustc/df4ca44d3fbc9301ee17f30f4d474e6ae4b05252/library/core/src/ops/function.rs:250:5
[INFO] [stdout]   44:     0x6504c15186ab - test::__rust_begin_short_backtrace::h8e82d8113d0da17f
[INFO] [stdout]                                at /rustc/df4ca44d3fbc9301ee17f30f4d474e6ae4b05252/library/test/src/lib.rs:621:18
[INFO] [stdout]   45:     0x6504c1518027 - test::run_test_in_process::{{closure}}::h33235f4f20b7b7c7
[INFO] [stdout]                                at /rustc/df4ca44d3fbc9301ee17f30f4d474e6ae4b05252/library/test/src/lib.rs:644:60
[INFO] [stdout]   46:     0x6504c1518027 - <core::panic::unwind_safe::AssertUnwindSafe<F> as core::ops::function::FnOnce<()>>::call_once::hb5043206310c586f
[INFO] [stdout]                                at /rustc/df4ca44d3fbc9301ee17f30f4d474e6ae4b05252/library/core/src/panic/unwind_safe.rs:272:9
[INFO] [stdout]   47:     0x6504c1518027 - std::panicking::try::do_call::h9ad4731a60ab23e2
[INFO] [stdout]                                at /rustc/df4ca44d3fbc9301ee17f30f4d474e6ae4b05252/library/std/src/panicking.rs:557:40
[INFO] [stdout]   48:     0x6504c1518027 - std::panicking::try::h3824d23db772a716
[INFO] [stdout]                                at /rustc/df4ca44d3fbc9301ee17f30f4d474e6ae4b05252/library/std/src/panicking.rs:520:19
[INFO] [stdout]   49:     0x6504c1518027 - std::panic::catch_unwind::h5afd514605fde46b
[INFO] [stdout]                                at /rustc/df4ca44d3fbc9301ee17f30f4d474e6ae4b05252/library/std/src/panic.rs:358:14
[INFO] [stdout]   50:     0x6504c1518027 - test::run_test_in_process::h0d5cbfa7067d1720
[INFO] [stdout]                                at /rustc/df4ca44d3fbc9301ee17f30f4d474e6ae4b05252/library/test/src/lib.rs:644:27
[INFO] [stdout]   51:     0x6504c1518027 - test::run_test::{{closure}}::h708eb8872708115d
[INFO] [stdout]                                at /rustc/df4ca44d3fbc9301ee17f30f4d474e6ae4b05252/library/test/src/lib.rs:565:43
[INFO] [stdout]   52:     0x6504c14db744 - test::run_test::{{closure}}::h392c51cee94713ab
[INFO] [stdout]                                at /rustc/df4ca44d3fbc9301ee17f30f4d474e6ae4b05252/library/test/src/lib.rs:595:41
[INFO] [stdout]   53:     0x6504c14db744 - std::sys::backtrace::__rust_begin_short_backtrace::h2f40290710935a8b
[INFO] [stdout]                                at /rustc/df4ca44d3fbc9301ee17f30f4d474e6ae4b05252/library/std/src/sys/backtrace.rs:154:18
[INFO] [stdout]   54:     0x6504c14deeee - std::thread::Builder::spawn_unchecked_::{{closure}}::{{closure}}::h3fd968d89053a903
[INFO] [stdout]                                at /rustc/df4ca44d3fbc9301ee17f30f4d474e6ae4b05252/library/std/src/thread/mod.rs:541:17
[INFO] [stdout]   55:     0x6504c14deeee - <core::panic::unwind_safe::AssertUnwindSafe<F> as core::ops::function::FnOnce<()>>::call_once::h743f637ba4229880
[INFO] [stdout]                                at /rustc/df4ca44d3fbc9301ee17f30f4d474e6ae4b05252/library/core/src/panic/unwind_safe.rs:272:9
[INFO] [stdout]   56:     0x6504c14deeee - std::panicking::try::do_call::h07440897322525a6
[INFO] [stdout]                                at /rustc/df4ca44d3fbc9301ee17f30f4d474e6ae4b05252/library/std/src/panicking.rs:557:40
[INFO] [stdout]   57:     0x6504c14deeee - std::panicking::try::he5a2e00188156637
[INFO] [stdout]                                at /rustc/df4ca44d3fbc9301ee17f30f4d474e6ae4b05252/library/std/src/panicking.rs:520:19
[INFO] [stdout]   58:     0x6504c14deeee - std::panic::catch_unwind::hbaf3cae49b3c6433
[INFO] [stdout]                                at /rustc/df4ca44d3fbc9301ee17f30f4d474e6ae4b05252/library/std/src/panic.rs:358:14
[INFO] [stdout]   59:     0x6504c14deeee - std::thread::Builder::spawn_unchecked_::{{closure}}::h8e141ea224820bce
[INFO] [stdout]                                at /rustc/df4ca44d3fbc9301ee17f30f4d474e6ae4b05252/library/std/src/thread/mod.rs:540:30
[INFO] [stdout]   60:     0x6504c14deeee - core::ops::function::FnOnce::call_once{{vtable.shim}}::h90d312fedd7b8ea8
[INFO] [stdout]                                at /rustc/df4ca44d3fbc9301ee17f30f4d474e6ae4b05252/library/core/src/ops/function.rs:250:5
[INFO] [stdout]   61:     0x6504c1623a7b - <alloc::boxed::Box<F,A> as core::ops::function::FnOnce<Args>>::call_once::h69aa08ddb6adb8b6
[INFO] [stdout]                                at /rustc/df4ca44d3fbc9301ee17f30f4d474e6ae4b05252/library/alloc/src/boxed.rs:2454:9
[INFO] [stdout]   62:     0x6504c1623a7b - <alloc::boxed::Box<F,A> as core::ops::function::FnOnce<Args>>::call_once::h5aa36efdb79c806f
[INFO] [stdout]                                at /rustc/df4ca44d3fbc9301ee17f30f4d474e6ae4b05252/library/alloc/src/boxed.rs:2454:9
[INFO] [stdout]   63:     0x6504c1623a7b - std::sys::pal::unix::thread::Thread::new::thread_start::h6cd80a1b4be5158d
[INFO] [stdout]                                at /rustc/df4ca44d3fbc9301ee17f30f4d474e6ae4b05252/library/std/src/sys/pal/unix/thread.rs:105:17
[INFO] [stdout]   64:     0x7762bab3eac3 - <unknown>
[INFO] [stdout]   65:     0x7762babcfa04 - clone
[INFO] [stdout]   66:                0x0 - <unknown>
[INFO] [stdout] 
[INFO] [stdout] ---- test_fuzz_instructions stdout ----
[INFO] [stdout] thread 'test_fuzz_instructions' panicked at tests/test_fuzz.rs:31:5:
[INFO] [stdout] assertion failed: `(left == right)`
[INFO] [stdout] 
[INFO] [stdout] [1mDiff[0m [31m< left[0m / [32mright >[0m :
[INFO] [stdout] [32m>use trident_client::fuzzing::*;[0m
[INFO] [stdout] [32m>/// Link the relevant Account Context Alias from the program.[0m
[INFO] [stdout] [32m>/// Aliases are generated by the `AccountsSnapshots` macro.[0m
[INFO] [stdout] [32m>type InitializeIxDummy2Snapshot<'info> = InitializeIxDummy2Alias<'info>;[0m
[INFO] [stdout] [32m>type InitializeIxDummyExampleSnapshot<'info> = InitializeIxDummyExampleAlias<'info>;[0m
[INFO] [stdout] [32m>/// FuzzInstruction contains all available Instructions.[0m
[INFO] [stdout] [32m>/// Below, the instruction arguments (accounts and data) are defined.[0m
[INFO] [stdout] [32m>#[derive(Arbitrary, DisplayIx, FuzzTestExecutor)][0m
[INFO] [stdout] [32m>pub enum FuzzInstruction {[0m
[INFO] [stdout] [32m>    InitializeIxDummy2(InitializeIxDummy2),[0m
[INFO] [stdout] [32m>    InitializeIxDummyExample(InitializeIxDummyExample),[0m
[INFO] [stdout] [32m>}[0m
[INFO] [stdout] [32m>#[derive(Arbitrary, Debug)][0m
[INFO] [stdout] [32m>pub struct InitializeIxDummy2 {[0m
[INFO] [stdout] [32m>    pub accounts: InitializeIxDummy2Accounts,[0m
[INFO] [stdout] [32m>    pub data: InitializeIxDummy2Data,[0m
[INFO] [stdout] [32m>}[0m
[INFO] [stdout] [32m>#[derive(Arbitrary, Debug)][0m
[INFO] [stdout] [32m>pub struct InitializeIxDummy2Accounts {[0m
[INFO] [stdout] [32m>    pub signer: AccountId,[0m
[INFO] [stdout] [32m>}[0m
[INFO] [stdout] [32m>/// Custom data types must derive `Debug` and `Arbitrary`.[0m
[INFO] [stdout] [32m>/// To do this, redefine the type in the fuzz test and implement the `From`[0m
[INFO] [stdout] [32m>/// trait[0m
[INFO] [stdout] [32m>/// to convert it into the type defined in the program.[0m
[INFO] [stdout] [32m>/// For more details, see: https://ackee.xyz/trident/docs/dev/features/arbitrary-data/#custom-data-types[0m
[INFO] [stdout] [32m>#[derive(Arbitrary, Debug)][0m
[INFO] [stdout] [32m>pub struct InitializeIxDummy2Data {[0m
[INFO] [stdout] [32m>    pub _var1: bool,[0m
[INFO] [stdout] [32m>    pub _var2: u8,[0m
[INFO] [stdout] [32m>    pub _var3: i8,[0m
[INFO] [stdout] [32m>    pub _var4: u16,[0m
[INFO] [stdout] [32m>    pub _var5: i16,[0m
[INFO] [stdout] [32m>    pub _var6: u32,[0m
[INFO] [stdout] [32m>    pub _var7: i32,[0m
[INFO] [stdout] [32m>    pub _var8: u64,[0m
[INFO] [stdout] [32m>    pub _var9: i32,[0m
[INFO] [stdout] [32m>    pub _var10: f64,[0m
[INFO] [stdout] [32m>    pub _var11: u128,[0m
[INFO] [stdout] [32m>    pub _var12: i128,[0m
[INFO] [stdout] [32m>    pub _ver13: Vec<u8>,[0m
[INFO] [stdout] [32m>    pub _var14: String,[0m
[INFO] [stdout] [32m>    pub _var15: AccountId,[0m
[INFO] [stdout] [32m>    pub _var16: Option<i16>,[0m
[INFO] [stdout] [32m>    pub _var17: Vec<u32>,[0m
[INFO] [stdout] [32m>    pub _var18: [i128; 5usize],[0m
[INFO] [stdout] [32m>    pub _var19: InputParameter,[0m
[INFO] [stdout] [32m>    pub _var20: Vec<Vec<Vec<Vec<Vec<u8>>>>>,[0m
[INFO] [stdout] [32m>    pub _var21: Vec<Vec<Vec<Vec<Option<u8>>>>>,[0m
[INFO] [stdout] [32m>    pub _var22: Vec<Vec<Vec<Vec<Option<Vec<u8>>>>>>,[0m
[INFO] [stdout] [32m>}[0m
[INFO] [stdout] [32m>#[derive(Arbitrary, Debug)][0m
[INFO] [stdout] [32m>pub struct InitializeIxDummyExample {[0m
[INFO] [stdout] [32m>    pub accounts: InitializeIxDummyExampleAccounts,[0m
[INFO] [stdout] [32m>    pub data: InitializeIxDummyExampleData,[0m
[INFO] [stdout] [32m>}[0m
[INFO] [stdout] [32m>#[derive(Arbitrary, Debug)][0m
[INFO] [stdout] [32m>pub struct InitializeIxDummyExampleAccounts {[0m
[INFO] [stdout] [32m>    pub account: AccountId,[0m
[INFO] [stdout] [32m>    pub account_info: AccountId,[0m
[INFO] [stdout] [32m>    pub account_loader: AccountId,[0m
[INFO] [stdout] [32m>    pub boxed: AccountId,[0m
[INFO] [stdout] [32m>    pub interace: AccountId,[0m
[INFO] [stdout] [32m>    pub interface_account: AccountId,[0m
[INFO] [stdout] [32m>    pub option: AccountId,[0m
[INFO] [stdout] [32m>    pub program: AccountId,[0m
[INFO] [stdout] [32m>    pub signer: AccountId,[0m
[INFO] [stdout] [32m>    pub system_account: AccountId,[0m
[INFO] [stdout] [32m>    pub sysvar: AccountId,[0m
[INFO] [stdout] [32m>    pub unchecked_account: AccountId,[0m
[INFO] [stdout] [32m>}[0m
[INFO] [stdout] [32m>/// Custom data types must derive `Debug` and `Arbitrary`.[0m
[INFO] [stdout] [32m>/// To do this, redefine the type in the fuzz test and implement the `From`[0m
[INFO] [stdout] [32m>/// trait[0m
[INFO] [stdout] [32m>/// to convert it into the type defined in the program.[0m
[INFO] [stdout] [32m>/// For more details, see: https://ackee.xyz/trident/docs/dev/features/arbitrary-data/#custom-data-types[0m
[INFO] [stdout] [32m>#[derive(Arbitrary, Debug)][0m
[INFO] [stdout] [32m>pub struct InitializeIxDummyExampleData {[0m
[INFO] [stdout] [32m>    pub _var1: bool,[0m
[INFO] [stdout] [32m>    pub _var2: u8,[0m
[INFO] [stdout] [32m>    pub _var3: i8,[0m
[INFO] [stdout] [32m>    pub _var4: u16,[0m
[INFO] [stdout] [32m>    pub _var5: i16,[0m
[INFO] [stdout] [32m>    pub _var6: u32,[0m
[INFO] [stdout] [32m>    pub _var7: i32,[0m
[INFO] [stdout] [32m>    pub _var8: u64,[0m
[INFO] [stdout] [32m>    pub _var9: i32,[0m
[INFO] [stdout] [32m>    pub _var10: f64,[0m
[INFO] [stdout] [32m>    pub _var11: u128,[0m
[INFO] [stdout] [32m>    pub _var12: i128,[0m
[INFO] [stdout] [32m>    pub _ver13: Vec<u8>,[0m
[INFO] [stdout] [32m>    pub _var14: String,[0m
[INFO] [stdout] [32m>    pub _var15: AccountId,[0m
[INFO] [stdout] [32m>    pub _var16: Option<i16>,[0m
[INFO] [stdout] [32m>    pub _var17: Vec<u32>,[0m
[INFO] [stdout] [32m>    pub _var18: [i128; 5usize],[0m
[INFO] [stdout] [32m>    pub _var19: InputParameter,[0m
[INFO] [stdout] [32m>    pub _var20: Vec<Vec<Vec<Vec<Vec<u8>>>>>,[0m
[INFO] [stdout] [32m>    pub _var21: Vec<Vec<Vec<Vec<Option<u8>>>>>,[0m
[INFO] [stdout] [32m>    pub _var22: Vec<Vec<Vec<Vec<Option<Vec<u8>>>>>>,[0m
[INFO] [stdout] [32m>}[0m
[INFO] [stdout] [32m>///IxOps implementation for `InitializeIxDummy2` with all required functions.[0m
[INFO] [stdout] [32m>impl<'info> IxOps<'info> for InitializeIxDummy2 {[0m
[INFO] [stdout] [32m>    type IxData = dummy_2::instruction::InitializeIx;[0m
[INFO] [stdout] [32m>    type IxAccounts = FuzzAccounts;[0m
[INFO] [stdout] [32m>    type IxSnapshot = InitializeIxDummy2Snapshot<'info>;[0m
[INFO] [stdout] [32m>    /// Definition of the program ID that the Instruction is associated with.[0m
[INFO] [stdout] [32m>    fn get_program_id(&self) -> solana_sdk::pubkey::Pubkey {[0m
[INFO] [stdout] [32m>        dummy_2::ID[0m
[INFO] [stdout] [32m>    }[0m
[INFO] [stdout] [32m>    /// Definition of the Instruction data.[0m
[INFO] [stdout] [32m>    /// Use randomly generated data from the fuzzer using `self.data.arg_name`[0m
[INFO] [stdout] [32m>    /// or customize the data as needed.[0m
[INFO] [stdout] [32m>    /// For more details, visit: https://ackee.xyz/trident/docs/dev/features/fuzz-instructions/#get-data[0m
[INFO] [stdout] [32m>    fn get_data([0m
[INFO] [stdout] [32m>        &self,[0m
[INFO] [stdout] [32m>        _client: &mut impl FuzzClient,[0m
[INFO] [stdout] [32m>        _fuzz_accounts: &mut FuzzAccounts,[0m
[INFO] [stdout] [32m>    ) -> Result<Self::IxData, FuzzingError> {[0m
[INFO] [stdout] [32m>        let data = dummy_2::instruction::InitializeIx {[0m
[INFO] [stdout] [32m>            _var1: self.data._var1,[0m
[INFO] [stdout] [32m>            _var2: self.data._var2,[0m
[INFO] [stdout] [32m>            _var3: self.data._var3,[0m
[INFO] [stdout] [32m>            _var4: self.data._var4,[0m
[INFO] [stdout] [32m>            _var5: self.data._var5,[0m
[INFO] [stdout] [32m>            _var6: self.data._var6,[0m
[INFO] [stdout] [32m>            _var7: self.data._var7,[0m
[INFO] [stdout] [32m>            _var8: self.data._var8,[0m
[INFO] [stdout] [32m>            _var9: self.data._var9,[0m
[INFO] [stdout] [32m>            _var10: self.data._var10,[0m
[INFO] [stdout] [32m>            _var11: self.data._var11,[0m
[INFO] [stdout] [32m>            _var12: self.data._var12,[0m
[INFO] [stdout] [32m>            _ver13: self.data._ver13.clone(),[0m
[INFO] [stdout] [32m>            _var14: self.data._var14.clone(),[0m
[INFO] [stdout] [32m>            _var15: todo!(),[0m
[INFO] [stdout] [32m>            _var16: self.data._var16,[0m
[INFO] [stdout] [32m>            _var17: self.data._var17.clone(),[0m
[INFO] [stdout] [32m>            _var18: self.data._var18,[0m
[INFO] [stdout] [32m>            _var19: todo!(),[0m
[INFO] [stdout] [32m>            _var20: self.data._var20.clone(),[0m
[INFO] [stdout] [32m>            _var21: self.data._var21.clone(),[0m
[INFO] [stdout] [32m>            _var22: self.data._var22.clone(),[0m
[INFO] [stdout] [32m>        };[0m
[INFO] [stdout] [32m>        Ok(data)[0m
[INFO] [stdout] [32m>    }[0m
[INFO] [stdout] [32m>    /// Definition of of the accounts required by the Instruction.[0m
[INFO] [stdout] [32m>    /// To utilize accounts stored in `FuzzAccounts`, use[0m
[INFO] [stdout] [32m>    /// `fuzz_accounts.account_name.get_or_create_account()`.[0m
[INFO] [stdout] [32m>    /// If no signers are required, leave the vector empty.[0m
[INFO] [stdout] [32m>    /// For AccountMetas use <program>::accounts::<corresponding_metas>[0m
[INFO] [stdout] [32m>    /// For more details, see: https://ackee.xyz/trident/docs/dev/features/fuzz-instructions/#get-accounts[0m
[INFO] [stdout] [32m>    fn get_accounts([0m
[INFO] [stdout] [32m>        &self,[0m
[INFO] [stdout] [32m>        client: &mut impl FuzzClient,[0m
[INFO] [stdout] [32m>        fuzz_accounts: &mut FuzzAccounts,[0m
[INFO] [stdout] [32m>    ) -> Result<(Vec<Keypair>, Vec<AccountMeta>), FuzzingError> {[0m
[INFO] [stdout] [32m>        let signers = vec![todo!()];[0m
[INFO] [stdout] [32m>        let acc_meta = todo!();[0m
[INFO] [stdout] [32m>        Ok((signers, acc_meta))[0m
[INFO] [stdout] [32m>    }[0m
[INFO] [stdout] [32m>}[0m
[INFO] [stdout] [32m>///IxOps implementation for `InitializeIxDummyExample` with all required[0m
[INFO] [stdout] [32m>/// functions.[0m
[INFO] [stdout] [32m>impl<'info> IxOps<'info> for InitializeIxDummyExample {[0m
[INFO] [stdout] [32m>    type IxData = dummy_example::instruction::InitializeIx;[0m
[INFO] [stdout] [32m>    type IxAccounts = FuzzAccounts;[0m
[INFO] [stdout] [32m>    type IxSnapshot = InitializeIxDummyExampleSnapshot<'info>;[0m
[INFO] [stdout] [32m>    /// Definition of the program ID that the Instruction is associated with.[0m
[INFO] [stdout] [32m>    fn get_program_id(&self) -> solana_sdk::pubkey::Pubkey {[0m
[INFO] [stdout] [32m>        dummy_example::ID[0m
[INFO] [stdout] [32m>    }[0m
[INFO] [stdout] [32m>    /// Definition of the Instruction data.[0m
[INFO] [stdout] [32m>    /// Use randomly generated data from the fuzzer using `self.data.arg_name`[0m
[INFO] [stdout] [32m>    /// or customize the data as needed.[0m
[INFO] [stdout] [32m>    /// For more details, visit: https://ackee.xyz/trident/docs/dev/features/fuzz-instructions/#get-data[0m
[INFO] [stdout] [32m>    fn get_data([0m
[INFO] [stdout] [32m>        &self,[0m
[INFO] [stdout] [32m>        _client: &mut impl FuzzClient,[0m
[INFO] [stdout] [32m>        _fuzz_accounts: &mut FuzzAccounts,[0m
[INFO] [stdout] [32m>    ) -> Result<Self::IxData, FuzzingError> {[0m
[INFO] [stdout] [32m>        let data = dummy_example::instruction::InitializeIx {[0m
[INFO] [stdout] [32m>            _var1: self.data._var1,[0m
[INFO] [stdout] [32m>            _var2: self.data._var2,[0m
[INFO] [stdout] [32m>            _var3: self.data._var3,[0m
[INFO] [stdout] [32m>            _var4: self.data._var4,[0m
[INFO] [stdout] [32m>            _var5: self.data._var5,[0m
[INFO] [stdout] [32m>            _var6: self.data._var6,[0m
[INFO] [stdout] [32m>            _var7: self.data._var7,[0m
[INFO] [stdout] [32m>            _var8: self.data._var8,[0m
[INFO] [stdout] [32m>            _var9: self.data._var9,[0m
[INFO] [stdout] [32m>            _var10: self.data._var10,[0m
[INFO] [stdout] [32m>            _var11: self.data._var11,[0m
[INFO] [stdout] [32m>            _var12: self.data._var12,[0m
[INFO] [stdout] [32m>            _ver13: self.data._ver13.clone(),[0m
[INFO] [stdout] [32m>            _var14: self.data._var14.clone(),[0m
[INFO] [stdout] [32m>            _var15: todo!(),[0m
[INFO] [stdout] [32m>            _var16: self.data._var16,[0m
[INFO] [stdout] [32m>            _var17: self.data._var17.clone(),[0m
[INFO] [stdout] [32m>            _var18: self.data._var18,[0m
[INFO] [stdout] [32m>            _var19: todo!(),[0m
[INFO] [stdout] [32m>            _var20: self.data._var20.clone(),[0m
[INFO] [stdout] [32m>            _var21: self.data._var21.clone(),[0m
[INFO] [stdout] [32m>            _var22: self.data._var22.clone(),[0m
[INFO] [stdout] [32m>        };[0m
[INFO] [stdout] [32m>        Ok(data)[0m
[INFO] [stdout] [32m>    }[0m
[INFO] [stdout] [32m>    /// Definition of of the accounts required by the Instruction.[0m
[INFO] [stdout] [32m>    /// To utilize accounts stored in `FuzzAccounts`, use[0m
[INFO] [stdout] [32m>    /// `fuzz_accounts.account_name.get_or_create_account()`.[0m
[INFO] [stdout] [32m>    /// If no signers are required, leave the vector empty.[0m
[INFO] [stdout] [32m>    /// For AccountMetas use <program>::accounts::<corresponding_metas>[0m
[INFO] [stdout] [32m>    /// For more details, see: https://ackee.xyz/trident/docs/dev/features/fuzz-instructions/#get-accounts[0m
[INFO] [stdout] [32m>    fn get_accounts([0m
[INFO] [stdout] [32m>        &self,[0m
[INFO] [stdout] [32m>        client: &mut impl FuzzClient,[0m
[INFO] [stdout] [32m>        fuzz_accounts: &mut FuzzAccounts,[0m
[INFO] [stdout] [32m>    ) -> Result<(Vec<Keypair>, Vec<AccountMeta>), FuzzingError> {[0m
[INFO] [stdout] [32m>        let signers = vec![todo!()];[0m
[INFO] [stdout] [32m>        let acc_meta = todo!();[0m
[INFO] [stdout] [32m>        Ok((signers, acc_meta))[0m
[INFO] [stdout] [32m>    }[0m
[INFO] [stdout] [32m>}[0m
[INFO] [stdout] [32m>/// Use AccountsStorage<T> where T can be one of:[0m
[INFO] [stdout] [32m>/// Keypair, PdaStore, TokenStore, MintStore, ProgramStore[0m
[INFO] [stdout] [32m>#[derive(Default)][0m
[INFO] [stdout] [32m>pub struct FuzzAccounts {[0m
[INFO] [stdout] [32m>    signer_dummy_2: AccountsStorage<todo!()>,[0m
[INFO] [stdout] [32m>    account: AccountsStorage<PdaStore>,[0m
[INFO] [stdout] [32m>    account_info: AccountsStorage<todo!()>,[0m
[INFO] [stdout] [32m>    account_loader: AccountsStorage<todo!()>,[0m
[INFO] [stdout] [32m>    boxed: AccountsStorage<todo!()>,[0m
[INFO] [stdout] [32m>    interace: AccountsStorage<todo!()>,[0m
[INFO] [stdout] [32m>    interface_account: AccountsStorage<todo!()>,[0m
[INFO] [stdout] [32m>    option: AccountsStorage<todo!()>,[0m
[INFO] [stdout] [32m>    program: AccountsStorage<todo!()>,[0m
[INFO] [stdout] [32m>    signer_dummy_example: AccountsStorage<todo!()>,[0m
[INFO] [stdout] [32m>    system_account: AccountsStorage<todo!()>,[0m
[INFO] [stdout] [32m>    sysvar: AccountsStorage<todo!()>,[0m
[INFO] [stdout] [32m>    unchecked_account: AccountsStorage<todo!()>,[0m
[INFO] [stdout] [32m>}[0m
[INFO] [stdout] [32m>[0m
[INFO] [stdout] 
[INFO] [stdout] 
[INFO] [stdout] stack backtrace:
[INFO] [stdout]    0:     0x6504c161dd3a - std::backtrace_rs::backtrace::libunwind::trace::h207520d6e9873551
[INFO] [stdout]                                at /rustc/df4ca44d3fbc9301ee17f30f4d474e6ae4b05252/library/std/src/../../backtrace/src/backtrace/libunwind.rs:116:5
[INFO] [stdout]    1:     0x6504c161dd3a - std::backtrace_rs::backtrace::trace_unsynchronized::h2ed7433f370e3eca
[INFO] [stdout]                                at /rustc/df4ca44d3fbc9301ee17f30f4d474e6ae4b05252/library/std/src/../../backtrace/src/backtrace/mod.rs:66:5
[INFO] [stdout]    2:     0x6504c161dd3a - std::sys::backtrace::_print_fmt::h916fac51166b18d7
[INFO] [stdout]                                at /rustc/df4ca44d3fbc9301ee17f30f4d474e6ae4b05252/library/std/src/sys/backtrace.rs:66:9
[INFO] [stdout]    3:     0x6504c161dd3a - <std::sys::backtrace::BacktraceLock::print::DisplayBacktrace as core::fmt::Display>::fmt::ha0a4c9b8ce3802e6
[INFO] [stdout]                                at /rustc/df4ca44d3fbc9301ee17f30f4d474e6ae4b05252/library/std/src/sys/backtrace.rs:39:26
[INFO] [stdout]    4:     0x6504c1646643 - core::fmt::rt::Argument::fmt::h4cfc8587d52b3eb5
[INFO] [stdout]                                at /rustc/df4ca44d3fbc9301ee17f30f4d474e6ae4b05252/library/core/src/fmt/rt.rs:177:76
[INFO] [stdout]    5:     0x6504c1646643 - core::fmt::write::h522cc39e5b36ae9f
[INFO] [stdout]                                at /rustc/df4ca44d3fbc9301ee17f30f4d474e6ae4b05252/library/core/src/fmt/mod.rs:1190:21
[INFO] [stdout]    6:     0x6504c161a503 - std::io::Write::write_fmt::h7d3c26752da97734
[INFO] [stdout]                                at /rustc/df4ca44d3fbc9301ee17f30f4d474e6ae4b05252/library/std/src/io/mod.rs:1839:15
[INFO] [stdout]    7:     0x6504c161db82 - std::sys::backtrace::BacktraceLock::print::h4b9e00b29e9c0942
[INFO] [stdout]                                at /rustc/df4ca44d3fbc9301ee17f30f4d474e6ae4b05252/library/std/src/sys/backtrace.rs:42:9
[INFO] [stdout]    8:     0x6504c161f1ca - std::panicking::default_hook::{{closure}}::hb59b88280d0324d9
[INFO] [stdout]                                at /rustc/df4ca44d3fbc9301ee17f30f4d474e6ae4b05252/library/std/src/panicking.rs:268:22
[INFO] [stdout]    9:     0x6504c161efd4 - std::panicking::default_hook::he1dd496665be4a29
[INFO] [stdout]                                at /rustc/df4ca44d3fbc9301ee17f30f4d474e6ae4b05252/library/std/src/panicking.rs:292:9
[INFO] [stdout]   10:     0x6504c1513dd9 - <alloc::boxed::Box<F,A> as core::ops::function::Fn<Args>>::call::h4ff71de18744e1dc
[INFO] [stdout]                                at /rustc/df4ca44d3fbc9301ee17f30f4d474e6ae4b05252/library/alloc/src/boxed.rs:2468:9
[INFO] [stdout]   11:     0x6504c1513dd9 - test::test_main::{{closure}}::hcf7c055ce117aa81
[INFO] [stdout]                                at /rustc/df4ca44d3fbc9301ee17f30f4d474e6ae4b05252/library/test/src/lib.rs:133:21
[INFO] [stdout]   12:     0x6504c161f8c8 - <alloc::boxed::Box<F,A> as core::ops::function::Fn<Args>>::call::h1d66c6bbd60c9692
[INFO] [stdout]                                at /rustc/df4ca44d3fbc9301ee17f30f4d474e6ae4b05252/library/alloc/src/boxed.rs:2468:9
[INFO] [stdout]   13:     0x6504c161f8c8 - std::panicking::rust_panic_with_hook::h2ff17fe8f26dfcf8
[INFO] [stdout]                                at /rustc/df4ca44d3fbc9301ee17f30f4d474e6ae4b05252/library/std/src/panicking.rs:809:13
[INFO] [stdout]   14:     0x6504c161f68a - std::panicking::begin_panic_handler::{{closure}}::h4fad77951c07e101
[INFO] [stdout]                                at /rustc/df4ca44d3fbc9301ee17f30f4d474e6ae4b05252/library/std/src/panicking.rs:674:13
[INFO] [stdout]   15:     0x6504c161e219 - std::sys::backtrace::__rust_end_short_backtrace::hb1a25b3da5d0ea08
[INFO] [stdout]                                at /rustc/df4ca44d3fbc9301ee17f30f4d474e6ae4b05252/library/std/src/sys/backtrace.rs:170:18
[INFO] [stdout]   16:     0x6504c161f31c - rust_begin_unwind
[INFO] [stdout]                                at /rustc/df4ca44d3fbc9301ee17f30f4d474e6ae4b05252/library/std/src/panicking.rs:665:5
[INFO] [stdout]   17:     0x6504c1644fc0 - core::panicking::panic_fmt::ha9db07b529f9b256
[INFO] [stdout]                                at /rustc/df4ca44d3fbc9301ee17f30f4d474e6ae4b05252/library/core/src/panicking.rs:75:14
[INFO] [stdout]   18:     0x6504c126a326 - test_fuzz::test_fuzz_instructions::{{closure}}::h6ed3bb40f265d847
[INFO] [stdout]                                at /opt/rustwide/workdir/tests/test_fuzz.rs:31:5
[INFO] [stdout]   19:     0x6504c125e135 - <core::pin::Pin<P> as core::future::future::Future>::poll::h1c58c848b67d6290
[INFO] [stdout]                                at /rustc/df4ca44d3fbc9301ee17f30f4d474e6ae4b05252/library/core/src/future/future.rs:123:9
[INFO] [stdout]   20:     0x6504c125e1ad - <core::pin::Pin<P> as core::future::future::Future>::poll::h3116c4d716c29ba9
[INFO] [stdout]                                at /rustc/df4ca44d3fbc9301ee17f30f4d474e6ae4b05252/library/core/src/future/future.rs:123:9
[INFO] [stdout]   21:     0x6504c125ddcf - tokio::runtime::scheduler::current_thread::CoreGuard::block_on::{{closure}}::{{closure}}::{{closure}}::h1d135fdd5f1abe79
[INFO] [stdout]                                at /opt/rustwide/cargo-home/registry/src/index.crates.io-6f17d22bba15001f/tokio-1.41.0/src/runtime/scheduler/current_thread/mod.rs:729:57
[INFO] [stdout]   22:     0x6504c125dcf6 - tokio::runtime::coop::with_budget::hcf31981cbdaba55e
[INFO] [stdout]                                at /opt/rustwide/cargo-home/registry/src/index.crates.io-6f17d22bba15001f/tokio-1.41.0/src/runtime/coop.rs:107:5
[INFO] [stdout]   23:     0x6504c125dcf6 - tokio::runtime::coop::budget::h44bc2a0bcf267964
[INFO] [stdout]                                at /opt/rustwide/cargo-home/registry/src/index.crates.io-6f17d22bba15001f/tokio-1.41.0/src/runtime/coop.rs:73:5
[INFO] [stdout]   24:     0x6504c125dcf6 - tokio::runtime::scheduler::current_thread::CoreGuard::block_on::{{closure}}::{{closure}}::hccebe8c1f9a8286b
[INFO] [stdout]                                at /opt/rustwide/cargo-home/registry/src/index.crates.io-6f17d22bba15001f/tokio-1.41.0/src/runtime/scheduler/current_thread/mod.rs:729:25
[INFO] [stdout]   25:     0x6504c125adaa - tokio::runtime::scheduler::current_thread::Context::enter::h37009c7b09fad6f5
[INFO] [stdout]                                at /opt/rustwide/cargo-home/registry/src/index.crates.io-6f17d22bba15001f/tokio-1.41.0/src/runtime/scheduler/current_thread/mod.rs:428:19
[INFO] [stdout]   26:     0x6504c125d2fe - tokio::runtime::scheduler::current_thread::CoreGuard::block_on::{{closure}}::hffbe9320a3485caa
[INFO] [stdout]                                at /opt/rustwide/cargo-home/registry/src/index.crates.io-6f17d22bba15001f/tokio-1.41.0/src/runtime/scheduler/current_thread/mod.rs:728:36
[INFO] [stdout]   27:     0x6504c125c69b - tokio::runtime::scheduler::current_thread::CoreGuard::enter::{{closure}}::h12480f2b473361f6
[INFO] [stdout]                                at /opt/rustwide/cargo-home/registry/src/index.crates.io-6f17d22bba15001f/tokio-1.41.0/src/runtime/scheduler/current_thread/mod.rs:807:68
[INFO] [stdout]   28:     0x6504c12691ba - tokio::runtime::context::scoped::Scoped<T>::set::h9ca82fb0394988df
[INFO] [stdout]                                at /opt/rustwide/cargo-home/registry/src/index.crates.io-6f17d22bba15001f/tokio-1.41.0/src/runtime/context/scoped.rs:40:9
[INFO] [stdout]   29:     0x6504c1268d4a - tokio::runtime::context::set_scheduler::{{closure}}::h0cfd6ca7288629e3
[INFO] [stdout]                                at /opt/rustwide/cargo-home/registry/src/index.crates.io-6f17d22bba15001f/tokio-1.41.0/src/runtime/context.rs:180:26
[INFO] [stdout]   30:     0x6504c12577f1 - std::thread::local::LocalKey<T>::try_with::h9de1e1a5561ef619
[INFO] [stdout]                                at /rustc/df4ca44d3fbc9301ee17f30f4d474e6ae4b05252/library/std/src/thread/local.rs:283:12
[INFO] [stdout]   31:     0x6504c1256c3d - std::thread::local::LocalKey<T>::with::h3e3a5de2725afa0a
[INFO] [stdout]                                at /rustc/df4ca44d3fbc9301ee17f30f4d474e6ae4b05252/library/std/src/thread/local.rs:260:9
[INFO] [stdout]   32:     0x6504c1268ca1 - tokio::runtime::context::set_scheduler::h62e971fe83cb07a8
[INFO] [stdout]                                at /opt/rustwide/cargo-home/registry/src/index.crates.io-6f17d22bba15001f/tokio-1.41.0/src/runtime/context.rs:180:9
[INFO] [stdout]   33:     0x6504c125c409 - tokio::runtime::scheduler::current_thread::CoreGuard::enter::h7441be42c4fc6316
[INFO] [stdout]                                at /opt/rustwide/cargo-home/registry/src/index.crates.io-6f17d22bba15001f/tokio-1.41.0/src/runtime/scheduler/current_thread/mod.rs:807:27
[INFO] [stdout]   34:     0x6504c125c763 - tokio::runtime::scheduler::current_thread::CoreGuard::block_on::he16f220141a60e4a
[INFO] [stdout]                                at /opt/rustwide/cargo-home/registry/src/index.crates.io-6f17d22bba15001f/tokio-1.41.0/src/runtime/scheduler/current_thread/mod.rs:716:19
[INFO] [stdout]   35:     0x6504c125a1be - tokio::runtime::scheduler::current_thread::CurrentThread::block_on::{{closure}}::h669b08ed61405101
[INFO] [stdout]                                at /opt/rustwide/cargo-home/registry/src/index.crates.io-6f17d22bba15001f/tokio-1.41.0/src/runtime/scheduler/current_thread/mod.rs:196:28
[INFO] [stdout]   36:     0x6504c126ebc6 - tokio::runtime::context::runtime::enter_runtime::h5e0c2ecad984fabe
[INFO] [stdout]                                at /opt/rustwide/cargo-home/registry/src/index.crates.io-6f17d22bba15001f/tokio-1.41.0/src/runtime/context/runtime.rs:65:16
[INFO] [stdout]   37:     0x6504c1259e91 - tokio::runtime::scheduler::current_thread::CurrentThread::block_on::h670803c5e5140e6d
[INFO] [stdout]                                at /opt/rustwide/cargo-home/registry/src/index.crates.io-6f17d22bba15001f/tokio-1.41.0/src/runtime/scheduler/current_thread/mod.rs:184:9
[INFO] [stdout]   38:     0x6504c12643b9 - tokio::runtime::runtime::Runtime::block_on_inner::h4ae24ecf2d4fbcc9
[INFO] [stdout]                                at /opt/rustwide/cargo-home/registry/src/index.crates.io-6f17d22bba15001f/tokio-1.41.0/src/runtime/runtime.rs:368:47
[INFO] [stdout]   39:     0x6504c1264710 - tokio::runtime::runtime::Runtime::block_on::h68e7d977142f8cf0
[INFO] [stdout]                                at /opt/rustwide/cargo-home/registry/src/index.crates.io-6f17d22bba15001f/tokio-1.41.0/src/runtime/runtime.rs:342:13
[INFO] [stdout]   40:     0x6504c1269987 - test_fuzz::test_fuzz_instructions::h2bebbed7ac9fefb6
[INFO] [stdout]                                at /opt/rustwide/workdir/tests/test_fuzz.rs:11:1
[INFO] [stdout]   41:     0x6504c1269827 - test_fuzz::test_fuzz_instructions::{{closure}}::h9317dc4572701a52
[INFO] [stdout]                                at /opt/rustwide/workdir/tests/test_fuzz.rs:11:1
[INFO] [stdout]   42:     0x6504c1260f76 - core::ops::function::FnOnce::call_once::h39e0466d09e15760
[INFO] [stdout]                                at /rustc/df4ca44d3fbc9301ee17f30f4d474e6ae4b05252/library/core/src/ops/function.rs:250:5
[INFO] [stdout]   43:     0x6504c15186ab - core::ops::function::FnOnce::call_once::h22c3ba5715e93f05
[INFO] [stdout]                                at /rustc/df4ca44d3fbc9301ee17f30f4d474e6ae4b05252/library/core/src/ops/function.rs:250:5
[INFO] [stdout]   44:     0x6504c15186ab - test::__rust_begin_short_backtrace::h8e82d8113d0da17f
[INFO] [stdout]                                at /rustc/df4ca44d3fbc9301ee17f30f4d474e6ae4b05252/library/test/src/lib.rs:621:18
[INFO] [stdout]   45:     0x6504c1518027 - test::run_test_in_process::{{closure}}::h33235f4f20b7b7c7
[INFO] [stdout]                                at /rustc/df4ca44d3fbc9301ee17f30f4d474e6ae4b05252/library/test/src/lib.rs:644:60
[INFO] [stdout]   46:     0x6504c1518027 - <core::panic::unwind_safe::AssertUnwindSafe<F> as core::ops::function::FnOnce<()>>::call_once::hb5043206310c586f
[INFO] [stdout]                                at /rustc/df4ca44d3fbc9301ee17f30f4d474e6ae4b05252/library/core/src/panic/unwind_safe.rs:272:9
[INFO] [stdout]   47:     0x6504c1518027 - std::panicking::try::do_call::h9ad4731a60ab23e2
[INFO] [stdout]                                at /rustc/df4ca44d3fbc9301ee17f30f4d474e6ae4b05252/library/std/src/panicking.rs:557:40
[INFO] [stdout]   48:     0x6504c1518027 - std::panicking::try::h3824d23db772a716
[INFO] [stdout]                                at /rustc/df4ca44d3fbc9301ee17f30f4d474e6ae4b05252/library/std/src/panicking.rs:520:19
[INFO] [stdout]   49:     0x6504c1518027 - std::panic::catch_unwind::h5afd514605fde46b
[INFO] [stdout]                                at /rustc/df4ca44d3fbc9301ee17f30f4d474e6ae4b05252/library/std/src/panic.rs:358:14
[INFO] [stdout]   50:     0x6504c1518027 - test::run_test_in_process::h0d5cbfa7067d1720
[INFO] [stdout]                                at /rustc/df4ca44d3fbc9301ee17f30f4d474e6ae4b05252/library/test/src/lib.rs:644:27
[INFO] [stdout]   51:     0x6504c1518027 - test::run_test::{{closure}}::h708eb8872708115d
[INFO] [stdout]                                at /rustc/df4ca44d3fbc9301ee17f30f4d474e6ae4b05252/library/test/src/lib.rs:565:43
[INFO] [stdout]   52:     0x6504c14db744 - test::run_test::{{closure}}::h392c51cee94713ab
[INFO] [stdout]                                at /rustc/df4ca44d3fbc9301ee17f30f4d474e6ae4b05252/library/test/src/lib.rs:595:41
[INFO] [stdout]   53:     0x6504c14db744 - std::sys::backtrace::__rust_begin_short_backtrace::h2f40290710935a8b
[INFO] [stdout]                                at /rustc/df4ca44d3fbc9301ee17f30f4d474e6ae4b05252/library/std/src/sys/backtrace.rs:154:18
[INFO] [stdout]   54:     0x6504c14deeee - std::thread::Builder::spawn_unchecked_::{{closure}}::{{closure}}::h3fd968d89053a903
[INFO] [stdout]                                at /rustc/df4ca44d3fbc9301ee17f30f4d474e6ae4b05252/library/std/src/thread/mod.rs:541:17
[INFO] [stdout]   55:     0x6504c14deeee - <core::panic::unwind_safe::AssertUnwindSafe<F> as core::ops::function::FnOnce<()>>::call_once::h743f637ba4229880
[INFO] [stdout]                                at /rustc/df4ca44d3fbc9301ee17f30f4d474e6ae4b05252/library/core/src/panic/unwind_safe.rs:272:9
[INFO] [stdout]   56:     0x6504c14deeee - std::panicking::try::do_call::h07440897322525a6
[INFO] [stdout]                                at /rustc/df4ca44d3fbc9301ee17f30f4d474e6ae4b05252/library/std/src/panicking.rs:557:40
[INFO] [stdout]   57:     0x6504c14deeee - std::panicking::try::he5a2e00188156637
[INFO] [stdout]                                at /rustc/df4ca44d3fbc9301ee17f30f4d474e6ae4b05252/library/std/src/panicking.rs:520:19
[INFO] [stdout]   58:     0x6504c14deeee - std::panic::catch_unwind::hbaf3cae49b3c6433
[INFO] [stdout]                                at /rustc/df4ca44d3fbc9301ee17f30f4d474e6ae4b05252/library/std/src/panic.rs:358:14
[INFO] [stdout]   59:     0x6504c14deeee - std::thread::Builder::spawn_unchecked_::{{closure}}::h8e141ea224820bce
[INFO] [stdout]                                at /rustc/df4ca44d3fbc9301ee17f30f4d474e6ae4b05252/library/std/src/thread/mod.rs:540:30
[INFO] [stdout]   60:     0x6504c14deeee - core::ops::function::FnOnce::call_once{{vtable.shim}}::h90d312fedd7b8ea8
[INFO] [stdout]                                at /rustc/df4ca44d3fbc9301ee17f30f4d474e6ae4b05252/library/core/src/ops/function.rs:250:5
[INFO] [stdout]   61:     0x6504c1623a7b - <alloc::boxed::Box<F,A> as core::ops::function::FnOnce<Args>>::call_once::h69aa08ddb6adb8b6
[INFO] [stdout]                                at /rustc/df4ca44d3fbc9301ee17f30f4d474e6ae4b05252/library/alloc/src/boxed.rs:2454:9
[INFO] [stdout]   62:     0x6504c1623a7b - <alloc::boxed::Box<F,A> as core::ops::function::FnOnce<Args>>::call_once::h5aa36efdb79c806f
[INFO] [stdout]                                at /rustc/df4ca44d3fbc9301ee17f30f4d474e6ae4b05252/library/alloc/src/boxed.rs:2454:9
[INFO] [stdout]   63:     0x6504c1623a7b - std::sys::pal::unix::thread::Thread::new::thread_start::h6cd80a1b4be5158d
[INFO] [stdout]                                at /rustc/df4ca44d3fbc9301ee17f30f4d474e6ae4b05252/library/std/src/sys/pal/unix/thread.rs:105:17
[INFO] [stdout]   64:     0x7762bab3eac3 - <unknown>
[INFO] [stdout]   65:     0x7762babcfa04 - clone
[INFO] [stdout]   66:                0x0 - <unknown>
[INFO] [stdout] 
[INFO] [stdout] 
[INFO] [stdout] failures:
[INFO] [stdout]     test_fuzz_instructions
[INFO] [stdout]     test_fuzz_test
[INFO] [stdout] 
[INFO] [stdout] test result: FAILED. 0 passed; 2 failed; 0 ignored; 0 measured; 0 filtered out; finished in 0.44s
[INFO] [stdout] 
[INFO] [stderr] error: test failed, to rerun pass `--test test_fuzz`
[INFO] running `Command { std: "docker" "inspect" "c7713afa9780cd99ad0eeccd21c12f11c5de7da7288c48bacb7ca915544bc245", kill_on_drop: false }`
[INFO] running `Command { std: "docker" "rm" "-f" "c7713afa9780cd99ad0eeccd21c12f11c5de7da7288c48bacb7ca915544bc245", kill_on_drop: false }`
[INFO] [stdout] c7713afa9780cd99ad0eeccd21c12f11c5de7da7288c48bacb7ca915544bc245
