[INFO] fetching crate tree-sitter-highlight 0.24.3...
[INFO] testing tree-sitter-highlight-0.24.3 against nightly-2024-10-28 for randomize-layout
[INFO] extracting crate tree-sitter-highlight 0.24.3 into /workspace/builds/worker-0-tc1/source
[INFO] validating manifest of crates.io crate tree-sitter-highlight 0.24.3 on toolchain nightly-2024-10-28
[INFO] running `Command { std: CARGO_HOME="/workspace/cargo-home" RUSTUP_HOME="/workspace/rustup-home" "/workspace/cargo-home/bin/cargo" "+nightly-2024-10-28" "metadata" "--manifest-path" "Cargo.toml" "--no-deps", kill_on_drop: false }`
[INFO] started tweaking crates.io crate tree-sitter-highlight 0.24.3
[INFO] finished tweaking crates.io crate tree-sitter-highlight 0.24.3
[INFO] tweaked toml for crates.io crate tree-sitter-highlight 0.24.3 written to /workspace/builds/worker-0-tc1/source/Cargo.toml
[INFO] running `Command { std: CARGO_HOME="/workspace/cargo-home" RUSTUP_HOME="/workspace/rustup-home" "/workspace/cargo-home/bin/cargo" "+nightly-2024-10-28" "generate-lockfile" "--manifest-path" "Cargo.toml", kill_on_drop: false }`
[INFO] [stderr]     Updating crates.io index
[INFO] [stderr]      Locking 17 packages to latest compatible versions
[INFO] running `Command { std: CARGO_HOME="/workspace/cargo-home" RUSTUP_HOME="/workspace/rustup-home" "/workspace/cargo-home/bin/cargo" "+nightly-2024-10-28" "fetch" "--manifest-path" "Cargo.toml", kill_on_drop: false }`
[INFO] running `Command { std: "docker" "create" "-v" "/var/lib/crater-agent-workspace/builds/worker-0-tc1/target:/opt/rustwide/target:rw,Z" "-v" "/var/lib/crater-agent-workspace/builds/worker-0-tc1/source:/opt/rustwide/workdir:ro,Z" "-v" "/var/lib/crater-agent-workspace/cargo-home:/opt/rustwide/cargo-home:ro,Z" "-v" "/var/lib/crater-agent-workspace/rustup-home:/opt/rustwide/rustup-home:ro,Z" "-e" "SOURCE_DIR=/opt/rustwide/workdir" "-e" "CARGO_TARGET_DIR=/opt/rustwide/target" "-e" "CARGO_HOME=/opt/rustwide/cargo-home" "-e" "RUSTUP_HOME=/opt/rustwide/rustup-home" "-w" "/opt/rustwide/workdir" "-m" "1610612736" "--user" "0:0" "--network" "none" "ghcr.io/rust-lang/crates-build-env/linux@sha256:4a844ea9eb2546a2d2c7022eacef16ef2e8229c7fbb2c7d4d55a9ceca922f72d" "/opt/rustwide/cargo-home/bin/cargo" "+nightly-2024-10-28" "metadata" "--no-deps" "--format-version=1", kill_on_drop: false }`
[INFO] [stdout] 6607bcd69200d2e5d57579f97741634199a24609c1b8145292a91e0c857bbf91
[INFO] running `Command { std: "docker" "start" "-a" "6607bcd69200d2e5d57579f97741634199a24609c1b8145292a91e0c857bbf91", kill_on_drop: false }`
[INFO] running `Command { std: "docker" "inspect" "6607bcd69200d2e5d57579f97741634199a24609c1b8145292a91e0c857bbf91", kill_on_drop: false }`
[INFO] running `Command { std: "docker" "rm" "-f" "6607bcd69200d2e5d57579f97741634199a24609c1b8145292a91e0c857bbf91", kill_on_drop: false }`
[INFO] [stdout] 6607bcd69200d2e5d57579f97741634199a24609c1b8145292a91e0c857bbf91
[INFO] running `Command { std: "docker" "create" "-v" "/var/lib/crater-agent-workspace/builds/worker-0-tc1/target:/opt/rustwide/target:rw,Z" "-v" "/var/lib/crater-agent-workspace/builds/worker-0-tc1/source:/opt/rustwide/workdir:ro,Z" "-v" "/var/lib/crater-agent-workspace/cargo-home:/opt/rustwide/cargo-home:ro,Z" "-v" "/var/lib/crater-agent-workspace/rustup-home:/opt/rustwide/rustup-home:ro,Z" "-e" "SOURCE_DIR=/opt/rustwide/workdir" "-e" "CARGO_TARGET_DIR=/opt/rustwide/target" "-e" "CARGO_INCREMENTAL=0" "-e" "RUST_BACKTRACE=full" "-e" "RUSTFLAGS=--cap-lints=forbid" "-e" "RUSTDOCFLAGS=--cap-lints=forbid" "-e" "CARGO_HOME=/opt/rustwide/cargo-home" "-e" "RUSTUP_HOME=/opt/rustwide/rustup-home" "-w" "/opt/rustwide/workdir" "-m" "1610612736" "--user" "0:0" "--network" "none" "ghcr.io/rust-lang/crates-build-env/linux@sha256:4a844ea9eb2546a2d2c7022eacef16ef2e8229c7fbb2c7d4d55a9ceca922f72d" "/opt/rustwide/cargo-home/bin/cargo" "+nightly-2024-10-28" "build" "--frozen" "--message-format=json", kill_on_drop: false }`
[INFO] [stdout] d0a4587fc73bf3bfc098528d5c07c20342bfb8063ca673c161540794e085cd88
[INFO] running `Command { std: "docker" "start" "-a" "d0a4587fc73bf3bfc098528d5c07c20342bfb8063ca673c161540794e085cd88", kill_on_drop: false }`
[INFO] [stderr]    Compiling tree-sitter v0.24.3
[INFO] [stderr]    Compiling tree-sitter-highlight v0.24.3 (/opt/rustwide/workdir)
[INFO] [stderr]     Finished `dev` profile [unoptimized + debuginfo] target(s) in 1.74s
[INFO] running `Command { std: "docker" "inspect" "d0a4587fc73bf3bfc098528d5c07c20342bfb8063ca673c161540794e085cd88", kill_on_drop: false }`
[INFO] running `Command { std: "docker" "rm" "-f" "d0a4587fc73bf3bfc098528d5c07c20342bfb8063ca673c161540794e085cd88", kill_on_drop: false }`
[INFO] [stdout] d0a4587fc73bf3bfc098528d5c07c20342bfb8063ca673c161540794e085cd88
[INFO] running `Command { std: "docker" "create" "-v" "/var/lib/crater-agent-workspace/builds/worker-0-tc1/target:/opt/rustwide/target:rw,Z" "-v" "/var/lib/crater-agent-workspace/builds/worker-0-tc1/source:/opt/rustwide/workdir:ro,Z" "-v" "/var/lib/crater-agent-workspace/cargo-home:/opt/rustwide/cargo-home:ro,Z" "-v" "/var/lib/crater-agent-workspace/rustup-home:/opt/rustwide/rustup-home:ro,Z" "-e" "SOURCE_DIR=/opt/rustwide/workdir" "-e" "CARGO_TARGET_DIR=/opt/rustwide/target" "-e" "CARGO_INCREMENTAL=0" "-e" "RUST_BACKTRACE=full" "-e" "RUSTFLAGS=--cap-lints=forbid" "-e" "RUSTDOCFLAGS=--cap-lints=forbid" "-e" "CARGO_HOME=/opt/rustwide/cargo-home" "-e" "RUSTUP_HOME=/opt/rustwide/rustup-home" "-w" "/opt/rustwide/workdir" "-m" "1610612736" "--user" "0:0" "--network" "none" "ghcr.io/rust-lang/crates-build-env/linux@sha256:4a844ea9eb2546a2d2c7022eacef16ef2e8229c7fbb2c7d4d55a9ceca922f72d" "/opt/rustwide/cargo-home/bin/cargo" "+nightly-2024-10-28" "test" "--frozen" "--no-run" "--message-format=json", kill_on_drop: false }`
[INFO] [stdout] e72fbd99a709516b85fba0850e9a07ab690b59f41a1a3f18552a60fc589985c4
[INFO] running `Command { std: "docker" "start" "-a" "e72fbd99a709516b85fba0850e9a07ab690b59f41a1a3f18552a60fc589985c4", kill_on_drop: false }`
[INFO] [stderr]    Compiling tree-sitter-highlight v0.24.3 (/opt/rustwide/workdir)
[INFO] [stderr]     Finished `test` profile [unoptimized + debuginfo] target(s) in 0.72s
[INFO] running `Command { std: "docker" "inspect" "e72fbd99a709516b85fba0850e9a07ab690b59f41a1a3f18552a60fc589985c4", kill_on_drop: false }`
[INFO] running `Command { std: "docker" "rm" "-f" "e72fbd99a709516b85fba0850e9a07ab690b59f41a1a3f18552a60fc589985c4", kill_on_drop: false }`
[INFO] [stdout] e72fbd99a709516b85fba0850e9a07ab690b59f41a1a3f18552a60fc589985c4
[INFO] running `Command { std: "docker" "create" "-v" "/var/lib/crater-agent-workspace/builds/worker-0-tc1/target:/opt/rustwide/target:rw,Z" "-v" "/var/lib/crater-agent-workspace/builds/worker-0-tc1/source:/opt/rustwide/workdir:ro,Z" "-v" "/var/lib/crater-agent-workspace/cargo-home:/opt/rustwide/cargo-home:ro,Z" "-v" "/var/lib/crater-agent-workspace/rustup-home:/opt/rustwide/rustup-home:ro,Z" "-e" "SOURCE_DIR=/opt/rustwide/workdir" "-e" "CARGO_TARGET_DIR=/opt/rustwide/target" "-e" "CARGO_INCREMENTAL=0" "-e" "RUST_BACKTRACE=full" "-e" "RUSTFLAGS=--cap-lints=forbid" "-e" "RUSTDOCFLAGS=--cap-lints=forbid" "-e" "CARGO_HOME=/opt/rustwide/cargo-home" "-e" "RUSTUP_HOME=/opt/rustwide/rustup-home" "-w" "/opt/rustwide/workdir" "-m" "1610612736" "--user" "0:0" "--network" "none" "ghcr.io/rust-lang/crates-build-env/linux@sha256:4a844ea9eb2546a2d2c7022eacef16ef2e8229c7fbb2c7d4d55a9ceca922f72d" "/opt/rustwide/cargo-home/bin/cargo" "+nightly-2024-10-28" "test" "--frozen", kill_on_drop: false }`
[INFO] [stdout] c109e03c07a7ca427fb84e54aaa5f4f7a2cf34f9d5250d46553bc74bc6c13add
[INFO] running `Command { std: "docker" "start" "-a" "c109e03c07a7ca427fb84e54aaa5f4f7a2cf34f9d5250d46553bc74bc6c13add", kill_on_drop: false }`
[INFO] [stderr]     Finished `test` profile [unoptimized + debuginfo] target(s) in 0.01s
[INFO] [stderr]      Running unittests src/lib.rs (/opt/rustwide/target/debug/deps/tree_sitter_highlight-cc7c9ec1879b1cfa)
[INFO] [stdout] 
[INFO] [stdout] running 0 tests
[INFO] [stdout] 
[INFO] [stdout] test result: ok. 0 passed; 0 failed; 0 ignored; 0 measured; 0 filtered out; finished in 0.00s
[INFO] [stdout] 
[INFO] [stderr]    Doc-tests tree_sitter_highlight
[INFO] [stdout] 
[INFO] [stdout] running 5 tests
[INFO] [stdout] test src/../README.md - (line 77) ... FAILED
[INFO] [stdout] test src/../README.md - (line 71) ... FAILED
[INFO] [stdout] test src/../README.md - (line 55) ... FAILED
[INFO] [stdout] test src/../README.md - (line 21) ... ok
[INFO] [stdout] test src/../README.md - (line 47) ... ok
[INFO] [stdout] 
[INFO] [stdout] failures:
[INFO] [stdout] 
[INFO] [stdout] ---- src/../README.md - (line 77) stdout ----
[INFO] [stdout] error[E0425]: cannot find value `highlighter` in this scope
[INFO] [stdout]  --> src/../README.md:81:18
[INFO] [stdout]   |
[INFO] [stdout] 7 | let highlights = highlighter.highlight(
[INFO] [stdout]   |                  ^^^^^^^^^^^ not found in this scope
[INFO] [stdout] 
[INFO] [stdout] error[E0425]: cannot find value `javascript_config` in this scope
[INFO] [stdout]  --> src/../README.md:82:6
[INFO] [stdout]   |
[INFO] [stdout] 8 |     &javascript_config,
[INFO] [stdout]   |      ^^^^^^^^^^^^^^^^^ not found in this scope
[INFO] [stdout] 
[INFO] [stdout] error: aborting due to 2 previous errors
[INFO] [stdout] 
[INFO] [stdout] For more information about this error, try `rustc --explain E0425`.
[INFO] [stdout] Couldn't compile the test.
[INFO] [stdout] ---- src/../README.md - (line 71) stdout ----
[INFO] [stdout] error[E0425]: cannot find value `javascript_config` in this scope
[INFO] [stdout]  --> src/../README.md:72:1
[INFO] [stdout]   |
[INFO] [stdout] 3 | javascript_config.configure(&highlight_names);
[INFO] [stdout]   | ^^^^^^^^^^^^^^^^^ not found in this scope
[INFO] [stdout] 
[INFO] [stdout] error[E0425]: cannot find value `highlight_names` in this scope
[INFO] [stdout]  --> src/../README.md:72:30
[INFO] [stdout]   |
[INFO] [stdout] 3 | javascript_config.configure(&highlight_names);
[INFO] [stdout]   |                              ^^^^^^^^^^^^^^^ not found in this scope
[INFO] [stdout] 
[INFO] [stdout] error: aborting due to 2 previous errors
[INFO] [stdout] 
[INFO] [stdout] For more information about this error, try `rustc --explain E0425`.
[INFO] [stdout] Couldn't compile the test.
[INFO] [stdout] ---- src/../README.md - (line 55) stdout ----
[INFO] [stdout] error[E0433]: failed to resolve: use of undeclared crate or module `tree_sitter_javascript`
[INFO] [stdout]  --> src/../README.md:59:27
[INFO] [stdout]   |
[INFO] [stdout] 7 | let javascript_language = tree_sitter_javascript::language();
[INFO] [stdout]   |                           ^^^^^^^^^^^^^^^^^^^^^^ use of undeclared crate or module `tree_sitter_javascript`
[INFO] [stdout] 
[INFO] [stdout] error[E0433]: failed to resolve: use of undeclared crate or module `tree_sitter_javascript`
[INFO] [stdout]   --> src/../README.md:64:5
[INFO] [stdout]    |
[INFO] [stdout] 12 |     tree_sitter_javascript::HIGHLIGHT_QUERY,
[INFO] [stdout]    |     ^^^^^^^^^^^^^^^^^^^^^^ use of undeclared crate or module `tree_sitter_javascript`
[INFO] [stdout] 
[INFO] [stdout] error[E0433]: failed to resolve: use of undeclared crate or module `tree_sitter_javascript`
[INFO] [stdout]   --> src/../README.md:65:5
[INFO] [stdout]    |
[INFO] [stdout] 13 |     tree_sitter_javascript::INJECTIONS_QUERY,
[INFO] [stdout]    |     ^^^^^^^^^^^^^^^^^^^^^^ use of undeclared crate or module `tree_sitter_javascript`
[INFO] [stdout] 
[INFO] [stdout] error[E0433]: failed to resolve: use of undeclared crate or module `tree_sitter_javascript`
[INFO] [stdout]   --> src/../README.md:66:5
[INFO] [stdout]    |
[INFO] [stdout] 14 |     tree_sitter_javascript::LOCALS_QUERY,
[INFO] [stdout]    |     ^^^^^^^^^^^^^^^^^^^^^^ use of undeclared crate or module `tree_sitter_javascript`
[INFO] [stdout] 
[INFO] [stdout] error: aborting due to 4 previous errors
[INFO] [stdout] 
[INFO] [stdout] For more information about this error, try `rustc --explain E0433`.
[INFO] [stdout] Couldn't compile the test.
[INFO] [stdout] 
[INFO] [stdout] failures:
[INFO] [stdout]     src/../README.md - (line 55)
[INFO] [stdout]     src/../README.md - (line 71)
[INFO] [stdout]     src/../README.md - (line 77)
[INFO] [stdout] 
[INFO] [stdout] test result: FAILED. 2 passed; 3 failed; 0 ignored; 0 measured; 0 filtered out; finished in 0.14s
[INFO] [stdout] 
[INFO] [stderr] error: doctest failed, to rerun pass `--doc`
[INFO] running `Command { std: "docker" "inspect" "c109e03c07a7ca427fb84e54aaa5f4f7a2cf34f9d5250d46553bc74bc6c13add", kill_on_drop: false }`
[INFO] running `Command { std: "docker" "rm" "-f" "c109e03c07a7ca427fb84e54aaa5f4f7a2cf34f9d5250d46553bc74bc6c13add", kill_on_drop: false }`
[INFO] [stdout] c109e03c07a7ca427fb84e54aaa5f4f7a2cf34f9d5250d46553bc74bc6c13add
