[INFO] fetching crate trash_lib 0.1.0...
[INFO] testing trash_lib-0.1.0 against nightly-2024-10-28 for randomize-layout
[INFO] extracting crate trash_lib 0.1.0 into /workspace/builds/worker-6-tc1/source
[INFO] validating manifest of crates.io crate trash_lib 0.1.0 on toolchain nightly-2024-10-28
[INFO] running `Command { std: CARGO_HOME="/workspace/cargo-home" RUSTUP_HOME="/workspace/rustup-home" "/workspace/cargo-home/bin/cargo" "+nightly-2024-10-28" "metadata" "--manifest-path" "Cargo.toml" "--no-deps", kill_on_drop: false }`
[INFO] started tweaking crates.io crate trash_lib 0.1.0
[INFO] finished tweaking crates.io crate trash_lib 0.1.0
[INFO] tweaked toml for crates.io crate trash_lib 0.1.0 written to /workspace/builds/worker-6-tc1/source/Cargo.toml
[INFO] running `Command { std: CARGO_HOME="/workspace/cargo-home" RUSTUP_HOME="/workspace/rustup-home" "/workspace/cargo-home/bin/cargo" "+nightly-2024-10-28" "generate-lockfile" "--manifest-path" "Cargo.toml", kill_on_drop: false }`
[INFO] [stderr]     Updating crates.io index
[INFO] [stderr]      Locking 61 packages to latest compatible versions
[INFO] [stderr]       Adding directories v3.0.2 (available: v5.0.1)
[INFO] [stderr]       Adding snafu v0.6.10 (available: v0.8.5)
[INFO] running `Command { std: CARGO_HOME="/workspace/cargo-home" RUSTUP_HOME="/workspace/rustup-home" "/workspace/cargo-home/bin/cargo" "+nightly-2024-10-28" "fetch" "--manifest-path" "Cargo.toml", kill_on_drop: false }`
[INFO] running `Command { std: "docker" "create" "-v" "/var/lib/crater-agent-workspace/builds/worker-6-tc1/target:/opt/rustwide/target:rw,Z" "-v" "/var/lib/crater-agent-workspace/builds/worker-6-tc1/source:/opt/rustwide/workdir:ro,Z" "-v" "/var/lib/crater-agent-workspace/cargo-home:/opt/rustwide/cargo-home:ro,Z" "-v" "/var/lib/crater-agent-workspace/rustup-home:/opt/rustwide/rustup-home:ro,Z" "-e" "SOURCE_DIR=/opt/rustwide/workdir" "-e" "CARGO_TARGET_DIR=/opt/rustwide/target" "-e" "CARGO_HOME=/opt/rustwide/cargo-home" "-e" "RUSTUP_HOME=/opt/rustwide/rustup-home" "-w" "/opt/rustwide/workdir" "-m" "1610612736" "--user" "0:0" "--network" "none" "ghcr.io/rust-lang/crates-build-env/linux@sha256:4a844ea9eb2546a2d2c7022eacef16ef2e8229c7fbb2c7d4d55a9ceca922f72d" "/opt/rustwide/cargo-home/bin/cargo" "+nightly-2024-10-28" "metadata" "--no-deps" "--format-version=1", kill_on_drop: false }`
[INFO] [stdout] d25ceb5cf3b0a2314a03666da641733c80d17885dcb8cd1c5b338b21556cd09c
[INFO] running `Command { std: "docker" "start" "-a" "d25ceb5cf3b0a2314a03666da641733c80d17885dcb8cd1c5b338b21556cd09c", kill_on_drop: false }`
[INFO] running `Command { std: "docker" "inspect" "d25ceb5cf3b0a2314a03666da641733c80d17885dcb8cd1c5b338b21556cd09c", kill_on_drop: false }`
[INFO] running `Command { std: "docker" "rm" "-f" "d25ceb5cf3b0a2314a03666da641733c80d17885dcb8cd1c5b338b21556cd09c", kill_on_drop: false }`
[INFO] [stdout] d25ceb5cf3b0a2314a03666da641733c80d17885dcb8cd1c5b338b21556cd09c
[INFO] running `Command { std: "docker" "create" "-v" "/var/lib/crater-agent-workspace/builds/worker-6-tc1/target:/opt/rustwide/target:rw,Z" "-v" "/var/lib/crater-agent-workspace/builds/worker-6-tc1/source:/opt/rustwide/workdir:ro,Z" "-v" "/var/lib/crater-agent-workspace/cargo-home:/opt/rustwide/cargo-home:ro,Z" "-v" "/var/lib/crater-agent-workspace/rustup-home:/opt/rustwide/rustup-home:ro,Z" "-e" "SOURCE_DIR=/opt/rustwide/workdir" "-e" "CARGO_TARGET_DIR=/opt/rustwide/target" "-e" "CARGO_INCREMENTAL=0" "-e" "RUST_BACKTRACE=full" "-e" "RUSTFLAGS=--cap-lints=forbid" "-e" "RUSTDOCFLAGS=--cap-lints=forbid" "-e" "CARGO_HOME=/opt/rustwide/cargo-home" "-e" "RUSTUP_HOME=/opt/rustwide/rustup-home" "-w" "/opt/rustwide/workdir" "-m" "1610612736" "--user" "0:0" "--network" "none" "ghcr.io/rust-lang/crates-build-env/linux@sha256:4a844ea9eb2546a2d2c7022eacef16ef2e8229c7fbb2c7d4d55a9ceca922f72d" "/opt/rustwide/cargo-home/bin/cargo" "+nightly-2024-10-28" "build" "--frozen" "--message-format=json", kill_on_drop: false }`
[INFO] [stdout] 89acb4b688a659a875536186bf5e04b4c1e90fddcf322efeb9cca17092813d5f
[INFO] running `Command { std: "docker" "start" "-a" "89acb4b688a659a875536186bf5e04b4c1e90fddcf322efeb9cca17092813d5f", kill_on_drop: false }`
[INFO] [stderr]    Compiling proc-macro2 v1.0.89
[INFO] [stderr]    Compiling unicode-ident v1.0.13
[INFO] [stderr]    Compiling syn v1.0.109
[INFO] [stderr]    Compiling autocfg v1.4.0
[INFO] [stderr]    Compiling libc v0.2.161
[INFO] [stderr]    Compiling doc-comment v0.3.3
[INFO] [stderr]    Compiling iana-time-zone v0.1.61
[INFO] [stderr]    Compiling fs_extra v1.3.0
[INFO] [stderr]    Compiling once_cell v1.20.2
[INFO] [stderr]    Compiling log v0.4.22
[INFO] [stderr]    Compiling percent-encoding v2.3.1
[INFO] [stderr]    Compiling num-traits v0.2.19
[INFO] [stderr]    Compiling quote v1.0.37
[INFO] [stderr]    Compiling chrono v0.4.38
[INFO] [stderr]    Compiling dirs-sys v0.3.7
[INFO] [stderr]    Compiling directories v3.0.2
[INFO] [stderr]    Compiling snafu-derive v0.6.10
[INFO] [stderr]    Compiling snafu v0.6.10
[INFO] [stderr]    Compiling trash_lib v0.1.0 (/opt/rustwide/workdir)
[INFO] [stdout] warning: unused import: `percent_encoding::percent_decode_str`
[INFO] [stdout]  --> src/parser.rs:6:5
[INFO] [stdout]   |
[INFO] [stdout] 6 | use percent_encoding::percent_decode_str;
[INFO] [stdout]   |     ^^^^^^^^^^^^^^^^^^^^^^^^^^^^^^^^^^^^
[INFO] [stdout]   |
[INFO] [stdout]   = note: `#[warn(unused_imports)]` on by default
[INFO] [stdout] 
[INFO] [stdout] 
[INFO] [stdout] warning: unused import: `self`
[INFO] [stdout]  --> src/parser.rs:9:27
[INFO] [stdout]   |
[INFO] [stdout] 9 | use crate::percent_path::{self, PercentPath};
[INFO] [stdout]   |                           ^^^^
[INFO] [stdout] 
[INFO] [stdout] 
[INFO] [stdout] warning: unused import: `ProjectDirs`
[INFO] [stdout]   --> src/lib.rs:10:19
[INFO] [stdout]    |
[INFO] [stdout] 10 | use directories::{ProjectDirs, UserDirs};
[INFO] [stdout]    |                   ^^^^^^^^^^^
[INFO] [stdout] 
[INFO] [stdout] 
[INFO] [stdout] warning: unused import: `std::str::FromStr`
[INFO] [stdout]  --> src/parser.rs:3:5
[INFO] [stdout]   |
[INFO] [stdout] 3 | use std::str::FromStr;
[INFO] [stdout]   |     ^^^^^^^^^^^^^^^^^
[INFO] [stdout] 
[INFO] [stdout] 
[INFO] [stdout] warning: unused variable: `i`
[INFO] [stdout]    --> src/parser.rs:126:10
[INFO] [stdout]     |
[INFO] [stdout] 126 |     let (i, deletion_date) = all_consuming(parse_deletion_date)(i)?;
[INFO] [stdout]     |          ^ help: if this is intentional, prefix it with an underscore: `_i`
[INFO] [stdout]     |
[INFO] [stdout]     = note: `#[warn(unused_variables)]` on by default
[INFO] [stdout] 
[INFO] [stdout] 
[INFO] [stderr]     Finished `dev` profile [unoptimized + debuginfo] target(s) in 9.49s
[INFO] running `Command { std: "docker" "inspect" "89acb4b688a659a875536186bf5e04b4c1e90fddcf322efeb9cca17092813d5f", kill_on_drop: false }`
[INFO] running `Command { std: "docker" "rm" "-f" "89acb4b688a659a875536186bf5e04b4c1e90fddcf322efeb9cca17092813d5f", kill_on_drop: false }`
[INFO] [stdout] 89acb4b688a659a875536186bf5e04b4c1e90fddcf322efeb9cca17092813d5f
[INFO] running `Command { std: "docker" "create" "-v" "/var/lib/crater-agent-workspace/builds/worker-6-tc1/target:/opt/rustwide/target:rw,Z" "-v" "/var/lib/crater-agent-workspace/builds/worker-6-tc1/source:/opt/rustwide/workdir:ro,Z" "-v" "/var/lib/crater-agent-workspace/cargo-home:/opt/rustwide/cargo-home:ro,Z" "-v" "/var/lib/crater-agent-workspace/rustup-home:/opt/rustwide/rustup-home:ro,Z" "-e" "SOURCE_DIR=/opt/rustwide/workdir" "-e" "CARGO_TARGET_DIR=/opt/rustwide/target" "-e" "CARGO_INCREMENTAL=0" "-e" "RUST_BACKTRACE=full" "-e" "RUSTFLAGS=--cap-lints=forbid" "-e" "RUSTDOCFLAGS=--cap-lints=forbid" "-e" "CARGO_HOME=/opt/rustwide/cargo-home" "-e" "RUSTUP_HOME=/opt/rustwide/rustup-home" "-w" "/opt/rustwide/workdir" "-m" "1610612736" "--user" "0:0" "--network" "none" "ghcr.io/rust-lang/crates-build-env/linux@sha256:4a844ea9eb2546a2d2c7022eacef16ef2e8229c7fbb2c7d4d55a9ceca922f72d" "/opt/rustwide/cargo-home/bin/cargo" "+nightly-2024-10-28" "test" "--frozen" "--no-run" "--message-format=json", kill_on_drop: false }`
[INFO] [stdout] 1dc1ac776d445180355afe48accff41987a60e3259a860c8fc2362f320253764
[INFO] running `Command { std: "docker" "start" "-a" "1dc1ac776d445180355afe48accff41987a60e3259a860c8fc2362f320253764", kill_on_drop: false }`
[INFO] [stderr]    Compiling rustix v0.38.38
[INFO] [stderr]    Compiling bitflags v2.6.0
[INFO] [stderr]    Compiling anyhow v1.0.92
[INFO] [stderr]    Compiling linux-raw-sys v0.4.14
[INFO] [stderr]    Compiling cfg-if v1.0.0
[INFO] [stderr]    Compiling fastrand v2.1.1
[INFO] [stdout] warning: unused import: `percent_encoding::percent_decode_str`
[INFO] [stdout]  --> src/parser.rs:6:5
[INFO] [stdout]   |
[INFO] [stdout] 6 | use percent_encoding::percent_decode_str;
[INFO] [stdout]   |     ^^^^^^^^^^^^^^^^^^^^^^^^^^^^^^^^^^^^
[INFO] [stdout]   |
[INFO] [stdout]   = note: `#[warn(unused_imports)]` on by default
[INFO] [stdout] 
[INFO] [stdout] 
[INFO] [stdout] warning: unused import: `self`
[INFO] [stdout]  --> src/parser.rs:9:27
[INFO] [stdout]   |
[INFO] [stdout] 9 | use crate::percent_path::{self, PercentPath};
[INFO] [stdout]   |                           ^^^^
[INFO] [stdout] 
[INFO] [stdout] 
[INFO] [stdout] warning: unused import: `ProjectDirs`
[INFO] [stdout]   --> src/lib.rs:10:19
[INFO] [stdout]    |
[INFO] [stdout] 10 | use directories::{ProjectDirs, UserDirs};
[INFO] [stdout]    |                   ^^^^^^^^^^^
[INFO] [stdout] 
[INFO] [stdout] 
[INFO] [stdout] warning: unused import: `std::str::FromStr`
[INFO] [stdout]  --> src/parser.rs:3:5
[INFO] [stdout]   |
[INFO] [stdout] 3 | use std::str::FromStr;
[INFO] [stdout]   |     ^^^^^^^^^^^^^^^^^
[INFO] [stdout] 
[INFO] [stdout] 
[INFO] [stdout] warning: unused variable: `i`
[INFO] [stdout]    --> src/parser.rs:126:10
[INFO] [stdout]     |
[INFO] [stdout] 126 |     let (i, deletion_date) = all_consuming(parse_deletion_date)(i)?;
[INFO] [stdout]     |          ^ help: if this is intentional, prefix it with an underscore: `_i`
[INFO] [stdout]     |
[INFO] [stdout]     = note: `#[warn(unused_variables)]` on by default
[INFO] [stdout] 
[INFO] [stdout] 
[INFO] [stderr]    Compiling tempfile v3.13.0
[INFO] [stderr]    Compiling trash_lib v0.1.0 (/opt/rustwide/workdir)
[INFO] [stdout] warning: unused import: `percent_encoding::percent_decode_str`
[INFO] [stdout]  --> src/parser.rs:6:5
[INFO] [stdout]   |
[INFO] [stdout] 6 | use percent_encoding::percent_decode_str;
[INFO] [stdout]   |     ^^^^^^^^^^^^^^^^^^^^^^^^^^^^^^^^^^^^
[INFO] [stdout]   |
[INFO] [stdout]   = note: `#[warn(unused_imports)]` on by default
[INFO] [stdout] 
[INFO] [stdout] 
[INFO] [stdout] warning: unused import: `self`
[INFO] [stdout]  --> src/parser.rs:9:27
[INFO] [stdout]   |
[INFO] [stdout] 9 | use crate::percent_path::{self, PercentPath};
[INFO] [stdout]   |                           ^^^^
[INFO] [stdout] 
[INFO] [stdout] 
[INFO] [stdout] warning: unused import: `Context`
[INFO] [stdout]    --> src/parser.rs:142:18
[INFO] [stdout]     |
[INFO] [stdout] 142 |     use anyhow::{Context, Result};
[INFO] [stdout]     |                  ^^^^^^^
[INFO] [stdout] 
[INFO] [stdout] 
[INFO] [stdout] warning: unused import: `Context`
[INFO] [stdout]    --> src/trash_entry.rs:273:18
[INFO] [stdout]     |
[INFO] [stdout] 273 |     use anyhow::{Context, Result};
[INFO] [stdout]     |                  ^^^^^^^
[INFO] [stdout] 
[INFO] [stdout] 
[INFO] [stdout] warning: unused import: `tempdir`
[INFO] [stdout]    --> src/trash_entry.rs:275:20
[INFO] [stdout]     |
[INFO] [stdout] 275 |     use tempfile::{tempdir, NamedTempFile};
[INFO] [stdout]     |                    ^^^^^^^
[INFO] [stdout] 
[INFO] [stdout] 
[INFO] [stdout] warning: unused import: `NamedTempFile`
[INFO] [stdout]    --> src/trash_info.rs:187:42
[INFO] [stdout]     |
[INFO] [stdout] 187 |     use tempfile::{tempfile_in, Builder, NamedTempFile};
[INFO] [stdout]     |                                          ^^^^^^^^^^^^^
[INFO] [stdout] 
[INFO] [stdout] 
[INFO] [stdout] warning: unused import: `ProjectDirs`
[INFO] [stdout]   --> src/lib.rs:10:19
[INFO] [stdout]    |
[INFO] [stdout] 10 | use directories::{ProjectDirs, UserDirs};
[INFO] [stdout]    |                   ^^^^^^^^^^^
[INFO] [stdout] 
[INFO] [stdout] 
[INFO] [stdout] warning: unused import: `Context`
[INFO] [stdout]    --> src/lib.rs:158:18
[INFO] [stdout]     |
[INFO] [stdout] 158 |     use anyhow::{Context, Result};
[INFO] [stdout]     |                  ^^^^^^^
[INFO] [stdout] 
[INFO] [stdout] 
[INFO] [stdout] warning: unused import: `std::fs::File`
[INFO] [stdout]    --> src/lib.rs:159:9
[INFO] [stdout]     |
[INFO] [stdout] 159 |     use std::fs::File;
[INFO] [stdout]     |         ^^^^^^^^^^^^^
[INFO] [stdout] 
[INFO] [stdout] 
[INFO] [stdout] warning: use of deprecated method `chrono::TimeZone::ymd`: use `with_ymd_and_hms()` instead
[INFO] [stdout]    --> src/trash_info.rs:210:14
[INFO] [stdout]     |
[INFO] [stdout] 210 |             .ymd(2014, 7, 8)
[INFO] [stdout]     |              ^^^
[INFO] [stdout]     |
[INFO] [stdout]     = note: `#[warn(deprecated)]` on by default
[INFO] [stdout] 
[INFO] [stdout] 
[INFO] [stdout] warning: use of deprecated method `chrono::Date::<Tz>::and_hms_milli`: Use and_hms_milli_opt() instead
[INFO] [stdout]    --> src/trash_info.rs:211:14
[INFO] [stdout]     |
[INFO] [stdout] 211 |             .and_hms_milli(9, 10, 11, 12)
[INFO] [stdout]     |              ^^^^^^^^^^^^^
[INFO] [stdout] 
[INFO] [stdout] 
[INFO] [stdout] warning: use of deprecated method `chrono::TimeZone::ymd`: use `with_ymd_and_hms()` instead
[INFO] [stdout]    --> src/trash_info.rs:220:14
[INFO] [stdout]     |
[INFO] [stdout] 220 |             .ymd(2020, 4, 9)
[INFO] [stdout]     |              ^^^
[INFO] [stdout] 
[INFO] [stdout] 
[INFO] [stdout] warning: use of deprecated method `chrono::Date::<Tz>::and_hms_nano`: Use and_hms_nano_opt() instead
[INFO] [stdout]    --> src/trash_info.rs:221:14
[INFO] [stdout]     |
[INFO] [stdout] 221 |             .and_hms_nano(9, 11, 10, 12_000_000)
[INFO] [stdout]     |              ^^^^^^^^^^^^
[INFO] [stdout] 
[INFO] [stdout] 
[INFO] [stdout] warning: unused import: `std::str::FromStr`
[INFO] [stdout]  --> src/parser.rs:3:5
[INFO] [stdout]   |
[INFO] [stdout] 3 | use std::str::FromStr;
[INFO] [stdout]   |     ^^^^^^^^^^^^^^^^^
[INFO] [stdout] 
[INFO] [stdout] 
[INFO] [stdout] warning: unused variable: `i`
[INFO] [stdout]    --> src/parser.rs:126:10
[INFO] [stdout]     |
[INFO] [stdout] 126 |     let (i, deletion_date) = all_consuming(parse_deletion_date)(i)?;
[INFO] [stdout]     |          ^ help: if this is intentional, prefix it with an underscore: `_i`
[INFO] [stdout]     |
[INFO] [stdout]     = note: `#[warn(unused_variables)]` on by default
[INFO] [stdout] 
[INFO] [stdout] 
[INFO] [stdout] warning: unused variable: `trash_entry`
[INFO] [stdout]    --> src/trash_entry.rs:386:13
[INFO] [stdout]     |
[INFO] [stdout] 386 |         let trash_entry = TrashEntry::create(tempfile.path(), &existing)?;
[INFO] [stdout]     |             ^^^^^^^^^^^ help: if this is intentional, prefix it with an underscore: `_trash_entry`
[INFO] [stdout] 
[INFO] [stdout] 
[INFO] [stdout] warning: unused variable: `op3`
[INFO] [stdout]    --> src/utils.rs:222:13
[INFO] [stdout]     |
[INFO] [stdout] 222 |         let op3 = ok_log!(res3 => print_error);
[INFO] [stdout]     |             ^^^ help: if this is intentional, prefix it with an underscore: `_op3`
[INFO] [stdout] 
[INFO] [stdout] 
[INFO] [stderr]     Finished `test` profile [unoptimized + debuginfo] target(s) in 4.89s
[INFO] running `Command { std: "docker" "inspect" "1dc1ac776d445180355afe48accff41987a60e3259a860c8fc2362f320253764", kill_on_drop: false }`
[INFO] running `Command { std: "docker" "rm" "-f" "1dc1ac776d445180355afe48accff41987a60e3259a860c8fc2362f320253764", kill_on_drop: false }`
[INFO] [stdout] 1dc1ac776d445180355afe48accff41987a60e3259a860c8fc2362f320253764
[INFO] running `Command { std: "docker" "create" "-v" "/var/lib/crater-agent-workspace/builds/worker-6-tc1/target:/opt/rustwide/target:rw,Z" "-v" "/var/lib/crater-agent-workspace/builds/worker-6-tc1/source:/opt/rustwide/workdir:ro,Z" "-v" "/var/lib/crater-agent-workspace/cargo-home:/opt/rustwide/cargo-home:ro,Z" "-v" "/var/lib/crater-agent-workspace/rustup-home:/opt/rustwide/rustup-home:ro,Z" "-e" "SOURCE_DIR=/opt/rustwide/workdir" "-e" "CARGO_TARGET_DIR=/opt/rustwide/target" "-e" "CARGO_INCREMENTAL=0" "-e" "RUST_BACKTRACE=full" "-e" "RUSTFLAGS=--cap-lints=forbid" "-e" "RUSTDOCFLAGS=--cap-lints=forbid" "-e" "CARGO_HOME=/opt/rustwide/cargo-home" "-e" "RUSTUP_HOME=/opt/rustwide/rustup-home" "-w" "/opt/rustwide/workdir" "-m" "1610612736" "--user" "0:0" "--network" "none" "ghcr.io/rust-lang/crates-build-env/linux@sha256:4a844ea9eb2546a2d2c7022eacef16ef2e8229c7fbb2c7d4d55a9ceca922f72d" "/opt/rustwide/cargo-home/bin/cargo" "+nightly-2024-10-28" "test" "--frozen", kill_on_drop: false }`
[INFO] [stdout] be69926db9de6398c7ea75de560e22a5a4f2469d64abe78a45d940070259b0d8
[INFO] running `Command { std: "docker" "start" "-a" "be69926db9de6398c7ea75de560e22a5a4f2469d64abe78a45d940070259b0d8", kill_on_drop: false }`
[INFO] [stderr] warning: unused import: `percent_encoding::percent_decode_str`
[INFO] [stderr]  --> src/parser.rs:6:5
[INFO] [stderr]   |
[INFO] [stderr] 6 | use percent_encoding::percent_decode_str;
[INFO] [stderr]   |     ^^^^^^^^^^^^^^^^^^^^^^^^^^^^^^^^^^^^
[INFO] [stderr]   |
[INFO] [stderr]   = note: `#[warn(unused_imports)]` on by default
[INFO] [stderr] 
[INFO] [stderr] warning: unused import: `self`
[INFO] [stderr]  --> src/parser.rs:9:27
[INFO] [stderr]   |
[INFO] [stderr] 9 | use crate::percent_path::{self, PercentPath};
[INFO] [stderr]   |                           ^^^^
[INFO] [stderr] 
[INFO] [stderr] warning: unused import: `ProjectDirs`
[INFO] [stderr]   --> src/lib.rs:10:19
[INFO] [stderr]    |
[INFO] [stderr] 10 | use directories::{ProjectDirs, UserDirs};
[INFO] [stderr]    |                   ^^^^^^^^^^^
[INFO] [stderr] 
[INFO] [stderr] warning: unused import: `std::str::FromStr`
[INFO] [stderr]  --> src/parser.rs:3:5
[INFO] [stderr]   |
[INFO] [stderr] 3 | use std::str::FromStr;
[INFO] [stderr]   |     ^^^^^^^^^^^^^^^^^
[INFO] [stderr] 
[INFO] [stderr] warning: unused variable: `i`
[INFO] [stderr]    --> src/parser.rs:126:10
[INFO] [stderr]     |
[INFO] [stderr] 126 |     let (i, deletion_date) = all_consuming(parse_deletion_date)(i)?;
[INFO] [stderr]     |          ^ help: if this is intentional, prefix it with an underscore: `_i`
[INFO] [stderr]     |
[INFO] [stderr]     = note: `#[warn(unused_variables)]` on by default
[INFO] [stderr] 
[INFO] [stderr] warning: `trash_lib` (lib) generated 5 warnings (run `cargo fix --lib -p trash_lib` to apply 3 suggestions)
[INFO] [stderr] warning: unused import: `Context`
[INFO] [stderr]    --> src/parser.rs:142:18
[INFO] [stderr]     |
[INFO] [stderr] 142 |     use anyhow::{Context, Result};
[INFO] [stderr]     |                  ^^^^^^^
[INFO] [stderr] 
[INFO] [stderr] warning: unused import: `Context`
[INFO] [stderr]    --> src/trash_entry.rs:273:18
[INFO] [stderr]     |
[INFO] [stderr] 273 |     use anyhow::{Context, Result};
[INFO] [stderr]     |                  ^^^^^^^
[INFO] [stderr] 
[INFO] [stderr] warning: unused import: `tempdir`
[INFO] [stderr]    --> src/trash_entry.rs:275:20
[INFO] [stderr]     |
[INFO] [stderr] 275 |     use tempfile::{tempdir, NamedTempFile};
[INFO] [stderr]     |                    ^^^^^^^
[INFO] [stderr] 
[INFO] [stderr] warning: unused import: `NamedTempFile`
[INFO] [stderr]    --> src/trash_info.rs:187:42
[INFO] [stderr]     |
[INFO] [stderr] 187 |     use tempfile::{tempfile_in, Builder, NamedTempFile};
[INFO] [stderr]     |                                          ^^^^^^^^^^^^^
[INFO] [stderr] 
[INFO] [stderr] warning: unused import: `Context`
[INFO] [stderr]    --> src/lib.rs:158:18
[INFO] [stderr]     |
[INFO] [stderr] 158 |     use anyhow::{Context, Result};
[INFO] [stderr]     |                  ^^^^^^^
[INFO] [stderr] 
[INFO] [stderr] warning: unused import: `std::fs::File`
[INFO] [stderr]    --> src/lib.rs:159:9
[INFO] [stderr]     |
[INFO] [stderr] 159 |     use std::fs::File;
[INFO] [stderr]     |         ^^^^^^^^^^^^^
[INFO] [stderr] 
[INFO] [stderr] warning: use of deprecated method `chrono::TimeZone::ymd`: use `with_ymd_and_hms()` instead
[INFO] [stderr]    --> src/trash_info.rs:210:14
[INFO] [stderr]     |
[INFO] [stderr] 210 |             .ymd(2014, 7, 8)
[INFO] [stderr]     |              ^^^
[INFO] [stderr]     |
[INFO] [stderr]     = note: `#[warn(deprecated)]` on by default
[INFO] [stderr] 
[INFO] [stderr] warning: use of deprecated method `chrono::Date::<Tz>::and_hms_milli`: Use and_hms_milli_opt() instead
[INFO] [stderr]    --> src/trash_info.rs:211:14
[INFO] [stderr]     |
[INFO] [stderr] 211 |             .and_hms_milli(9, 10, 11, 12)
[INFO] [stderr]     |              ^^^^^^^^^^^^^
[INFO] [stderr] 
[INFO] [stderr] warning: use of deprecated method `chrono::TimeZone::ymd`: use `with_ymd_and_hms()` instead
[INFO] [stderr]    --> src/trash_info.rs:220:14
[INFO] [stderr]     |
[INFO] [stderr] 220 |             .ymd(2020, 4, 9)
[INFO] [stderr]     |              ^^^
[INFO] [stderr] 
[INFO] [stderr] warning: use of deprecated method `chrono::Date::<Tz>::and_hms_nano`: Use and_hms_nano_opt() instead
[INFO] [stderr]    --> src/trash_info.rs:221:14
[INFO] [stderr]     |
[INFO] [stderr] 221 |             .and_hms_nano(9, 11, 10, 12_000_000)
[INFO] [stderr]     |              ^^^^^^^^^^^^
[INFO] [stderr] 
[INFO] [stderr] warning: unused variable: `trash_entry`
[INFO] [stderr]    --> src/trash_entry.rs:386:13
[INFO] [stderr]     |
[INFO] [stderr] 386 |         let trash_entry = TrashEntry::create(tempfile.path(), &existing)?;
[INFO] [stderr]     |             ^^^^^^^^^^^ help: if this is intentional, prefix it with an underscore: `_trash_entry`
[INFO] [stderr] 
[INFO] [stderr] warning: unused variable: `op3`
[INFO] [stderr]    --> src/utils.rs:222:13
[INFO] [stderr]     |
[INFO] [stderr] 222 |         let op3 = ok_log!(res3 => print_error);
[INFO] [stderr]     |             ^^^ help: if this is intentional, prefix it with an underscore: `_op3`
[INFO] [stderr] 
[INFO] [stderr] warning: `trash_lib` (lib test) generated 17 warnings (5 duplicates) (run `cargo fix --lib -p trash_lib --tests` to apply 6 suggestions)
[INFO] [stderr]     Finished `test` profile [unoptimized + debuginfo] target(s) in 0.05s
[INFO] [stderr]      Running unittests src/lib.rs (/opt/rustwide/target/debug/deps/trash_lib-3a8ef2a8e5469c6a)
[INFO] [stdout] 
[INFO] [stdout] running 43 tests
[INFO] [stdout] test parser::tests::all_consuming_test ... ok
[INFO] [stdout] test parser::tests::all_consuming2_test ... ok
[INFO] [stdout] test parser::tests::is_not_all_test ... ok
[INFO] [stdout] test parser::tests::char_test ... ok
[INFO] [stdout] test parser::tests::char_none_test ... ok
[INFO] [stdout] test parser::tests::is_not_test ... ok
[INFO] [stdout] test parser::tests::parse_header_line_test ... ok
[INFO] [stdout] test parser::tests::tag2_test ... ok
[INFO] [stdout] test parser::tests::tag_end_test ... ok
[INFO] [stdout] test parser::tests::tag_none_test ... ok
[INFO] [stdout] test parser::tests::tag_test ... ok
[INFO] [stdout] test parser::tests::tag_whitespace_test ... ok
[INFO] [stdout] test parser::tests::value_path_test ... ok
[INFO] [stdout] test tests::put_test_single ... ignored
[INFO] [stdout] test trash_entry::tests::find_names_already_in_dir_test ... ok
[INFO] [stdout] test parser::tests::value_path_whitespace_test ... ok
[INFO] [stdout] test trash_entry::tests::find_names_test ... ok
[INFO] [stdout] test trash_entry::tests::find_names_test_2_test ... ok
[INFO] [stdout] test trash_entry::tests::find_names_test_none_test ... ok
[INFO] [stdout] test trash_entry::tests::in_trash_dir3_test ... ok
[INFO] [stdout] test trash_entry::tests::read_dir_trash_entries_test_none ... ignored
[INFO] [stdout] test trash_entry::tests::read_dir_trash_entries_test_some_test ... ignored
[INFO] [stdout] test trash_entry::tests::test_temp_file_iter ... ignored
[INFO] [stdout] test trash_entry::tests::trash_entry_create_test ... ignored
[INFO] [stdout] test trash_info::tests::get_trash_info_path_already_extnesion_test ... ok
[INFO] [stdout] test trash_info::tests::get_trash_info_path_test ... ok
[INFO] [stdout] test trash_entry::tests::in_trash_dir_files ... ok
[INFO] [stdout] test trash_entry::tests::in_trash_dir4_test ... ok
[INFO] [stdout] test trash_entry::tests::in_trash_dir_test ... ok
[INFO] [stdout] test trash_entry::tests::in_trash_dir_info_test ... ok
[INFO] [stdout] test trash_info::tests::read_to_string_test ... ignored
[INFO] [stdout] test trash_info::tests::save_trash_info_test_test ... ignored
[INFO] [stdout] test trash_info::tests::trash_format_test ... ok
[INFO] [stdout] test trash_info::tests::parse_from_path_test ... ok
[INFO] [stdout] test trash_info::tests::trash_info_display_test ... ok
[INFO] [stdout] test utils::tests::to_dir_simple_test ... ok
[INFO] [stdout] test utils::tests::to_dir_already_dir_test ... ok
[INFO] [stdout] test utils::tests::remove_path_dir_test ... ok
[INFO] [stdout] test utils::tests::remove_path_file_test ... ok
[INFO] [stdout] test utils::tests::read_dir_path_test ... ok
[INFO] [stdout] test parser::tests::trash_info_parse_test ... FAILED
[INFO] [stdout] test tests::put_test_nothing_test - should panic ... ok
[INFO] [stdout] test utils::tests::test_macro_test ... ok
[INFO] [stdout] 
[INFO] [stdout] failures:
[INFO] [stdout] 
[INFO] [stdout] ---- parser::tests::trash_info_parse_test stdout ----
[INFO] [stdout] thread 'parser::tests::trash_info_parse_test' panicked at src/parser.rs:164:9:
[INFO] [stdout] assertion `left == right` failed
[INFO] [stdout]   left: TrashInfo { percent_path: PercentPath("/home/brian/dude.txt"), deletion_date: 2020-08-28T16:16:55 }
[INFO] [stdout]  right: TrashInfo { percent_path: PercentPath("/home/brian/dude.txt"), deletion_date: 2020-09-21T08:34:36 }
[INFO] [stdout] stack backtrace:
[INFO] [stdout]    0:     0x5704c6c870ca - std::backtrace_rs::backtrace::libunwind::trace::h207520d6e9873551
[INFO] [stdout]                                at /rustc/df4ca44d3fbc9301ee17f30f4d474e6ae4b05252/library/std/src/../../backtrace/src/backtrace/libunwind.rs:116:5
[INFO] [stdout]    1:     0x5704c6c870ca - std::backtrace_rs::backtrace::trace_unsynchronized::h2ed7433f370e3eca
[INFO] [stdout]                                at /rustc/df4ca44d3fbc9301ee17f30f4d474e6ae4b05252/library/std/src/../../backtrace/src/backtrace/mod.rs:66:5
[INFO] [stdout]    2:     0x5704c6c870ca - std::sys::backtrace::_print_fmt::h916fac51166b18d7
[INFO] [stdout]                                at /rustc/df4ca44d3fbc9301ee17f30f4d474e6ae4b05252/library/std/src/sys/backtrace.rs:66:9
[INFO] [stdout]    3:     0x5704c6c870ca - <std::sys::backtrace::BacktraceLock::print::DisplayBacktrace as core::fmt::Display>::fmt::ha0a4c9b8ce3802e6
[INFO] [stdout]                                at /rustc/df4ca44d3fbc9301ee17f30f4d474e6ae4b05252/library/std/src/sys/backtrace.rs:39:26
[INFO] [stdout]    4:     0x5704c6caf0e3 - core::fmt::rt::Argument::fmt::h4cfc8587d52b3eb5
[INFO] [stdout]                                at /rustc/df4ca44d3fbc9301ee17f30f4d474e6ae4b05252/library/core/src/fmt/rt.rs:177:76
[INFO] [stdout]    5:     0x5704c6caf0e3 - core::fmt::write::h522cc39e5b36ae9f
[INFO] [stdout]                                at /rustc/df4ca44d3fbc9301ee17f30f4d474e6ae4b05252/library/core/src/fmt/mod.rs:1190:21
[INFO] [stdout]    6:     0x5704c6c835b3 - std::io::Write::write_fmt::h7d3c26752da97734
[INFO] [stdout]                                at /rustc/df4ca44d3fbc9301ee17f30f4d474e6ae4b05252/library/std/src/io/mod.rs:1839:15
[INFO] [stdout]    7:     0x5704c6c86f12 - std::sys::backtrace::BacktraceLock::print::h4b9e00b29e9c0942
[INFO] [stdout]                                at /rustc/df4ca44d3fbc9301ee17f30f4d474e6ae4b05252/library/std/src/sys/backtrace.rs:42:9
[INFO] [stdout]    8:     0x5704c6c8855a - std::panicking::default_hook::{{closure}}::hb59b88280d0324d9
[INFO] [stdout]                                at /rustc/df4ca44d3fbc9301ee17f30f4d474e6ae4b05252/library/std/src/panicking.rs:268:22
[INFO] [stdout]    9:     0x5704c6c88364 - std::panicking::default_hook::he1dd496665be4a29
[INFO] [stdout]                                at /rustc/df4ca44d3fbc9301ee17f30f4d474e6ae4b05252/library/std/src/panicking.rs:292:9
[INFO] [stdout]   10:     0x5704c6bd6869 - <alloc::boxed::Box<F,A> as core::ops::function::Fn<Args>>::call::h4ff71de18744e1dc
[INFO] [stdout]                                at /rustc/df4ca44d3fbc9301ee17f30f4d474e6ae4b05252/library/alloc/src/boxed.rs:2468:9
[INFO] [stdout]   11:     0x5704c6bd6869 - test::test_main::{{closure}}::hcf7c055ce117aa81
[INFO] [stdout]                                at /rustc/df4ca44d3fbc9301ee17f30f4d474e6ae4b05252/library/test/src/lib.rs:133:21
[INFO] [stdout]   12:     0x5704c6c88c58 - <alloc::boxed::Box<F,A> as core::ops::function::Fn<Args>>::call::h1d66c6bbd60c9692
[INFO] [stdout]                                at /rustc/df4ca44d3fbc9301ee17f30f4d474e6ae4b05252/library/alloc/src/boxed.rs:2468:9
[INFO] [stdout]   13:     0x5704c6c88c58 - std::panicking::rust_panic_with_hook::h2ff17fe8f26dfcf8
[INFO] [stdout]                                at /rustc/df4ca44d3fbc9301ee17f30f4d474e6ae4b05252/library/std/src/panicking.rs:809:13
[INFO] [stdout]   14:     0x5704c6c88a1a - std::panicking::begin_panic_handler::{{closure}}::h4fad77951c07e101
[INFO] [stdout]                                at /rustc/df4ca44d3fbc9301ee17f30f4d474e6ae4b05252/library/std/src/panicking.rs:674:13
[INFO] [stdout]   15:     0x5704c6c875a9 - std::sys::backtrace::__rust_end_short_backtrace::hb1a25b3da5d0ea08
[INFO] [stdout]                                at /rustc/df4ca44d3fbc9301ee17f30f4d474e6ae4b05252/library/std/src/sys/backtrace.rs:170:18
[INFO] [stdout]   16:     0x5704c6c886ac - rust_begin_unwind
[INFO] [stdout]                                at /rustc/df4ca44d3fbc9301ee17f30f4d474e6ae4b05252/library/std/src/panicking.rs:665:5
[INFO] [stdout]   17:     0x5704c6cadae0 - core::panicking::panic_fmt::ha9db07b529f9b256
[INFO] [stdout]                                at /rustc/df4ca44d3fbc9301ee17f30f4d474e6ae4b05252/library/core/src/panicking.rs:75:14
[INFO] [stdout]   18:     0x5704c6cadeab - core::panicking::assert_failed_inner::h04f38944d74a80a8
[INFO] [stdout]   19:     0x5704c6b81383 - core::panicking::assert_failed::h578ea52f5df08bfc
[INFO] [stdout]                                at /rustc/df4ca44d3fbc9301ee17f30f4d474e6ae4b05252/library/core/src/panicking.rs:377:5
[INFO] [stdout]   20:     0x5704c6b94cea - trash_lib::parser::tests::test_parse_trash_info::hee85fdb5d575f0b0
[INFO] [stdout]                                at /opt/rustwide/workdir/src/parser.rs:164:9
[INFO] [stdout]   21:     0x5704c6b94e44 - trash_lib::parser::tests::test_parse_trash_info_run::h11831b105e516f67
[INFO] [stdout]                                at /opt/rustwide/workdir/src/parser.rs:170:15
[INFO] [stdout]   22:     0x5704c6b994a4 - trash_lib::parser::tests::trash_info_parse_test::h385c7effb36ed2cb
[INFO] [stdout]                                at /opt/rustwide/workdir/src/parser.rs:262:9
[INFO] [stdout]   23:     0x5704c6b99447 - trash_lib::parser::tests::trash_info_parse_test::{{closure}}::h46230a760f2a5243
[INFO] [stdout]                                at /opt/rustwide/workdir/src/parser.rs:261:31
[INFO] [stdout]   24:     0x5704c6b742e6 - core::ops::function::FnOnce::call_once::hc4ed9577bfea5c4f
[INFO] [stdout]                                at /rustc/df4ca44d3fbc9301ee17f30f4d474e6ae4b05252/library/core/src/ops/function.rs:250:5
[INFO] [stdout]   25:     0x5704c6bdb13b - core::ops::function::FnOnce::call_once::h22c3ba5715e93f05
[INFO] [stdout]                                at /rustc/df4ca44d3fbc9301ee17f30f4d474e6ae4b05252/library/core/src/ops/function.rs:250:5
[INFO] [stdout]   26:     0x5704c6bdb13b - test::__rust_begin_short_backtrace::h8e82d8113d0da17f
[INFO] [stdout]                                at /rustc/df4ca44d3fbc9301ee17f30f4d474e6ae4b05252/library/test/src/lib.rs:621:18
[INFO] [stdout]   27:     0x5704c6bdaab7 - test::run_test_in_process::{{closure}}::h33235f4f20b7b7c7
[INFO] [stdout]                                at /rustc/df4ca44d3fbc9301ee17f30f4d474e6ae4b05252/library/test/src/lib.rs:644:60
[INFO] [stdout]   28:     0x5704c6bdaab7 - <core::panic::unwind_safe::AssertUnwindSafe<F> as core::ops::function::FnOnce<()>>::call_once::hb5043206310c586f
[INFO] [stdout]                                at /rustc/df4ca44d3fbc9301ee17f30f4d474e6ae4b05252/library/core/src/panic/unwind_safe.rs:272:9
[INFO] [stdout]   29:     0x5704c6bdaab7 - std::panicking::try::do_call::h9ad4731a60ab23e2
[INFO] [stdout]                                at /rustc/df4ca44d3fbc9301ee17f30f4d474e6ae4b05252/library/std/src/panicking.rs:557:40
[INFO] [stdout]   30:     0x5704c6bdaab7 - std::panicking::try::h3824d23db772a716
[INFO] [stdout]                                at /rustc/df4ca44d3fbc9301ee17f30f4d474e6ae4b05252/library/std/src/panicking.rs:520:19
[INFO] [stdout]   31:     0x5704c6bdaab7 - std::panic::catch_unwind::h5afd514605fde46b
[INFO] [stdout]                                at /rustc/df4ca44d3fbc9301ee17f30f4d474e6ae4b05252/library/std/src/panic.rs:358:14
[INFO] [stdout]   32:     0x5704c6bdaab7 - test::run_test_in_process::h0d5cbfa7067d1720
[INFO] [stdout]                                at /rustc/df4ca44d3fbc9301ee17f30f4d474e6ae4b05252/library/test/src/lib.rs:644:27
[INFO] [stdout]   33:     0x5704c6bdaab7 - test::run_test::{{closure}}::h708eb8872708115d
[INFO] [stdout]                                at /rustc/df4ca44d3fbc9301ee17f30f4d474e6ae4b05252/library/test/src/lib.rs:565:43
[INFO] [stdout]   34:     0x5704c6b9e1d4 - test::run_test::{{closure}}::h392c51cee94713ab
[INFO] [stdout]                                at /rustc/df4ca44d3fbc9301ee17f30f4d474e6ae4b05252/library/test/src/lib.rs:595:41
[INFO] [stdout]   35:     0x5704c6b9e1d4 - std::sys::backtrace::__rust_begin_short_backtrace::h2f40290710935a8b
[INFO] [stdout]                                at /rustc/df4ca44d3fbc9301ee17f30f4d474e6ae4b05252/library/std/src/sys/backtrace.rs:154:18
[INFO] [stdout]   36:     0x5704c6ba197e - std::thread::Builder::spawn_unchecked_::{{closure}}::{{closure}}::h3fd968d89053a903
[INFO] [stdout]                                at /rustc/df4ca44d3fbc9301ee17f30f4d474e6ae4b05252/library/std/src/thread/mod.rs:541:17
[INFO] [stdout]   37:     0x5704c6ba197e - <core::panic::unwind_safe::AssertUnwindSafe<F> as core::ops::function::FnOnce<()>>::call_once::h743f637ba4229880
[INFO] [stdout]                                at /rustc/df4ca44d3fbc9301ee17f30f4d474e6ae4b05252/library/core/src/panic/unwind_safe.rs:272:9
[INFO] [stdout]   38:     0x5704c6ba197e - std::panicking::try::do_call::h07440897322525a6
[INFO] [stdout]                                at /rustc/df4ca44d3fbc9301ee17f30f4d474e6ae4b05252/library/std/src/panicking.rs:557:40
[INFO] [stdout]   39:     0x5704c6ba197e - std::panicking::try::he5a2e00188156637
[INFO] [stdout]                                at /rustc/df4ca44d3fbc9301ee17f30f4d474e6ae4b05252/library/std/src/panicking.rs:520:19
[INFO] [stdout]   40:     0x5704c6ba197e - std::panic::catch_unwind::hbaf3cae49b3c6433
[INFO] [stdout]                                at /rustc/df4ca44d3fbc9301ee17f30f4d474e6ae4b05252/library/std/src/panic.rs:358:14
[INFO] [stdout]   41:     0x5704c6ba197e - std::thread::Builder::spawn_unchecked_::{{closure}}::h8e141ea224820bce
[INFO] [stdout]                                at /rustc/df4ca44d3fbc9301ee17f30f4d474e6ae4b05252/library/std/src/thread/mod.rs:540:30
[INFO] [stdout]   42:     0x5704c6ba197e - core::ops::function::FnOnce::call_once{{vtable.shim}}::h90d312fedd7b8ea8
[INFO] [stdout]                                at /rustc/df4ca44d3fbc9301ee17f30f4d474e6ae4b05252/library/core/src/ops/function.rs:250:5
[INFO] [stdout]   43:     0x5704c6c8e1bb - <alloc::boxed::Box<F,A> as core::ops::function::FnOnce<Args>>::call_once::h69aa08ddb6adb8b6
[INFO] [stdout]                                at /rustc/df4ca44d3fbc9301ee17f30f4d474e6ae4b05252/library/alloc/src/boxed.rs:2454:9
[INFO] [stdout]   44:     0x5704c6c8e1bb - <alloc::boxed::Box<F,A> as core::ops::function::FnOnce<Args>>::call_once::h5aa36efdb79c806f
[INFO] [stdout]                                at /rustc/df4ca44d3fbc9301ee17f30f4d474e6ae4b05252/library/alloc/src/boxed.rs:2454:9
[INFO] [stdout]   45:     0x5704c6c8e1bb - std::sys::pal::unix::thread::Thread::new::thread_start::h6cd80a1b4be5158d
[INFO] [stdout]                                at /rustc/df4ca44d3fbc9301ee17f30f4d474e6ae4b05252/library/std/src/sys/pal/unix/thread.rs:105:17
[INFO] [stdout]   46:     0x77b1664c1ac3 - <unknown>
[INFO] [stdout]   47:     0x77b166552a04 - clone
[INFO] [stdout]   48:                0x0 - <unknown>
[INFO] [stdout] 
[INFO] [stdout] 
[INFO] [stdout] failures:
[INFO] [stdout]     parser::tests::trash_info_parse_test
[INFO] [stdout] 
[INFO] [stdout] test result: FAILED. 35 passed; 1 failed; 7 ignored; 0 measured; 0 filtered out; finished in 0.04s
[INFO] [stdout] 
[INFO] [stderr] error: test failed, to rerun pass `--lib`
[INFO] running `Command { std: "docker" "inspect" "be69926db9de6398c7ea75de560e22a5a4f2469d64abe78a45d940070259b0d8", kill_on_drop: false }`
[INFO] running `Command { std: "docker" "rm" "-f" "be69926db9de6398c7ea75de560e22a5a4f2469d64abe78a45d940070259b0d8", kill_on_drop: false }`
[INFO] [stdout] be69926db9de6398c7ea75de560e22a5a4f2469d64abe78a45d940070259b0d8
