[INFO] fetching crate trait-stack 0.1.3...
[INFO] testing trait-stack-0.1.3 against nightly-2024-10-28 for randomize-layout
[INFO] extracting crate trait-stack 0.1.3 into /workspace/builds/worker-2-tc1/source
[INFO] validating manifest of crates.io crate trait-stack 0.1.3 on toolchain nightly-2024-10-28
[INFO] running `Command { std: CARGO_HOME="/workspace/cargo-home" RUSTUP_HOME="/workspace/rustup-home" "/workspace/cargo-home/bin/cargo" "+nightly-2024-10-28" "metadata" "--manifest-path" "Cargo.toml" "--no-deps", kill_on_drop: false }`
[INFO] removed /workspace/builds/worker-2-tc1/source/rust-toolchain.toml
[INFO] started tweaking crates.io crate trait-stack 0.1.3
[INFO] finished tweaking crates.io crate trait-stack 0.1.3
[INFO] tweaked toml for crates.io crate trait-stack 0.1.3 written to /workspace/builds/worker-2-tc1/source/Cargo.toml
[INFO] running `Command { std: CARGO_HOME="/workspace/cargo-home" RUSTUP_HOME="/workspace/rustup-home" "/workspace/cargo-home/bin/cargo" "+nightly-2024-10-28" "generate-lockfile" "--manifest-path" "Cargo.toml", kill_on_drop: false }`
[INFO] running `Command { std: CARGO_HOME="/workspace/cargo-home" RUSTUP_HOME="/workspace/rustup-home" "/workspace/cargo-home/bin/cargo" "+nightly-2024-10-28" "fetch" "--manifest-path" "Cargo.toml", kill_on_drop: false }`
[INFO] running `Command { std: "docker" "create" "-v" "/var/lib/crater-agent-workspace/builds/worker-2-tc1/target:/opt/rustwide/target:rw,Z" "-v" "/var/lib/crater-agent-workspace/builds/worker-2-tc1/source:/opt/rustwide/workdir:ro,Z" "-v" "/var/lib/crater-agent-workspace/cargo-home:/opt/rustwide/cargo-home:ro,Z" "-v" "/var/lib/crater-agent-workspace/rustup-home:/opt/rustwide/rustup-home:ro,Z" "-e" "SOURCE_DIR=/opt/rustwide/workdir" "-e" "CARGO_TARGET_DIR=/opt/rustwide/target" "-e" "CARGO_HOME=/opt/rustwide/cargo-home" "-e" "RUSTUP_HOME=/opt/rustwide/rustup-home" "-w" "/opt/rustwide/workdir" "-m" "1610612736" "--user" "0:0" "--network" "none" "ghcr.io/rust-lang/crates-build-env/linux@sha256:4a844ea9eb2546a2d2c7022eacef16ef2e8229c7fbb2c7d4d55a9ceca922f72d" "/opt/rustwide/cargo-home/bin/cargo" "+nightly-2024-10-28" "metadata" "--no-deps" "--format-version=1", kill_on_drop: false }`
[INFO] [stdout] 55049a0baac628bc882973df34740d13c3f0ce316b11c64eac4301b3841d0b6e
[INFO] running `Command { std: "docker" "start" "-a" "55049a0baac628bc882973df34740d13c3f0ce316b11c64eac4301b3841d0b6e", kill_on_drop: false }`
[INFO] running `Command { std: "docker" "inspect" "55049a0baac628bc882973df34740d13c3f0ce316b11c64eac4301b3841d0b6e", kill_on_drop: false }`
[INFO] running `Command { std: "docker" "rm" "-f" "55049a0baac628bc882973df34740d13c3f0ce316b11c64eac4301b3841d0b6e", kill_on_drop: false }`
[INFO] [stdout] 55049a0baac628bc882973df34740d13c3f0ce316b11c64eac4301b3841d0b6e
[INFO] running `Command { std: "docker" "create" "-v" "/var/lib/crater-agent-workspace/builds/worker-2-tc1/target:/opt/rustwide/target:rw,Z" "-v" "/var/lib/crater-agent-workspace/builds/worker-2-tc1/source:/opt/rustwide/workdir:ro,Z" "-v" "/var/lib/crater-agent-workspace/cargo-home:/opt/rustwide/cargo-home:ro,Z" "-v" "/var/lib/crater-agent-workspace/rustup-home:/opt/rustwide/rustup-home:ro,Z" "-e" "SOURCE_DIR=/opt/rustwide/workdir" "-e" "CARGO_TARGET_DIR=/opt/rustwide/target" "-e" "CARGO_INCREMENTAL=0" "-e" "RUST_BACKTRACE=full" "-e" "RUSTFLAGS=--cap-lints=forbid" "-e" "RUSTDOCFLAGS=--cap-lints=forbid" "-e" "CARGO_HOME=/opt/rustwide/cargo-home" "-e" "RUSTUP_HOME=/opt/rustwide/rustup-home" "-w" "/opt/rustwide/workdir" "-m" "1610612736" "--user" "0:0" "--network" "none" "ghcr.io/rust-lang/crates-build-env/linux@sha256:4a844ea9eb2546a2d2c7022eacef16ef2e8229c7fbb2c7d4d55a9ceca922f72d" "/opt/rustwide/cargo-home/bin/cargo" "+nightly-2024-10-28" "build" "--frozen" "--message-format=json", kill_on_drop: false }`
[INFO] [stdout] 9eb0476df908ee5d953333629f70e8b4973ccb4f442288f91ae7b24ed6924981
[INFO] running `Command { std: "docker" "start" "-a" "9eb0476df908ee5d953333629f70e8b4973ccb4f442288f91ae7b24ed6924981", kill_on_drop: false }`
[INFO] [stderr]    Compiling trait-stack v0.1.3 (/opt/rustwide/workdir)
[INFO] [stderr]     Finished `dev` profile [unoptimized + debuginfo] target(s) in 0.11s
[INFO] running `Command { std: "docker" "inspect" "9eb0476df908ee5d953333629f70e8b4973ccb4f442288f91ae7b24ed6924981", kill_on_drop: false }`
[INFO] running `Command { std: "docker" "rm" "-f" "9eb0476df908ee5d953333629f70e8b4973ccb4f442288f91ae7b24ed6924981", kill_on_drop: false }`
[INFO] [stdout] 9eb0476df908ee5d953333629f70e8b4973ccb4f442288f91ae7b24ed6924981
[INFO] running `Command { std: "docker" "create" "-v" "/var/lib/crater-agent-workspace/builds/worker-2-tc1/target:/opt/rustwide/target:rw,Z" "-v" "/var/lib/crater-agent-workspace/builds/worker-2-tc1/source:/opt/rustwide/workdir:ro,Z" "-v" "/var/lib/crater-agent-workspace/cargo-home:/opt/rustwide/cargo-home:ro,Z" "-v" "/var/lib/crater-agent-workspace/rustup-home:/opt/rustwide/rustup-home:ro,Z" "-e" "SOURCE_DIR=/opt/rustwide/workdir" "-e" "CARGO_TARGET_DIR=/opt/rustwide/target" "-e" "CARGO_INCREMENTAL=0" "-e" "RUST_BACKTRACE=full" "-e" "RUSTFLAGS=--cap-lints=forbid" "-e" "RUSTDOCFLAGS=--cap-lints=forbid" "-e" "CARGO_HOME=/opt/rustwide/cargo-home" "-e" "RUSTUP_HOME=/opt/rustwide/rustup-home" "-w" "/opt/rustwide/workdir" "-m" "1610612736" "--user" "0:0" "--network" "none" "ghcr.io/rust-lang/crates-build-env/linux@sha256:4a844ea9eb2546a2d2c7022eacef16ef2e8229c7fbb2c7d4d55a9ceca922f72d" "/opt/rustwide/cargo-home/bin/cargo" "+nightly-2024-10-28" "test" "--frozen" "--no-run" "--message-format=json", kill_on_drop: false }`
[INFO] [stdout] 9594cc775182dccd77893a8403731e90cfb2b603fd6973532bd65774f1406fca
[INFO] running `Command { std: "docker" "start" "-a" "9594cc775182dccd77893a8403731e90cfb2b603fd6973532bd65774f1406fca", kill_on_drop: false }`
[INFO] [stderr]    Compiling trait-stack v0.1.3 (/opt/rustwide/workdir)
[INFO] [stderr]     Finished `test` profile [unoptimized + debuginfo] target(s) in 0.29s
[INFO] running `Command { std: "docker" "inspect" "9594cc775182dccd77893a8403731e90cfb2b603fd6973532bd65774f1406fca", kill_on_drop: false }`
[INFO] running `Command { std: "docker" "rm" "-f" "9594cc775182dccd77893a8403731e90cfb2b603fd6973532bd65774f1406fca", kill_on_drop: false }`
[INFO] [stdout] 9594cc775182dccd77893a8403731e90cfb2b603fd6973532bd65774f1406fca
[INFO] running `Command { std: "docker" "create" "-v" "/var/lib/crater-agent-workspace/builds/worker-2-tc1/target:/opt/rustwide/target:rw,Z" "-v" "/var/lib/crater-agent-workspace/builds/worker-2-tc1/source:/opt/rustwide/workdir:ro,Z" "-v" "/var/lib/crater-agent-workspace/cargo-home:/opt/rustwide/cargo-home:ro,Z" "-v" "/var/lib/crater-agent-workspace/rustup-home:/opt/rustwide/rustup-home:ro,Z" "-e" "SOURCE_DIR=/opt/rustwide/workdir" "-e" "CARGO_TARGET_DIR=/opt/rustwide/target" "-e" "CARGO_INCREMENTAL=0" "-e" "RUST_BACKTRACE=full" "-e" "RUSTFLAGS=--cap-lints=forbid" "-e" "RUSTDOCFLAGS=--cap-lints=forbid" "-e" "CARGO_HOME=/opt/rustwide/cargo-home" "-e" "RUSTUP_HOME=/opt/rustwide/rustup-home" "-w" "/opt/rustwide/workdir" "-m" "1610612736" "--user" "0:0" "--network" "none" "ghcr.io/rust-lang/crates-build-env/linux@sha256:4a844ea9eb2546a2d2c7022eacef16ef2e8229c7fbb2c7d4d55a9ceca922f72d" "/opt/rustwide/cargo-home/bin/cargo" "+nightly-2024-10-28" "test" "--frozen", kill_on_drop: false }`
[INFO] [stdout] 6687c2e4d905a5769263cf423bbd58a089ba3fbd14c48a09cac2b02108a89cab
[INFO] running `Command { std: "docker" "start" "-a" "6687c2e4d905a5769263cf423bbd58a089ba3fbd14c48a09cac2b02108a89cab", kill_on_drop: false }`
[INFO] [stderr]     Finished `test` profile [unoptimized + debuginfo] target(s) in 0.02s
[INFO] [stderr]      Running unittests src/lib.rs (/opt/rustwide/target/debug/deps/trait_stack-df4831f62b3930cb)
[INFO] [stdout] 
[INFO] [stdout] running 0 tests
[INFO] [stdout] 
[INFO] [stdout] test result: ok. 0 passed; 0 failed; 0 ignored; 0 measured; 0 filtered out; finished in 0.00s
[INFO] [stdout] 
[INFO] [stderr]      Running tests/sample_test.rs (/opt/rustwide/target/debug/deps/sample_test-ce84d647cab06134)
[INFO] [stdout] 
[INFO] [stdout] running 1 test
[INFO] [stdout] test trait_stack_test ... ok
[INFO] [stdout] 
[INFO] [stdout] test result: ok. 1 passed; 0 failed; 0 ignored; 0 measured; 0 filtered out; finished in 0.00s
[INFO] [stdout] 
[INFO] [stderr]    Doc-tests trait_stack
[INFO] [stdout] 
[INFO] [stdout] running 1 test
[INFO] [stderr] error: doctest failed, to rerun pass `--doc`
[INFO] [stdout] test src/../readme.md - (line 20) ... FAILED
[INFO] [stdout] 
[INFO] [stdout] failures:
[INFO] [stdout] 
[INFO] [stdout] ---- src/../readme.md - (line 20) stdout ----
[INFO] [stdout] error[E0433]: failed to resolve: use of undeclared type `TraitStack`
[INFO] [stdout]  --> src/../readme.md:21:17
[INFO] [stdout]   |
[INFO] [stdout] 3 | let mut stack = TraitStack::<dyn Debug>::new();
[INFO] [stdout]   |                 ^^^^^^^^^^ use of undeclared type `TraitStack`
[INFO] [stdout]   |
[INFO] [stdout] help: consider importing this struct
[INFO] [stdout]   |
[INFO] [stdout] 2 + use trait_stack::TraitStack;
[INFO] [stdout]   |
[INFO] [stdout] 
[INFO] [stdout] error[E0404]: expected trait, found derive macro `Debug`
[INFO] [stdout]  --> src/../readme.md:21:34
[INFO] [stdout]   |
[INFO] [stdout] 3 | let mut stack = TraitStack::<dyn Debug>::new();
[INFO] [stdout]   |                                  ^^^^^ not a trait
[INFO] [stdout]   |
[INFO] [stdout] help: consider importing this trait instead
[INFO] [stdout]   |
[INFO] [stdout] 2 + use std::fmt::Debug;
[INFO] [stdout]   |
[INFO] [stdout] 
[INFO] [stdout] error: aborting due to 2 previous errors
[INFO] [stdout] 
[INFO] [stdout] Some errors have detailed explanations: E0404, E0433.
[INFO] [stdout] For more information about an error, try `rustc --explain E0404`.
[INFO] [stdout] Couldn't compile the test.
[INFO] [stdout] 
[INFO] [stdout] failures:
[INFO] [stdout]     src/../readme.md - (line 20)
[INFO] [stdout] 
[INFO] [stdout] test result: FAILED. 0 passed; 1 failed; 0 ignored; 0 measured; 0 filtered out; finished in 0.08s
[INFO] [stdout] 
[INFO] running `Command { std: "docker" "inspect" "6687c2e4d905a5769263cf423bbd58a089ba3fbd14c48a09cac2b02108a89cab", kill_on_drop: false }`
[INFO] running `Command { std: "docker" "rm" "-f" "6687c2e4d905a5769263cf423bbd58a089ba3fbd14c48a09cac2b02108a89cab", kill_on_drop: false }`
[INFO] [stdout] 6687c2e4d905a5769263cf423bbd58a089ba3fbd14c48a09cac2b02108a89cab
