[INFO] fetching crate trait-async 0.1.24...
[INFO] testing trait-async-0.1.24 against nightly-2024-10-28+rustflags=-Zrandomize-layout for randomize-layout
[INFO] extracting crate trait-async 0.1.24 into /workspace/builds/worker-2-tc2/source
[INFO] validating manifest of crates.io crate trait-async 0.1.24 on toolchain nightly-2024-10-28
[INFO] running `Command { std: CARGO_HOME="/workspace/cargo-home" RUSTUP_HOME="/workspace/rustup-home" "/workspace/cargo-home/bin/cargo" "+nightly-2024-10-28" "metadata" "--manifest-path" "Cargo.toml" "--no-deps", kill_on_drop: false }`
[INFO] started tweaking crates.io crate trait-async 0.1.24
[INFO] finished tweaking crates.io crate trait-async 0.1.24
[INFO] tweaked toml for crates.io crate trait-async 0.1.24 written to /workspace/builds/worker-2-tc2/source/Cargo.toml
[INFO] running `Command { std: CARGO_HOME="/workspace/cargo-home" RUSTUP_HOME="/workspace/rustup-home" "/workspace/cargo-home/bin/cargo" "+nightly-2024-10-28" "generate-lockfile" "--manifest-path" "Cargo.toml", kill_on_drop: false }`
[INFO] [stderr]     Updating crates.io index
[INFO] [stderr]      Locking 36 packages to latest compatible versions
[INFO] [stderr]       Adding syn v1.0.109 (available: v2.0.86)
[INFO] running `Command { std: CARGO_HOME="/workspace/cargo-home" RUSTUP_HOME="/workspace/rustup-home" "/workspace/cargo-home/bin/cargo" "+nightly-2024-10-28" "fetch" "--manifest-path" "Cargo.toml", kill_on_drop: false }`
[INFO] running `Command { std: "docker" "create" "-v" "/var/lib/crater-agent-workspace/builds/worker-2-tc2/target:/opt/rustwide/target:rw,Z" "-v" "/var/lib/crater-agent-workspace/builds/worker-2-tc2/source:/opt/rustwide/workdir:ro,Z" "-v" "/var/lib/crater-agent-workspace/cargo-home:/opt/rustwide/cargo-home:ro,Z" "-v" "/var/lib/crater-agent-workspace/rustup-home:/opt/rustwide/rustup-home:ro,Z" "-e" "SOURCE_DIR=/opt/rustwide/workdir" "-e" "CARGO_TARGET_DIR=/opt/rustwide/target" "-e" "CARGO_HOME=/opt/rustwide/cargo-home" "-e" "RUSTUP_HOME=/opt/rustwide/rustup-home" "-w" "/opt/rustwide/workdir" "-m" "1610612736" "--user" "0:0" "--network" "none" "ghcr.io/rust-lang/crates-build-env/linux@sha256:4a844ea9eb2546a2d2c7022eacef16ef2e8229c7fbb2c7d4d55a9ceca922f72d" "/opt/rustwide/cargo-home/bin/cargo" "+nightly-2024-10-28" "metadata" "--no-deps" "--format-version=1", kill_on_drop: false }`
[INFO] [stdout] d7ea9f8508351283fc0d65864cd8e26cdf77c007fcf109aa79eb5c81c8940d1d
[INFO] running `Command { std: "docker" "start" "-a" "d7ea9f8508351283fc0d65864cd8e26cdf77c007fcf109aa79eb5c81c8940d1d", kill_on_drop: false }`
[INFO] running `Command { std: "docker" "inspect" "d7ea9f8508351283fc0d65864cd8e26cdf77c007fcf109aa79eb5c81c8940d1d", kill_on_drop: false }`
[INFO] running `Command { std: "docker" "rm" "-f" "d7ea9f8508351283fc0d65864cd8e26cdf77c007fcf109aa79eb5c81c8940d1d", kill_on_drop: false }`
[INFO] [stdout] d7ea9f8508351283fc0d65864cd8e26cdf77c007fcf109aa79eb5c81c8940d1d
[INFO] running `Command { std: "docker" "create" "-v" "/var/lib/crater-agent-workspace/builds/worker-2-tc2/target:/opt/rustwide/target:rw,Z" "-v" "/var/lib/crater-agent-workspace/builds/worker-2-tc2/source:/opt/rustwide/workdir:ro,Z" "-v" "/var/lib/crater-agent-workspace/cargo-home:/opt/rustwide/cargo-home:ro,Z" "-v" "/var/lib/crater-agent-workspace/rustup-home:/opt/rustwide/rustup-home:ro,Z" "-e" "SOURCE_DIR=/opt/rustwide/workdir" "-e" "CARGO_TARGET_DIR=/opt/rustwide/target" "-e" "CARGO_INCREMENTAL=0" "-e" "RUST_BACKTRACE=full" "-e" "RUSTFLAGS=--cap-lints=forbid -Zrandomize-layout" "-e" "RUSTDOCFLAGS=--cap-lints=forbid" "-e" "CARGO_HOME=/opt/rustwide/cargo-home" "-e" "RUSTUP_HOME=/opt/rustwide/rustup-home" "-w" "/opt/rustwide/workdir" "-m" "1610612736" "--user" "0:0" "--network" "none" "ghcr.io/rust-lang/crates-build-env/linux@sha256:4a844ea9eb2546a2d2c7022eacef16ef2e8229c7fbb2c7d4d55a9ceca922f72d" "/opt/rustwide/cargo-home/bin/cargo" "+nightly-2024-10-28" "build" "--frozen" "--message-format=json", kill_on_drop: false }`
[INFO] [stdout] 25b4e8fc9514e9dcbe0f80db06388ab798b2f9f0f30435e4f864e79cd20e07c7
[INFO] running `Command { std: "docker" "start" "-a" "25b4e8fc9514e9dcbe0f80db06388ab798b2f9f0f30435e4f864e79cd20e07c7", kill_on_drop: false }`
[INFO] [stderr]    Compiling syn v1.0.109
[INFO] [stderr]    Compiling trait-async v0.1.24 (/opt/rustwide/workdir)
[INFO] [stderr]     Finished `dev` profile [unoptimized + debuginfo] target(s) in 3.10s
[INFO] running `Command { std: "docker" "inspect" "25b4e8fc9514e9dcbe0f80db06388ab798b2f9f0f30435e4f864e79cd20e07c7", kill_on_drop: false }`
[INFO] running `Command { std: "docker" "rm" "-f" "25b4e8fc9514e9dcbe0f80db06388ab798b2f9f0f30435e4f864e79cd20e07c7", kill_on_drop: false }`
[INFO] [stdout] 25b4e8fc9514e9dcbe0f80db06388ab798b2f9f0f30435e4f864e79cd20e07c7
[INFO] running `Command { std: "docker" "create" "-v" "/var/lib/crater-agent-workspace/builds/worker-2-tc2/target:/opt/rustwide/target:rw,Z" "-v" "/var/lib/crater-agent-workspace/builds/worker-2-tc2/source:/opt/rustwide/workdir:ro,Z" "-v" "/var/lib/crater-agent-workspace/cargo-home:/opt/rustwide/cargo-home:ro,Z" "-v" "/var/lib/crater-agent-workspace/rustup-home:/opt/rustwide/rustup-home:ro,Z" "-e" "SOURCE_DIR=/opt/rustwide/workdir" "-e" "CARGO_TARGET_DIR=/opt/rustwide/target" "-e" "CARGO_INCREMENTAL=0" "-e" "RUST_BACKTRACE=full" "-e" "RUSTFLAGS=--cap-lints=forbid -Zrandomize-layout" "-e" "RUSTDOCFLAGS=--cap-lints=forbid" "-e" "CARGO_HOME=/opt/rustwide/cargo-home" "-e" "RUSTUP_HOME=/opt/rustwide/rustup-home" "-w" "/opt/rustwide/workdir" "-m" "1610612736" "--user" "0:0" "--network" "none" "ghcr.io/rust-lang/crates-build-env/linux@sha256:4a844ea9eb2546a2d2c7022eacef16ef2e8229c7fbb2c7d4d55a9ceca922f72d" "/opt/rustwide/cargo-home/bin/cargo" "+nightly-2024-10-28" "test" "--frozen" "--no-run" "--message-format=json", kill_on_drop: false }`
[INFO] [stdout] f55bbbd1b3689565322ec15df8cb73ba19e8f22fcd01994b9ac53a8444e7c9da
[INFO] running `Command { std: "docker" "start" "-a" "f55bbbd1b3689565322ec15df8cb73ba19e8f22fcd01994b9ac53a8444e7c9da", kill_on_drop: false }`
[INFO] [stderr]    Compiling serde v1.0.214
[INFO] [stderr]    Compiling proc-macro2 v1.0.89
[INFO] [stderr]    Compiling unicode-ident v1.0.13
[INFO] [stderr]    Compiling hashbrown v0.15.0
[INFO] [stderr]    Compiling equivalent v1.0.1
[INFO] [stderr]    Compiling serde_json v1.0.132
[INFO] [stderr]    Compiling winnow v0.6.20
[INFO] [stderr]    Compiling target-triple v0.1.3
[INFO] [stderr]    Compiling itoa v1.0.11
[INFO] [stderr]    Compiling memchr v2.7.4
[INFO] [stderr]    Compiling rustversion v1.0.18
[INFO] [stderr]    Compiling ryu v1.0.18
[INFO] [stderr]    Compiling dissimilar v1.0.9
[INFO] [stderr]    Compiling termcolor v1.4.1
[INFO] [stderr]    Compiling glob v0.3.1
[INFO] [stderr]    Compiling syn v1.0.109
[INFO] [stderr]    Compiling quote v1.0.37
[INFO] [stderr]    Compiling indexmap v2.6.0
[INFO] [stderr]    Compiling syn v2.0.86
[INFO] [stderr]    Compiling serde_derive v1.0.214
[INFO] [stderr]    Compiling toml_datetime v0.6.8
[INFO] [stderr]    Compiling serde_spanned v0.6.8
[INFO] [stderr]    Compiling toml_edit v0.22.22
[INFO] [stderr]    Compiling trait-async v0.1.24 (/opt/rustwide/workdir)
[INFO] [stderr]    Compiling toml v0.8.19
[INFO] [stderr]    Compiling trybuild v1.0.101
[INFO] [stdout] warning: unexpected `cfg` condition name: `trait_async_nightly_testing`
[INFO] [stdout]  --> tests/test.rs:1:13
[INFO] [stdout]   |
[INFO] [stdout] 1 | #![cfg_attr(trait_async_nightly_testing, feature(specialization, const_generics))]
[INFO] [stdout]   |             ^^^^^^^^^^^^^^^^^^^^^^^^^^^
[INFO] [stdout]   |
[INFO] [stdout]   = help: expected names are: `clippy`, `debug_assertions`, `doc`, `docsrs`, `doctest`, `feature`, `fmt_debug`, `miri`, `overflow_checks`, `panic`, `proc_macro`, `relocation_model`, `rustfmt`, `sanitize`, `sanitizer_cfi_generalize_pointers`, `sanitizer_cfi_normalize_integers`, `target_abi`, `target_arch`, `target_endian`, `target_env`, `target_family`, `target_feature`, `target_has_atomic`, `target_has_atomic_equal_alignment`, `target_has_atomic_load_store`, `target_os`, `target_pointer_width`, `target_thread_local`, `target_vendor`, `test`, `ub_checks`, `unix`, and `windows`
[INFO] [stdout]   = help: consider using a Cargo feature instead
[INFO] [stdout]   = help: or consider adding in `Cargo.toml` the `check-cfg` lint config for the lint:
[INFO] [stdout]            [lints.rust]
[INFO] [stdout]            unexpected_cfgs = { level = "warn", check-cfg = ['cfg(trait_async_nightly_testing)'] }
[INFO] [stdout]   = help: or consider adding `println!("cargo::rustc-check-cfg=cfg(trait_async_nightly_testing)");` to the top of the `build.rs`
[INFO] [stdout]   = note: see <https://doc.rust-lang.org/nightly/rustc/check-cfg/cargo-specifics.html> for more information about checking conditional configuration
[INFO] [stdout]   = note: `#[warn(unexpected_cfgs)]` on by default
[INFO] [stdout] 
[INFO] [stdout] 
[INFO] [stdout] warning: unexpected `cfg` condition name: `trait_async_nightly_testing`
[INFO] [stdout]    --> tests/test.rs:275:7
[INFO] [stdout]     |
[INFO] [stdout] 275 | #[cfg(trait_async_nightly_testing)]
[INFO] [stdout]     |       ^^^^^^^^^^^^^^^^^^^^^^^^^^^
[INFO] [stdout]     |
[INFO] [stdout]     = help: consider using a Cargo feature instead
[INFO] [stdout]     = help: or consider adding in `Cargo.toml` the `check-cfg` lint config for the lint:
[INFO] [stdout]              [lints.rust]
[INFO] [stdout]              unexpected_cfgs = { level = "warn", check-cfg = ['cfg(trait_async_nightly_testing)'] }
[INFO] [stdout]     = help: or consider adding `println!("cargo::rustc-check-cfg=cfg(trait_async_nightly_testing)");` to the top of the `build.rs`
[INFO] [stdout]     = note: see <https://doc.rust-lang.org/nightly/rustc/check-cfg/cargo-specifics.html> for more information about checking conditional configuration
[INFO] [stdout] 
[INFO] [stdout] 
[INFO] [stdout] warning: unexpected `cfg` condition name: `trait_async_nightly_testing`
[INFO] [stdout]    --> tests/test.rs:482:7
[INFO] [stdout]     |
[INFO] [stdout] 482 | #[cfg(trait_async_nightly_testing)]
[INFO] [stdout]     |       ^^^^^^^^^^^^^^^^^^^^^^^^^^^
[INFO] [stdout]     |
[INFO] [stdout]     = help: consider using a Cargo feature instead
[INFO] [stdout]     = help: or consider adding in `Cargo.toml` the `check-cfg` lint config for the lint:
[INFO] [stdout]              [lints.rust]
[INFO] [stdout]              unexpected_cfgs = { level = "warn", check-cfg = ['cfg(trait_async_nightly_testing)'] }
[INFO] [stdout]     = help: or consider adding `println!("cargo::rustc-check-cfg=cfg(trait_async_nightly_testing)");` to the top of the `build.rs`
[INFO] [stdout]     = note: see <https://doc.rust-lang.org/nightly/rustc/check-cfg/cargo-specifics.html> for more information about checking conditional configuration
[INFO] [stdout] 
[INFO] [stdout] 
[INFO] [stdout] warning: trait `UnsafeTraitPubCrate` is never used
[INFO] [stdout]    --> tests/test.rs:146:25
[INFO] [stdout]     |
[INFO] [stdout] 146 | pub(crate) unsafe trait UnsafeTraitPubCrate {}
[INFO] [stdout]     |                         ^^^^^^^^^^^^^^^^^^^
[INFO] [stdout]     |
[INFO] [stdout]     = note: `#[warn(dead_code)]` on by default
[INFO] [stdout] 
[INFO] [stdout] 
[INFO] [stdout] warning: trait `UnsafeTraitPrivate` is never used
[INFO] [stdout]    --> tests/test.rs:149:14
[INFO] [stdout]     |
[INFO] [stdout] 149 | unsafe trait UnsafeTraitPrivate {}
[INFO] [stdout]     |              ^^^^^^^^^^^^^^^^^^
[INFO] [stdout] 
[INFO] [stdout] 
[INFO] [stdout] warning: trait `Issue1` is never used
[INFO] [stdout]    --> tests/test.rs:156:11
[INFO] [stdout]     |
[INFO] [stdout] 156 |     trait Issue1 {
[INFO] [stdout]     |           ^^^^^^
[INFO] [stdout] 
[INFO] [stdout] 
[INFO] [stdout] warning: trait `Issue11` is never used
[INFO] [stdout]    --> tests/test.rs:200:11
[INFO] [stdout]     |
[INFO] [stdout] 200 |     trait Issue11 {
[INFO] [stdout]     |           ^^^^^^^
[INFO] [stdout] 
[INFO] [stdout] 
[INFO] [stdout] warning: struct `Struct` is never constructed
[INFO] [stdout]    --> tests/test.rs:204:12
[INFO] [stdout]     |
[INFO] [stdout] 204 |     struct Struct;
[INFO] [stdout]     |            ^^^^^^
[INFO] [stdout] 
[INFO] [stdout] 
[INFO] [stdout] warning: trait `Trait` is never used
[INFO] [stdout]    --> tests/test.rs:217:11
[INFO] [stdout]     |
[INFO] [stdout] 217 |     trait Trait {}
[INFO] [stdout]     |           ^^^^^
[INFO] [stdout] 
[INFO] [stdout] 
[INFO] [stdout] warning: trait `Issue15` is never used
[INFO] [stdout]    --> tests/test.rs:220:11
[INFO] [stdout]     |
[INFO] [stdout] 220 |     trait Issue15 {
[INFO] [stdout]     |           ^^^^^^^
[INFO] [stdout] 
[INFO] [stdout] 
[INFO] [stdout] warning: trait `Issue17` is never used
[INFO] [stdout]    --> tests/test.rs:230:11
[INFO] [stdout]     |
[INFO] [stdout] 230 |     trait Issue17 {
[INFO] [stdout]     |           ^^^^^^^
[INFO] [stdout] 
[INFO] [stdout] 
[INFO] [stdout] warning: struct `Struct` is never constructed
[INFO] [stdout]    --> tests/test.rs:234:12
[INFO] [stdout]     |
[INFO] [stdout] 234 |     struct Struct {
[INFO] [stdout]     |            ^^^^^^
[INFO] [stdout] 
[INFO] [stdout] 
[INFO] [stdout] warning: struct `S` is never constructed
[INFO] [stdout]    --> tests/test.rs:262:12
[INFO] [stdout]     |
[INFO] [stdout] 262 |     struct S {}
[INFO] [stdout]     |            ^
[INFO] [stdout] 
[INFO] [stdout] 
[INFO] [stdout] warning: struct `Str` is never constructed
[INFO] [stdout]    --> tests/test.rs:325:12
[INFO] [stdout]     |
[INFO] [stdout] 325 |     struct Str<'a>(&'a str);
[INFO] [stdout]     |            ^^^
[INFO] [stdout] 
[INFO] [stdout] 
[INFO] [stdout] warning: trait `Trait1` is never used
[INFO] [stdout]    --> tests/test.rs:328:11
[INFO] [stdout]     |
[INFO] [stdout] 328 |     trait Trait1<'a> {
[INFO] [stdout]     |           ^^^^^^
[INFO] [stdout] 
[INFO] [stdout] 
[INFO] [stdout] warning: trait `Trait2` is never used
[INFO] [stdout]    --> tests/test.rs:343:11
[INFO] [stdout]     |
[INFO] [stdout] 343 |     trait Trait2 {
[INFO] [stdout]     |           ^^^^^^
[INFO] [stdout] 
[INFO] [stdout] 
[INFO] [stdout] warning: trait `Trait3` is never used
[INFO] [stdout]    --> tests/test.rs:353:11
[INFO] [stdout]     |
[INFO] [stdout] 353 |     trait Trait3<'a, 'b> {
[INFO] [stdout]     |           ^^^^^^
[INFO] [stdout] 
[INFO] [stdout] 
[INFO] [stdout] warning: field `0` is never read
[INFO] [stdout]    --> tests/test.rs:442:22
[INFO] [stdout]     |
[INFO] [stdout] 442 |     pub struct Tuple(u8);
[INFO] [stdout]     |                ----- ^^
[INFO] [stdout]     |                |
[INFO] [stdout]     |                field in this struct
[INFO] [stdout]     |
[INFO] [stdout]     = help: consider removing this field
[INFO] [stdout] 
[INFO] [stdout] 
[INFO] [stderr]     Finished `test` profile [unoptimized + debuginfo] target(s) in 6.00s
[INFO] running `Command { std: "docker" "inspect" "f55bbbd1b3689565322ec15df8cb73ba19e8f22fcd01994b9ac53a8444e7c9da", kill_on_drop: false }`
[INFO] running `Command { std: "docker" "rm" "-f" "f55bbbd1b3689565322ec15df8cb73ba19e8f22fcd01994b9ac53a8444e7c9da", kill_on_drop: false }`
[INFO] [stdout] f55bbbd1b3689565322ec15df8cb73ba19e8f22fcd01994b9ac53a8444e7c9da
[INFO] running `Command { std: "docker" "create" "-v" "/var/lib/crater-agent-workspace/builds/worker-2-tc2/target:/opt/rustwide/target:rw,Z" "-v" "/var/lib/crater-agent-workspace/builds/worker-2-tc2/source:/opt/rustwide/workdir:ro,Z" "-v" "/var/lib/crater-agent-workspace/cargo-home:/opt/rustwide/cargo-home:ro,Z" "-v" "/var/lib/crater-agent-workspace/rustup-home:/opt/rustwide/rustup-home:ro,Z" "-e" "SOURCE_DIR=/opt/rustwide/workdir" "-e" "CARGO_TARGET_DIR=/opt/rustwide/target" "-e" "CARGO_INCREMENTAL=0" "-e" "RUST_BACKTRACE=full" "-e" "RUSTFLAGS=--cap-lints=forbid -Zrandomize-layout" "-e" "RUSTDOCFLAGS=--cap-lints=forbid" "-e" "CARGO_HOME=/opt/rustwide/cargo-home" "-e" "RUSTUP_HOME=/opt/rustwide/rustup-home" "-w" "/opt/rustwide/workdir" "-m" "1610612736" "--user" "0:0" "--network" "none" "ghcr.io/rust-lang/crates-build-env/linux@sha256:4a844ea9eb2546a2d2c7022eacef16ef2e8229c7fbb2c7d4d55a9ceca922f72d" "/opt/rustwide/cargo-home/bin/cargo" "+nightly-2024-10-28" "test" "--frozen", kill_on_drop: false }`
[INFO] [stdout] 9ab92fa816715508fdc76ea47a55192c336678cd011606565eecb1ad978d8ec5
[INFO] running `Command { std: "docker" "start" "-a" "9ab92fa816715508fdc76ea47a55192c336678cd011606565eecb1ad978d8ec5", kill_on_drop: false }`
[INFO] [stderr] warning: unexpected `cfg` condition name: `trait_async_nightly_testing`
[INFO] [stderr]  --> tests/test.rs:1:13
[INFO] [stderr]   |
[INFO] [stderr] 1 | #![cfg_attr(trait_async_nightly_testing, feature(specialization, const_generics))]
[INFO] [stderr]   |             ^^^^^^^^^^^^^^^^^^^^^^^^^^^
[INFO] [stderr]   |
[INFO] [stderr]   = help: expected names are: `clippy`, `debug_assertions`, `doc`, `docsrs`, `doctest`, `feature`, `fmt_debug`, `miri`, `overflow_checks`, `panic`, `proc_macro`, `relocation_model`, `rustfmt`, `sanitize`, `sanitizer_cfi_generalize_pointers`, `sanitizer_cfi_normalize_integers`, `target_abi`, `target_arch`, `target_endian`, `target_env`, `target_family`, `target_feature`, `target_has_atomic`, `target_has_atomic_equal_alignment`, `target_has_atomic_load_store`, `target_os`, `target_pointer_width`, `target_thread_local`, `target_vendor`, `test`, `ub_checks`, `unix`, and `windows`
[INFO] [stderr]   = help: consider using a Cargo feature instead
[INFO] [stderr]   = help: or consider adding in `Cargo.toml` the `check-cfg` lint config for the lint:
[INFO] [stderr]            [lints.rust]
[INFO] [stderr]            unexpected_cfgs = { level = "warn", check-cfg = ['cfg(trait_async_nightly_testing)'] }
[INFO] [stderr]   = help: or consider adding `println!("cargo::rustc-check-cfg=cfg(trait_async_nightly_testing)");` to the top of the `build.rs`
[INFO] [stderr]   = note: see <https://doc.rust-lang.org/nightly/rustc/check-cfg/cargo-specifics.html> for more information about checking conditional configuration
[INFO] [stderr]   = note: `#[warn(unexpected_cfgs)]` on by default
[INFO] [stderr] 
[INFO] [stderr] warning: unexpected `cfg` condition name: `trait_async_nightly_testing`
[INFO] [stderr]    --> tests/test.rs:275:7
[INFO] [stderr]     |
[INFO] [stderr] 275 | #[cfg(trait_async_nightly_testing)]
[INFO] [stderr]     |       ^^^^^^^^^^^^^^^^^^^^^^^^^^^
[INFO] [stderr]     |
[INFO] [stderr]     = help: consider using a Cargo feature instead
[INFO] [stderr]     = help: or consider adding in `Cargo.toml` the `check-cfg` lint config for the lint:
[INFO] [stderr]              [lints.rust]
[INFO] [stderr]              unexpected_cfgs = { level = "warn", check-cfg = ['cfg(trait_async_nightly_testing)'] }
[INFO] [stderr]     = help: or consider adding `println!("cargo::rustc-check-cfg=cfg(trait_async_nightly_testing)");` to the top of the `build.rs`
[INFO] [stderr]     = note: see <https://doc.rust-lang.org/nightly/rustc/check-cfg/cargo-specifics.html> for more information about checking conditional configuration
[INFO] [stderr] 
[INFO] [stderr] warning: unexpected `cfg` condition name: `trait_async_nightly_testing`
[INFO] [stderr]    --> tests/test.rs:482:7
[INFO] [stderr]     |
[INFO] [stderr] 482 | #[cfg(trait_async_nightly_testing)]
[INFO] [stderr]     |       ^^^^^^^^^^^^^^^^^^^^^^^^^^^
[INFO] [stderr]     |
[INFO] [stderr]     = help: consider using a Cargo feature instead
[INFO] [stderr]     = help: or consider adding in `Cargo.toml` the `check-cfg` lint config for the lint:
[INFO] [stderr]              [lints.rust]
[INFO] [stderr]              unexpected_cfgs = { level = "warn", check-cfg = ['cfg(trait_async_nightly_testing)'] }
[INFO] [stderr]     = help: or consider adding `println!("cargo::rustc-check-cfg=cfg(trait_async_nightly_testing)");` to the top of the `build.rs`
[INFO] [stderr]     = note: see <https://doc.rust-lang.org/nightly/rustc/check-cfg/cargo-specifics.html> for more information about checking conditional configuration
[INFO] [stderr] 
[INFO] [stderr] warning: trait `UnsafeTraitPubCrate` is never used
[INFO] [stderr]    --> tests/test.rs:146:25
[INFO] [stderr]     |
[INFO] [stderr] 146 | pub(crate) unsafe trait UnsafeTraitPubCrate {}
[INFO] [stderr]     |                         ^^^^^^^^^^^^^^^^^^^
[INFO] [stderr]     |
[INFO] [stderr]     = note: `#[warn(dead_code)]` on by default
[INFO] [stderr] 
[INFO] [stderr] warning: trait `UnsafeTraitPrivate` is never used
[INFO] [stderr]    --> tests/test.rs:149:14
[INFO] [stderr]     |
[INFO] [stderr] 149 | unsafe trait UnsafeTraitPrivate {}
[INFO] [stderr]     |              ^^^^^^^^^^^^^^^^^^
[INFO] [stderr] 
[INFO] [stderr] warning: trait `Issue1` is never used
[INFO] [stderr]    --> tests/test.rs:156:11
[INFO] [stderr]     |
[INFO] [stderr] 156 |     trait Issue1 {
[INFO] [stderr]     |           ^^^^^^
[INFO] [stderr] 
[INFO] [stderr] warning: trait `Issue11` is never used
[INFO] [stderr]    --> tests/test.rs:200:11
[INFO] [stderr]     |
[INFO] [stderr] 200 |     trait Issue11 {
[INFO] [stderr]     |           ^^^^^^^
[INFO] [stderr] 
[INFO] [stderr] warning: struct `Struct` is never constructed
[INFO] [stderr]    --> tests/test.rs:204:12
[INFO] [stderr]     |
[INFO] [stderr] 204 |     struct Struct;
[INFO] [stderr]     |            ^^^^^^
[INFO] [stderr] 
[INFO] [stderr] warning: trait `Trait` is never used
[INFO] [stderr]    --> tests/test.rs:217:11
[INFO] [stderr]     |
[INFO] [stderr] 217 |     trait Trait {}
[INFO] [stderr]     |           ^^^^^
[INFO] [stderr] 
[INFO] [stderr] warning: trait `Issue15` is never used
[INFO] [stderr]    --> tests/test.rs:220:11
[INFO] [stderr]     |
[INFO] [stderr] 220 |     trait Issue15 {
[INFO] [stderr]     |           ^^^^^^^
[INFO] [stderr] 
[INFO] [stderr] warning: trait `Issue17` is never used
[INFO] [stderr]    --> tests/test.rs:230:11
[INFO] [stderr]     |
[INFO] [stderr] 230 |     trait Issue17 {
[INFO] [stderr]     |           ^^^^^^^
[INFO] [stderr] 
[INFO] [stderr] warning: struct `Struct` is never constructed
[INFO] [stderr]    --> tests/test.rs:234:12
[INFO] [stderr]     |
[INFO] [stderr] 234 |     struct Struct {
[INFO] [stderr]     |            ^^^^^^
[INFO] [stderr] 
[INFO] [stderr] warning: struct `S` is never constructed
[INFO] [stderr]    --> tests/test.rs:262:12
[INFO] [stderr]     |
[INFO] [stderr] 262 |     struct S {}
[INFO] [stderr]     |            ^
[INFO] [stderr] 
[INFO] [stderr] warning: struct `Str` is never constructed
[INFO] [stderr]    --> tests/test.rs:325:12
[INFO] [stderr]     |
[INFO] [stderr] 325 |     struct Str<'a>(&'a str);
[INFO] [stderr]     |            ^^^
[INFO] [stderr] 
[INFO] [stderr] warning: trait `Trait1` is never used
[INFO] [stderr]    --> tests/test.rs:328:11
[INFO] [stderr]     |
[INFO] [stderr] 328 |     trait Trait1<'a> {
[INFO] [stderr]     |           ^^^^^^
[INFO] [stderr] 
[INFO] [stderr] warning: trait `Trait2` is never used
[INFO] [stderr]    --> tests/test.rs:343:11
[INFO] [stderr]     |
[INFO] [stderr] 343 |     trait Trait2 {
[INFO] [stderr]     |           ^^^^^^
[INFO] [stderr] 
[INFO] [stderr] warning: trait `Trait3` is never used
[INFO] [stderr]    --> tests/test.rs:353:11
[INFO] [stderr]     |
[INFO] [stderr] 353 |     trait Trait3<'a, 'b> {
[INFO] [stderr]     |           ^^^^^^
[INFO] [stderr] 
[INFO] [stderr] warning: field `0` is never read
[INFO] [stderr]    --> tests/test.rs:442:22
[INFO] [stderr]     |
[INFO] [stderr] 442 |     pub struct Tuple(u8);
[INFO] [stderr]     |                ----- ^^
[INFO] [stderr]     |                |
[INFO] [stderr]     |                field in this struct
[INFO] [stderr]     |
[INFO] [stderr]     = help: consider removing this field
[INFO] [stderr] 
[INFO] [stderr] warning: `trait-async` (test "test") generated 18 warnings
[INFO] [stderr]     Finished `test` profile [unoptimized + debuginfo] target(s) in 0.02s
[INFO] [stderr]      Running unittests src/lib.rs (/opt/rustwide/target/debug/deps/trait_async-efef3b3beb62925b)
[INFO] [stdout] 
[INFO] [stdout] running 0 tests
[INFO] [stdout] 
[INFO] [stdout] test result: ok. 0 passed; 0 failed; 0 ignored; 0 measured; 0 filtered out; finished in 0.00s
[INFO] [stdout] 
[INFO] [stderr]      Running tests/compiletest.rs (/opt/rustwide/target/debug/deps/compiletest-e03aefa1fa31ecfd)
[INFO] [stdout] 
[INFO] [stdout] running 1 test
[INFO] [stderr]    Compiling proc-macro2 v1.0.89
[INFO] [stderr]    Compiling syn v1.0.109
[INFO] [stderr]    Compiling unicode-ident v1.0.13
[INFO] [stderr]    Compiling rustversion v1.0.18
[INFO] [stderr]     Checking quote v1.0.37
[INFO] [stderr]    Compiling trait-async v0.1.24 (/opt/rustwide/workdir)
[INFO] [stderr]     Checking trait-async-tests v0.0.0 (/opt/rustwide/target/tests/trybuild/trait-async)
[INFO] [stderr]     Finished `dev` profile [unoptimized + debuginfo] target(s) in 3.87s
[INFO] [stderr] 
[INFO] [stderr] 
[INFO] [stderr] test tests/ui/delimiter-span.rs ... mismatch
[INFO] [stderr] 
[INFO] [stderr] EXPECTED:
[INFO] [stderr] ┈┈┈┈┈┈┈┈┈┈┈┈┈┈┈┈┈┈┈┈┈┈┈┈┈┈┈┈┈┈┈┈┈┈┈┈┈┈┈┈┈┈┈┈┈┈┈┈┈┈┈┈┈┈┈┈┈┈┈┈
[INFO] [stderr] error: no rules expected the token `{`
[INFO] [stderr]   --> $DIR/delimiter-span.rs:17:16
[INFO] [stderr]    |
[INFO] [stderr] 3  | macro_rules! picky {
[INFO] [stderr]    | ------------------ when calling this macro
[INFO] [stderr] ...
[INFO] [stderr] 17 |         picky!({ 123 });
[INFO] [stderr]    |                ^ no rules expected this token in macro call
[INFO] [stderr] ┈┈┈┈┈┈┈┈┈┈┈┈┈┈┈┈┈┈┈┈┈┈┈┈┈┈┈┈┈┈┈┈┈┈┈┈┈┈┈┈┈┈┈┈┈┈┈┈┈┈┈┈┈┈┈┈┈┈┈┈
[INFO] [stderr] 
[INFO] [stderr] ACTUAL OUTPUT:
[INFO] [stderr] ┈┈┈┈┈┈┈┈┈┈┈┈┈┈┈┈┈┈┈┈┈┈┈┈┈┈┈┈┈┈┈┈┈┈┈┈┈┈┈┈┈┈┈┈┈┈┈┈┈┈┈┈┈┈┈┈┈┈┈┈
[INFO] [stderr] error: no rules expected the token `{`
[INFO] [stderr]   --> tests/ui/delimiter-span.rs:17:16
[INFO] [stderr]    |
[INFO] [stderr] 3  | macro_rules! picky {
[INFO] [stderr]    | ------------------ when calling this macro
[INFO] [stderr] ...
[INFO] [stderr] 17 |         picky!({ 123 });
[INFO] [stderr]    |                ^ no rules expected this token in macro call
[INFO] [stderr]    |
[INFO] [stderr] note: while trying to match `ident`
[INFO] [stderr]   --> tests/ui/delimiter-span.rs:4:6
[INFO] [stderr]    |
[INFO] [stderr] 4  |     (ident) => {};
[INFO] [stderr]    |      ^^^^^
[INFO] [stderr] ┈┈┈┈┈┈┈┈┈┈┈┈┈┈┈┈┈┈┈┈┈┈┈┈┈┈┈┈┈┈┈┈┈┈┈┈┈┈┈┈┈┈┈┈┈┈┈┈┈┈┈┈┈┈┈┈┈┈┈┈
[INFO] [stderr] note: If the actual output is the correct output you can bless it by rerunning
[INFO] [stderr]       your test with the environment variable TRYBUILD=overwrite
[INFO] [stderr] 
[INFO] [stderr] test tests/ui/send-not-implemented.rs ... mismatch
[INFO] [stderr] 
[INFO] [stderr] EXPECTED:
[INFO] [stderr] ┈┈┈┈┈┈┈┈┈┈┈┈┈┈┈┈┈┈┈┈┈┈┈┈┈┈┈┈┈┈┈┈┈┈┈┈┈┈┈┈┈┈┈┈┈┈┈┈┈┈┈┈┈┈┈┈┈┈┈┈
[INFO] [stderr] error: future cannot be sent between threads safely
[INFO] [stderr]   --> $DIR/send-not-implemented.rs:8:26
[INFO] [stderr]    |
[INFO] [stderr] 8  |       async fn test(&self) {
[INFO] [stderr]    |  __________________________^
[INFO] [stderr] 9  | |         let mutex = Mutex::new(());
[INFO] [stderr] 10 | |         let _guard = mutex.lock().unwrap();
[INFO] [stderr] 11 | |         f().await;
[INFO] [stderr] 12 | |     }
[INFO] [stderr]    | |_____^ future returned by `__test` is not `Send`
[INFO] [stderr]    |
[INFO] [stderr]    = help: within `impl std::future::Future`, the trait `std::marker::Send` is not implemented for `std::sync::MutexGuard<'_, ()>`
[INFO] [stderr] note: future is not `Send` as this value is used across an await
[INFO] [stderr]   --> $DIR/send-not-implemented.rs:11:9
[INFO] [stderr]    |
[INFO] [stderr] 10 |         let _guard = mutex.lock().unwrap();
[INFO] [stderr]    |             ------ has type `std::sync::MutexGuard<'_, ()>`
[INFO] [stderr] 11 |         f().await;
[INFO] [stderr]    |         ^^^^^^^^^ await occurs here, with `_guard` maybe used later
[INFO] [stderr] 12 |     }
[INFO] [stderr]    |     - `_guard` is later dropped here
[INFO] [stderr]    = note: required for the cast to the object type `dyn std::future::Future<Output = ()> + std::marker::Send`
[INFO] [stderr] ┈┈┈┈┈┈┈┈┈┈┈┈┈┈┈┈┈┈┈┈┈┈┈┈┈┈┈┈┈┈┈┈┈┈┈┈┈┈┈┈┈┈┈┈┈┈┈┈┈┈┈┈┈┈┈┈┈┈┈┈
[INFO] [stderr] 
[INFO] [stderr] ACTUAL OUTPUT:
[INFO] [stderr] ┈┈┈┈┈┈┈┈┈┈┈┈┈┈┈┈┈┈┈┈┈┈┈┈┈┈┈┈┈┈┈┈┈┈┈┈┈┈┈┈┈┈┈┈┈┈┈┈┈┈┈┈┈┈┈┈┈┈┈┈
[INFO] [stderr] error: future cannot be sent between threads safely
[INFO] [stderr]   --> tests/ui/send-not-implemented.rs:8:26
[INFO] [stderr]    |
[INFO] [stderr] 8  |       async fn test(&self) {
[INFO] [stderr]    |  __________________________^
[INFO] [stderr] 9  | |         let mutex = Mutex::new(());
[INFO] [stderr] 10 | |         let _guard = mutex.lock().unwrap();
[INFO] [stderr] 11 | |         f().await;
[INFO] [stderr] 12 | |     }
[INFO] [stderr]    | |_____^ future returned by `__test` is not `Send`
[INFO] [stderr]    |
[INFO] [stderr]    = help: within `impl Future<Output = ()>`, the trait `Send` is not implemented for `MutexGuard<'_, ()>`, which is required by `impl Future<Output = ()>: Send`
[INFO] [stderr] note: future is not `Send` as this value is used across an await
[INFO] [stderr]   --> tests/ui/send-not-implemented.rs:11:13
[INFO] [stderr]    |
[INFO] [stderr] 10 |         let _guard = mutex.lock().unwrap();
[INFO] [stderr]    |             ------ has type `MutexGuard<'_, ()>` which is not `Send`
[INFO] [stderr] 11 |         f().await;
[INFO] [stderr]    |             ^^^^^ await occurs here, with `_guard` maybe used later
[INFO] [stderr]    = note: required for the cast from `Pin<Box<impl Future<Output = ()>>>` to `Pin<Box<(dyn Future<Output = ()> + Send + 'trait_async)>>`
[INFO] [stderr] ┈┈┈┈┈┈┈┈┈┈┈┈┈┈┈┈┈┈┈┈┈┈┈┈┈┈┈┈┈┈┈┈┈┈┈┈┈┈┈┈┈┈┈┈┈┈┈┈┈┈┈┈┈┈┈┈┈┈┈┈
[INFO] [stderr] note: If the actual output is the correct output you can bless it by rerunning
[INFO] [stderr]       your test with the environment variable TRYBUILD=overwrite
[INFO] [stderr] 
[INFO] [stderr] test tests/ui/unsupported-self.rs ... ok
[INFO] [stderr] 
[INFO] [stderr] 
[INFO] [stdout] test ui ... FAILED
[INFO] [stdout] 
[INFO] [stdout] failures:
[INFO] [stdout] 
[INFO] [stdout] ---- ui stdout ----
[INFO] [stdout] thread 'ui' panicked at /opt/rustwide/cargo-home/registry/src/index.crates.io-6f17d22bba15001f/trybuild-1.0.101/src/run.rs:101:13:
[INFO] [stdout] 2 of 3 tests failed
[INFO] [stdout] stack backtrace:
[INFO] [stdout]    0:     0x63d1b9cbf11a - std::backtrace_rs::backtrace::libunwind::trace::h207520d6e9873551
[INFO] [stdout]                                at /rustc/df4ca44d3fbc9301ee17f30f4d474e6ae4b05252/library/std/src/../../backtrace/src/backtrace/libunwind.rs:116:5
[INFO] [stdout]    1:     0x63d1b9cbf11a - std::backtrace_rs::backtrace::trace_unsynchronized::h2ed7433f370e3eca
[INFO] [stdout]                                at /rustc/df4ca44d3fbc9301ee17f30f4d474e6ae4b05252/library/std/src/../../backtrace/src/backtrace/mod.rs:66:5
[INFO] [stdout]    2:     0x63d1b9cbf11a - std::sys::backtrace::_print_fmt::h916fac51166b18d7
[INFO] [stdout]                                at /rustc/df4ca44d3fbc9301ee17f30f4d474e6ae4b05252/library/std/src/sys/backtrace.rs:66:9
[INFO] [stdout]    3:     0x63d1b9cbf11a - <std::sys::backtrace::BacktraceLock::print::DisplayBacktrace as core::fmt::Display>::fmt::ha0a4c9b8ce3802e6
[INFO] [stdout]                                at /rustc/df4ca44d3fbc9301ee17f30f4d474e6ae4b05252/library/std/src/sys/backtrace.rs:39:26
[INFO] [stdout]    4:     0x63d1b9ce95e3 - core::fmt::rt::Argument::fmt::h4cfc8587d52b3eb5
[INFO] [stdout]                                at /rustc/df4ca44d3fbc9301ee17f30f4d474e6ae4b05252/library/core/src/fmt/rt.rs:177:76
[INFO] [stdout]    5:     0x63d1b9ce95e3 - core::fmt::write::h522cc39e5b36ae9f
[INFO] [stdout]                                at /rustc/df4ca44d3fbc9301ee17f30f4d474e6ae4b05252/library/core/src/fmt/mod.rs:1190:21
[INFO] [stdout]    6:     0x63d1b9cbb153 - std::io::Write::write_fmt::h7d3c26752da97734
[INFO] [stdout]                                at /rustc/df4ca44d3fbc9301ee17f30f4d474e6ae4b05252/library/std/src/io/mod.rs:1839:15
[INFO] [stdout]    7:     0x63d1b9cbef62 - std::sys::backtrace::BacktraceLock::print::h4b9e00b29e9c0942
[INFO] [stdout]                                at /rustc/df4ca44d3fbc9301ee17f30f4d474e6ae4b05252/library/std/src/sys/backtrace.rs:42:9
[INFO] [stdout]    8:     0x63d1b9cc0baa - std::panicking::default_hook::{{closure}}::hb59b88280d0324d9
[INFO] [stdout]                                at /rustc/df4ca44d3fbc9301ee17f30f4d474e6ae4b05252/library/std/src/panicking.rs:268:22
[INFO] [stdout]    9:     0x63d1b9cc09b4 - std::panicking::default_hook::he1dd496665be4a29
[INFO] [stdout]                                at /rustc/df4ca44d3fbc9301ee17f30f4d474e6ae4b05252/library/std/src/panicking.rs:292:9
[INFO] [stdout]   10:     0x63d1b9c876a9 - <alloc::boxed::Box<F,A> as core::ops::function::Fn<Args>>::call::h4ff71de18744e1dc
[INFO] [stdout]                                at /rustc/df4ca44d3fbc9301ee17f30f4d474e6ae4b05252/library/alloc/src/boxed.rs:2468:9
[INFO] [stdout]   11:     0x63d1b9c876a9 - test::test_main::{{closure}}::hcf7c055ce117aa81
[INFO] [stdout]                                at /rustc/df4ca44d3fbc9301ee17f30f4d474e6ae4b05252/library/test/src/lib.rs:133:21
[INFO] [stdout]   12:     0x63d1b9cc12a8 - <alloc::boxed::Box<F,A> as core::ops::function::Fn<Args>>::call::h1d66c6bbd60c9692
[INFO] [stdout]                                at /rustc/df4ca44d3fbc9301ee17f30f4d474e6ae4b05252/library/alloc/src/boxed.rs:2468:9
[INFO] [stdout]   13:     0x63d1b9cc12a8 - std::panicking::rust_panic_with_hook::h2ff17fe8f26dfcf8
[INFO] [stdout]                                at /rustc/df4ca44d3fbc9301ee17f30f4d474e6ae4b05252/library/std/src/panicking.rs:809:13
[INFO] [stdout]   14:     0x63d1b9cc106a - std::panicking::begin_panic_handler::{{closure}}::h4fad77951c07e101
[INFO] [stdout]                                at /rustc/df4ca44d3fbc9301ee17f30f4d474e6ae4b05252/library/std/src/panicking.rs:674:13
[INFO] [stdout]   15:     0x63d1b9cbf5f9 - std::sys::backtrace::__rust_end_short_backtrace::hb1a25b3da5d0ea08
[INFO] [stdout]                                at /rustc/df4ca44d3fbc9301ee17f30f4d474e6ae4b05252/library/std/src/sys/backtrace.rs:170:18
[INFO] [stdout]   16:     0x63d1b9cc0cfc - rust_begin_unwind
[INFO] [stdout]                                at /rustc/df4ca44d3fbc9301ee17f30f4d474e6ae4b05252/library/std/src/panicking.rs:665:5
[INFO] [stdout]   17:     0x63d1b9ce7990 - core::panicking::panic_fmt::ha9db07b529f9b256
[INFO] [stdout]                                at /rustc/df4ca44d3fbc9301ee17f30f4d474e6ae4b05252/library/core/src/panicking.rs:75:14
[INFO] [stdout]   18:     0x63d1b999174f - trybuild::run::<impl trybuild::Runner>::run::h2b6269928deeedf9
[INFO] [stdout]                                at /opt/rustwide/cargo-home/registry/src/index.crates.io-6f17d22bba15001f/trybuild-1.0.101/src/run.rs:101:13
[INFO] [stdout]   19:     0x63d1b9996c68 - <trybuild::TestCases as core::ops::drop::Drop>::drop::hb3e2211a3afb1adc
[INFO] [stdout]                                at /opt/rustwide/cargo-home/registry/src/index.crates.io-6f17d22bba15001f/trybuild-1.0.101/src/lib.rs:340:13
[INFO] [stdout]   20:     0x63d1b99825e7 - core::ptr::drop_in_place<trybuild::TestCases>::h28a7db2d71387ce4
[INFO] [stdout]                                at /rustc/df4ca44d3fbc9301ee17f30f4d474e6ae4b05252/library/core/src/ptr/mod.rs:521:1
[INFO] [stdout]   21:     0x63d1b9982d33 - compiletest::ui::h95a0979cec990114
[INFO] [stdout]                                at /opt/rustwide/workdir/tests/compiletest.rs:6:1
[INFO] [stdout]   22:     0x63d1b9982cc7 - compiletest::ui::{{closure}}::h607b0cc764345ef4
[INFO] [stdout]                                at /opt/rustwide/workdir/tests/compiletest.rs:3:8
[INFO] [stdout]   23:     0x63d1b9982546 - core::ops::function::FnOnce::call_once::h161dcac9690f849c
[INFO] [stdout]                                at /rustc/df4ca44d3fbc9301ee17f30f4d474e6ae4b05252/library/core/src/ops/function.rs:250:5
[INFO] [stdout]   24:     0x63d1b9c8bf7b - core::ops::function::FnOnce::call_once::h22c3ba5715e93f05
[INFO] [stdout]                                at /rustc/df4ca44d3fbc9301ee17f30f4d474e6ae4b05252/library/core/src/ops/function.rs:250:5
[INFO] [stdout]   25:     0x63d1b9c8bf7b - test::__rust_begin_short_backtrace::h8e82d8113d0da17f
[INFO] [stdout]                                at /rustc/df4ca44d3fbc9301ee17f30f4d474e6ae4b05252/library/test/src/lib.rs:621:18
[INFO] [stdout]   26:     0x63d1b9c8b8f7 - test::run_test_in_process::{{closure}}::h33235f4f20b7b7c7
[INFO] [stdout]                                at /rustc/df4ca44d3fbc9301ee17f30f4d474e6ae4b05252/library/test/src/lib.rs:644:60
[INFO] [stdout]   27:     0x63d1b9c8b8f7 - <core::panic::unwind_safe::AssertUnwindSafe<F> as core::ops::function::FnOnce<()>>::call_once::hb5043206310c586f
[INFO] [stdout]                                at /rustc/df4ca44d3fbc9301ee17f30f4d474e6ae4b05252/library/core/src/panic/unwind_safe.rs:272:9
[INFO] [stdout]   28:     0x63d1b9c8b8f7 - std::panicking::try::do_call::h9ad4731a60ab23e2
[INFO] [stdout]                                at /rustc/df4ca44d3fbc9301ee17f30f4d474e6ae4b05252/library/std/src/panicking.rs:557:40
[INFO] [stdout]   29:     0x63d1b9c8b8f7 - std::panicking::try::h3824d23db772a716
[INFO] [stdout]                                at /rustc/df4ca44d3fbc9301ee17f30f4d474e6ae4b05252/library/std/src/panicking.rs:520:19
[INFO] [stdout]   30:     0x63d1b9c8b8f7 - std::panic::catch_unwind::h5afd514605fde46b
[INFO] [stdout]                                at /rustc/df4ca44d3fbc9301ee17f30f4d474e6ae4b05252/library/std/src/panic.rs:358:14
[INFO] [stdout]   31:     0x63d1b9c8b8f7 - test::run_test_in_process::h0d5cbfa7067d1720
[INFO] [stdout]                                at /rustc/df4ca44d3fbc9301ee17f30f4d474e6ae4b05252/library/test/src/lib.rs:644:27
[INFO] [stdout]   32:     0x63d1b9c8b8f7 - test::run_test::{{closure}}::h708eb8872708115d
[INFO] [stdout]                                at /rustc/df4ca44d3fbc9301ee17f30f4d474e6ae4b05252/library/test/src/lib.rs:565:43
[INFO] [stdout]   33:     0x63d1b9c4f014 - test::run_test::{{closure}}::h392c51cee94713ab
[INFO] [stdout]                                at /rustc/df4ca44d3fbc9301ee17f30f4d474e6ae4b05252/library/test/src/lib.rs:595:41
[INFO] [stdout]   34:     0x63d1b9c4f014 - std::sys::backtrace::__rust_begin_short_backtrace::h2f40290710935a8b
[INFO] [stdout]                                at /rustc/df4ca44d3fbc9301ee17f30f4d474e6ae4b05252/library/std/src/sys/backtrace.rs:154:18
[INFO] [stdout]   35:     0x63d1b9c527be - std::thread::Builder::spawn_unchecked_::{{closure}}::{{closure}}::h3fd968d89053a903
[INFO] [stdout]                                at /rustc/df4ca44d3fbc9301ee17f30f4d474e6ae4b05252/library/std/src/thread/mod.rs:541:17
[INFO] [stdout]   36:     0x63d1b9c527be - <core::panic::unwind_safe::AssertUnwindSafe<F> as core::ops::function::FnOnce<()>>::call_once::h743f637ba4229880
[INFO] [stdout]                                at /rustc/df4ca44d3fbc9301ee17f30f4d474e6ae4b05252/library/core/src/panic/unwind_safe.rs:272:9
[INFO] [stdout]   37:     0x63d1b9c527be - std::panicking::try::do_call::h07440897322525a6
[INFO] [stdout]                                at /rustc/df4ca44d3fbc9301ee17f30f4d474e6ae4b05252/library/std/src/panicking.rs:557:40
[INFO] [stdout]   38:     0x63d1b9c527be - std::panicking::try::he5a2e00188156637
[INFO] [stdout]                                at /rustc/df4ca44d3fbc9301ee17f30f4d474e6ae4b05252/library/std/src/panicking.rs:520:19
[INFO] [stdout]   39:     0x63d1b9c527be - std::panic::catch_unwind::hbaf3cae49b3c6433
[INFO] [stdout]                                at /rustc/df4ca44d3fbc9301ee17f30f4d474e6ae4b05252/library/std/src/panic.rs:358:14
[INFO] [stdout]   40:     0x63d1b9c527be - std::thread::Builder::spawn_unchecked_::{{closure}}::h8e141ea224820bce
[INFO] [stdout]                                at /rustc/df4ca44d3fbc9301ee17f30f4d474e6ae4b05252/library/std/src/thread/mod.rs:540:30
[INFO] [stdout]   41:     0x63d1b9c527be - core::ops::function::FnOnce::call_once{{vtable.shim}}::h90d312fedd7b8ea8
[INFO] [stdout]                                at /rustc/df4ca44d3fbc9301ee17f30f4d474e6ae4b05252/library/core/src/ops/function.rs:250:5
[INFO] [stdout]   42:     0x63d1b9cc606b - <alloc::boxed::Box<F,A> as core::ops::function::FnOnce<Args>>::call_once::h69aa08ddb6adb8b6
[INFO] [stdout]                                at /rustc/df4ca44d3fbc9301ee17f30f4d474e6ae4b05252/library/alloc/src/boxed.rs:2454:9
[INFO] [stdout]   43:     0x63d1b9cc606b - <alloc::boxed::Box<F,A> as core::ops::function::FnOnce<Args>>::call_once::h5aa36efdb79c806f
[INFO] [stdout]                                at /rustc/df4ca44d3fbc9301ee17f30f4d474e6ae4b05252/library/alloc/src/boxed.rs:2454:9
[INFO] [stdout]   44:     0x63d1b9cc606b - std::sys::pal::unix::thread::Thread::new::thread_start::h6cd80a1b4be5158d
[INFO] [stdout]                                at /rustc/df4ca44d3fbc9301ee17f30f4d474e6ae4b05252/library/std/src/sys/pal/unix/thread.rs:105:17
[INFO] [stdout]   45:     0x784e94d3fac3 - <unknown>
[INFO] [stdout]   46:     0x784e94dd0a04 - clone
[INFO] [stdout]   47:                0x0 - <unknown>
[INFO] [stdout] 
[INFO] [stdout] 
[INFO] [stdout] failures:
[INFO] [stdout]     ui
[INFO] [stdout] 
[INFO] [stdout] test result: FAILED. 0 passed; 1 failed; 0 ignored; 0 measured; 0 filtered out; finished in 4.05s
[INFO] [stdout] 
[INFO] [stderr] error: test failed, to rerun pass `--test compiletest`
[INFO] running `Command { std: "docker" "inspect" "9ab92fa816715508fdc76ea47a55192c336678cd011606565eecb1ad978d8ec5", kill_on_drop: false }`
[INFO] running `Command { std: "docker" "rm" "-f" "9ab92fa816715508fdc76ea47a55192c336678cd011606565eecb1ad978d8ec5", kill_on_drop: false }`
[INFO] [stdout] 9ab92fa816715508fdc76ea47a55192c336678cd011606565eecb1ad978d8ec5
