[INFO] fetching crate traduora 0.4.0...
[INFO] testing traduora-0.4.0 against nightly-2024-10-28+rustflags=-Zrandomize-layout for randomize-layout
[INFO] extracting crate traduora 0.4.0 into /workspace/builds/worker-7-tc2/source
[INFO] validating manifest of crates.io crate traduora 0.4.0 on toolchain nightly-2024-10-28
[INFO] running `Command { std: CARGO_HOME="/workspace/cargo-home" RUSTUP_HOME="/workspace/rustup-home" "/workspace/cargo-home/bin/cargo" "+nightly-2024-10-28" "metadata" "--manifest-path" "Cargo.toml" "--no-deps", kill_on_drop: false }`
[INFO] started tweaking crates.io crate traduora 0.4.0
[INFO] finished tweaking crates.io crate traduora 0.4.0
[INFO] tweaked toml for crates.io crate traduora 0.4.0 written to /workspace/builds/worker-7-tc2/source/Cargo.toml
[INFO] crate crates.io crate traduora 0.4.0 already has a lockfile, it will not be regenerated
[INFO] running `Command { std: CARGO_HOME="/workspace/cargo-home" RUSTUP_HOME="/workspace/rustup-home" "/workspace/cargo-home/bin/cargo" "+nightly-2024-10-28" "fetch" "--manifest-path" "Cargo.toml", kill_on_drop: false }`
[INFO] [stderr]     Blocking waiting for file lock on package cache
[INFO] [stderr]     Blocking waiting for file lock on package cache
[INFO] running `Command { std: "docker" "create" "-v" "/var/lib/crater-agent-workspace/builds/worker-7-tc2/target:/opt/rustwide/target:rw,Z" "-v" "/var/lib/crater-agent-workspace/builds/worker-7-tc2/source:/opt/rustwide/workdir:ro,Z" "-v" "/var/lib/crater-agent-workspace/cargo-home:/opt/rustwide/cargo-home:ro,Z" "-v" "/var/lib/crater-agent-workspace/rustup-home:/opt/rustwide/rustup-home:ro,Z" "-e" "SOURCE_DIR=/opt/rustwide/workdir" "-e" "CARGO_TARGET_DIR=/opt/rustwide/target" "-e" "CARGO_HOME=/opt/rustwide/cargo-home" "-e" "RUSTUP_HOME=/opt/rustwide/rustup-home" "-w" "/opt/rustwide/workdir" "-m" "1610612736" "--user" "0:0" "--network" "none" "ghcr.io/rust-lang/crates-build-env/linux@sha256:4a844ea9eb2546a2d2c7022eacef16ef2e8229c7fbb2c7d4d55a9ceca922f72d" "/opt/rustwide/cargo-home/bin/cargo" "+nightly-2024-10-28" "metadata" "--no-deps" "--format-version=1", kill_on_drop: false }`
[INFO] [stdout] 210e69ef93d25145ffe6d02803072073d98ccb10e12e0acdcfa28e3c4a3bc3c6
[INFO] running `Command { std: "docker" "start" "-a" "210e69ef93d25145ffe6d02803072073d98ccb10e12e0acdcfa28e3c4a3bc3c6", kill_on_drop: false }`
[INFO] running `Command { std: "docker" "inspect" "210e69ef93d25145ffe6d02803072073d98ccb10e12e0acdcfa28e3c4a3bc3c6", kill_on_drop: false }`
[INFO] running `Command { std: "docker" "rm" "-f" "210e69ef93d25145ffe6d02803072073d98ccb10e12e0acdcfa28e3c4a3bc3c6", kill_on_drop: false }`
[INFO] [stdout] 210e69ef93d25145ffe6d02803072073d98ccb10e12e0acdcfa28e3c4a3bc3c6
[INFO] running `Command { std: "docker" "create" "-v" "/var/lib/crater-agent-workspace/builds/worker-7-tc2/target:/opt/rustwide/target:rw,Z" "-v" "/var/lib/crater-agent-workspace/builds/worker-7-tc2/source:/opt/rustwide/workdir:ro,Z" "-v" "/var/lib/crater-agent-workspace/cargo-home:/opt/rustwide/cargo-home:ro,Z" "-v" "/var/lib/crater-agent-workspace/rustup-home:/opt/rustwide/rustup-home:ro,Z" "-e" "SOURCE_DIR=/opt/rustwide/workdir" "-e" "CARGO_TARGET_DIR=/opt/rustwide/target" "-e" "CARGO_INCREMENTAL=0" "-e" "RUST_BACKTRACE=full" "-e" "RUSTFLAGS=--cap-lints=forbid -Zrandomize-layout" "-e" "RUSTDOCFLAGS=--cap-lints=forbid" "-e" "CARGO_HOME=/opt/rustwide/cargo-home" "-e" "RUSTUP_HOME=/opt/rustwide/rustup-home" "-w" "/opt/rustwide/workdir" "-m" "1610612736" "--user" "0:0" "--network" "none" "ghcr.io/rust-lang/crates-build-env/linux@sha256:4a844ea9eb2546a2d2c7022eacef16ef2e8229c7fbb2c7d4d55a9ceca922f72d" "/opt/rustwide/cargo-home/bin/cargo" "+nightly-2024-10-28" "build" "--frozen" "--message-format=json", kill_on_drop: false }`
[INFO] [stdout] 0f457dac27cdd45fd88a640c226aaba35d9b4a4b76973cfd507caf6c11fea7ee
[INFO] running `Command { std: "docker" "start" "-a" "0f457dac27cdd45fd88a640c226aaba35d9b4a4b76973cfd507caf6c11fea7ee", kill_on_drop: false }`
[INFO] [stderr]    Compiling autocfg v1.1.0
[INFO] [stderr]    Compiling libc v0.2.121
[INFO] [stderr]    Compiling proc-macro2 v1.0.36
[INFO] [stderr]    Compiling unicode-xid v0.2.2
[INFO] [stderr]    Compiling syn v1.0.89
[INFO] [stderr]    Compiling log v0.4.14
[INFO] [stderr]    Compiling pkg-config v0.3.24
[INFO] [stderr]    Compiling cc v1.0.73
[INFO] [stderr]    Compiling memchr v2.4.1
[INFO] [stderr]    Compiling pin-project-lite v0.2.8
[INFO] [stderr]    Compiling futures-core v0.3.21
[INFO] [stderr]    Compiling bytes v1.1.0
[INFO] [stderr]    Compiling serde_derive v1.0.136
[INFO] [stderr]    Compiling itoa v1.0.1
[INFO] [stderr]    Compiling futures-task v0.3.21
[INFO] [stderr]    Compiling serde v1.0.136
[INFO] [stderr]    Compiling quote v1.0.16
[INFO] [stderr]    Compiling indexmap v1.8.0
[INFO] [stderr]    Compiling fnv v1.0.7
[INFO] [stderr]    Compiling futures-util v0.3.21
[INFO] [stderr]    Compiling socket2 v0.4.4
[INFO] [stderr]    Compiling num_cpus v1.13.1
[INFO] [stderr]    Compiling mio v0.8.2
[INFO] [stderr]    Compiling lazy_static v1.4.0
[INFO] [stderr]    Compiling foreign-types-shared v0.1.1
[INFO] [stderr]    Compiling openssl v0.10.38
[INFO] [stderr]    Compiling foreign-types v0.3.2
[INFO] [stderr]    Compiling openssl-sys v0.9.72
[INFO] [stderr]    Compiling tracing-core v0.1.23
[INFO] [stderr]    Compiling http v0.2.6
[INFO] [stderr]    Compiling tokio v1.17.0
[INFO] [stderr]    Compiling futures-sink v0.3.21
[INFO] [stderr]    Compiling pin-utils v0.1.0
[INFO] [stderr]    Compiling native-tls v0.2.8
[INFO] [stderr]    Compiling once_cell v1.10.0
[INFO] [stderr]    Compiling tinyvec_macros v0.1.0
[INFO] [stderr]    Compiling slab v0.4.5
[INFO] [stderr]    Compiling futures-channel v0.3.21
[INFO] [stderr]    Compiling matches v0.1.9
[INFO] [stderr]    Compiling httparse v1.6.0
[INFO] [stderr]    Compiling hashbrown v0.11.2
[INFO] [stderr]    Compiling futures-io v0.3.21
[INFO] [stderr]    Compiling tinyvec v1.5.1
[INFO] [stderr]    Compiling tracing v0.1.32
[INFO] [stderr]    Compiling num-traits v0.2.14
[INFO] [stderr]    Compiling try-lock v0.2.3
[INFO] [stderr]    Compiling percent-encoding v2.1.0
[INFO] [stderr]    Compiling openssl-probe v0.1.5
[INFO] [stderr]    Compiling form_urlencoded v1.0.1
[INFO] [stderr]    Compiling want v0.3.0
[INFO] [stderr]    Compiling num-integer v0.1.44
[INFO] [stderr]    Compiling http-body v0.4.4
[INFO] [stderr]    Compiling unicode-normalization v0.1.19
[INFO] [stderr]    Compiling serde_json v1.0.79
[INFO] [stderr]    Compiling unicode-bidi v0.3.7
[INFO] [stderr]    Compiling tower-service v0.3.1
[INFO] [stderr]    Compiling ryu v1.0.9
[INFO] [stderr]    Compiling httpdate v1.0.2
[INFO] [stderr]    Compiling encoding_rs v0.8.30
[INFO] [stderr]    Compiling idna v0.2.3
[INFO] [stderr]    Compiling async-trait v0.1.52
[INFO] [stderr]    Compiling time v0.1.44
[INFO] [stderr]    Compiling mime v0.3.16
[INFO] [stderr]    Compiling tokio-util v0.6.9
[INFO] [stderr]    Compiling ipnet v2.4.0
[INFO] [stderr]    Compiling base64 v0.13.0
[INFO] [stderr]    Compiling h2 v0.3.12
[INFO] [stderr]    Compiling tokio-native-tls v0.3.0
[INFO] [stderr]    Compiling thiserror-impl v1.0.30
[INFO] [stderr]    Compiling thiserror v1.0.30
[INFO] [stderr]    Compiling hyper v0.14.17
[INFO] [stderr]    Compiling url v2.2.2
[INFO] [stderr]    Compiling serde_urlencoded v0.7.1
[INFO] [stderr]    Compiling chrono v0.4.19
[INFO] [stderr]    Compiling hyper-tls v0.5.0
[INFO] [stderr]    Compiling reqwest v0.11.10
[INFO] [stderr]    Compiling traduora v0.4.0 (/opt/rustwide/workdir)
[INFO] [stderr]     Finished `dev` profile [unoptimized + debuginfo] target(s) in 20.27s
[INFO] running `Command { std: "docker" "inspect" "0f457dac27cdd45fd88a640c226aaba35d9b4a4b76973cfd507caf6c11fea7ee", kill_on_drop: false }`
[INFO] running `Command { std: "docker" "rm" "-f" "0f457dac27cdd45fd88a640c226aaba35d9b4a4b76973cfd507caf6c11fea7ee", kill_on_drop: false }`
[INFO] [stdout] 0f457dac27cdd45fd88a640c226aaba35d9b4a4b76973cfd507caf6c11fea7ee
[INFO] running `Command { std: "docker" "create" "-v" "/var/lib/crater-agent-workspace/builds/worker-7-tc2/target:/opt/rustwide/target:rw,Z" "-v" "/var/lib/crater-agent-workspace/builds/worker-7-tc2/source:/opt/rustwide/workdir:ro,Z" "-v" "/var/lib/crater-agent-workspace/cargo-home:/opt/rustwide/cargo-home:ro,Z" "-v" "/var/lib/crater-agent-workspace/rustup-home:/opt/rustwide/rustup-home:ro,Z" "-e" "SOURCE_DIR=/opt/rustwide/workdir" "-e" "CARGO_TARGET_DIR=/opt/rustwide/target" "-e" "CARGO_INCREMENTAL=0" "-e" "RUST_BACKTRACE=full" "-e" "RUSTFLAGS=--cap-lints=forbid -Zrandomize-layout" "-e" "RUSTDOCFLAGS=--cap-lints=forbid" "-e" "CARGO_HOME=/opt/rustwide/cargo-home" "-e" "RUSTUP_HOME=/opt/rustwide/rustup-home" "-w" "/opt/rustwide/workdir" "-m" "1610612736" "--user" "0:0" "--network" "none" "ghcr.io/rust-lang/crates-build-env/linux@sha256:4a844ea9eb2546a2d2c7022eacef16ef2e8229c7fbb2c7d4d55a9ceca922f72d" "/opt/rustwide/cargo-home/bin/cargo" "+nightly-2024-10-28" "test" "--frozen" "--no-run" "--message-format=json", kill_on_drop: false }`
[INFO] [stdout] b9e79c46c1c13f090c061b04c3b17311d6660638fba18c1c4d955f1d1afe87ff
[INFO] running `Command { std: "docker" "start" "-a" "b9e79c46c1c13f090c061b04c3b17311d6660638fba18c1c4d955f1d1afe87ff", kill_on_drop: false }`
[INFO] [stderr]    Compiling log v0.4.14
[INFO] [stderr]    Compiling tokio-macros v1.7.0
[INFO] [stderr]    Compiling aho-corasick v0.7.18
[INFO] [stderr]    Compiling regex-syntax v0.6.25
[INFO] [stderr]    Compiling atty v0.2.14
[INFO] [stderr]    Compiling humantime v2.1.0
[INFO] [stderr]    Compiling termcolor v1.1.3
[INFO] [stderr]    Compiling mio v0.8.2
[INFO] [stderr]    Compiling native-tls v0.2.8
[INFO] [stderr]    Compiling want v0.3.0
[INFO] [stderr]    Compiling tokio v1.17.0
[INFO] [stderr]    Compiling regex v1.5.5
[INFO] [stderr]    Compiling env_logger v0.9.0
[INFO] [stderr]    Compiling tokio-util v0.6.9
[INFO] [stderr]    Compiling tokio-native-tls v0.3.0
[INFO] [stderr]    Compiling h2 v0.3.12
[INFO] [stderr]    Compiling hyper v0.14.17
[INFO] [stderr]    Compiling hyper-tls v0.5.0
[INFO] [stderr]    Compiling reqwest v0.11.10
[INFO] [stderr]    Compiling traduora v0.4.0 (/opt/rustwide/workdir)
[INFO] [stderr]     Finished `test` profile [unoptimized + debuginfo] target(s) in 11.37s
[INFO] running `Command { std: "docker" "inspect" "b9e79c46c1c13f090c061b04c3b17311d6660638fba18c1c4d955f1d1afe87ff", kill_on_drop: false }`
[INFO] running `Command { std: "docker" "rm" "-f" "b9e79c46c1c13f090c061b04c3b17311d6660638fba18c1c4d955f1d1afe87ff", kill_on_drop: false }`
[INFO] [stdout] b9e79c46c1c13f090c061b04c3b17311d6660638fba18c1c4d955f1d1afe87ff
[INFO] running `Command { std: "docker" "create" "-v" "/var/lib/crater-agent-workspace/builds/worker-7-tc2/target:/opt/rustwide/target:rw,Z" "-v" "/var/lib/crater-agent-workspace/builds/worker-7-tc2/source:/opt/rustwide/workdir:ro,Z" "-v" "/var/lib/crater-agent-workspace/cargo-home:/opt/rustwide/cargo-home:ro,Z" "-v" "/var/lib/crater-agent-workspace/rustup-home:/opt/rustwide/rustup-home:ro,Z" "-e" "SOURCE_DIR=/opt/rustwide/workdir" "-e" "CARGO_TARGET_DIR=/opt/rustwide/target" "-e" "CARGO_INCREMENTAL=0" "-e" "RUST_BACKTRACE=full" "-e" "RUSTFLAGS=--cap-lints=forbid -Zrandomize-layout" "-e" "RUSTDOCFLAGS=--cap-lints=forbid" "-e" "CARGO_HOME=/opt/rustwide/cargo-home" "-e" "RUSTUP_HOME=/opt/rustwide/rustup-home" "-w" "/opt/rustwide/workdir" "-m" "1610612736" "--user" "0:0" "--network" "none" "ghcr.io/rust-lang/crates-build-env/linux@sha256:4a844ea9eb2546a2d2c7022eacef16ef2e8229c7fbb2c7d4d55a9ceca922f72d" "/opt/rustwide/cargo-home/bin/cargo" "+nightly-2024-10-28" "test" "--frozen", kill_on_drop: false }`
[INFO] [stdout] 4c015251c6eeff4e64db2371d217d481935943adaf3c6b93b285e8d58bf2a403
[INFO] running `Command { std: "docker" "start" "-a" "4c015251c6eeff4e64db2371d217d481935943adaf3c6b93b285e8d58bf2a403", kill_on_drop: false }`
[INFO] [stderr]     Finished `test` profile [unoptimized + debuginfo] target(s) in 0.14s
[INFO] [stderr]      Running unittests src/lib.rs (/opt/rustwide/target/debug/deps/traduora-10b7c396f51966ea)
[INFO] [stdout] 
[INFO] [stdout] running 4 tests
[INFO] [stdout] test error::tests::traduora_error_error ... ok
[INFO] [stdout] test error::tests::traduora_error_message_object ... ok
[INFO] [stdout] test error::tests::traduora_error_message_unrecognized ... ok
[INFO] [stdout] test error::tests::traduora_error_message_string ... ok
[INFO] [stdout] 
[INFO] [stdout] test result: ok. 4 passed; 0 failed; 0 ignored; 0 measured; 0 filtered out; finished in 0.00s
[INFO] [stdout] 
[INFO] [stderr]      Running tests/mod.rs (/opt/rustwide/target/debug/deps/mod-ebc2eb78b369634a)
[INFO] [stdout] 
[INFO] [stdout] running 22 tests
[INFO] [stdout] test api::auth::change_password ... ignored
[INFO] [stdout] test api::auth::get_providers ... ignored
[INFO] [stdout] test api::auth::signup ... ignored
[INFO] [stdout] test api::auth::token ... ignored
[INFO] [stdout] test api::locales::get_locales ... ignored
[INFO] [stdout] test api::projects::delete_project ... ignored
[INFO] [stdout] test api::projects::get_project ... ignored
[INFO] [stdout] test api::projects::get_projects ... ignored
[INFO] [stdout] test api::projects::patch_project ... ignored
[INFO] [stdout] test api::projects::post_create_project ... ignored
[INFO] [stdout] test api::terms::delete_term ... ignored
[INFO] [stdout] test api::terms::get_terms ... ignored
[INFO] [stdout] test api::terms::patch_term ... ignored
[INFO] [stdout] test api::terms::post_term ... ignored
[INFO] [stdout] test api::translations::delete_locales ... ignored
[INFO] [stdout] test api::translations::get_project_locales ... ignored
[INFO] [stdout] test api::translations::get_translations ... ignored
[INFO] [stdout] test api::translations::patch_translation ... ignored
[INFO] [stdout] test api::translations::post_project_locale ... ignored
[INFO] [stdout] test api::users::delete_me ... ignored
[INFO] [stdout] test api::users::get_me ... ignored
[INFO] [stdout] test api::users::patch_me ... ignored
[INFO] [stdout] 
[INFO] [stdout] test result: ok. 0 passed; 0 failed; 22 ignored; 0 measured; 0 filtered out; finished in 0.00s
[INFO] [stdout] 
[INFO] [stderr]    Doc-tests traduora
[INFO] [stdout] 
[INFO] [stdout] running 38 tests
[INFO] [stdout] test src/../README.md - (line 34) - compile ... ok
[INFO] [stdout] test src/api/auth/token.rs - api::auth::token::Token::password (line 53) ... ok
[INFO] [stdout] test src/api/auth/change_password.rs - api::auth::change_password::ChangePassword (line 13) ... ok
[INFO] [stdout] test src/api/auth/token.rs - api::auth::token::Token (line 15) ... ok
[INFO] [stdout] test src/api/locales/list.rs - api::locales::list::AllLocales (line 13) ... ok
[INFO] [stdout] test src/api/auth/signup.rs - api::auth::signup::Signup (line 13) ... ok
[INFO] [stdout] test src/api/projects/create.rs - api::projects::create::CreateProject (line 14) ... ok
[INFO] [stdout] test src/api/auth/token.rs - api::auth::token::Token::client_credentials (line 72) ... ok
[INFO] [stdout] test src/api/auth/providers.rs - api::auth::providers::Providers (line 17) ... ok
[INFO] [stdout] test src/api/projects/delete.rs - api::projects::delete::DeleteProject (line 13) ... ok
[INFO] [stdout] test src/api/terms/delete.rs - api::terms::delete::DeleteTerm (line 17) ... ok
[INFO] [stdout] test src/api/projects/edit.rs - api::projects::edit::EditProject (line 19) ... ok
[INFO] [stdout] test src/api/projects/show.rs - api::projects::show::ShowProject (line 13) ... ok
[INFO] [stdout] test src/api/projects/list.rs - api::projects::list::Projects (line 14) ... ok
[INFO] [stdout] test src/api/terms/create.rs - api::terms::create::CreateTerm (line 14) ... ok
[INFO] [stdout] test src/api/terms/edit.rs - api::terms::edit::EditTerm (line 19) ... ok
[INFO] [stdout] test src/api/terms/list.rs - api::terms::list::Terms (line 13) ... ok
[INFO] [stdout] test src/api/translations/create_locale.rs - api::translations::create_locale::CreateLocale (line 19) ... ok
[INFO] [stdout] test src/api/translations/edit.rs - api::translations::edit::EditTranslation (line 19) ... ok
[INFO] [stdout] test src/api/users/delete.rs - api::users::delete::DeleteMe (line 12) ... ok
[INFO] [stdout] test src/api/translations/delete.rs - api::translations::delete::DeleteLocale (line 17) ... ok
[INFO] [stdout] test src/custom_query.rs - custom_query::AsyncCustomQuery (line 60) ... FAILED
[INFO] [stdout] test src/traduora.rs - traduora::AsyncTraduora<Authenticated>::with_auth (line 461) - compile ... ok
[INFO] [stdout] test src/traduora.rs - traduora::AsyncTraduora<Unauthenticated>::authenticate (line 427) - compile ... ok
[INFO] [stdout] test src/traduora.rs - traduora::AsyncTraduora<Authenticated>::with_auth_insecure (line 495) - compile ... ok
[INFO] [stdout] test src/api/users/edit.rs - api::users::edit::EditMe (line 17) ... ok
[INFO] [stdout] test src/api/translations/list_locales.rs - api::translations::list_locales::Locales (line 18) ... ok
[INFO] [stdout] test src/api/translations/list.rs - api::translations::list::Translations (line 18) ... ok
[INFO] [stdout] test src/traduora.rs - traduora::Traduora<Authenticated>::with_auth_insecure (line 224) - compile ... ok
[INFO] [stdout] test src/traduora.rs - traduora::Traduora<Unauthenticated>::authenticate (line 159) - compile ... ok
[INFO] [stdout] test src/traduora.rs - traduora::Traduora<Authenticated>::with_auth (line 193) - compile ... ok
[INFO] [stdout] test src/api/users/me.rs - api::users::me::Me (line 12) ... ok
[INFO] [stdout] test src/custom_query.rs - custom_query::CustomQuery (line 14) ... ok
[INFO] [stdout] test src/traduora.rs - traduora::AsyncTraduora<Unauthenticated>::new (line 372) ... ok
[INFO] [stdout] test src/traduora.rs - traduora::AsyncTraduora<Unauthenticated>::new_insecure (line 401) ... ok
[INFO] [stdout] test src/traduora.rs - traduora::Builder (line 525) ... ok
[INFO] [stdout] test src/traduora.rs - traduora::Traduora<Unauthenticated>::new_insecure (line 133) ... ok
[INFO] [stdout] test src/traduora.rs - traduora::Traduora<Unauthenticated>::new (line 103) ... ok
[INFO] [stdout] 
[INFO] [stdout] failures:
[INFO] [stdout] 
[INFO] [stdout] ---- src/custom_query.rs - custom_query::AsyncCustomQuery (line 60) stdout ----
[INFO] [stdout] error[E0601]: `main` function not found in crate `rust_out`
[INFO] [stdout]   --> src/custom_query.rs:83:2
[INFO] [stdout]    |
[INFO] [stdout] 25 | }
[INFO] [stdout]    |  ^ consider adding a `main` function to `src/custom_query.rs`
[INFO] [stdout] 
[INFO] [stdout] error: aborting due to 1 previous error
[INFO] [stdout] 
[INFO] [stdout] For more information about this error, try `rustc --explain E0601`.
[INFO] [stdout] Couldn't compile the test.
[INFO] [stdout] 
[INFO] [stdout] failures:
[INFO] [stdout]     src/custom_query.rs - custom_query::AsyncCustomQuery (line 60)
[INFO] [stdout] 
[INFO] [stdout] test result: FAILED. 37 passed; 1 failed; 0 ignored; 0 measured; 0 filtered out; finished in 2.72s
[INFO] [stdout] 
[INFO] [stderr] error: doctest failed, to rerun pass `--doc`
[INFO] running `Command { std: "docker" "inspect" "4c015251c6eeff4e64db2371d217d481935943adaf3c6b93b285e8d58bf2a403", kill_on_drop: false }`
[INFO] running `Command { std: "docker" "rm" "-f" "4c015251c6eeff4e64db2371d217d481935943adaf3c6b93b285e8d58bf2a403", kill_on_drop: false }`
[INFO] [stdout] 4c015251c6eeff4e64db2371d217d481935943adaf3c6b93b285e8d58bf2a403
