[INFO] fetching crate tquest 0.3.1...
[INFO] testing tquest-0.3.1 against nightly-2024-10-28 for randomize-layout
[INFO] extracting crate tquest 0.3.1 into /workspace/builds/worker-0-tc1/source
[INFO] validating manifest of crates.io crate tquest 0.3.1 on toolchain nightly-2024-10-28
[INFO] running `Command { std: CARGO_HOME="/workspace/cargo-home" RUSTUP_HOME="/workspace/rustup-home" "/workspace/cargo-home/bin/cargo" "+nightly-2024-10-28" "metadata" "--manifest-path" "Cargo.toml" "--no-deps", kill_on_drop: false }`
[INFO] started tweaking crates.io crate tquest 0.3.1
[INFO] finished tweaking crates.io crate tquest 0.3.1
[INFO] tweaked toml for crates.io crate tquest 0.3.1 written to /workspace/builds/worker-0-tc1/source/Cargo.toml
[INFO] running `Command { std: CARGO_HOME="/workspace/cargo-home" RUSTUP_HOME="/workspace/rustup-home" "/workspace/cargo-home/bin/cargo" "+nightly-2024-10-28" "generate-lockfile" "--manifest-path" "Cargo.toml", kill_on_drop: false }`
[INFO] [stderr]     Updating crates.io index
[INFO] [stderr]      Locking 58 packages to latest compatible versions
[INFO] running `Command { std: CARGO_HOME="/workspace/cargo-home" RUSTUP_HOME="/workspace/rustup-home" "/workspace/cargo-home/bin/cargo" "+nightly-2024-10-28" "fetch" "--manifest-path" "Cargo.toml", kill_on_drop: false }`
[INFO] [stderr]  Downloading crates ...
[INFO] [stderr]   Downloaded builder_m4cro v0.4.0
[INFO] running `Command { std: "docker" "create" "-v" "/var/lib/crater-agent-workspace/builds/worker-0-tc1/target:/opt/rustwide/target:rw,Z" "-v" "/var/lib/crater-agent-workspace/builds/worker-0-tc1/source:/opt/rustwide/workdir:ro,Z" "-v" "/var/lib/crater-agent-workspace/cargo-home:/opt/rustwide/cargo-home:ro,Z" "-v" "/var/lib/crater-agent-workspace/rustup-home:/opt/rustwide/rustup-home:ro,Z" "-e" "SOURCE_DIR=/opt/rustwide/workdir" "-e" "CARGO_TARGET_DIR=/opt/rustwide/target" "-e" "CARGO_HOME=/opt/rustwide/cargo-home" "-e" "RUSTUP_HOME=/opt/rustwide/rustup-home" "-w" "/opt/rustwide/workdir" "-m" "1610612736" "--user" "0:0" "--network" "none" "ghcr.io/rust-lang/crates-build-env/linux@sha256:4a844ea9eb2546a2d2c7022eacef16ef2e8229c7fbb2c7d4d55a9ceca922f72d" "/opt/rustwide/cargo-home/bin/cargo" "+nightly-2024-10-28" "metadata" "--no-deps" "--format-version=1", kill_on_drop: false }`
[INFO] [stdout] 80a4be3a84dd90820364bbb1a64c7c729644bffe8c83e5c18b2d24ab3cb04447
[INFO] running `Command { std: "docker" "start" "-a" "80a4be3a84dd90820364bbb1a64c7c729644bffe8c83e5c18b2d24ab3cb04447", kill_on_drop: false }`
[INFO] running `Command { std: "docker" "inspect" "80a4be3a84dd90820364bbb1a64c7c729644bffe8c83e5c18b2d24ab3cb04447", kill_on_drop: false }`
[INFO] running `Command { std: "docker" "rm" "-f" "80a4be3a84dd90820364bbb1a64c7c729644bffe8c83e5c18b2d24ab3cb04447", kill_on_drop: false }`
[INFO] [stdout] 80a4be3a84dd90820364bbb1a64c7c729644bffe8c83e5c18b2d24ab3cb04447
[INFO] running `Command { std: "docker" "create" "-v" "/var/lib/crater-agent-workspace/builds/worker-0-tc1/target:/opt/rustwide/target:rw,Z" "-v" "/var/lib/crater-agent-workspace/builds/worker-0-tc1/source:/opt/rustwide/workdir:ro,Z" "-v" "/var/lib/crater-agent-workspace/cargo-home:/opt/rustwide/cargo-home:ro,Z" "-v" "/var/lib/crater-agent-workspace/rustup-home:/opt/rustwide/rustup-home:ro,Z" "-e" "SOURCE_DIR=/opt/rustwide/workdir" "-e" "CARGO_TARGET_DIR=/opt/rustwide/target" "-e" "CARGO_INCREMENTAL=0" "-e" "RUST_BACKTRACE=full" "-e" "RUSTFLAGS=--cap-lints=forbid" "-e" "RUSTDOCFLAGS=--cap-lints=forbid" "-e" "CARGO_HOME=/opt/rustwide/cargo-home" "-e" "RUSTUP_HOME=/opt/rustwide/rustup-home" "-w" "/opt/rustwide/workdir" "-m" "1610612736" "--user" "0:0" "--network" "none" "ghcr.io/rust-lang/crates-build-env/linux@sha256:4a844ea9eb2546a2d2c7022eacef16ef2e8229c7fbb2c7d4d55a9ceca922f72d" "/opt/rustwide/cargo-home/bin/cargo" "+nightly-2024-10-28" "build" "--frozen" "--message-format=json", kill_on_drop: false }`
[INFO] [stdout] 2882d5f76956d178cd67712c8fcf97fc61a0356732f3f24d7d86ea4e1ac08be7
[INFO] running `Command { std: "docker" "start" "-a" "2882d5f76956d178cd67712c8fcf97fc61a0356732f3f24d7d86ea4e1ac08be7", kill_on_drop: false }`
[INFO] [stderr]    Compiling proc-macro2 v1.0.89
[INFO] [stderr]    Compiling libc v0.2.161
[INFO] [stderr]    Compiling bitflags v2.6.0
[INFO] [stderr]    Compiling cfg_aliases v0.1.1
[INFO] [stderr]    Compiling rustix v0.38.38
[INFO] [stderr]    Compiling linux-raw-sys v0.4.14
[INFO] [stderr]    Compiling endian-type v0.1.2
[INFO] [stderr]    Compiling home v0.5.9
[INFO] [stderr]    Compiling nibble_vec v0.1.0
[INFO] [stderr]    Compiling utf8parse v0.2.2
[INFO] [stderr]    Compiling lazy_static v1.5.0
[INFO] [stderr]    Compiling unicode-segmentation v1.12.0
[INFO] [stderr]    Compiling unicode-width v0.1.14
[INFO] [stderr]    Compiling colored v2.1.0
[INFO] [stderr]    Compiling nix v0.28.0
[INFO] [stderr]    Compiling radix_trie v0.2.1
[INFO] [stderr]    Compiling quote v1.0.37
[INFO] [stderr]    Compiling syn v2.0.86
[INFO] [stderr]    Compiling fd-lock v4.0.2
[INFO] [stderr]    Compiling serde_derive v1.0.214
[INFO] [stderr]    Compiling builder_m4cro v0.4.0
[INFO] [stderr]    Compiling rustyline v14.0.0
[INFO] [stderr]    Compiling serde v1.0.214
[INFO] [stderr]    Compiling serde_json v1.0.132
[INFO] [stderr]    Compiling tquest v0.3.1 (/opt/rustwide/workdir)
[INFO] [stdout] warning: unused import: `std::io`
[INFO] [stdout]  --> src/ui.rs:4:5
[INFO] [stdout]   |
[INFO] [stdout] 4 | use std::io;
[INFO] [stdout]   |     ^^^^^^^
[INFO] [stdout]   |
[INFO] [stdout]   = note: `#[warn(unused_imports)]` on by default
[INFO] [stdout] 
[INFO] [stdout] 
[INFO] [stdout] warning: unused variable: `input`
[INFO] [stdout]    --> src/ui.rs:284:21
[INFO] [stdout]     |
[INFO] [stdout] 284 |             let mut input = String::new(); 
[INFO] [stdout]     |                     ^^^^^ help: if this is intentional, prefix it with an underscore: `_input`
[INFO] [stdout]     |
[INFO] [stdout]     = note: `#[warn(unused_variables)]` on by default
[INFO] [stdout] 
[INFO] [stdout] 
[INFO] [stdout] warning: variable does not need to be mutable
[INFO] [stdout]    --> src/ui.rs:284:17
[INFO] [stdout]     |
[INFO] [stdout] 284 |             let mut input = String::new(); 
[INFO] [stdout]     |                 ----^^^^^
[INFO] [stdout]     |                 |
[INFO] [stdout]     |                 help: remove this `mut`
[INFO] [stdout]     |
[INFO] [stdout]     = note: `#[warn(unused_mut)]` on by default
[INFO] [stdout] 
[INFO] [stdout] 
[INFO] [stdout] warning: variant `Canceled` is never constructed
[INFO] [stdout]   --> src/ui.rs:14:5
[INFO] [stdout]    |
[INFO] [stdout] 13 | pub enum QuestionScreenResult {
[INFO] [stdout]    |          -------------------- variant in this enum
[INFO] [stdout] 14 |     Canceled,
[INFO] [stdout]    |     ^^^^^^^^
[INFO] [stdout]    |
[INFO] [stdout]    = note: `#[warn(dead_code)]` on by default
[INFO] [stdout] 
[INFO] [stdout] 
[INFO] [stdout] warning: variant `Canceled` is never constructed
[INFO] [stdout]   --> src/ui.rs:21:5
[INFO] [stdout]    |
[INFO] [stdout] 20 | pub enum ProceedScreenResult {
[INFO] [stdout]    |          ------------------- variant in this enum
[INFO] [stdout] 21 |     Canceled,
[INFO] [stdout]    |     ^^^^^^^^
[INFO] [stdout] 
[INFO] [stdout] 
[INFO] [stdout] warning: variant `Urgent` is never constructed
[INFO] [stdout]   --> src/ui.rs:27:5
[INFO] [stdout]    |
[INFO] [stdout] 25 | pub enum MsgLevel {
[INFO] [stdout]    |          -------- variant in this enum
[INFO] [stdout] 26 |     Normal,
[INFO] [stdout] 27 |     Urgent,
[INFO] [stdout]    |     ^^^^^^
[INFO] [stdout] 
[INFO] [stdout] 
[INFO] [stdout] warning: associated function `new` is never used
[INFO] [stdout]    --> src/persistence.rs:113:12
[INFO] [stdout]     |
[INFO] [stdout] 112 | impl NoPersistence {
[INFO] [stdout]     | ------------------ associated function in this implementation
[INFO] [stdout] 113 |     pub fn new() -> Self {
[INFO] [stdout]     |            ^^^
[INFO] [stdout] 
[INFO] [stdout] 
[INFO] [stderr]     Finished `dev` profile [unoptimized + debuginfo] target(s) in 10.61s
[INFO] running `Command { std: "docker" "inspect" "2882d5f76956d178cd67712c8fcf97fc61a0356732f3f24d7d86ea4e1ac08be7", kill_on_drop: false }`
[INFO] running `Command { std: "docker" "rm" "-f" "2882d5f76956d178cd67712c8fcf97fc61a0356732f3f24d7d86ea4e1ac08be7", kill_on_drop: false }`
[INFO] [stdout] 2882d5f76956d178cd67712c8fcf97fc61a0356732f3f24d7d86ea4e1ac08be7
[INFO] running `Command { std: "docker" "create" "-v" "/var/lib/crater-agent-workspace/builds/worker-0-tc1/target:/opt/rustwide/target:rw,Z" "-v" "/var/lib/crater-agent-workspace/builds/worker-0-tc1/source:/opt/rustwide/workdir:ro,Z" "-v" "/var/lib/crater-agent-workspace/cargo-home:/opt/rustwide/cargo-home:ro,Z" "-v" "/var/lib/crater-agent-workspace/rustup-home:/opt/rustwide/rustup-home:ro,Z" "-e" "SOURCE_DIR=/opt/rustwide/workdir" "-e" "CARGO_TARGET_DIR=/opt/rustwide/target" "-e" "CARGO_INCREMENTAL=0" "-e" "RUST_BACKTRACE=full" "-e" "RUSTFLAGS=--cap-lints=forbid" "-e" "RUSTDOCFLAGS=--cap-lints=forbid" "-e" "CARGO_HOME=/opt/rustwide/cargo-home" "-e" "RUSTUP_HOME=/opt/rustwide/rustup-home" "-w" "/opt/rustwide/workdir" "-m" "1610612736" "--user" "0:0" "--network" "none" "ghcr.io/rust-lang/crates-build-env/linux@sha256:4a844ea9eb2546a2d2c7022eacef16ef2e8229c7fbb2c7d4d55a9ceca922f72d" "/opt/rustwide/cargo-home/bin/cargo" "+nightly-2024-10-28" "test" "--frozen" "--no-run" "--message-format=json", kill_on_drop: false }`
[INFO] [stdout] 3898edc990f3d4343ae1f416b28fb09759c0ed5d33f74d92cc522d9109da2e4b
[INFO] running `Command { std: "docker" "start" "-a" "3898edc990f3d4343ae1f416b28fb09759c0ed5d33f74d92cc522d9109da2e4b", kill_on_drop: false }`
[INFO] [stdout] warning: unused import: `std::io`
[INFO] [stdout]  --> src/ui.rs:4:5
[INFO] [stdout]   |
[INFO] [stdout] 4 | use std::io;
[INFO] [stdout]   |     ^^^^^^^
[INFO] [stdout]   |
[INFO] [stdout]   = note: `#[warn(unused_imports)]` on by default
[INFO] [stdout] 
[INFO] [stdout] 
[INFO] [stdout] warning: unused variable: `input`
[INFO] [stdout]    --> src/ui.rs:284:21
[INFO] [stdout]     |
[INFO] [stdout] 284 |             let mut input = String::new(); 
[INFO] [stdout]     |                     ^^^^^ help: if this is intentional, prefix it with an underscore: `_input`
[INFO] [stdout]     |
[INFO] [stdout]     = note: `#[warn(unused_variables)]` on by default
[INFO] [stdout] 
[INFO] [stdout] 
[INFO] [stdout] warning: variable does not need to be mutable
[INFO] [stdout]    --> src/ui.rs:284:17
[INFO] [stdout]     |
[INFO] [stdout] 284 |             let mut input = String::new(); 
[INFO] [stdout]     |                 ----^^^^^
[INFO] [stdout]     |                 |
[INFO] [stdout]     |                 help: remove this `mut`
[INFO] [stdout]     |
[INFO] [stdout]     = note: `#[warn(unused_mut)]` on by default
[INFO] [stdout] 
[INFO] [stdout] 
[INFO] [stdout] warning: variant `Canceled` is never constructed
[INFO] [stdout]   --> src/ui.rs:14:5
[INFO] [stdout]    |
[INFO] [stdout] 13 | pub enum QuestionScreenResult {
[INFO] [stdout]    |          -------------------- variant in this enum
[INFO] [stdout] 14 |     Canceled,
[INFO] [stdout]    |     ^^^^^^^^
[INFO] [stdout]    |
[INFO] [stdout]    = note: `#[warn(dead_code)]` on by default
[INFO] [stdout] 
[INFO] [stdout] 
[INFO] [stdout] warning: variant `Canceled` is never constructed
[INFO] [stdout]   --> src/ui.rs:21:5
[INFO] [stdout]    |
[INFO] [stdout] 20 | pub enum ProceedScreenResult {
[INFO] [stdout]    |          ------------------- variant in this enum
[INFO] [stdout] 21 |     Canceled,
[INFO] [stdout]    |     ^^^^^^^^
[INFO] [stdout] 
[INFO] [stdout] 
[INFO] [stdout] warning: variant `Urgent` is never constructed
[INFO] [stdout]   --> src/ui.rs:27:5
[INFO] [stdout]    |
[INFO] [stdout] 25 | pub enum MsgLevel {
[INFO] [stdout]    |          -------- variant in this enum
[INFO] [stdout] 26 |     Normal,
[INFO] [stdout] 27 |     Urgent,
[INFO] [stdout]    |     ^^^^^^
[INFO] [stdout] 
[INFO] [stdout] 
[INFO] [stderr]    Compiling tquest v0.3.1 (/opt/rustwide/workdir)
[INFO] [stdout] warning: associated function `new` is never used
[INFO] [stdout]    --> src/persistence.rs:113:12
[INFO] [stdout]     |
[INFO] [stdout] 112 | impl NoPersistence {
[INFO] [stdout]     | ------------------ associated function in this implementation
[INFO] [stdout] 113 |     pub fn new() -> Self {
[INFO] [stdout]     |            ^^^
[INFO] [stdout] 
[INFO] [stdout] 
[INFO] [stdout] warning: unused import: `std::io`
[INFO] [stdout]  --> src/ui.rs:4:5
[INFO] [stdout]   |
[INFO] [stdout] 4 | use std::io;
[INFO] [stdout]   |     ^^^^^^^
[INFO] [stdout]   |
[INFO] [stdout]   = note: `#[warn(unused_imports)]` on by default
[INFO] [stdout] 
[INFO] [stdout] 
[INFO] [stdout] warning: unused variable: `input`
[INFO] [stdout]    --> src/ui.rs:284:21
[INFO] [stdout]     |
[INFO] [stdout] 284 |             let mut input = String::new(); 
[INFO] [stdout]     |                     ^^^^^ help: if this is intentional, prefix it with an underscore: `_input`
[INFO] [stdout]     |
[INFO] [stdout]     = note: `#[warn(unused_variables)]` on by default
[INFO] [stdout] 
[INFO] [stdout] 
[INFO] [stdout] warning: variable does not need to be mutable
[INFO] [stdout]    --> src/ui.rs:284:17
[INFO] [stdout]     |
[INFO] [stdout] 284 |             let mut input = String::new(); 
[INFO] [stdout]     |                 ----^^^^^
[INFO] [stdout]     |                 |
[INFO] [stdout]     |                 help: remove this `mut`
[INFO] [stdout]     |
[INFO] [stdout]     = note: `#[warn(unused_mut)]` on by default
[INFO] [stdout] 
[INFO] [stdout] 
[INFO] [stdout] warning: variant `Canceled` is never constructed
[INFO] [stdout]   --> src/ui.rs:14:5
[INFO] [stdout]    |
[INFO] [stdout] 13 | pub enum QuestionScreenResult {
[INFO] [stdout]    |          -------------------- variant in this enum
[INFO] [stdout] 14 |     Canceled,
[INFO] [stdout]    |     ^^^^^^^^
[INFO] [stdout]    |
[INFO] [stdout]    = note: `#[warn(dead_code)]` on by default
[INFO] [stdout] 
[INFO] [stdout] 
[INFO] [stdout] warning: variant `Canceled` is never constructed
[INFO] [stdout]   --> src/ui.rs:21:5
[INFO] [stdout]    |
[INFO] [stdout] 20 | pub enum ProceedScreenResult {
[INFO] [stdout]    |          ------------------- variant in this enum
[INFO] [stdout] 21 |     Canceled,
[INFO] [stdout]    |     ^^^^^^^^
[INFO] [stdout] 
[INFO] [stdout] 
[INFO] [stdout] warning: variant `Urgent` is never constructed
[INFO] [stdout]   --> src/ui.rs:27:5
[INFO] [stdout]    |
[INFO] [stdout] 25 | pub enum MsgLevel {
[INFO] [stdout]    |          -------- variant in this enum
[INFO] [stdout] 26 |     Normal,
[INFO] [stdout] 27 |     Urgent,
[INFO] [stdout]    |     ^^^^^^
[INFO] [stdout] 
[INFO] [stdout] 
[INFO] [stderr]     Finished `test` profile [unoptimized + debuginfo] target(s) in 2.75s
[INFO] running `Command { std: "docker" "inspect" "3898edc990f3d4343ae1f416b28fb09759c0ed5d33f74d92cc522d9109da2e4b", kill_on_drop: false }`
[INFO] running `Command { std: "docker" "rm" "-f" "3898edc990f3d4343ae1f416b28fb09759c0ed5d33f74d92cc522d9109da2e4b", kill_on_drop: false }`
[INFO] [stdout] 3898edc990f3d4343ae1f416b28fb09759c0ed5d33f74d92cc522d9109da2e4b
[INFO] running `Command { std: "docker" "create" "-v" "/var/lib/crater-agent-workspace/builds/worker-0-tc1/target:/opt/rustwide/target:rw,Z" "-v" "/var/lib/crater-agent-workspace/builds/worker-0-tc1/source:/opt/rustwide/workdir:ro,Z" "-v" "/var/lib/crater-agent-workspace/cargo-home:/opt/rustwide/cargo-home:ro,Z" "-v" "/var/lib/crater-agent-workspace/rustup-home:/opt/rustwide/rustup-home:ro,Z" "-e" "SOURCE_DIR=/opt/rustwide/workdir" "-e" "CARGO_TARGET_DIR=/opt/rustwide/target" "-e" "CARGO_INCREMENTAL=0" "-e" "RUST_BACKTRACE=full" "-e" "RUSTFLAGS=--cap-lints=forbid" "-e" "RUSTDOCFLAGS=--cap-lints=forbid" "-e" "CARGO_HOME=/opt/rustwide/cargo-home" "-e" "RUSTUP_HOME=/opt/rustwide/rustup-home" "-w" "/opt/rustwide/workdir" "-m" "1610612736" "--user" "0:0" "--network" "none" "ghcr.io/rust-lang/crates-build-env/linux@sha256:4a844ea9eb2546a2d2c7022eacef16ef2e8229c7fbb2c7d4d55a9ceca922f72d" "/opt/rustwide/cargo-home/bin/cargo" "+nightly-2024-10-28" "test" "--frozen", kill_on_drop: false }`
[INFO] [stdout] 93c2693d33e84fae742fdbb9490b0d56cfbf34bcd78e1262e5227d00218692aa
[INFO] running `Command { std: "docker" "start" "-a" "93c2693d33e84fae742fdbb9490b0d56cfbf34bcd78e1262e5227d00218692aa", kill_on_drop: false }`
[INFO] [stderr] warning: unused import: `std::io`
[INFO] [stderr]  --> src/ui.rs:4:5
[INFO] [stderr]   |
[INFO] [stderr] 4 | use std::io;
[INFO] [stderr]   |     ^^^^^^^
[INFO] [stderr]   |
[INFO] [stderr]   = note: `#[warn(unused_imports)]` on by default
[INFO] [stderr] 
[INFO] [stderr] warning: unused variable: `input`
[INFO] [stderr]    --> src/ui.rs:284:21
[INFO] [stderr]     |
[INFO] [stderr] 284 |             let mut input = String::new(); 
[INFO] [stderr]     |                     ^^^^^ help: if this is intentional, prefix it with an underscore: `_input`
[INFO] [stderr]     |
[INFO] [stderr]     = note: `#[warn(unused_variables)]` on by default
[INFO] [stderr] 
[INFO] [stderr] warning: variable does not need to be mutable
[INFO] [stderr]    --> src/ui.rs:284:17
[INFO] [stderr]     |
[INFO] [stderr] 284 |             let mut input = String::new(); 
[INFO] [stderr]     |                 ----^^^^^
[INFO] [stderr]     |                 |
[INFO] [stderr]     |                 help: remove this `mut`
[INFO] [stderr]     |
[INFO] [stderr]     = note: `#[warn(unused_mut)]` on by default
[INFO] [stderr] 
[INFO] [stderr] warning: variant `Canceled` is never constructed
[INFO] [stderr]   --> src/ui.rs:14:5
[INFO] [stderr]    |
[INFO] [stderr] 13 | pub enum QuestionScreenResult {
[INFO] [stderr]    |          -------------------- variant in this enum
[INFO] [stderr] 14 |     Canceled,
[INFO] [stderr]    |     ^^^^^^^^
[INFO] [stderr]    |
[INFO] [stderr]    = note: `#[warn(dead_code)]` on by default
[INFO] [stderr] 
[INFO] [stderr] warning: variant `Canceled` is never constructed
[INFO] [stderr]   --> src/ui.rs:21:5
[INFO] [stderr]    |
[INFO] [stderr] 20 | pub enum ProceedScreenResult {
[INFO] [stderr]    |          ------------------- variant in this enum
[INFO] [stderr] 21 |     Canceled,
[INFO] [stderr]    |     ^^^^^^^^
[INFO] [stderr] 
[INFO] [stderr] warning: variant `Urgent` is never constructed
[INFO] [stderr]   --> src/ui.rs:27:5
[INFO] [stderr]    |
[INFO] [stderr] 25 | pub enum MsgLevel {
[INFO] [stderr]    |          -------- variant in this enum
[INFO] [stderr] 26 |     Normal,
[INFO] [stderr] 27 |     Urgent,
[INFO] [stderr]    |     ^^^^^^
[INFO] [stderr] 
[INFO] [stderr] warning: associated function `new` is never used
[INFO] [stderr]    --> src/persistence.rs:113:12
[INFO] [stderr]     |
[INFO] [stderr] 112 | impl NoPersistence {
[INFO] [stderr]     | ------------------ associated function in this implementation
[INFO] [stderr] 113 |     pub fn new() -> Self {
[INFO] [stderr]     |            ^^^
[INFO] [stderr] 
[INFO] [stderr] warning: `tquest` (lib) generated 7 warnings (run `cargo fix --lib -p tquest` to apply 2 suggestions)
[INFO] [stderr] warning: `tquest` (lib test) generated 6 warnings (6 duplicates)
[INFO] [stderr]     Finished `test` profile [unoptimized + debuginfo] target(s) in 0.06s
[INFO] [stderr]      Running unittests src/lib.rs (/opt/rustwide/target/debug/deps/tquest-9133d714b788b83c)
[INFO] [stdout] 
[INFO] [stdout] running 39 tests
[INFO] [stdout] test controller::tests::it_travers_cancel_end ... ok
[INFO] [stdout] test controller::tests::it_travers_01 ... ok
[INFO] [stdout] test controller::tests::it_travers_jobs_only ... ok
[INFO] [stdout] test controller::tests::it_travers_w_persistence ... ok
[INFO] [stdout] test controller::tests::it_travers_jobs_only_cancel ... ok
[INFO] [stdout] test persistence::test::test_load_tmp_file ... ok
[INFO] [stdout] test questionaire::tests::test_bool_validate_with_empty_input_and_default ... ok
[INFO] [stdout] test persistence::test::test_next ... ok
[INFO] [stdout] test questionaire::tests::test_bool_validate_with_invalid_input ... ok
[INFO] [stdout] test questionaire::tests::test_bool_validate_with_valid_false_inputs ... ok
[INFO] [stdout] test questionaire::tests::test_bool_validate_with_valid_true_inputs ... ok
[INFO] [stdout] test questionaire::tests::test_float_validate_with_empty_input_and_default ... ok
[INFO] [stdout] test questionaire::tests::test_float_validate_with_input_greater_than_max ... ok
[INFO] [stdout] test questionaire::tests::test_float_validate_with_valid_input ... ok
[INFO] [stdout] test questionaire::tests::test_float_validate_with_input_less_than_min ... ok
[INFO] [stdout] test questionaire::tests::test_bool_validate_with_empty_input_and_no_default ... ok
[INFO] [stdout] test questionaire::tests::test_int_validate_with_empty_input_without_default_value ... ok
[INFO] [stdout] test questionaire::tests::test_int_validate_with_non_empty_input_integer_below_min ... ok
[INFO] [stdout] test questionaire::tests::test_int_validate_with_non_empty_input_integer_above_max ... ok
[INFO] [stdout] test questionaire::tests::test_option_validate_with_empty_input_and_no_default_value ... ok
[INFO] [stdout] test questionaire::tests::test_float_validate_with_empty_input_no_default ... ok
[INFO] [stdout] test questionaire::tests::test_option_validate_with_valid_input ... ok
[INFO] [stdout] test questionaire::tests::test_float_validate_with_input_within_min_max ... ok
[INFO] [stdout] test questionaire::tests::test_float_validate_with_invalid_input ... ok
[INFO] [stdout] test questionaire::tests::test_pos_init_01 ... ok
[INFO] [stdout] test questionaire::tests::test_string_validate_no_constraints ... ok
[INFO] [stdout] test questionaire::tests::test_string_validate_max_length ... ok
[INFO] [stdout] test questionaire::tests::test_string_validate_min_length ... ok
[INFO] [stdout] test tests::test_fast_forward ... ignored
[INFO] [stdout] test questionaire::tests::test_int_validate_with_non_empty_input_non_integer ... ok
[INFO] [stdout] test questionaire::tests::test_int_validate_with_non_empty_input_integer_within_bounds ... ok
[INFO] [stdout] test questionaire::tests::test_int_validate_with_empty_input_with_default_value ... ok
[INFO] [stdout] test questionaire::tests::test_option_validate_with_empty_input_and_default_value ... ok
[INFO] [stdout] test questionaire::tests::test_option_validate_with_empty_input_and_invalid_default_value ... ok
[INFO] [stdout] test questionaire::tests::test_pos_init_02 ... ok
[INFO] [stdout] test questionaire::tests::test_string_validate_regex ... ok
[INFO] [stdout] test test_helper::test_json ... FAILED
[INFO] [stdout] test questionaire::tests::test_string_validate_all_constraints_met ... ok
[INFO] [stdout] test questionaire::tests::test_string_validate_combined_constraints ... ok
[INFO] [stdout] 
[INFO] [stdout] failures:
[INFO] [stdout] 
[INFO] [stdout] ---- test_helper::test_json stdout ----
[INFO] [stdout] thread 'test_helper::test_json' panicked at src/lib.rs:232:54:
[INFO] [stdout] called `Result::unwrap()` on an `Err` value: Os { code: 30, kind: ReadOnlyFilesystem, message: "Read-only file system" }
[INFO] [stdout] stack backtrace:
[INFO] [stdout]    0:     0x5e896eefde7a - std::backtrace_rs::backtrace::libunwind::trace::h207520d6e9873551
[INFO] [stdout]                                at /rustc/df4ca44d3fbc9301ee17f30f4d474e6ae4b05252/library/std/src/../../backtrace/src/backtrace/libunwind.rs:116:5
[INFO] [stdout]    1:     0x5e896eefde7a - std::backtrace_rs::backtrace::trace_unsynchronized::h2ed7433f370e3eca
[INFO] [stdout]                                at /rustc/df4ca44d3fbc9301ee17f30f4d474e6ae4b05252/library/std/src/../../backtrace/src/backtrace/mod.rs:66:5
[INFO] [stdout]    2:     0x5e896eefde7a - std::sys::backtrace::_print_fmt::h916fac51166b18d7
[INFO] [stdout]                                at /rustc/df4ca44d3fbc9301ee17f30f4d474e6ae4b05252/library/std/src/sys/backtrace.rs:66:9
[INFO] [stdout]    3:     0x5e896eefde7a - <std::sys::backtrace::BacktraceLock::print::DisplayBacktrace as core::fmt::Display>::fmt::ha0a4c9b8ce3802e6
[INFO] [stderr] error: test failed, to rerun pass `--lib`
[INFO] [stdout]                                at /rustc/df4ca44d3fbc9301ee17f30f4d474e6ae4b05252/library/std/src/sys/backtrace.rs:39:26
[INFO] [stdout]    4:     0x5e896ef28393 - core::fmt::rt::Argument::fmt::h4cfc8587d52b3eb5
[INFO] [stdout]                                at /rustc/df4ca44d3fbc9301ee17f30f4d474e6ae4b05252/library/core/src/fmt/rt.rs:177:76
[INFO] [stdout]    5:     0x5e896ef28393 - core::fmt::write::h522cc39e5b36ae9f
[INFO] [stdout]                                at /rustc/df4ca44d3fbc9301ee17f30f4d474e6ae4b05252/library/core/src/fmt/mod.rs:1190:21
[INFO] [stdout]    6:     0x5e896eef9fa3 - std::io::Write::write_fmt::h7d3c26752da97734
[INFO] [stdout]                                at /rustc/df4ca44d3fbc9301ee17f30f4d474e6ae4b05252/library/std/src/io/mod.rs:1839:15
[INFO] [stdout]    7:     0x5e896eefdcc2 - std::sys::backtrace::BacktraceLock::print::h4b9e00b29e9c0942
[INFO] [stdout]                                at /rustc/df4ca44d3fbc9301ee17f30f4d474e6ae4b05252/library/std/src/sys/backtrace.rs:42:9
[INFO] [stdout]    8:     0x5e896eeff30a - std::panicking::default_hook::{{closure}}::hb59b88280d0324d9
[INFO] [stdout]                                at /rustc/df4ca44d3fbc9301ee17f30f4d474e6ae4b05252/library/std/src/panicking.rs:268:22
[INFO] [stdout]    9:     0x5e896eeff114 - std::panicking::default_hook::he1dd496665be4a29
[INFO] [stdout]                                at /rustc/df4ca44d3fbc9301ee17f30f4d474e6ae4b05252/library/std/src/panicking.rs:292:9
[INFO] [stdout]   10:     0x5e896eba0809 - <alloc::boxed::Box<F,A> as core::ops::function::Fn<Args>>::call::h4ff71de18744e1dc
[INFO] [stdout]                                at /rustc/df4ca44d3fbc9301ee17f30f4d474e6ae4b05252/library/alloc/src/boxed.rs:2468:9
[INFO] [stdout]   11:     0x5e896eba0809 - test::test_main::{{closure}}::hcf7c055ce117aa81
[INFO] [stdout]                                at /rustc/df4ca44d3fbc9301ee17f30f4d474e6ae4b05252/library/test/src/lib.rs:133:21
[INFO] [stdout]   12:     0x5e896eeffa08 - <alloc::boxed::Box<F,A> as core::ops::function::Fn<Args>>::call::h1d66c6bbd60c9692
[INFO] [stdout]                                at /rustc/df4ca44d3fbc9301ee17f30f4d474e6ae4b05252/library/alloc/src/boxed.rs:2468:9
[INFO] [stdout]   13:     0x5e896eeffa08 - std::panicking::rust_panic_with_hook::h2ff17fe8f26dfcf8
[INFO] [stdout]                                at /rustc/df4ca44d3fbc9301ee17f30f4d474e6ae4b05252/library/std/src/panicking.rs:809:13
[INFO] [stdout]   14:     0x5e896eeff7ca - std::panicking::begin_panic_handler::{{closure}}::h4fad77951c07e101
[INFO] [stdout]                                at /rustc/df4ca44d3fbc9301ee17f30f4d474e6ae4b05252/library/std/src/panicking.rs:674:13
[INFO] [stdout]   15:     0x5e896eefe359 - std::sys::backtrace::__rust_end_short_backtrace::hb1a25b3da5d0ea08
[INFO] [stdout]                                at /rustc/df4ca44d3fbc9301ee17f30f4d474e6ae4b05252/library/std/src/sys/backtrace.rs:170:18
[INFO] [stdout]   16:     0x5e896eeff45c - rust_begin_unwind
[INFO] [stdout]                                at /rustc/df4ca44d3fbc9301ee17f30f4d474e6ae4b05252/library/std/src/panicking.rs:665:5
[INFO] [stdout]   17:     0x5e896ef26050 - core::panicking::panic_fmt::ha9db07b529f9b256
[INFO] [stdout]                                at /rustc/df4ca44d3fbc9301ee17f30f4d474e6ae4b05252/library/core/src/panicking.rs:75:14
[INFO] [stdout]   18:     0x5e896ef264d6 - core::result::unwrap_failed::h5e8218e4d4338b8a
[INFO] [stdout]                                at /rustc/df4ca44d3fbc9301ee17f30f4d474e6ae4b05252/library/core/src/result.rs:1698:5
[INFO] [stdout]   19:     0x5e896eaff45b - core::result::Result<T,E>::unwrap::h4b30d6abe7d15167
[INFO] [stdout]                                at /rustc/df4ca44d3fbc9301ee17f30f4d474e6ae4b05252/library/core/src/result.rs:1103:23
[INFO] [stdout]   20:     0x5e896eaff45b - tquest::test_helper::test_json::h607122c61df67b62
[INFO] [stdout]                                at /opt/rustwide/workdir/src/lib.rs:232:24
[INFO] [stdout]   21:     0x5e896eaff137 - tquest::test_helper::test_json::{{closure}}::hdf3b508f85ddb12b
[INFO] [stdout]                                at /opt/rustwide/workdir/src/lib.rs:217:19
[INFO] [stdout]   22:     0x5e896eb20936 - core::ops::function::FnOnce::call_once::ha93e494845c42df1
[INFO] [stdout]                                at /rustc/df4ca44d3fbc9301ee17f30f4d474e6ae4b05252/library/core/src/ops/function.rs:250:5
[INFO] [stdout]   23:     0x5e896eba50db - core::ops::function::FnOnce::call_once::h22c3ba5715e93f05
[INFO] [stdout]                                at /rustc/df4ca44d3fbc9301ee17f30f4d474e6ae4b05252/library/core/src/ops/function.rs:250:5
[INFO] [stdout]   24:     0x5e896eba50db - test::__rust_begin_short_backtrace::h8e82d8113d0da17f
[INFO] [stdout]                                at /rustc/df4ca44d3fbc9301ee17f30f4d474e6ae4b05252/library/test/src/lib.rs:621:18
[INFO] [stdout]   25:     0x5e896eba4a57 - test::run_test_in_process::{{closure}}::h33235f4f20b7b7c7
[INFO] [stdout]                                at /rustc/df4ca44d3fbc9301ee17f30f4d474e6ae4b05252/library/test/src/lib.rs:644:60
[INFO] [stdout]   26:     0x5e896eba4a57 - <core::panic::unwind_safe::AssertUnwindSafe<F> as core::ops::function::FnOnce<()>>::call_once::hb5043206310c586f
[INFO] [stdout]                                at /rustc/df4ca44d3fbc9301ee17f30f4d474e6ae4b05252/library/core/src/panic/unwind_safe.rs:272:9
[INFO] [stdout]   27:     0x5e896eba4a57 - std::panicking::try::do_call::h9ad4731a60ab23e2
[INFO] [stdout]                                at /rustc/df4ca44d3fbc9301ee17f30f4d474e6ae4b05252/library/std/src/panicking.rs:557:40
[INFO] [stdout]   28:     0x5e896eba4a57 - std::panicking::try::h3824d23db772a716
[INFO] [stdout]                                at /rustc/df4ca44d3fbc9301ee17f30f4d474e6ae4b05252/library/std/src/panicking.rs:520:19
[INFO] [stdout]   29:     0x5e896eba4a57 - std::panic::catch_unwind::h5afd514605fde46b
[INFO] [stdout]                                at /rustc/df4ca44d3fbc9301ee17f30f4d474e6ae4b05252/library/std/src/panic.rs:358:14
[INFO] [stdout]   30:     0x5e896eba4a57 - test::run_test_in_process::h0d5cbfa7067d1720
[INFO] [stdout]                                at /rustc/df4ca44d3fbc9301ee17f30f4d474e6ae4b05252/library/test/src/lib.rs:644:27
[INFO] [stdout]   31:     0x5e896eba4a57 - test::run_test::{{closure}}::h708eb8872708115d
[INFO] [stdout]                                at /rustc/df4ca44d3fbc9301ee17f30f4d474e6ae4b05252/library/test/src/lib.rs:565:43
[INFO] [stdout]   32:     0x5e896eb68174 - test::run_test::{{closure}}::h392c51cee94713ab
[INFO] [stdout]                                at /rustc/df4ca44d3fbc9301ee17f30f4d474e6ae4b05252/library/test/src/lib.rs:595:41
[INFO] [stdout]   33:     0x5e896eb68174 - std::sys::backtrace::__rust_begin_short_backtrace::h2f40290710935a8b
[INFO] [stdout]                                at /rustc/df4ca44d3fbc9301ee17f30f4d474e6ae4b05252/library/std/src/sys/backtrace.rs:154:18
[INFO] [stdout]   34:     0x5e896eb6b91e - std::thread::Builder::spawn_unchecked_::{{closure}}::{{closure}}::h3fd968d89053a903
[INFO] [stdout]                                at /rustc/df4ca44d3fbc9301ee17f30f4d474e6ae4b05252/library/std/src/thread/mod.rs:541:17
[INFO] [stdout]   35:     0x5e896eb6b91e - <core::panic::unwind_safe::AssertUnwindSafe<F> as core::ops::function::FnOnce<()>>::call_once::h743f637ba4229880
[INFO] [stdout]                                at /rustc/df4ca44d3fbc9301ee17f30f4d474e6ae4b05252/library/core/src/panic/unwind_safe.rs:272:9
[INFO] [stdout]   36:     0x5e896eb6b91e - std::panicking::try::do_call::h07440897322525a6
[INFO] [stdout]                                at /rustc/df4ca44d3fbc9301ee17f30f4d474e6ae4b05252/library/std/src/panicking.rs:557:40
[INFO] [stdout]   37:     0x5e896eb6b91e - std::panicking::try::he5a2e00188156637
[INFO] [stdout]                                at /rustc/df4ca44d3fbc9301ee17f30f4d474e6ae4b05252/library/std/src/panicking.rs:520:19
[INFO] [stdout]   38:     0x5e896eb6b91e - std::panic::catch_unwind::hbaf3cae49b3c6433
[INFO] [stdout]                                at /rustc/df4ca44d3fbc9301ee17f30f4d474e6ae4b05252/library/std/src/panic.rs:358:14
[INFO] [stdout]   39:     0x5e896eb6b91e - std::thread::Builder::spawn_unchecked_::{{closure}}::h8e141ea224820bce
[INFO] [stdout]                                at /rustc/df4ca44d3fbc9301ee17f30f4d474e6ae4b05252/library/std/src/thread/mod.rs:540:30
[INFO] [stdout]   40:     0x5e896eb6b91e - core::ops::function::FnOnce::call_once{{vtable.shim}}::h90d312fedd7b8ea8
[INFO] [stdout]                                at /rustc/df4ca44d3fbc9301ee17f30f4d474e6ae4b05252/library/core/src/ops/function.rs:250:5
[INFO] [stdout]   41:     0x5e896ef03a4b - <alloc::boxed::Box<F,A> as core::ops::function::FnOnce<Args>>::call_once::h69aa08ddb6adb8b6
[INFO] [stdout]                                at /rustc/df4ca44d3fbc9301ee17f30f4d474e6ae4b05252/library/alloc/src/boxed.rs:2454:9
[INFO] [stdout]   42:     0x5e896ef03a4b - <alloc::boxed::Box<F,A> as core::ops::function::FnOnce<Args>>::call_once::h5aa36efdb79c806f
[INFO] [stdout]                                at /rustc/df4ca44d3fbc9301ee17f30f4d474e6ae4b05252/library/alloc/src/boxed.rs:2454:9
[INFO] [stdout]   43:     0x5e896ef03a4b - std::sys::pal::unix::thread::Thread::new::thread_start::h6cd80a1b4be5158d
[INFO] [stdout]                                at /rustc/df4ca44d3fbc9301ee17f30f4d474e6ae4b05252/library/std/src/sys/pal/unix/thread.rs:105:17
[INFO] [stdout]   44:     0x78558c26bac3 - <unknown>
[INFO] [stdout]   45:     0x78558c2fca04 - clone
[INFO] [stdout]   46:                0x0 - <unknown>
[INFO] [stdout] 
[INFO] [stdout] 
[INFO] [stdout] failures:
[INFO] [stdout]     test_helper::test_json
[INFO] [stdout] 
[INFO] [stdout] test result: FAILED. 37 passed; 1 failed; 1 ignored; 0 measured; 0 filtered out; finished in 0.07s
[INFO] [stdout] 
[INFO] running `Command { std: "docker" "inspect" "93c2693d33e84fae742fdbb9490b0d56cfbf34bcd78e1262e5227d00218692aa", kill_on_drop: false }`
[INFO] running `Command { std: "docker" "rm" "-f" "93c2693d33e84fae742fdbb9490b0d56cfbf34bcd78e1262e5227d00218692aa", kill_on_drop: false }`
[INFO] [stdout] 93c2693d33e84fae742fdbb9490b0d56cfbf34bcd78e1262e5227d00218692aa
