[INFO] fetching crate toy-rpc-macros-ha421 0.7.0-alpha.3...
[INFO] testing toy-rpc-macros-ha421-0.7.0-alpha.3 against nightly-2024-10-28 for randomize-layout
[INFO] extracting crate toy-rpc-macros-ha421 0.7.0-alpha.3 into /workspace/builds/worker-5-tc1/source
[INFO] validating manifest of crates.io crate toy-rpc-macros-ha421 0.7.0-alpha.3 on toolchain nightly-2024-10-28
[INFO] running `Command { std: CARGO_HOME="/workspace/cargo-home" RUSTUP_HOME="/workspace/rustup-home" "/workspace/cargo-home/bin/cargo" "+nightly-2024-10-28" "metadata" "--manifest-path" "Cargo.toml" "--no-deps", kill_on_drop: false }`
[INFO] started tweaking crates.io crate toy-rpc-macros-ha421 0.7.0-alpha.3
[INFO] finished tweaking crates.io crate toy-rpc-macros-ha421 0.7.0-alpha.3
[INFO] tweaked toml for crates.io crate toy-rpc-macros-ha421 0.7.0-alpha.3 written to /workspace/builds/worker-5-tc1/source/Cargo.toml
[INFO] running `Command { std: CARGO_HOME="/workspace/cargo-home" RUSTUP_HOME="/workspace/rustup-home" "/workspace/cargo-home/bin/cargo" "+nightly-2024-10-28" "generate-lockfile" "--manifest-path" "Cargo.toml", kill_on_drop: false }`
[INFO] [stderr]     Updating crates.io index
[INFO] [stderr]      Locking 10 packages to latest compatible versions
[INFO] [stderr]       Adding darling v0.14.4 (available: v0.20.10)
[INFO] [stderr]       Adding syn v1.0.109 (available: v2.0.86)
[INFO] running `Command { std: CARGO_HOME="/workspace/cargo-home" RUSTUP_HOME="/workspace/rustup-home" "/workspace/cargo-home/bin/cargo" "+nightly-2024-10-28" "fetch" "--manifest-path" "Cargo.toml", kill_on_drop: false }`
[INFO] running `Command { std: "docker" "create" "-v" "/var/lib/crater-agent-workspace/builds/worker-5-tc1/target:/opt/rustwide/target:rw,Z" "-v" "/var/lib/crater-agent-workspace/builds/worker-5-tc1/source:/opt/rustwide/workdir:ro,Z" "-v" "/var/lib/crater-agent-workspace/cargo-home:/opt/rustwide/cargo-home:ro,Z" "-v" "/var/lib/crater-agent-workspace/rustup-home:/opt/rustwide/rustup-home:ro,Z" "-e" "SOURCE_DIR=/opt/rustwide/workdir" "-e" "CARGO_TARGET_DIR=/opt/rustwide/target" "-e" "CARGO_HOME=/opt/rustwide/cargo-home" "-e" "RUSTUP_HOME=/opt/rustwide/rustup-home" "-w" "/opt/rustwide/workdir" "-m" "1610612736" "--user" "0:0" "--network" "none" "ghcr.io/rust-lang/crates-build-env/linux@sha256:4a844ea9eb2546a2d2c7022eacef16ef2e8229c7fbb2c7d4d55a9ceca922f72d" "/opt/rustwide/cargo-home/bin/cargo" "+nightly-2024-10-28" "metadata" "--no-deps" "--format-version=1", kill_on_drop: false }`
[INFO] [stdout] 1152683b022bbc58e989532e86ea5616d39707ea4bf8f8bd64df762cfcfcaacc
[INFO] running `Command { std: "docker" "start" "-a" "1152683b022bbc58e989532e86ea5616d39707ea4bf8f8bd64df762cfcfcaacc", kill_on_drop: false }`
[INFO] running `Command { std: "docker" "inspect" "1152683b022bbc58e989532e86ea5616d39707ea4bf8f8bd64df762cfcfcaacc", kill_on_drop: false }`
[INFO] running `Command { std: "docker" "rm" "-f" "1152683b022bbc58e989532e86ea5616d39707ea4bf8f8bd64df762cfcfcaacc", kill_on_drop: false }`
[INFO] [stdout] 1152683b022bbc58e989532e86ea5616d39707ea4bf8f8bd64df762cfcfcaacc
[INFO] running `Command { std: "docker" "create" "-v" "/var/lib/crater-agent-workspace/builds/worker-5-tc1/target:/opt/rustwide/target:rw,Z" "-v" "/var/lib/crater-agent-workspace/builds/worker-5-tc1/source:/opt/rustwide/workdir:ro,Z" "-v" "/var/lib/crater-agent-workspace/cargo-home:/opt/rustwide/cargo-home:ro,Z" "-v" "/var/lib/crater-agent-workspace/rustup-home:/opt/rustwide/rustup-home:ro,Z" "-e" "SOURCE_DIR=/opt/rustwide/workdir" "-e" "CARGO_TARGET_DIR=/opt/rustwide/target" "-e" "CARGO_INCREMENTAL=0" "-e" "RUST_BACKTRACE=full" "-e" "RUSTFLAGS=--cap-lints=forbid" "-e" "RUSTDOCFLAGS=--cap-lints=forbid" "-e" "CARGO_HOME=/opt/rustwide/cargo-home" "-e" "RUSTUP_HOME=/opt/rustwide/rustup-home" "-w" "/opt/rustwide/workdir" "-m" "1610612736" "--user" "0:0" "--network" "none" "ghcr.io/rust-lang/crates-build-env/linux@sha256:4a844ea9eb2546a2d2c7022eacef16ef2e8229c7fbb2c7d4d55a9ceca922f72d" "/opt/rustwide/cargo-home/bin/cargo" "+nightly-2024-10-28" "build" "--frozen" "--message-format=json", kill_on_drop: false }`
[INFO] [stdout] 338639716c85e6e4dfdd6257995ff88c29de41931b5b397076990759288ae4b6
[INFO] running `Command { std: "docker" "start" "-a" "338639716c85e6e4dfdd6257995ff88c29de41931b5b397076990759288ae4b6", kill_on_drop: false }`
[INFO] [stderr]    Compiling proc-macro2 v1.0.89
[INFO] [stderr]    Compiling unicode-ident v1.0.13
[INFO] [stderr]    Compiling syn v1.0.109
[INFO] [stderr]    Compiling fnv v1.0.7
[INFO] [stderr]    Compiling strsim v0.10.0
[INFO] [stderr]    Compiling ident_case v1.0.1
[INFO] [stderr]    Compiling quote v1.0.37
[INFO] [stderr]    Compiling darling_core v0.14.4
[INFO] [stderr]    Compiling darling_macro v0.14.4
[INFO] [stderr]    Compiling darling v0.14.4
[INFO] [stderr]    Compiling toy-rpc-macros-ha421 v0.7.0-alpha.3 (/opt/rustwide/workdir)
[INFO] [stdout] warning: field `impl_for_client` is never read
[INFO] [stdout]    --> src/lib.rs:363:5
[INFO] [stdout]     |
[INFO] [stdout] 361 | struct MacroArgs {
[INFO] [stdout]     |        --------- field in this struct
[INFO] [stdout] 362 |     #[darling(default)]
[INFO] [stdout] 363 |     impl_for_client: bool,
[INFO] [stdout]     |     ^^^^^^^^^^^^^^^
[INFO] [stdout]     |
[INFO] [stdout]     = note: `MacroArgs` has a derived impl for the trait `Debug`, but this is intentionally ignored during dead code analysis
[INFO] [stdout]     = note: `#[warn(dead_code)]` on by default
[INFO] [stdout] 
[INFO] [stdout] 
[INFO] [stderr]     Finished `dev` profile [unoptimized + debuginfo] target(s) in 5.29s
[INFO] running `Command { std: "docker" "inspect" "338639716c85e6e4dfdd6257995ff88c29de41931b5b397076990759288ae4b6", kill_on_drop: false }`
[INFO] running `Command { std: "docker" "rm" "-f" "338639716c85e6e4dfdd6257995ff88c29de41931b5b397076990759288ae4b6", kill_on_drop: false }`
[INFO] [stdout] 338639716c85e6e4dfdd6257995ff88c29de41931b5b397076990759288ae4b6
[INFO] running `Command { std: "docker" "create" "-v" "/var/lib/crater-agent-workspace/builds/worker-5-tc1/target:/opt/rustwide/target:rw,Z" "-v" "/var/lib/crater-agent-workspace/builds/worker-5-tc1/source:/opt/rustwide/workdir:ro,Z" "-v" "/var/lib/crater-agent-workspace/cargo-home:/opt/rustwide/cargo-home:ro,Z" "-v" "/var/lib/crater-agent-workspace/rustup-home:/opt/rustwide/rustup-home:ro,Z" "-e" "SOURCE_DIR=/opt/rustwide/workdir" "-e" "CARGO_TARGET_DIR=/opt/rustwide/target" "-e" "CARGO_INCREMENTAL=0" "-e" "RUST_BACKTRACE=full" "-e" "RUSTFLAGS=--cap-lints=forbid" "-e" "RUSTDOCFLAGS=--cap-lints=forbid" "-e" "CARGO_HOME=/opt/rustwide/cargo-home" "-e" "RUSTUP_HOME=/opt/rustwide/rustup-home" "-w" "/opt/rustwide/workdir" "-m" "1610612736" "--user" "0:0" "--network" "none" "ghcr.io/rust-lang/crates-build-env/linux@sha256:4a844ea9eb2546a2d2c7022eacef16ef2e8229c7fbb2c7d4d55a9ceca922f72d" "/opt/rustwide/cargo-home/bin/cargo" "+nightly-2024-10-28" "test" "--frozen" "--no-run" "--message-format=json", kill_on_drop: false }`
[INFO] [stdout] 40adb0d9c459879f25fad4c3a2c19ecb38f3efc8f30903e225b99dd8662a17b8
[INFO] running `Command { std: "docker" "start" "-a" "40adb0d9c459879f25fad4c3a2c19ecb38f3efc8f30903e225b99dd8662a17b8", kill_on_drop: false }`
[INFO] [stderr]    Compiling toy-rpc-macros-ha421 v0.7.0-alpha.3 (/opt/rustwide/workdir)
[INFO] [stdout] warning: field `impl_for_client` is never read
[INFO] [stdout]    --> src/lib.rs:363:5
[INFO] [stdout]     |
[INFO] [stdout] 361 | struct MacroArgs {
[INFO] [stdout]     |        --------- field in this struct
[INFO] [stdout] 362 |     #[darling(default)]
[INFO] [stdout] 363 |     impl_for_client: bool,
[INFO] [stdout]     |     ^^^^^^^^^^^^^^^
[INFO] [stdout]     |
[INFO] [stdout]     = note: `MacroArgs` has a derived impl for the trait `Debug`, but this is intentionally ignored during dead code analysis
[INFO] [stdout]     = note: `#[warn(dead_code)]` on by default
[INFO] [stdout] 
[INFO] [stdout] 
[INFO] [stdout] warning: field `impl_for_client` is never read
[INFO] [stdout]    --> src/lib.rs:363:5
[INFO] [stdout]     |
[INFO] [stdout] 361 | struct MacroArgs {
[INFO] [stdout]     |        --------- field in this struct
[INFO] [stdout] 362 |     #[darling(default)]
[INFO] [stdout] 363 |     impl_for_client: bool,
[INFO] [stdout]     |     ^^^^^^^^^^^^^^^
[INFO] [stdout]     |
[INFO] [stdout]     = note: `MacroArgs` has a derived impl for the trait `Debug`, but this is intentionally ignored during dead code analysis
[INFO] [stdout]     = note: `#[warn(dead_code)]` on by default
[INFO] [stdout] 
[INFO] [stdout] 
[INFO] [stderr]     Finished `test` profile [unoptimized + debuginfo] target(s) in 0.34s
[INFO] running `Command { std: "docker" "inspect" "40adb0d9c459879f25fad4c3a2c19ecb38f3efc8f30903e225b99dd8662a17b8", kill_on_drop: false }`
[INFO] running `Command { std: "docker" "rm" "-f" "40adb0d9c459879f25fad4c3a2c19ecb38f3efc8f30903e225b99dd8662a17b8", kill_on_drop: false }`
[INFO] [stdout] 40adb0d9c459879f25fad4c3a2c19ecb38f3efc8f30903e225b99dd8662a17b8
[INFO] running `Command { std: "docker" "create" "-v" "/var/lib/crater-agent-workspace/builds/worker-5-tc1/target:/opt/rustwide/target:rw,Z" "-v" "/var/lib/crater-agent-workspace/builds/worker-5-tc1/source:/opt/rustwide/workdir:ro,Z" "-v" "/var/lib/crater-agent-workspace/cargo-home:/opt/rustwide/cargo-home:ro,Z" "-v" "/var/lib/crater-agent-workspace/rustup-home:/opt/rustwide/rustup-home:ro,Z" "-e" "SOURCE_DIR=/opt/rustwide/workdir" "-e" "CARGO_TARGET_DIR=/opt/rustwide/target" "-e" "CARGO_INCREMENTAL=0" "-e" "RUST_BACKTRACE=full" "-e" "RUSTFLAGS=--cap-lints=forbid" "-e" "RUSTDOCFLAGS=--cap-lints=forbid" "-e" "CARGO_HOME=/opt/rustwide/cargo-home" "-e" "RUSTUP_HOME=/opt/rustwide/rustup-home" "-w" "/opt/rustwide/workdir" "-m" "1610612736" "--user" "0:0" "--network" "none" "ghcr.io/rust-lang/crates-build-env/linux@sha256:4a844ea9eb2546a2d2c7022eacef16ef2e8229c7fbb2c7d4d55a9ceca922f72d" "/opt/rustwide/cargo-home/bin/cargo" "+nightly-2024-10-28" "test" "--frozen", kill_on_drop: false }`
[INFO] [stdout] 48f8aff3e1b7b60a708c73f3ee83ca9a69c393aee90837454694686237eeffb3
[INFO] running `Command { std: "docker" "start" "-a" "48f8aff3e1b7b60a708c73f3ee83ca9a69c393aee90837454694686237eeffb3", kill_on_drop: false }`
[INFO] [stderr] warning: field `impl_for_client` is never read
[INFO] [stderr]    --> src/lib.rs:363:5
[INFO] [stderr]     |
[INFO] [stderr] 361 | struct MacroArgs {
[INFO] [stderr]     |        --------- field in this struct
[INFO] [stderr] 362 |     #[darling(default)]
[INFO] [stderr] 363 |     impl_for_client: bool,
[INFO] [stderr]     |     ^^^^^^^^^^^^^^^
[INFO] [stderr]     |
[INFO] [stderr]     = note: `MacroArgs` has a derived impl for the trait `Debug`, but this is intentionally ignored during dead code analysis
[INFO] [stderr]     = note: `#[warn(dead_code)]` on by default
[INFO] [stderr] 
[INFO] [stderr] warning: `toy-rpc-macros-ha421` (lib) generated 1 warning
[INFO] [stderr] warning: `toy-rpc-macros-ha421` (lib test) generated 1 warning (1 duplicate)
[INFO] [stderr]     Finished `test` profile [unoptimized + debuginfo] target(s) in 0.01s
[INFO] [stderr]      Running unittests src/lib.rs (/opt/rustwide/target/debug/deps/toy_rpc_macros_ha421-a480ac92a0992883)
[INFO] [stdout] 
[INFO] [stdout] running 0 tests
[INFO] [stdout] 
[INFO] [stdout] test result: ok. 0 passed; 0 failed; 0 ignored; 0 measured; 0 filtered out; finished in 0.00s
[INFO] [stdout] 
[INFO] [stderr]    Doc-tests toy_rpc_macros_ha421
[INFO] [stdout] 
[INFO] [stdout] running 3 tests
[INFO] [stdout] test src/lib.rs - export_trait_impl (line 537) ... FAILED
[INFO] [stdout] test src/lib.rs - export_trait (line 380) ... FAILED
[INFO] [stdout] test src/lib.rs - export_impl (line 255) ... FAILED
[INFO] [stdout] 
[INFO] [stdout] failures:
[INFO] [stdout] 
[INFO] [stdout] ---- src/lib.rs - export_trait_impl (line 537) stdout ----
[INFO] [stdout] error: expected one of `:` or `|`, found `)`
[INFO] [stdout]   --> src/lib.rs:545:39
[INFO] [stdout]    |
[INFO] [stdout] 10 |     async fn add(&self, args(i32, i32)) -> Result<i32, String> {
[INFO] [stdout]    |                                       ^ expected one of `:` or `|`
[INFO] [stdout] 
[INFO] [stdout] error: cannot find attribute `async_trait` in this scope
[INFO] [stdout]  --> src/lib.rs:540:3
[INFO] [stdout]   |
[INFO] [stdout] 5 | #[async_trait]
[INFO] [stdout]   |   ^^^^^^^^^^^
[INFO] [stdout] 
[INFO] [stdout] error: cannot find attribute `export_trait_impl` in this scope
[INFO] [stdout]  --> src/lib.rs:541:3
[INFO] [stdout]   |
[INFO] [stdout] 6 | #[export_trait_impl] // The default name will follow the name of the trait (ie. "Arith")
[INFO] [stdout]   |   ^^^^^^^^^^^^^^^^^
[INFO] [stdout]   |
[INFO] [stdout] help: consider importing this attribute macro
[INFO] [stdout]   |
[INFO] [stdout] 2 + use toy_rpc_macros_ha421::export_trait_impl;
[INFO] [stdout]   |
[INFO] [stdout] 
[INFO] [stdout] error[E0405]: cannot find trait `Arith` in this scope
[INFO] [stdout]  --> src/lib.rs:542:6
[INFO] [stdout]   |
[INFO] [stdout] 7 | impl Arith  for Abacus {
[INFO] [stdout]   |      ^^^^^ not found in this scope
[INFO] [stdout] 
[INFO] [stdout] error: aborting due to 4 previous errors
[INFO] [stdout] 
[INFO] [stdout] For more information about this error, try `rustc --explain E0405`.
[INFO] [stdout] Couldn't compile the test.
[INFO] [stdout] ---- src/lib.rs - export_trait (line 380) stdout ----
[INFO] [stdout] error: expected one of `:` or `|`, found `)`
[INFO] [stdout]  --> src/lib.rs:387:39
[INFO] [stdout]   |
[INFO] [stdout] 9 |     async fn add(&self, args(i32, i32)) -> Result<i32, String>;
[INFO] [stdout]   |                                       ^ expected one of `:` or `|`
[INFO] [stdout] 
[INFO] [stdout] error: cannot find attribute `async_trait` in this scope
[INFO] [stdout]  --> src/lib.rs:381:3
[INFO] [stdout]   |
[INFO] [stdout] 3 | #[async_trait]
[INFO] [stdout]   |   ^^^^^^^^^^^
[INFO] [stdout] 
[INFO] [stdout] error: cannot find attribute `export_trait` in this scope
[INFO] [stdout]  --> src/lib.rs:382:3
[INFO] [stdout]   |
[INFO] [stdout] 4 | #[export_trait] // This will give a default service name of "Arith"
[INFO] [stdout]   |   ^^^^^^^^^^^^
[INFO] [stdout]   |
[INFO] [stdout] help: a built-in attribute with a similar name exists
[INFO] [stdout]   |
[INFO] [stdout] 4 | #[export_name] // This will give a default service name of "Arith"
[INFO] [stdout]   |   ~~~~~~~~~~~
[INFO] [stdout] help: consider importing this attribute macro
[INFO] [stdout]   |
[INFO] [stdout] 2 + use toy_rpc_macros_ha421::export_trait;
[INFO] [stdout]   |
[INFO] [stdout] 
[INFO] [stdout] error: cannot find attribute `export_method` in this scope
[INFO] [stdout]  --> src/lib.rs:386:7
[INFO] [stdout]   |
[INFO] [stdout] 8 |     #[export_method]
[INFO] [stdout]   |       ^^^^^^^^^^^^^
[INFO] [stdout] 
[INFO] [stdout] error: aborting due to 4 previous errors
[INFO] [stdout] 
[INFO] [stdout] Couldn't compile the test.
[INFO] [stdout] ---- src/lib.rs - export_impl (line 255) stdout ----
[INFO] [stdout] error: expected one of `:` or `|`, found `)`
[INFO] [stdout]  --> src/lib.rs:261:44
[INFO] [stdout]   |
[INFO] [stdout] 8 |     async fn subtract(&self, args(i32, i32)) -> Result<i32, String> {
[INFO] [stdout]   |                                            ^ expected one of `:` or `|`
[INFO] [stdout] 
[INFO] [stdout] error: cannot find attribute `export_impl` in this scope
[INFO] [stdout]  --> src/lib.rs:258:3
[INFO] [stdout]   |
[INFO] [stdout] 5 | #[export_impl] // This will give a default service name of "Abacus"
[INFO] [stdout]   |   ^^^^^^^^^^^
[INFO] [stdout]   |
[INFO] [stdout] help: consider importing this attribute macro
[INFO] [stdout]   |
[INFO] [stdout] 2 + use toy_rpc_macros_ha421::export_impl;
[INFO] [stdout]   |
[INFO] [stdout] 
[INFO] [stdout] error: cannot find attribute `export_method` in this scope
[INFO] [stdout]  --> src/lib.rs:260:7
[INFO] [stdout]   |
[INFO] [stdout] 7 |     #[export_method]
[INFO] [stdout]   |       ^^^^^^^^^^^^^
[INFO] [stdout] 
[INFO] [stdout] error[E0308]: mismatched types
[INFO] [stdout]   --> src/lib.rs:261:69
[INFO] [stdout]    |
[INFO] [stdout] 8  |       async fn subtract(&self, args(i32, i32)) -> Result<i32, String> {
[INFO] [stdout]    |  _____________________________________________________________________^
[INFO] [stdout] 9  | |         // ...
[INFO] [stdout] 10 | |     }
[INFO] [stdout]    | |_____^ expected `Result<i32, String>`, found `()`
[INFO] [stdout]    |
[INFO] [stdout]    = note:   expected enum `Result<i32, String>`
[INFO] [stdout]            found unit type `()`
[INFO] [stdout] 
[INFO] [stdout] error: aborting due to 4 previous errors
[INFO] [stdout] 
[INFO] [stdout] For more information about this error, try `rustc --explain E0308`.
[INFO] [stdout] Couldn't compile the test.
[INFO] [stdout] 
[INFO] [stdout] failures:
[INFO] [stdout]     src/lib.rs - export_impl (line 255)
[INFO] [stdout]     src/lib.rs - export_trait (line 380)
[INFO] [stdout]     src/lib.rs - export_trait_impl (line 537)
[INFO] [stdout] 
[INFO] [stdout] test result: FAILED. 0 passed; 3 failed; 0 ignored; 0 measured; 0 filtered out; finished in 0.07s
[INFO] [stdout] 
[INFO] [stderr] error: doctest failed, to rerun pass `--doc`
[INFO] running `Command { std: "docker" "inspect" "48f8aff3e1b7b60a708c73f3ee83ca9a69c393aee90837454694686237eeffb3", kill_on_drop: false }`
[INFO] running `Command { std: "docker" "rm" "-f" "48f8aff3e1b7b60a708c73f3ee83ca9a69c393aee90837454694686237eeffb3", kill_on_drop: false }`
[INFO] [stdout] 48f8aff3e1b7b60a708c73f3ee83ca9a69c393aee90837454694686237eeffb3
