[INFO] fetching crate tower-no-ai 0.1.1...
[INFO] testing tower-no-ai-0.1.1 against nightly-2024-10-28 for randomize-layout
[INFO] extracting crate tower-no-ai 0.1.1 into /workspace/builds/worker-1-tc1/source
[INFO] validating manifest of crates.io crate tower-no-ai 0.1.1 on toolchain nightly-2024-10-28
[INFO] running `Command { std: CARGO_HOME="/workspace/cargo-home" RUSTUP_HOME="/workspace/rustup-home" "/workspace/cargo-home/bin/cargo" "+nightly-2024-10-28" "metadata" "--manifest-path" "Cargo.toml" "--no-deps", kill_on_drop: false }`
[INFO] started tweaking crates.io crate tower-no-ai 0.1.1
[INFO] finished tweaking crates.io crate tower-no-ai 0.1.1
[INFO] tweaked toml for crates.io crate tower-no-ai 0.1.1 written to /workspace/builds/worker-1-tc1/source/Cargo.toml
[INFO] running `Command { std: CARGO_HOME="/workspace/cargo-home" RUSTUP_HOME="/workspace/rustup-home" "/workspace/cargo-home/bin/cargo" "+nightly-2024-10-28" "generate-lockfile" "--manifest-path" "Cargo.toml", kill_on_drop: false }`
[INFO] [stderr]     Updating crates.io index
[INFO] [stderr]      Locking 6 packages to latest compatible versions
[INFO] running `Command { std: CARGO_HOME="/workspace/cargo-home" RUSTUP_HOME="/workspace/rustup-home" "/workspace/cargo-home/bin/cargo" "+nightly-2024-10-28" "fetch" "--manifest-path" "Cargo.toml", kill_on_drop: false }`
[INFO] running `Command { std: "docker" "create" "-v" "/var/lib/crater-agent-workspace/builds/worker-1-tc1/target:/opt/rustwide/target:rw,Z" "-v" "/var/lib/crater-agent-workspace/builds/worker-1-tc1/source:/opt/rustwide/workdir:ro,Z" "-v" "/var/lib/crater-agent-workspace/cargo-home:/opt/rustwide/cargo-home:ro,Z" "-v" "/var/lib/crater-agent-workspace/rustup-home:/opt/rustwide/rustup-home:ro,Z" "-e" "SOURCE_DIR=/opt/rustwide/workdir" "-e" "CARGO_TARGET_DIR=/opt/rustwide/target" "-e" "CARGO_HOME=/opt/rustwide/cargo-home" "-e" "RUSTUP_HOME=/opt/rustwide/rustup-home" "-w" "/opt/rustwide/workdir" "-m" "1610612736" "--user" "0:0" "--network" "none" "ghcr.io/rust-lang/crates-build-env/linux@sha256:4a844ea9eb2546a2d2c7022eacef16ef2e8229c7fbb2c7d4d55a9ceca922f72d" "/opt/rustwide/cargo-home/bin/cargo" "+nightly-2024-10-28" "metadata" "--no-deps" "--format-version=1", kill_on_drop: false }`
[INFO] [stdout] 0830dc73448dc646086d1dd11e13d6aa60477d7890dcfee12954db4a9913a184
[INFO] running `Command { std: "docker" "start" "-a" "0830dc73448dc646086d1dd11e13d6aa60477d7890dcfee12954db4a9913a184", kill_on_drop: false }`
[INFO] running `Command { std: "docker" "inspect" "0830dc73448dc646086d1dd11e13d6aa60477d7890dcfee12954db4a9913a184", kill_on_drop: false }`
[INFO] running `Command { std: "docker" "rm" "-f" "0830dc73448dc646086d1dd11e13d6aa60477d7890dcfee12954db4a9913a184", kill_on_drop: false }`
[INFO] [stdout] 0830dc73448dc646086d1dd11e13d6aa60477d7890dcfee12954db4a9913a184
[INFO] running `Command { std: "docker" "create" "-v" "/var/lib/crater-agent-workspace/builds/worker-1-tc1/target:/opt/rustwide/target:rw,Z" "-v" "/var/lib/crater-agent-workspace/builds/worker-1-tc1/source:/opt/rustwide/workdir:ro,Z" "-v" "/var/lib/crater-agent-workspace/cargo-home:/opt/rustwide/cargo-home:ro,Z" "-v" "/var/lib/crater-agent-workspace/rustup-home:/opt/rustwide/rustup-home:ro,Z" "-e" "SOURCE_DIR=/opt/rustwide/workdir" "-e" "CARGO_TARGET_DIR=/opt/rustwide/target" "-e" "CARGO_INCREMENTAL=0" "-e" "RUST_BACKTRACE=full" "-e" "RUSTFLAGS=--cap-lints=forbid" "-e" "RUSTDOCFLAGS=--cap-lints=forbid" "-e" "CARGO_HOME=/opt/rustwide/cargo-home" "-e" "RUSTUP_HOME=/opt/rustwide/rustup-home" "-w" "/opt/rustwide/workdir" "-m" "1610612736" "--user" "0:0" "--network" "none" "ghcr.io/rust-lang/crates-build-env/linux@sha256:4a844ea9eb2546a2d2c7022eacef16ef2e8229c7fbb2c7d4d55a9ceca922f72d" "/opt/rustwide/cargo-home/bin/cargo" "+nightly-2024-10-28" "build" "--frozen" "--message-format=json", kill_on_drop: false }`
[INFO] [stdout] 45e3c3ea0e93509700b182845bae11a6cf972e79a091db84673e040ff3f2d5b4
[INFO] running `Command { std: "docker" "start" "-a" "45e3c3ea0e93509700b182845bae11a6cf972e79a091db84673e040ff3f2d5b4", kill_on_drop: false }`
[INFO] [stderr]    Compiling fnv v1.0.7
[INFO] [stderr]    Compiling itoa v1.0.11
[INFO] [stderr]    Compiling bytes v1.8.0
[INFO] [stderr]    Compiling tower-layer v0.3.3
[INFO] [stderr]    Compiling tower-service v0.3.3
[INFO] [stderr]    Compiling http v1.1.0
[INFO] [stderr]    Compiling tower-no-ai v0.1.1 (/opt/rustwide/workdir)
[INFO] [stderr]     Finished `dev` profile [unoptimized + debuginfo] target(s) in 1.32s
[INFO] running `Command { std: "docker" "inspect" "45e3c3ea0e93509700b182845bae11a6cf972e79a091db84673e040ff3f2d5b4", kill_on_drop: false }`
[INFO] running `Command { std: "docker" "rm" "-f" "45e3c3ea0e93509700b182845bae11a6cf972e79a091db84673e040ff3f2d5b4", kill_on_drop: false }`
[INFO] [stdout] 45e3c3ea0e93509700b182845bae11a6cf972e79a091db84673e040ff3f2d5b4
[INFO] running `Command { std: "docker" "create" "-v" "/var/lib/crater-agent-workspace/builds/worker-1-tc1/target:/opt/rustwide/target:rw,Z" "-v" "/var/lib/crater-agent-workspace/builds/worker-1-tc1/source:/opt/rustwide/workdir:ro,Z" "-v" "/var/lib/crater-agent-workspace/cargo-home:/opt/rustwide/cargo-home:ro,Z" "-v" "/var/lib/crater-agent-workspace/rustup-home:/opt/rustwide/rustup-home:ro,Z" "-e" "SOURCE_DIR=/opt/rustwide/workdir" "-e" "CARGO_TARGET_DIR=/opt/rustwide/target" "-e" "CARGO_INCREMENTAL=0" "-e" "RUST_BACKTRACE=full" "-e" "RUSTFLAGS=--cap-lints=forbid" "-e" "RUSTDOCFLAGS=--cap-lints=forbid" "-e" "CARGO_HOME=/opt/rustwide/cargo-home" "-e" "RUSTUP_HOME=/opt/rustwide/rustup-home" "-w" "/opt/rustwide/workdir" "-m" "1610612736" "--user" "0:0" "--network" "none" "ghcr.io/rust-lang/crates-build-env/linux@sha256:4a844ea9eb2546a2d2c7022eacef16ef2e8229c7fbb2c7d4d55a9ceca922f72d" "/opt/rustwide/cargo-home/bin/cargo" "+nightly-2024-10-28" "test" "--frozen" "--no-run" "--message-format=json", kill_on_drop: false }`
[INFO] [stdout] b956bcae324d33950a123b63562121ed899e4019a64b8f216bdffcf9955f41d6
[INFO] running `Command { std: "docker" "start" "-a" "b956bcae324d33950a123b63562121ed899e4019a64b8f216bdffcf9955f41d6", kill_on_drop: false }`
[INFO] [stderr]    Compiling tower-no-ai v0.1.1 (/opt/rustwide/workdir)
[INFO] [stderr]     Finished `test` profile [unoptimized + debuginfo] target(s) in 0.11s
[INFO] running `Command { std: "docker" "inspect" "b956bcae324d33950a123b63562121ed899e4019a64b8f216bdffcf9955f41d6", kill_on_drop: false }`
[INFO] running `Command { std: "docker" "rm" "-f" "b956bcae324d33950a123b63562121ed899e4019a64b8f216bdffcf9955f41d6", kill_on_drop: false }`
[INFO] [stdout] b956bcae324d33950a123b63562121ed899e4019a64b8f216bdffcf9955f41d6
[INFO] running `Command { std: "docker" "create" "-v" "/var/lib/crater-agent-workspace/builds/worker-1-tc1/target:/opt/rustwide/target:rw,Z" "-v" "/var/lib/crater-agent-workspace/builds/worker-1-tc1/source:/opt/rustwide/workdir:ro,Z" "-v" "/var/lib/crater-agent-workspace/cargo-home:/opt/rustwide/cargo-home:ro,Z" "-v" "/var/lib/crater-agent-workspace/rustup-home:/opt/rustwide/rustup-home:ro,Z" "-e" "SOURCE_DIR=/opt/rustwide/workdir" "-e" "CARGO_TARGET_DIR=/opt/rustwide/target" "-e" "CARGO_INCREMENTAL=0" "-e" "RUST_BACKTRACE=full" "-e" "RUSTFLAGS=--cap-lints=forbid" "-e" "RUSTDOCFLAGS=--cap-lints=forbid" "-e" "CARGO_HOME=/opt/rustwide/cargo-home" "-e" "RUSTUP_HOME=/opt/rustwide/rustup-home" "-w" "/opt/rustwide/workdir" "-m" "1610612736" "--user" "0:0" "--network" "none" "ghcr.io/rust-lang/crates-build-env/linux@sha256:4a844ea9eb2546a2d2c7022eacef16ef2e8229c7fbb2c7d4d55a9ceca922f72d" "/opt/rustwide/cargo-home/bin/cargo" "+nightly-2024-10-28" "test" "--frozen", kill_on_drop: false }`
[INFO] [stdout] 5ed775182a31dbe85a126e0c163c93fbe29f92d5cf5b6e1732aade26280df080
[INFO] running `Command { std: "docker" "start" "-a" "5ed775182a31dbe85a126e0c163c93fbe29f92d5cf5b6e1732aade26280df080", kill_on_drop: false }`
[INFO] [stderr]     Finished `test` profile [unoptimized + debuginfo] target(s) in 0.01s
[INFO] [stderr]      Running unittests src/lib.rs (/opt/rustwide/target/debug/deps/tower_no_ai-14c156cc65c10c6b)
[INFO] [stdout] 
[INFO] [stdout] running 0 tests
[INFO] [stdout] 
[INFO] [stdout] test result: ok. 0 passed; 0 failed; 0 ignored; 0 measured; 0 filtered out; finished in 0.00s
[INFO] [stdout] 
[INFO] [stderr]    Doc-tests tower_no_ai
[INFO] [stdout] 
[INFO] [stdout] running 2 tests
[INFO] [stdout] test src/lib.rs - bot_blocking_robots_txt (line 156) ... FAILED
[INFO] [stdout] test src/../README.md - (line 7) ... FAILED
[INFO] [stdout] 
[INFO] [stdout] failures:
[INFO] [stdout] 
[INFO] [stdout] ---- src/lib.rs - bot_blocking_robots_txt (line 156) stdout ----
[INFO] [stdout] error: expected `;`, found `}`
[INFO] [stdout]   --> src/lib.rs:162:55
[INFO] [stdout]    |
[INFO] [stdout] 9  |     .route("robots.txt", get(bot_blocking_robots_txt))
[INFO] [stdout]    |                                                       ^ help: add `;` here
[INFO] [stdout] 10 | } _doctest_main_src_lib_rs_156_0() }
[INFO] [stdout]    | - unexpected token
[INFO] [stdout] 
[INFO] [stdout] error[E0433]: failed to resolve: use of undeclared crate or module `axum`
[INFO] [stdout]  --> src/lib.rs:158:5
[INFO] [stdout]   |
[INFO] [stdout] 5 | use axum::routing::{get, Router};
[INFO] [stdout]   |     ^^^^ use of undeclared crate or module `axum`
[INFO] [stdout] 
[INFO] [stdout] error: aborting due to 2 previous errors
[INFO] [stdout] 
[INFO] [stdout] For more information about this error, try `rustc --explain E0433`.
[INFO] [stdout] Couldn't compile the test.
[INFO] [stdout] ---- src/../README.md - (line 7) stdout ----
[INFO] [stdout] error[E0433]: failed to resolve: use of undeclared crate or module `axum`
[INFO] [stdout]  --> src/../README.md:10:5
[INFO] [stdout]   |
[INFO] [stdout] 6 | use axum::routing::{get, Router};
[INFO] [stdout]   |     ^^^^ use of undeclared crate or module `axum`
[INFO] [stdout] 
[INFO] [stdout] error[E0425]: cannot find value `hello_world` in this scope
[INFO] [stdout]  --> src/../README.md:13:18
[INFO] [stdout]   |
[INFO] [stdout] 9 |     .route("/", get(hello_world))
[INFO] [stdout]   |                     ^^^^^^^^^^^ not found in this scope
[INFO] [stdout] 
[INFO] [stdout] error: aborting due to 2 previous errors
[INFO] [stdout] 
[INFO] [stdout] Some errors have detailed explanations: E0425, E0433.
[INFO] [stdout] For more information about an error, try `rustc --explain E0425`.
[INFO] [stdout] Couldn't compile the test.
[INFO] [stdout] 
[INFO] [stdout] failures:
[INFO] [stdout]     src/../README.md - (line 7)
[INFO] [stdout]     src/lib.rs - bot_blocking_robots_txt (line 156)
[INFO] [stdout] 
[INFO] [stdout] test result: FAILED. 0 passed; 2 failed; 0 ignored; 0 measured; 0 filtered out; finished in 0.03s
[INFO] [stdout] 
[INFO] [stderr] error: doctest failed, to rerun pass `--doc`
[INFO] running `Command { std: "docker" "inspect" "5ed775182a31dbe85a126e0c163c93fbe29f92d5cf5b6e1732aade26280df080", kill_on_drop: false }`
[INFO] running `Command { std: "docker" "rm" "-f" "5ed775182a31dbe85a126e0c163c93fbe29f92d5cf5b6e1732aade26280df080", kill_on_drop: false }`
[INFO] [stdout] 5ed775182a31dbe85a126e0c163c93fbe29f92d5cf5b6e1732aade26280df080
