[INFO] fetching crate tower-http-client 0.4.0...
[INFO] testing tower-http-client-0.4.0 against nightly-2024-10-28 for randomize-layout
[INFO] extracting crate tower-http-client 0.4.0 into /workspace/builds/worker-3-tc1/source
[INFO] validating manifest of crates.io crate tower-http-client 0.4.0 on toolchain nightly-2024-10-28
[INFO] running `Command { std: CARGO_HOME="/workspace/cargo-home" RUSTUP_HOME="/workspace/rustup-home" "/workspace/cargo-home/bin/cargo" "+nightly-2024-10-28" "metadata" "--manifest-path" "Cargo.toml" "--no-deps", kill_on_drop: false }`
[INFO] started tweaking crates.io crate tower-http-client 0.4.0
[INFO] removed 0 missing examples
[INFO] removed 0 missing tests
[INFO] finished tweaking crates.io crate tower-http-client 0.4.0
[INFO] tweaked toml for crates.io crate tower-http-client 0.4.0 written to /workspace/builds/worker-3-tc1/source/Cargo.toml
[INFO] crate crates.io crate tower-http-client 0.4.0 already has a lockfile, it will not be regenerated
[INFO] running `Command { std: CARGO_HOME="/workspace/cargo-home" RUSTUP_HOME="/workspace/rustup-home" "/workspace/cargo-home/bin/cargo" "+nightly-2024-10-28" "fetch" "--manifest-path" "Cargo.toml", kill_on_drop: false }`
[INFO] [stderr]     Updating crates.io index
[INFO] [stderr]  Downloading crates ...
[INFO] [stderr]   Downloaded tower-reqwest v0.4.0
[INFO] [stderr]   Downloaded include-utils v0.2.2
[INFO] [stderr]   Downloaded include-utils-macro v0.2.2
[INFO] running `Command { std: "docker" "create" "-v" "/var/lib/crater-agent-workspace/builds/worker-3-tc1/target:/opt/rustwide/target:rw,Z" "-v" "/var/lib/crater-agent-workspace/builds/worker-3-tc1/source:/opt/rustwide/workdir:ro,Z" "-v" "/var/lib/crater-agent-workspace/cargo-home:/opt/rustwide/cargo-home:ro,Z" "-v" "/var/lib/crater-agent-workspace/rustup-home:/opt/rustwide/rustup-home:ro,Z" "-e" "SOURCE_DIR=/opt/rustwide/workdir" "-e" "CARGO_TARGET_DIR=/opt/rustwide/target" "-e" "CARGO_HOME=/opt/rustwide/cargo-home" "-e" "RUSTUP_HOME=/opt/rustwide/rustup-home" "-w" "/opt/rustwide/workdir" "-m" "1610612736" "--user" "0:0" "--network" "none" "ghcr.io/rust-lang/crates-build-env/linux@sha256:4a844ea9eb2546a2d2c7022eacef16ef2e8229c7fbb2c7d4d55a9ceca922f72d" "/opt/rustwide/cargo-home/bin/cargo" "+nightly-2024-10-28" "metadata" "--no-deps" "--format-version=1", kill_on_drop: false }`
[INFO] [stdout] b1b237118dd2fadf174625982a6ef434015dce0bc8a78e1426381c51440db779
[INFO] running `Command { std: "docker" "start" "-a" "b1b237118dd2fadf174625982a6ef434015dce0bc8a78e1426381c51440db779", kill_on_drop: false }`
[INFO] running `Command { std: "docker" "inspect" "b1b237118dd2fadf174625982a6ef434015dce0bc8a78e1426381c51440db779", kill_on_drop: false }`
[INFO] running `Command { std: "docker" "rm" "-f" "b1b237118dd2fadf174625982a6ef434015dce0bc8a78e1426381c51440db779", kill_on_drop: false }`
[INFO] [stdout] b1b237118dd2fadf174625982a6ef434015dce0bc8a78e1426381c51440db779
[INFO] running `Command { std: "docker" "create" "-v" "/var/lib/crater-agent-workspace/builds/worker-3-tc1/target:/opt/rustwide/target:rw,Z" "-v" "/var/lib/crater-agent-workspace/builds/worker-3-tc1/source:/opt/rustwide/workdir:ro,Z" "-v" "/var/lib/crater-agent-workspace/cargo-home:/opt/rustwide/cargo-home:ro,Z" "-v" "/var/lib/crater-agent-workspace/rustup-home:/opt/rustwide/rustup-home:ro,Z" "-e" "SOURCE_DIR=/opt/rustwide/workdir" "-e" "CARGO_TARGET_DIR=/opt/rustwide/target" "-e" "CARGO_INCREMENTAL=0" "-e" "RUST_BACKTRACE=full" "-e" "RUSTFLAGS=--cap-lints=forbid" "-e" "RUSTDOCFLAGS=--cap-lints=forbid" "-e" "CARGO_HOME=/opt/rustwide/cargo-home" "-e" "RUSTUP_HOME=/opt/rustwide/rustup-home" "-w" "/opt/rustwide/workdir" "-m" "1610612736" "--user" "0:0" "--network" "none" "ghcr.io/rust-lang/crates-build-env/linux@sha256:4a844ea9eb2546a2d2c7022eacef16ef2e8229c7fbb2c7d4d55a9ceca922f72d" "/opt/rustwide/cargo-home/bin/cargo" "+nightly-2024-10-28" "build" "--frozen" "--message-format=json", kill_on_drop: false }`
[INFO] [stdout] dcfef63ff52ef778e0c62e97e80b6556c3a78b6e5651b32674a5f53f59929477
[INFO] running `Command { std: "docker" "start" "-a" "dcfef63ff52ef778e0c62e97e80b6556c3a78b6e5651b32674a5f53f59929477", kill_on_drop: false }`
[INFO] [stderr]    Compiling proc-macro2 v1.0.86
[INFO] [stderr]    Compiling futures-core v0.3.30
[INFO] [stderr]    Compiling pin-project-lite v0.2.14
[INFO] [stderr]    Compiling libc v0.2.159
[INFO] [stderr]    Compiling version_check v0.9.5
[INFO] [stderr]    Compiling itoa v1.0.11
[INFO] [stderr]    Compiling slab v0.4.9
[INFO] [stderr]    Compiling bytes v1.7.2
[INFO] [stderr]    Compiling futures-task v0.3.30
[INFO] [stderr]    Compiling pin-utils v0.1.0
[INFO] [stderr]    Compiling fnv v1.0.7
[INFO] [stderr]    Compiling syn v1.0.109
[INFO] [stderr]    Compiling serde v1.0.210
[INFO] [stderr]    Compiling httparse v1.9.5
[INFO] [stderr]    Compiling proc-macro-error-attr v1.0.4
[INFO] [stderr]    Compiling tinyvec_macros v0.1.1
[INFO] [stderr]    Compiling tinyvec v1.8.0
[INFO] [stderr]    Compiling proc-macro-error v1.0.4
[INFO] [stderr]    Compiling once_cell v1.20.1
[INFO] [stderr]    Compiling percent-encoding v2.3.1
[INFO] [stderr]    Compiling try-lock v0.2.5
[INFO] [stderr]    Compiling want v0.3.1
[INFO] [stderr]    Compiling form_urlencoded v1.2.1
[INFO] [stderr]    Compiling http v1.1.0
[INFO] [stderr]    Compiling tracing-core v0.1.32
[INFO] [stderr]    Compiling futures-channel v0.3.30
[INFO] [stderr]    Compiling either v1.13.0
[INFO] [stderr]    Compiling quote v1.0.37
[INFO] [stderr]    Compiling mio v1.0.2
[INFO] [stderr]    Compiling socket2 v0.5.7
[INFO] [stderr]    Compiling syn v2.0.79
[INFO] [stderr]    Compiling unicode-normalization v0.1.24
[INFO] [stderr]    Compiling http-body v1.0.1
[INFO] [stderr]    Compiling tower-service v0.3.3
[INFO] [stderr]    Compiling tokio v1.40.0
[INFO] [stderr]    Compiling yansi v1.0.1
[INFO] [stderr]    Compiling diff v0.1.13
[INFO] [stderr]    Compiling smallvec v1.13.2
[INFO] [stderr]    Compiling unicode-bidi v0.3.17
[INFO] [stderr]    Compiling ryu v1.0.18
[INFO] [stderr]    Compiling pretty_assertions v1.4.1
[INFO] [stderr]    Compiling itertools v0.12.1
[INFO] [stderr]    Compiling tracing v0.1.40
[INFO] [stderr]    Compiling thiserror v1.0.64
[INFO] [stderr]    Compiling futures-sink v0.3.30
[INFO] [stderr]    Compiling sync_wrapper v1.0.1
[INFO] [stderr]    Compiling base64 v0.22.1
[INFO] [stderr]    Compiling serde_json v1.0.128
[INFO] [stderr]    Compiling mime v0.3.17
[INFO] [stderr]    Compiling idna v0.5.0
[INFO] [stderr]    Compiling ipnet v2.10.0
[INFO] [stderr]    Compiling tower-layer v0.3.3
[INFO] [stderr]    Compiling sync_wrapper v0.1.2
[INFO] [stderr]    Compiling url v2.5.2
[INFO] [stderr]    Compiling tokio-util v0.7.12
[INFO] [stderr]    Compiling futures-macro v0.3.30
[INFO] [stderr]    Compiling serde_derive v1.0.210
[INFO] [stderr]    Compiling pin-project-internal v1.1.5
[INFO] [stderr]    Compiling thiserror-impl v1.0.64
[INFO] [stderr]    Compiling include-utils-macro v0.2.2
[INFO] [stderr]    Compiling include-utils v0.2.2
[INFO] [stderr]    Compiling futures-util v0.3.30
[INFO] [stderr]    Compiling pin-project v1.1.5
[INFO] [stderr]    Compiling hyper v1.4.1
[INFO] [stderr]    Compiling http-body-util v0.1.2
[INFO] [stderr]    Compiling tower v0.5.1
[INFO] [stderr]    Compiling hyper-util v0.1.9
[INFO] [stderr]    Compiling serde_urlencoded v0.7.1
[INFO] [stderr]    Compiling reqwest v0.12.8
[INFO] [stderr]    Compiling tower-reqwest v0.4.0
[INFO] [stderr]    Compiling tower-http-client v0.4.0 (/opt/rustwide/workdir)
[INFO] [stderr]     Finished `dev` profile [unoptimized + debuginfo] target(s) in 33.34s
[INFO] running `Command { std: "docker" "inspect" "dcfef63ff52ef778e0c62e97e80b6556c3a78b6e5651b32674a5f53f59929477", kill_on_drop: false }`
[INFO] running `Command { std: "docker" "rm" "-f" "dcfef63ff52ef778e0c62e97e80b6556c3a78b6e5651b32674a5f53f59929477", kill_on_drop: false }`
[INFO] [stdout] dcfef63ff52ef778e0c62e97e80b6556c3a78b6e5651b32674a5f53f59929477
[INFO] running `Command { std: "docker" "create" "-v" "/var/lib/crater-agent-workspace/builds/worker-3-tc1/target:/opt/rustwide/target:rw,Z" "-v" "/var/lib/crater-agent-workspace/builds/worker-3-tc1/source:/opt/rustwide/workdir:ro,Z" "-v" "/var/lib/crater-agent-workspace/cargo-home:/opt/rustwide/cargo-home:ro,Z" "-v" "/var/lib/crater-agent-workspace/rustup-home:/opt/rustwide/rustup-home:ro,Z" "-e" "SOURCE_DIR=/opt/rustwide/workdir" "-e" "CARGO_TARGET_DIR=/opt/rustwide/target" "-e" "CARGO_INCREMENTAL=0" "-e" "RUST_BACKTRACE=full" "-e" "RUSTFLAGS=--cap-lints=forbid" "-e" "RUSTDOCFLAGS=--cap-lints=forbid" "-e" "CARGO_HOME=/opt/rustwide/cargo-home" "-e" "RUSTUP_HOME=/opt/rustwide/rustup-home" "-w" "/opt/rustwide/workdir" "-m" "1610612736" "--user" "0:0" "--network" "none" "ghcr.io/rust-lang/crates-build-env/linux@sha256:4a844ea9eb2546a2d2c7022eacef16ef2e8229c7fbb2c7d4d55a9ceca922f72d" "/opt/rustwide/cargo-home/bin/cargo" "+nightly-2024-10-28" "test" "--frozen" "--no-run" "--message-format=json", kill_on_drop: false }`
[INFO] [stdout] a21c17dff3b7f326316d5e7d578167a9ef09aab8267273b9404b71963c84cd73
[INFO] running `Command { std: "docker" "start" "-a" "a21c17dff3b7f326316d5e7d578167a9ef09aab8267273b9404b71963c84cd73", kill_on_drop: false }`
[INFO] [stderr]    Compiling memchr v2.7.4
[INFO] [stderr]    Compiling futures-channel v0.3.30
[INFO] [stderr]    Compiling futures-io v0.3.30
[INFO] [stderr]    Compiling tokio-macros v2.4.0
[INFO] [stderr]    Compiling equivalent v1.0.1
[INFO] [stderr]    Compiling hashbrown v0.15.0
[INFO] [stderr]    Compiling atomic-waker v1.1.2
[INFO] [stderr]    Compiling httpdate v1.0.3
[INFO] [stderr]    Compiling zerocopy-derive v0.7.35
[INFO] [stderr]    Compiling byteorder v1.5.0
[INFO] [stderr]    Compiling getrandom v0.2.15
[INFO] [stderr]    Compiling rand_core v0.6.4
[INFO] [stderr]    Compiling async-trait v0.1.83
[INFO] [stderr]    Compiling num_cpus v1.16.0
[INFO] [stderr]    Compiling deadpool-runtime v0.1.4
[INFO] [stderr]    Compiling anyhow v1.0.89
[INFO] [stderr]    Compiling bitflags v2.6.0
[INFO] [stderr]    Compiling tokio v1.40.0
[INFO] [stderr]    Compiling futures-util v0.3.30
[INFO] [stderr]    Compiling aho-corasick v1.1.3
[INFO] [stderr]    Compiling indexmap v2.6.0
[INFO] [stderr]    Compiling serde_json v1.0.128
[INFO] [stderr]    Compiling zerocopy v0.7.35
[INFO] [stderr]    Compiling assert-json-diff v2.0.2
[INFO] [stderr]    Compiling regex-automata v0.4.8
[INFO] [stderr]    Compiling ppv-lite86 v0.2.20
[INFO] [stderr]    Compiling rand_chacha v0.3.1
[INFO] [stderr]    Compiling rand v0.8.5
[INFO] [stderr]    Compiling retry-policies v0.4.0
[INFO] [stderr]    Compiling http-body-util v0.1.2
[INFO] [stderr]    Compiling futures-executor v0.3.30
[INFO] [stderr]    Compiling regex v1.11.0
[INFO] [stderr]    Compiling futures v0.3.30
[INFO] [stderr]    Compiling tokio-util v0.7.12
[INFO] [stderr]    Compiling deadpool v0.10.0
[INFO] [stderr]    Compiling h2 v0.4.6
[INFO] [stderr]    Compiling tower v0.5.1
[INFO] [stderr]    Compiling tower-http v0.6.1
[INFO] [stderr]    Compiling hyper v1.4.1
[INFO] [stderr]    Compiling hyper-util v0.1.9
[INFO] [stderr]    Compiling reqwest v0.12.8
[INFO] [stderr]    Compiling wiremock v0.6.2
[INFO] [stderr]    Compiling tower-reqwest v0.4.0
[INFO] [stderr]    Compiling tower-http-client v0.4.0 (/opt/rustwide/workdir)
[INFO] [stderr]     Finished `test` profile [unoptimized + debuginfo] target(s) in 33.07s
[INFO] running `Command { std: "docker" "inspect" "a21c17dff3b7f326316d5e7d578167a9ef09aab8267273b9404b71963c84cd73", kill_on_drop: false }`
[INFO] running `Command { std: "docker" "rm" "-f" "a21c17dff3b7f326316d5e7d578167a9ef09aab8267273b9404b71963c84cd73", kill_on_drop: false }`
[INFO] [stdout] a21c17dff3b7f326316d5e7d578167a9ef09aab8267273b9404b71963c84cd73
[INFO] running `Command { std: "docker" "create" "-v" "/var/lib/crater-agent-workspace/builds/worker-3-tc1/target:/opt/rustwide/target:rw,Z" "-v" "/var/lib/crater-agent-workspace/builds/worker-3-tc1/source:/opt/rustwide/workdir:ro,Z" "-v" "/var/lib/crater-agent-workspace/cargo-home:/opt/rustwide/cargo-home:ro,Z" "-v" "/var/lib/crater-agent-workspace/rustup-home:/opt/rustwide/rustup-home:ro,Z" "-e" "SOURCE_DIR=/opt/rustwide/workdir" "-e" "CARGO_TARGET_DIR=/opt/rustwide/target" "-e" "CARGO_INCREMENTAL=0" "-e" "RUST_BACKTRACE=full" "-e" "RUSTFLAGS=--cap-lints=forbid" "-e" "RUSTDOCFLAGS=--cap-lints=forbid" "-e" "CARGO_HOME=/opt/rustwide/cargo-home" "-e" "RUSTUP_HOME=/opt/rustwide/rustup-home" "-w" "/opt/rustwide/workdir" "-m" "1610612736" "--user" "0:0" "--network" "none" "ghcr.io/rust-lang/crates-build-env/linux@sha256:4a844ea9eb2546a2d2c7022eacef16ef2e8229c7fbb2c7d4d55a9ceca922f72d" "/opt/rustwide/cargo-home/bin/cargo" "+nightly-2024-10-28" "test" "--frozen", kill_on_drop: false }`
[INFO] [stdout] 1fcdd04e903d3200a60dd08972cd0133c899ad4fa46c652255612b252c4b8dba
[INFO] running `Command { std: "docker" "start" "-a" "1fcdd04e903d3200a60dd08972cd0133c899ad4fa46c652255612b252c4b8dba", kill_on_drop: false }`
[INFO] [stderr]     Finished `test` profile [unoptimized + debuginfo] target(s) in 0.21s
[INFO] [stderr]      Running unittests src/lib.rs (/opt/rustwide/target/debug/deps/tower_http_client-28a8a6e04ca6a718)
[INFO] [stdout] 
[INFO] [stdout] running 1 test
[INFO] [stdout] test client::into_uri::tests::test_url_to_uri_smoke ... ok
[INFO] [stdout] 
[INFO] [stdout] test result: ok. 1 passed; 0 failed; 0 ignored; 0 measured; 0 filtered out; finished in 0.00s
[INFO] [stdout] 
[INFO] [stderr]      Running tests/service_ext.rs (/opt/rustwide/target/debug/deps/service_ext-290b4ba1d0bcf9ed)
[INFO] [stdout] 
[INFO] [stdout] running 4 tests
[INFO] [stdout] test test_service_ext_request_builder_methods ... ok
[INFO] [stdout] test test_service_ext_put_json ... ok
[INFO] [stdout] test test_service_ext_execute ... ok
[INFO] [stdout] test test_service_ext_get ... ok
[INFO] [stdout] 
[INFO] [stdout] test result: ok. 4 passed; 0 failed; 0 ignored; 0 measured; 0 filtered out; finished in 0.01s
[INFO] [stdout] 
[INFO] [stderr]    Doc-tests tower_http_client
[INFO] [stdout] 
[INFO] [stdout] running 7 tests
[INFO] [stdout] test src/client/response_ext.rs - client::response_ext::ResponseExt::body_reader (line 9) - compile ... ok
[INFO] [stdout] test src/client/body_reader.rs - client::body_reader::BodyReader<B>::bytes (line 36) ... ok
[INFO] [stdout] test src/client/body_reader.rs - client::body_reader::BodyReader<B>::utf8 (line 67) ... ok
[INFO] [stdout] test src/client/body_reader.rs - client::body_reader::BodyReader<B>::json (line 93) ... ok
[INFO] [stdout] test src/client/service_ext.rs - client::service_ext::ServiceExt (line 16) ... FAILED
[INFO] [stdout] test src/lib.rs - (line 24) ... FAILED
[INFO] [stdout] test src/lib.rs - (line 78) ... ok
[INFO] [stdout] 
[INFO] [stdout] failures:
[INFO] [stdout] 
[INFO] [stdout] ---- src/client/service_ext.rs - client::service_ext::ServiceExt (line 16) stdout ----
[INFO] [stdout] Test executable failed (exit status: 1).
[INFO] [stdout] 
[INFO] [stdout] stderr:
[INFO] [stdout] Error: Client error: error sending request for url (http://ip.jsontest.com/)
[INFO] [stdout] 
[INFO] [stdout] Stack backtrace:
[INFO] [stdout]    0: anyhow::error::<impl core::convert::From<E> for anyhow::Error>::from
[INFO] [stdout]    1: core::ops::function::FnOnce::call_once
[INFO] [stdout]    2: <T as futures_util::fns::FnOnce1<A>>::call_once
[INFO] [stdout]    3: <futures_util::fns::MapErrFn<F> as futures_util::fns::FnOnce1<core::result::Result<T,E>>>::call_once::{{closure}}
[INFO] [stdout]    4: core::result::Result<T,E>::map_err
[INFO] [stdout]    5: <futures_util::fns::MapErrFn<F> as futures_util::fns::FnOnce1<core::result::Result<T,E>>>::call_once
[INFO] [stdout]    6: <futures_util::future::future::map::Map<Fut,F> as core::future::future::Future>::poll
[INFO] [stdout]    7: <futures_util::future::future::Map<Fut,F> as core::future::future::Future>::poll
[INFO] [stdout]    8: <futures_util::future::try_future::MapErr<Fut,F> as core::future::future::Future>::poll
[INFO] [stdout]    9: <tower::util::map_err::MapErrFuture<F,N> as core::future::future::Future>::poll
[INFO] [stdout]   10: <core::pin::Pin<P> as core::future::future::Future>::poll
[INFO] [stdout]   11: <S as tower_http_client::client::service_ext::ServiceExt<ReqBody,RespBody,Err>>::execute::{{closure}}
[INFO] [stdout]   12: rust_out::main::{{closure}}
[INFO] [stdout]   13: tokio::runtime::park::CachedParkThread::block_on::{{closure}}
[INFO] [stdout]   14: tokio::runtime::park::CachedParkThread::block_on
[INFO] [stdout]   15: tokio::runtime::context::blocking::BlockingRegionGuard::block_on
[INFO] [stdout]   16: tokio::runtime::scheduler::multi_thread::MultiThread::block_on::{{closure}}
[INFO] [stdout]   17: tokio::runtime::context::runtime::enter_runtime
[INFO] [stdout]   18: tokio::runtime::scheduler::multi_thread::MultiThread::block_on
[INFO] [stdout]   19: tokio::runtime::runtime::Runtime::block_on_inner
[INFO] [stdout]   20: tokio::runtime::runtime::Runtime::block_on
[INFO] [stdout]   21: rust_out::main
[INFO] [stdout]   22: core::ops::function::FnOnce::call_once
[INFO] [stdout]   23: std::sys::backtrace::__rust_begin_short_backtrace
[INFO] [stdout]   24: std::rt::lang_start::{{closure}}
[INFO] [stdout]   25: core::ops::function::impls::<impl core::ops::function::FnOnce<A> for &F>::call_once
[INFO] [stdout]              at /rustc/df4ca44d3fbc9301ee17f30f4d474e6ae4b05252/library/core/src/ops/function.rs:284:13
[INFO] [stdout]   26: std::panicking::try::do_call
[INFO] [stdout]              at /rustc/df4ca44d3fbc9301ee17f30f4d474e6ae4b05252/library/std/src/panicking.rs:557:40
[INFO] [stdout]   27: std::panicking::try
[INFO] [stdout]              at /rustc/df4ca44d3fbc9301ee17f30f4d474e6ae4b05252/library/std/src/panicking.rs:520:19
[INFO] [stderr] error: doctest failed, to rerun pass `--doc`
[INFO] [stdout]   28: std::panic::catch_unwind
[INFO] [stdout]              at /rustc/df4ca44d3fbc9301ee17f30f4d474e6ae4b05252/library/std/src/panic.rs:358:14
[INFO] [stdout]   29: std::rt::lang_start_internal::{{closure}}
[INFO] [stdout]              at /rustc/df4ca44d3fbc9301ee17f30f4d474e6ae4b05252/library/std/src/rt.rs:174:48
[INFO] [stdout]   30: std::panicking::try::do_call
[INFO] [stdout]              at /rustc/df4ca44d3fbc9301ee17f30f4d474e6ae4b05252/library/std/src/panicking.rs:557:40
[INFO] [stdout]   31: std::panicking::try
[INFO] [stdout]              at /rustc/df4ca44d3fbc9301ee17f30f4d474e6ae4b05252/library/std/src/panicking.rs:520:19
[INFO] [stdout]   32: std::panic::catch_unwind
[INFO] [stdout]              at /rustc/df4ca44d3fbc9301ee17f30f4d474e6ae4b05252/library/std/src/panic.rs:358:14
[INFO] [stdout]   33: std::rt::lang_start_internal
[INFO] [stdout]              at /rustc/df4ca44d3fbc9301ee17f30f4d474e6ae4b05252/library/std/src/rt.rs:174:20
[INFO] [stdout]   34: std::rt::lang_start
[INFO] [stdout]   35: main
[INFO] [stdout]   36: <unknown>
[INFO] [stdout]   37: __libc_start_main
[INFO] [stdout]   38: _start
[INFO] [stdout] 
[INFO] [stdout] 
[INFO] [stdout] ---- src/lib.rs - (line 24) stdout ----
[INFO] [stdout] Test executable failed (exit status: 1).
[INFO] [stdout] 
[INFO] [stdout] stderr:
[INFO] [stdout] Error: Client error: error sending request for url (http://ip.jsontest.com/)
[INFO] [stdout] 
[INFO] [stdout] Stack backtrace:
[INFO] [stdout]    0: anyhow::error::<impl core::convert::From<E> for anyhow::Error>::from
[INFO] [stdout]    1: core::ops::function::FnOnce::call_once
[INFO] [stdout]    2: <T as futures_util::fns::FnOnce1<A>>::call_once
[INFO] [stdout]    3: <futures_util::fns::MapErrFn<F> as futures_util::fns::FnOnce1<core::result::Result<T,E>>>::call_once::{{closure}}
[INFO] [stdout]    4: core::result::Result<T,E>::map_err
[INFO] [stdout]    5: <futures_util::fns::MapErrFn<F> as futures_util::fns::FnOnce1<core::result::Result<T,E>>>::call_once
[INFO] [stdout]    6: <futures_util::future::future::map::Map<Fut,F> as core::future::future::Future>::poll
[INFO] [stdout]    7: <futures_util::future::future::Map<Fut,F> as core::future::future::Future>::poll
[INFO] [stdout]    8: <futures_util::future::try_future::MapErr<Fut,F> as core::future::future::Future>::poll
[INFO] [stdout]    9: <tower::util::map_err::MapErrFuture<F,N> as core::future::future::Future>::poll
[INFO] [stdout]   10: <core::pin::Pin<P> as core::future::future::Future>::poll
[INFO] [stdout]   11: <S as tower_http_client::client::service_ext::ServiceExt<ReqBody,RespBody,Err>>::execute::{{closure}}
[INFO] [stdout]   12: rust_out::main::{{closure}}
[INFO] [stdout]   13: tokio::runtime::park::CachedParkThread::block_on::{{closure}}
[INFO] [stdout]   14: tokio::runtime::park::CachedParkThread::block_on
[INFO] [stdout]   15: tokio::runtime::context::blocking::BlockingRegionGuard::block_on
[INFO] [stdout]   16: tokio::runtime::scheduler::multi_thread::MultiThread::block_on::{{closure}}
[INFO] [stdout]   17: tokio::runtime::context::runtime::enter_runtime
[INFO] [stdout]   18: tokio::runtime::scheduler::multi_thread::MultiThread::block_on
[INFO] [stdout]   19: tokio::runtime::runtime::Runtime::block_on_inner
[INFO] [stdout]   20: tokio::runtime::runtime::Runtime::block_on
[INFO] [stdout]   21: rust_out::main
[INFO] [stdout]   22: core::ops::function::FnOnce::call_once
[INFO] [stdout]   23: std::sys::backtrace::__rust_begin_short_backtrace
[INFO] [stdout]   24: std::rt::lang_start::{{closure}}
[INFO] [stdout]   25: core::ops::function::impls::<impl core::ops::function::FnOnce<A> for &F>::call_once
[INFO] [stdout]              at /rustc/df4ca44d3fbc9301ee17f30f4d474e6ae4b05252/library/core/src/ops/function.rs:284:13
[INFO] [stdout]   26: std::panicking::try::do_call
[INFO] [stdout]              at /rustc/df4ca44d3fbc9301ee17f30f4d474e6ae4b05252/library/std/src/panicking.rs:557:40
[INFO] [stdout]   27: std::panicking::try
[INFO] [stdout]              at /rustc/df4ca44d3fbc9301ee17f30f4d474e6ae4b05252/library/std/src/panicking.rs:520:19
[INFO] [stdout]   28: std::panic::catch_unwind
[INFO] [stdout]              at /rustc/df4ca44d3fbc9301ee17f30f4d474e6ae4b05252/library/std/src/panic.rs:358:14
[INFO] [stdout]   29: std::rt::lang_start_internal::{{closure}}
[INFO] [stdout]              at /rustc/df4ca44d3fbc9301ee17f30f4d474e6ae4b05252/library/std/src/rt.rs:174:48
[INFO] [stdout]   30: std::panicking::try::do_call
[INFO] [stdout]              at /rustc/df4ca44d3fbc9301ee17f30f4d474e6ae4b05252/library/std/src/panicking.rs:557:40
[INFO] [stdout]   31: std::panicking::try
[INFO] [stdout]              at /rustc/df4ca44d3fbc9301ee17f30f4d474e6ae4b05252/library/std/src/panicking.rs:520:19
[INFO] [stdout]   32: std::panic::catch_unwind
[INFO] [stdout]              at /rustc/df4ca44d3fbc9301ee17f30f4d474e6ae4b05252/library/std/src/panic.rs:358:14
[INFO] [stdout]   33: std::rt::lang_start_internal
[INFO] [stdout]              at /rustc/df4ca44d3fbc9301ee17f30f4d474e6ae4b05252/library/std/src/rt.rs:174:20
[INFO] [stdout]   34: std::rt::lang_start
[INFO] [stdout]   35: main
[INFO] [stdout]   36: <unknown>
[INFO] [stdout]   37: __libc_start_main
[INFO] [stdout]   38: _start
[INFO] [stdout] 
[INFO] [stdout] 
[INFO] [stdout] 
[INFO] [stdout] failures:
[INFO] [stdout]     src/client/service_ext.rs - client::service_ext::ServiceExt (line 16)
[INFO] [stdout]     src/lib.rs - (line 24)
[INFO] [stdout] 
[INFO] [stdout] test result: FAILED. 5 passed; 2 failed; 0 ignored; 0 measured; 0 filtered out; finished in 14.88s
[INFO] [stdout] 
[INFO] running `Command { std: "docker" "inspect" "1fcdd04e903d3200a60dd08972cd0133c899ad4fa46c652255612b252c4b8dba", kill_on_drop: false }`
[INFO] running `Command { std: "docker" "rm" "-f" "1fcdd04e903d3200a60dd08972cd0133c899ad4fa46c652255612b252c4b8dba", kill_on_drop: false }`
[INFO] [stdout] 1fcdd04e903d3200a60dd08972cd0133c899ad4fa46c652255612b252c4b8dba
