[INFO] fetching crate tosho-kmkc 0.5.0...
[INFO] testing tosho-kmkc-0.5.0 against nightly-2024-10-28+rustflags=-Zrandomize-layout for randomize-layout
[INFO] extracting crate tosho-kmkc 0.5.0 into /workspace/builds/worker-2-tc2/source
[INFO] validating manifest of crates.io crate tosho-kmkc 0.5.0 on toolchain nightly-2024-10-28
[INFO] running `Command { std: CARGO_HOME="/workspace/cargo-home" RUSTUP_HOME="/workspace/rustup-home" "/workspace/cargo-home/bin/cargo" "+nightly-2024-10-28" "metadata" "--manifest-path" "Cargo.toml" "--no-deps", kill_on_drop: false }`
[INFO] started tweaking crates.io crate tosho-kmkc 0.5.0
[INFO] finished tweaking crates.io crate tosho-kmkc 0.5.0
[INFO] tweaked toml for crates.io crate tosho-kmkc 0.5.0 written to /workspace/builds/worker-2-tc2/source/Cargo.toml
[INFO] running `Command { std: CARGO_HOME="/workspace/cargo-home" RUSTUP_HOME="/workspace/rustup-home" "/workspace/cargo-home/bin/cargo" "+nightly-2024-10-28" "generate-lockfile" "--manifest-path" "Cargo.toml", kill_on_drop: false }`
[INFO] [stderr]     Updating crates.io index
[INFO] [stderr]      Locking 213 packages to latest compatible versions
[INFO] [stderr]       Adding documented v0.5.0 (available: v0.8.0)
[INFO] running `Command { std: CARGO_HOME="/workspace/cargo-home" RUSTUP_HOME="/workspace/rustup-home" "/workspace/cargo-home/bin/cargo" "+nightly-2024-10-28" "fetch" "--manifest-path" "Cargo.toml", kill_on_drop: false }`
[INFO] running `Command { std: "docker" "create" "-v" "/var/lib/crater-agent-workspace/builds/worker-2-tc2/target:/opt/rustwide/target:rw,Z" "-v" "/var/lib/crater-agent-workspace/builds/worker-2-tc2/source:/opt/rustwide/workdir:ro,Z" "-v" "/var/lib/crater-agent-workspace/cargo-home:/opt/rustwide/cargo-home:ro,Z" "-v" "/var/lib/crater-agent-workspace/rustup-home:/opt/rustwide/rustup-home:ro,Z" "-e" "SOURCE_DIR=/opt/rustwide/workdir" "-e" "CARGO_TARGET_DIR=/opt/rustwide/target" "-e" "CARGO_HOME=/opt/rustwide/cargo-home" "-e" "RUSTUP_HOME=/opt/rustwide/rustup-home" "-w" "/opt/rustwide/workdir" "-m" "1610612736" "--user" "0:0" "--network" "none" "ghcr.io/rust-lang/crates-build-env/linux@sha256:4a844ea9eb2546a2d2c7022eacef16ef2e8229c7fbb2c7d4d55a9ceca922f72d" "/opt/rustwide/cargo-home/bin/cargo" "+nightly-2024-10-28" "metadata" "--no-deps" "--format-version=1", kill_on_drop: false }`
[INFO] [stdout] 8e826c6960662ddcb0aa3e8e41452bb931c8bbdfb3c9ec7b33445df2070da90c
[INFO] running `Command { std: "docker" "start" "-a" "8e826c6960662ddcb0aa3e8e41452bb931c8bbdfb3c9ec7b33445df2070da90c", kill_on_drop: false }`
[INFO] running `Command { std: "docker" "inspect" "8e826c6960662ddcb0aa3e8e41452bb931c8bbdfb3c9ec7b33445df2070da90c", kill_on_drop: false }`
[INFO] running `Command { std: "docker" "rm" "-f" "8e826c6960662ddcb0aa3e8e41452bb931c8bbdfb3c9ec7b33445df2070da90c", kill_on_drop: false }`
[INFO] [stdout] 8e826c6960662ddcb0aa3e8e41452bb931c8bbdfb3c9ec7b33445df2070da90c
[INFO] running `Command { std: "docker" "create" "-v" "/var/lib/crater-agent-workspace/builds/worker-2-tc2/target:/opt/rustwide/target:rw,Z" "-v" "/var/lib/crater-agent-workspace/builds/worker-2-tc2/source:/opt/rustwide/workdir:ro,Z" "-v" "/var/lib/crater-agent-workspace/cargo-home:/opt/rustwide/cargo-home:ro,Z" "-v" "/var/lib/crater-agent-workspace/rustup-home:/opt/rustwide/rustup-home:ro,Z" "-e" "SOURCE_DIR=/opt/rustwide/workdir" "-e" "CARGO_TARGET_DIR=/opt/rustwide/target" "-e" "CARGO_INCREMENTAL=0" "-e" "RUST_BACKTRACE=full" "-e" "RUSTFLAGS=--cap-lints=forbid -Zrandomize-layout" "-e" "RUSTDOCFLAGS=--cap-lints=forbid" "-e" "CARGO_HOME=/opt/rustwide/cargo-home" "-e" "RUSTUP_HOME=/opt/rustwide/rustup-home" "-w" "/opt/rustwide/workdir" "-m" "1610612736" "--user" "0:0" "--network" "none" "ghcr.io/rust-lang/crates-build-env/linux@sha256:4a844ea9eb2546a2d2c7022eacef16ef2e8229c7fbb2c7d4d55a9ceca922f72d" "/opt/rustwide/cargo-home/bin/cargo" "+nightly-2024-10-28" "build" "--frozen" "--message-format=json", kill_on_drop: false }`
[INFO] [stdout] e64fae80cbfb8fc0b464107a5d886bf36a1f845899c54661345d7d19a09cba45
[INFO] running `Command { std: "docker" "start" "-a" "e64fae80cbfb8fc0b464107a5d886bf36a1f845899c54661345d7d19a09cba45", kill_on_drop: false }`
[INFO] [stderr]    Compiling smallvec v1.13.2
[INFO] [stderr]    Compiling futures-core v0.3.31
[INFO] [stderr]    Compiling pkg-config v0.3.31
[INFO] [stderr]    Compiling tracing-core v0.1.32
[INFO] [stderr]    Compiling ring v0.17.8
[INFO] [stderr]    Compiling futures-sink v0.3.31
[INFO] [stderr]    Compiling rustls-pki-types v1.10.0
[INFO] [stderr]    Compiling hashbrown v0.15.0
[INFO] [stderr]    Compiling equivalent v1.0.1
[INFO] [stderr]    Compiling syn v2.0.86
[INFO] [stderr]    Compiling unicode-normalization v0.1.24
[INFO] [stderr]    Compiling getrandom v0.2.15
[INFO] [stderr]    Compiling http-body v1.0.1
[INFO] [stderr]    Compiling atomic-waker v1.1.2
[INFO] [stderr]    Compiling foreign-types-shared v0.1.1
[INFO] [stderr]    Compiling try-lock v0.2.5
[INFO] [stderr]    Compiling unicode-bidi v0.3.17
[INFO] [stderr]    Compiling crossbeam-utils v0.8.20
[INFO] [stderr]    Compiling spin v0.9.8
[INFO] [stderr]    Compiling untrusted v0.9.0
[INFO] [stderr]    Compiling openssl v0.10.68
[INFO] [stderr]    Compiling want v0.3.1
[INFO] [stderr]    Compiling parking_lot_core v0.9.10
[INFO] [stderr]    Compiling foreign-types v0.3.2
[INFO] [stderr]    Compiling futures-channel v0.3.31
[INFO] [stderr]    Compiling num-conv v0.1.0
[INFO] [stderr]    Compiling powerfmt v0.2.0
[INFO] [stderr]    Compiling time-core v0.1.2
[INFO] [stderr]    Compiling rustls v0.23.16
[INFO] [stderr]    Compiling native-tls v0.2.12
[INFO] [stderr]    Compiling parking_lot v0.12.3
[INFO] [stderr]    Compiling tracing v0.1.40
[INFO] [stderr]    Compiling time-macros v0.2.18
[INFO] [stderr]    Compiling deranged v0.3.11
[INFO] [stderr]    Compiling cookie v0.18.1
[INFO] [stderr]    Compiling rand_core v0.6.4
[INFO] [stderr]    Compiling indexmap v2.6.0
[INFO] [stderr]    Compiling either v1.13.0
[INFO] [stderr]    Compiling tower-service v0.3.3
[INFO] [stderr]    Compiling subtle v2.6.1
[INFO] [stderr]    Compiling zeroize v1.8.1
[INFO] [stderr]    Compiling openssl-probe v0.1.5
[INFO] [stderr]    Compiling openssl-sys v0.9.104
[INFO] [stderr]    Compiling siphasher v0.3.11
[INFO] [stderr]    Compiling simd-adler32 v0.3.7
[INFO] [stderr]    Compiling idna v0.3.0
[INFO] [stderr]    Compiling idna v0.5.0
[INFO] [stderr]    Compiling rand v0.8.5
[INFO] [stderr]    Compiling phf_shared v0.11.2
[INFO] [stderr]    Compiling num-traits v0.2.19
[INFO] [stderr]    Compiling adler2 v2.0.0
[INFO] [stderr]    Compiling psl-types v2.0.11
[INFO] [stderr]    Compiling rayon-core v1.12.1
[INFO] [stderr]    Compiling crossbeam-epoch v0.9.18
[INFO] [stderr]    Compiling miniz_oxide v0.8.0
[INFO] [stderr]    Compiling webpki-roots v0.26.6
[INFO] [stderr]    Compiling crc32fast v1.4.2
[INFO] [stderr]    Compiling fdeflate v0.3.6
[INFO] [stderr]    Compiling url v2.5.2
[INFO] [stderr]    Compiling rustls-pemfile v2.2.0
[INFO] [stderr]    Compiling publicsuffix v2.2.3
[INFO] [stderr]    Compiling sync_wrapper v1.0.1
[INFO] [stderr]    Compiling encoding_rs v0.8.35
[INFO] [stderr]    Compiling crossbeam-deque v0.8.5
[INFO] [stderr]    Compiling base64 v0.22.1
[INFO] [stderr]    Compiling mime v0.3.17
[INFO] [stderr]    Compiling phf_generator v0.11.2
[INFO] [stderr]    Compiling flate2 v1.0.34
[INFO] [stderr]    Compiling ipnet v2.10.1
[INFO] [stderr]    Compiling zune-core v0.4.12
[INFO] [stderr]    Compiling iana-time-zone v0.1.61
[INFO] [stderr]    Compiling byteorder-lite v0.1.0
[INFO] [stderr]    Compiling bytemuck v1.19.0
[INFO] [stderr]    Compiling sha2 v0.10.8
[INFO] [stderr]    Compiling rayon v1.10.0
[INFO] [stderr]    Compiling time v0.3.36
[INFO] [stderr]    Compiling png v0.17.14
[INFO] [stderr]    Compiling md-5 v0.10.6
[INFO] [stderr]    Compiling urlencoding v2.1.3
[INFO] [stderr]    Compiling zune-jpeg v0.4.13
[INFO] [stderr]    Compiling chrono v0.4.38
[INFO] [stderr]    Compiling tokio-macros v2.4.0
[INFO] [stderr]    Compiling futures-macro v0.3.31
[INFO] [stderr]    Compiling openssl-macros v0.1.1
[INFO] [stderr]    Compiling serde_derive v1.0.214
[INFO] [stderr]    Compiling thiserror-impl v1.0.66
[INFO] [stderr]    Compiling phf_macros v0.11.2
[INFO] [stderr]    Compiling optfield v0.3.0
[INFO] [stderr]    Compiling tosho-macros v0.3.2
[INFO] [stderr]    Compiling rustls-webpki v0.102.8
[INFO] [stderr]    Compiling documented-derive v0.5.0
[INFO] [stderr]    Compiling tokio v1.41.0
[INFO] [stderr]    Compiling phf v0.11.2
[INFO] [stderr]    Compiling futures-util v0.3.31
[INFO] [stderr]    Compiling image v0.25.4
[INFO] [stderr]    Compiling thiserror v1.0.66
[INFO] [stderr]    Compiling documented v0.5.0
[INFO] [stderr]    Compiling serde v1.0.214
[INFO] [stderr]    Compiling http-body-util v0.1.2
[INFO] [stderr]    Compiling serde_json v1.0.132
[INFO] [stderr]    Compiling serde_urlencoded v0.7.1
[INFO] [stderr]    Compiling tokio-util v0.7.12
[INFO] [stderr]    Compiling tokio-native-tls v0.3.1
[INFO] [stderr]    Compiling tokio-rustls v0.26.0
[INFO] [stderr]    Compiling tokio-socks v0.5.2
[INFO] [stderr]    Compiling cookie_store v0.21.0
[INFO] [stderr]    Compiling h2 v0.4.6
[INFO] [stderr]    Compiling hyper v1.5.0
[INFO] [stderr]    Compiling hyper-util v0.1.10
[INFO] [stderr]    Compiling hyper-tls v0.6.0
[INFO] [stderr]    Compiling hyper-rustls v0.27.3
[INFO] [stderr]    Compiling reqwest v0.12.9
[INFO] [stderr]    Compiling reqwest_cookie_store v0.8.0
[INFO] [stderr]    Compiling tosho-kmkc v0.5.0 (/opt/rustwide/workdir)
[INFO] [stderr]     Finished `dev` profile [unoptimized + debuginfo] target(s) in 21.29s
[INFO] running `Command { std: "docker" "inspect" "e64fae80cbfb8fc0b464107a5d886bf36a1f845899c54661345d7d19a09cba45", kill_on_drop: false }`
[INFO] running `Command { std: "docker" "rm" "-f" "e64fae80cbfb8fc0b464107a5d886bf36a1f845899c54661345d7d19a09cba45", kill_on_drop: false }`
[INFO] [stdout] e64fae80cbfb8fc0b464107a5d886bf36a1f845899c54661345d7d19a09cba45
[INFO] running `Command { std: "docker" "create" "-v" "/var/lib/crater-agent-workspace/builds/worker-2-tc2/target:/opt/rustwide/target:rw,Z" "-v" "/var/lib/crater-agent-workspace/builds/worker-2-tc2/source:/opt/rustwide/workdir:ro,Z" "-v" "/var/lib/crater-agent-workspace/cargo-home:/opt/rustwide/cargo-home:ro,Z" "-v" "/var/lib/crater-agent-workspace/rustup-home:/opt/rustwide/rustup-home:ro,Z" "-e" "SOURCE_DIR=/opt/rustwide/workdir" "-e" "CARGO_TARGET_DIR=/opt/rustwide/target" "-e" "CARGO_INCREMENTAL=0" "-e" "RUST_BACKTRACE=full" "-e" "RUSTFLAGS=--cap-lints=forbid -Zrandomize-layout" "-e" "RUSTDOCFLAGS=--cap-lints=forbid" "-e" "CARGO_HOME=/opt/rustwide/cargo-home" "-e" "RUSTUP_HOME=/opt/rustwide/rustup-home" "-w" "/opt/rustwide/workdir" "-m" "1610612736" "--user" "0:0" "--network" "none" "ghcr.io/rust-lang/crates-build-env/linux@sha256:4a844ea9eb2546a2d2c7022eacef16ef2e8229c7fbb2c7d4d55a9ceca922f72d" "/opt/rustwide/cargo-home/bin/cargo" "+nightly-2024-10-28" "test" "--frozen" "--no-run" "--message-format=json", kill_on_drop: false }`
[INFO] [stdout] 3494be805a343eec2c11f753689e1684f513615b2af1b3a780a58a39e15e0850
[INFO] running `Command { std: "docker" "start" "-a" "3494be805a343eec2c11f753689e1684f513615b2af1b3a780a58a39e15e0850", kill_on_drop: false }`
[INFO] [stderr]    Compiling tosho-kmkc v0.5.0 (/opt/rustwide/workdir)
[INFO] [stderr]     Finished `test` profile [unoptimized + debuginfo] target(s) in 2.09s
[INFO] running `Command { std: "docker" "inspect" "3494be805a343eec2c11f753689e1684f513615b2af1b3a780a58a39e15e0850", kill_on_drop: false }`
[INFO] running `Command { std: "docker" "rm" "-f" "3494be805a343eec2c11f753689e1684f513615b2af1b3a780a58a39e15e0850", kill_on_drop: false }`
[INFO] [stdout] 3494be805a343eec2c11f753689e1684f513615b2af1b3a780a58a39e15e0850
[INFO] running `Command { std: "docker" "create" "-v" "/var/lib/crater-agent-workspace/builds/worker-2-tc2/target:/opt/rustwide/target:rw,Z" "-v" "/var/lib/crater-agent-workspace/builds/worker-2-tc2/source:/opt/rustwide/workdir:ro,Z" "-v" "/var/lib/crater-agent-workspace/cargo-home:/opt/rustwide/cargo-home:ro,Z" "-v" "/var/lib/crater-agent-workspace/rustup-home:/opt/rustwide/rustup-home:ro,Z" "-e" "SOURCE_DIR=/opt/rustwide/workdir" "-e" "CARGO_TARGET_DIR=/opt/rustwide/target" "-e" "CARGO_INCREMENTAL=0" "-e" "RUST_BACKTRACE=full" "-e" "RUSTFLAGS=--cap-lints=forbid -Zrandomize-layout" "-e" "RUSTDOCFLAGS=--cap-lints=forbid" "-e" "CARGO_HOME=/opt/rustwide/cargo-home" "-e" "RUSTUP_HOME=/opt/rustwide/rustup-home" "-w" "/opt/rustwide/workdir" "-m" "1610612736" "--user" "0:0" "--network" "none" "ghcr.io/rust-lang/crates-build-env/linux@sha256:4a844ea9eb2546a2d2c7022eacef16ef2e8229c7fbb2c7d4d55a9ceca922f72d" "/opt/rustwide/cargo-home/bin/cargo" "+nightly-2024-10-28" "test" "--frozen", kill_on_drop: false }`
[INFO] [stdout] 0bc86090b41cb020b960655ba2225dfdef1b1a4fda72940b3aac78d9f77296a5
[INFO] running `Command { std: "docker" "start" "-a" "0bc86090b41cb020b960655ba2225dfdef1b1a4fda72940b3aac78d9f77296a5", kill_on_drop: false }`
[INFO] [stderr]     Finished `test` profile [unoptimized + debuginfo] target(s) in 0.22s
[INFO] [stderr]      Running unittests src/lib.rs (/opt/rustwide/target/debug/deps/tosho_kmkc-220f19279d53fb4e)
[INFO] [stdout] 
[INFO] [stdout] running 16 tests
[INFO] [stdout] test imaging::tests::test_seed_generator ... ok
[INFO] [stdout] test imaging::tests::test_calc_block_size_small ... ok
[INFO] [stdout] test imaging::tests::test_generate_copy_targets ... ok
[INFO] [stdout] test config::tests::test_kv_serde_str ... ok
[INFO] [stdout] test config::tests::test_mobile_platform_u8 ... ok
[INFO] [stdout] test models::enums::tests::test_enum_count ... ok
[INFO] [stdout] test config::tests::test_cookie_i64 ... ok
[INFO] [stdout] test imaging::tests::test_calc_block_size ... ok
[INFO] [stdout] test models::enums::tests::test_int_bool ... ok
[INFO] [stdout] test models::enums::tests::test_int_bool_if ... ok
[INFO] [stdout] test models::enums::tests::test_magazine_category_pretty ... ok
[INFO] [stdout] test models::enums::tests::test_magazine_serde ... ok
[INFO] [stdout] test models::enums::tests::test_enum_doc_for_magazine ... ok
[INFO] [stdout] test models::enums::tests::test_magazine_serde_fallback ... ok
[INFO] [stdout] test tests::test_hash_kv ... ok
[INFO] [stdout] test imaging::tests::test_u32_to_f32_panic - should panic ... ok
[INFO] [stdout] 
[INFO] [stdout] test result: ok. 16 passed; 0 failed; 0 ignored; 0 measured; 0 filtered out; finished in 0.15s
[INFO] [stdout] 
[INFO] [stderr]    Doc-tests tosho_kmkc
[INFO] [stdout] 
[INFO] [stdout] running 19 tests
[INFO] [stdout] test src/imaging.rs - imaging::descramble_image (line 98) - compile ... ok
[INFO] [stdout] test src/lib.rs - (line 57) - compile ... ok
[INFO] [stdout] test src/imaging.rs - imaging (line 8) - compile ... ok
[INFO] [stdout] test src/lib.rs - (line 13) - compile ... ok
[INFO] [stdout] test src/lib.rs - KMClient (line 120) - compile ... ok
[INFO] [stdout] test src/models/account.rs - models::account::UserPoint::subtract (line 82) ... FAILED
[INFO] [stdout] test src/constants.rs - constants::get_constants (line 199) ... ok
[INFO] [stdout] test src/constants.rs - constants (line 5) ... ok
[INFO] [stdout] test src/models/episode.rs - models::episode::ImagePageNodeStr::file_name (line 179) ... ok
[INFO] [stdout] test src/models/episode.rs - models::episode::ImagePageNode::file_stem (line 127) ... ok
[INFO] [stdout] test src/models/episode.rs - models::episode::ImagePageNode::extension (line 103) ... ok
[INFO] [stdout] test src/models/common.rs - models::common::StatusResponse::raise_for_status (line 31) ... ok
[INFO] [stdout] test src/config.rs - config (line 3) ... ok
[INFO] [stdout] test src/models/account.rs - models::account::UserPoint::can_purchase (line 65) ... ok
[INFO] [stdout] test src/models/account.rs - models::account::UserPoint::add (line 113) ... ok
[INFO] [stdout] test src/models/episode.rs - models::episode::ImagePageNodeStr::file_stem (line 209) ... ok
[INFO] [stdout] test src/models/episode.rs - models::episode::ImagePageNode::file_name (line 81) ... ok
[INFO] [stdout] test src/models/enums.rs - models::enums::MagazineCategory::pretty_name (line 244) ... ok
[INFO] [stdout] test src/models/episode.rs - models::episode::ImagePageNodeStr::extension (line 194) ... ok
[INFO] [stdout] 
[INFO] [stdout] failures:
[INFO] [stdout] 
[INFO] [stdout] ---- src/models/account.rs - models::account::UserPoint::subtract (line 82) stdout ----
[INFO] [stdout] error: linking with `cc` failed: exit status: 1
[INFO] [stdout]   |
[INFO] [stdout]   = note: LC_ALL="C" PATH="/opt/rustwide/rustup-home/toolchains/nightly-2024-10-28-x86_64-unknown-linux-gnu/lib/rustlib/x86_64-unknown-linux-gnu/bin:/opt/rustwide/rustup-home/toolchains/nightly-2024-10-28-x86_64-unknown-linux-gnu/lib/rustlib/x86_64-unknown-linux-gnu/bin/self-contained:/opt/rustwide/cargo-home/bin:/usr/local/sbin:/usr/local/bin:/usr/sbin:/usr/bin:/sbin:/bin" VSLANG="1033" "cc" "-m64" "/tmp/rustc315858/symbols.o" "/tmp/rustdoctests9xikU/rust_out.rust_out.16b4434b3f29390-cgu.0.rcgu.o" "/tmp/rustdoctests9xikU/rust_out.433cx8cl382ppljrnwzuxa40f.rcgu.o" "-Wl,--as-needed" "-Wl,-Bstatic" "/opt/rustwide/target/debug/deps/libtosho_kmkc-b64572de88938018.rlib" "/opt/rustwide/target/debug/deps/libanyhow-c6bfdd57e897141e.rlib" "/opt/rustwide/target/debug/deps/libsha2-c69856493cb6098c.rlib" "/opt/rustwide/target/debug/deps/libcpufeatures-41282f1ae5bdd7cf.rlib" "/opt/rustwide/target/debug/deps/libmd5-86a47fe7a9060491.rlib" "/opt/rustwide/target/debug/deps/libdigest-ad270720b64b56a0.rlib" "/opt/rustwide/target/debug/deps/libblock_buffer-90f91f4f164fc7ea.rlib" "/opt/rustwide/target/debug/deps/libcrypto_common-b04de5b5712dc49f.rlib" "/opt/rustwide/target/debug/deps/libgeneric_array-d2a92b2da2a24109.rlib" "/opt/rustwide/target/debug/deps/libtypenum-5326f72807cfe834.rlib" "/opt/rustwide/target/debug/deps/libdocumented-9de08c8121dcf111.rlib" "/opt/rustwide/target/debug/deps/libphf-2d6710d93bcde7a1.rlib" "/opt/rustwide/target/debug/deps/libphf_shared-e2d851f54d149c4c.rlib" "/opt/rustwide/target/debug/deps/libsiphasher-b9c790f685f59773.rlib" "/opt/rustwide/target/debug/deps/libchrono-7c6e33e73f5f2f00.rlib" "/opt/rustwide/target/debug/deps/libiana_time_zone-b5af8e0c24ee252c.rlib" "/opt/rustwide/target/debug/deps/libimage-b0531477e8828148.rlib" "/opt/rustwide/target/debug/deps/libbytemuck-669fae38aca9e286.rlib" "/opt/rustwide/target/debug/deps/librayon-e5623d23010f8239.rlib" "/opt/rustwide/target/debug/deps/librayon_core-a58a5f58eb9ad7db.rlib" "/opt/rustwide/target/debug/deps/libcrossbeam_deque-858959b96805030a.rlib" "/opt/rustwide/target/debug/deps/libcrossbeam_epoch-b5a33f884d5450b9.rlib" "/opt/rustwide/target/debug/deps/libcrossbeam_utils-fd980c92aed8cdbe.rlib" "/opt/rustwide/target/debug/deps/libbyteorder_lite-4940e503c6b0f1f4.rlib" "/opt/rustwide/target/debug/deps/libpng-07155ff8b596e4b5.rlib" "/opt/rustwide/target/debug/deps/libbitflags-560efdb99b117eef.rlib" "/opt/rustwide/target/debug/deps/libflate2-af9393b768263ef9.rlib" "/opt/rustwide/target/debug/deps/libminiz_oxide-60d533f4fbeaee9d.rlib" "/opt/rustwide/target/debug/deps/libfdeflate-4c15357e27f34119.rlib" "/opt/rustwide/target/debug/deps/libsimd_adler32-5876262d9cd1bfda.rlib" "/opt/rustwide/target/debug/deps/libcrc32fast-f57ab9ea1a06cb05.rlib" "/opt/rustwide/target/debug/deps/libzune_jpeg-6c6f3e8bd41c3ede.rlib" "/opt/rustwide/target/debug/deps/libzune_core-021e78692cb8f6dc.rlib" "/opt/rustwide/target/debug/deps/libnum_traits-e35ec60fee4843d4.rlib" "/opt/rustwide/target/debug/deps/liburlencoding-e70222ec02c08ce8.rlib" "/opt/rustwide/target/debug/deps/libreqwest_cookie_store-87475ab319d32245.rlib" "/opt/rustwide/target/debug/deps/libreqwest-c83b28fd0bef0651.rlib" "/opt/rustwide/target/debug/deps/libserde_urlencoded-86838d9c14a692e7.rlib" "/opt/rustwide/target/debug/deps/libsync_wrapper-4ffdcf013a9b999b.rlib" "/opt/rustwide/target/debug/deps/libcookie_store-4677db504713ae4e.rlib" "/opt/rustwide/target/debug/deps/libserde_json-4fbc1282dca559db.rlib" "/opt/rustwide/target/debug/deps/libmemchr-34eb650b64c0b1fd.rlib" "/opt/rustwide/target/debug/deps/libryu-2ae7af5af0bb88e0.rlib" "/opt/rustwide/target/debug/deps/libpublicsuffix-0b3f4802724abc5f.rlib" "/opt/rustwide/target/debug/deps/libidna-dd2ab329a0b29621.rlib" "/opt/rustwide/target/debug/deps/libpsl_types-f6c048c7699e612c.rlib" "/opt/rustwide/target/debug/deps/libcookie-9fdcf1ebfb385670.rlib" "/opt/rustwide/target/debug/deps/libtime-81535a6e4fccb4d9.rlib" "/opt/rustwide/target/debug/deps/libtime_core-f088bdeda82daaaf.rlib" "/opt/rustwide/target/debug/deps/libnum_conv-c07d2bc8a05763c7.rlib" "/opt/rustwide/target/debug/deps/libderanged-268d6cdc91cf6c69.rlib" "/opt/rustwide/target/debug/deps/libpowerfmt-b5bd7be737233b4b.rlib" "/opt/rustwide/target/debug/deps/libbase64-c167c3eb3ecc322f.rlib" "/opt/rustwide/target/debug/deps/librustls_pemfile-642792cee8028172.rlib" "/opt/rustwide/target/debug/deps/libipnet-f8f4f35acfc01e80.rlib" "/opt/rustwide/target/debug/deps/libtokio_socks-3bb859b0e33acf77.rlib" "/opt/rustwide/target/debug/deps/libthiserror-5ba6625fae222d45.rlib" "/opt/rustwide/target/debug/deps/libeither-1262fa0ff94c8630.rlib" "/opt/rustwide/target/debug/deps/libhyper_rustls-b95eefafc3641419.rlib" "/opt/rustwide/target/debug/deps/libwebpki_roots-ca24cee9e22aee04.rlib" "/opt/rustwide/target/debug/deps/libhyper_tls-7f75505af1121ad8.rlib" "/opt/rustwide/target/debug/deps/libtokio_native_tls-2a4ed3e6baa7cec1.rlib" "/opt/rustwide/target/debug/deps/libtokio_rustls-07ef7afc916364ec.rlib" "/opt/rustwide/target/debug/deps/librustls-216d4b0425282945.rlib" "/opt/rustwide/target/debug/deps/libsubtle-102a9c13202caeed.rlib" "/opt/rustwide/target/debug/deps/libwebpki-1d983ce6581a5cc7.rlib" "/opt/rustwide/target/debug/deps/libring-067fc826add2584d.rlib" "/opt/rustwide/target/debug/deps/libgetrandom-253a22cbe8abb293.rlib" "/opt/rustwide/target/debug/deps/libspin-8ea6d3c24a0fb946.rlib" "/opt/rustwide/target/debug/deps/libuntrusted-0d4f2f5eacbcc494.rlib" "/opt/rustwide/target/debug/deps/libzeroize-44e87e1d21f0a2cc.rlib" "/opt/rustwide/target/debug/deps/librustls_pki_types-9be9a33ba3c69774.rlib" "/opt/rustwide/target/debug/deps/libmime-34c62d26cca01717.rlib" "/opt/rustwide/target/debug/deps/libencoding_rs-87763af8bd0f20d8.rlib" "/opt/rustwide/target/debug/deps/libserde-b14ee99d15098115.rlib" "/opt/rustwide/target/debug/deps/libnative_tls-7c8a3abdfaab14e8.rlib" "/opt/rustwide/target/debug/deps/libopenssl_probe-7a88c39453af999d.rlib" "/opt/rustwide/target/debug/deps/libopenssl-56831c4f74a529b4.rlib" "/opt/rustwide/target/debug/deps/libbitflags-37f44213647a4ace.rlib" "/opt/rustwide/target/debug/deps/libforeign_types-635c4831cecdaa17.rlib" "/opt/rustwide/target/debug/deps/libforeign_types_shared-451e418c5f5a784d.rlib" "/opt/rustwide/target/debug/deps/libopenssl_sys-6658094b3c4da1d3.rlib" "/opt/rustwide/target/debug/deps/libhyper_util-e80ee264d8fb90bf.rlib" "/opt/rustwide/target/debug/deps/libtower_service-44dbed632a843492.rlib" "/opt/rustwide/target/debug/deps/libhyper-4c2335b35e43f3e3.rlib" "/opt/rustwide/target/debug/deps/libwant-e685d7a406130720.rlib" "/opt/rustwide/target/debug/deps/libtry_lock-c81c639303c73d15.rlib" "/opt/rustwide/target/debug/deps/libhttparse-51f001110b5a7f34.rlib" "/opt/rustwide/target/debug/deps/libh2-ca96cae38566e20e.rlib" "/opt/rustwide/target/debug/deps/libtracing-bfddd9c3cfd3791c.rlib" "/opt/rustwide/target/debug/deps/libtracing_core-7c30351e8178d82b.rlib" "/opt/rustwide/target/debug/deps/libonce_cell-6dc575c335e8f5a1.rlib" "/opt/rustwide/target/debug/deps/libindexmap-dc95a38cbf6415fa.rlib" "/opt/rustwide/target/debug/deps/libequivalent-9e89cbd86631a94f.rlib" "/opt/rustwide/target/debug/deps/libhashbrown-29cea3b674da82b3.rlib" "/opt/rustwide/target/debug/deps/libatomic_waker-139ffb07fa982694.rlib" "/opt/rustwide/target/debug/deps/libfutures_channel-481fc5026c84318a.rlib" "/opt/rustwide/target/debug/deps/libtokio_util-e550d97fbdadafee.rlib" "/opt/rustwide/target/debug/deps/libfutures_sink-96446479240e3330.rlib" "/opt/rustwide/target/debug/deps/libtokio-d27112c2bd5311c3.rlib" "/opt/rustwide/target/debug/deps/libsignal_hook_registry-22f5dd1d9aa59cb2.rlib" "/opt/rustwide/target/debug/deps/libsocket2-94d402ae640d2535.rlib" "/opt/rustwide/target/debug/deps/libmio-b327f5bccc20d3a1.rlib" "/opt/rustwide/target/debug/deps/libparking_lot-547e218269fae300.rlib" "/opt/rustwide/target/debug/deps/libparking_lot_core-bb70e0940f84194f.rlib" "/opt/rustwide/target/debug/deps/liblibc-663f09ba3db1840e.rlib" "/opt/rustwide/target/debug/deps/libcfg_if-57bf25c23e31efdb.rlib" "/opt/rustwide/target/debug/deps/libsmallvec-2bf71e8326cc0d46.rlib" "/opt/rustwide/target/debug/deps/liblock_api-e2cb0d427dfba242.rlib" "/opt/rustwide/target/debug/deps/libscopeguard-003ee3b9b09cebdb.rlib" "/opt/rustwide/target/debug/deps/libhttp_body_util-4cb2d7abffe64344.rlib" "/opt/rustwide/target/debug/deps/libfutures_util-6afc5a0a72eabc34.rlib" "/opt/rustwide/target/debug/deps/libslab-d637e80c635d9ae6.rlib" "/opt/rustwide/target/debug/deps/libfutures_task-6b7e7a881f61604a.rlib" "/opt/rustwide/target/debug/deps/libpin_utils-76c2785263cdb1c1.rlib" "/opt/rustwide/target/debug/deps/libpin_project_lite-2633596a5f246a3b.rlib" "/opt/rustwide/target/debug/deps/libhttp_body-6f948388504fd55b.rlib" "/opt/rustwide/target/debug/deps/liblog-b6b1a89bf87ced53.rlib" "/opt/rustwide/target/debug/deps/libfutures_core-3267ce8fda4a14eb.rlib" "/opt/rustwide/target/debug/deps/liburl-31a385996d752b4d.rlib" "/opt/rustwide/target/debug/deps/libidna-e2a933ffaccd70ec.rlib" "/opt/rustwide/target/debug/deps/libunicode_normalization-a9fe8f3655bfc568.rlib" "/opt/rustwide/target/debug/deps/libtinyvec-51759a03d8e7a380.rlib" "/opt/rustwide/target/debug/deps/libtinyvec_macros-66661c55905090ec.rlib" "/opt/rustwide/target/debug/deps/libunicode_bidi-44c9b1b4c2670cda.rlib" "/opt/rustwide/target/debug/deps/libform_urlencoded-07a2dedb236e9598.rlib" "/opt/rustwide/target/debug/deps/libpercent_encoding-a400589552762a21.rlib" "/opt/rustwide/target/debug/deps/libhttp-d299e842755e0015.rlib" "/opt/rustwide/target/debug/deps/libitoa-add5260810035b6e.rlib" "/opt/rustwide/target/debug/deps/libbytes-6a4c7ea0a880895d.rlib" "/opt/rustwide/target/debug/deps/libfnv-574dedeaa4c89e1d.rlib" "/opt/rustwide/rustup-home/toolchains/nightly-2024-10-28-x86_64-unknown-linux-gnu/lib/rustlib/x86_64-unknown-linux-gnu/lib/libstd-fb8c387236db3c10.rlib" "/opt/rustwide/rustup-home/toolchains/nightly-2024-10-28-x86_64-unknown-linux-gnu/lib/rustlib/x86_64-unknown-linux-gnu/lib/libpanic_unwind-b251837809b2f64b.rlib" "/opt/rustwide/rustup-home/toolchains/nightly-2024-10-28-x86_64-unknown-linux-gnu/lib/rustlib/x86_64-unknown-linux-gnu/lib/libobject-cbef83eaa4e01f04.rlib" "/opt/rustwide/rustup-home/toolchains/nightly-2024-10-28-x86_64-unknown-linux-gnu/lib/rustlib/x86_64-unknown-linux-gnu/lib/libmemchr-12a772286de2fca7.rlib" "/opt/rustwide/rustup-home/toolchains/nightly-2024-10-28-x86_64-unknown-linux-gnu/lib/rustlib/x86_64-unknown-linux-gnu/lib/libaddr2line-023bbe5ada7abfc3.rlib" "/opt/rustwide/rustup-home/toolchains/nightly-2024-10-28-x86_64-unknown-linux-gnu/lib/rustlib/x86_64-unknown-linux-gnu/lib/libgimli-de2bcdf10ec69c2b.rlib" "/opt/rustwide/rustup-home/toolchains/nightly-2024-10-28-x86_64-unknown-linux-gnu/lib/rustlib/x86_64-unknown-linux-gnu/lib/librustc_demangle-8e1754df350800fd.rlib" "/opt/rustwide/rustup-home/toolchains/nightly-2024-10-28-x86_64-unknown-linux-gnu/lib/rustlib/x86_64-unknown-linux-gnu/lib/libstd_detect-06c2ab7b9c32e037.rlib" "/opt/rustwide/rustup-home/toolchains/nightly-2024-10-28-x86_64-unknown-linux-gnu/lib/rustlib/x86_64-unknown-linux-gnu/lib/libhashbrown-51d2621fc57a281b.rlib" "/opt/rustwide/rustup-home/toolchains/nightly-2024-10-28-x86_64-unknown-linux-gnu/lib/rustlib/x86_64-unknown-linux-gnu/lib/librustc_std_workspace_alloc-54a930408793772f.rlib" "/opt/rustwide/rustup-home/toolchains/nightly-2024-10-28-x86_64-unknown-linux-gnu/lib/rustlib/x86_64-unknown-linux-gnu/lib/libminiz_oxide-0c7d01cba400dcb2.rlib" "/opt/rustwide/rustup-home/toolchains/nightly-2024-10-28-x86_64-unknown-linux-gnu/lib/rustlib/x86_64-unknown-linux-gnu/lib/libadler-b9f84d69e331b75b.rlib" "/opt/rustwide/rustup-home/toolchains/nightly-2024-10-28-x86_64-unknown-linux-gnu/lib/rustlib/x86_64-unknown-linux-gnu/lib/libunwind-eec95493246aae39.rlib" "/opt/rustwide/rustup-home/toolchains/nightly-2024-10-28-x86_64-unknown-linux-gnu/lib/rustlib/x86_64-unknown-linux-gnu/lib/libcfg_if-6f6676c475e08ab0.rlib" "/opt/rustwide/rustup-home/toolchains/nightly-2024-10-28-x86_64-unknown-linux-gnu/lib/rustlib/x86_64-unknown-linux-gnu/lib/liblibc-799d520624f8b2e0.rlib" "/opt/rustwide/rustup-home/toolchains/nightly-2024-10-28-x86_64-unknown-linux-gnu/lib/rustlib/x86_64-unknown-linux-gnu/lib/liballoc-fcf93d4842acd9a9.rlib" "/opt/rustwide/rustup-home/toolchains/nightly-2024-10-28-x86_64-unknown-linux-gnu/lib/rustlib/x86_64-unknown-linux-gnu/lib/librustc_std_workspace_core-395a38b8e0851c9b.rlib" "/opt/rustwide/rustup-home/toolchains/nightly-2024-10-28-x86_64-unknown-linux-gnu/lib/rustlib/x86_64-unknown-linux-gnu/lib/libcore-d453bab70303062c.rlib" "/opt/rustwide/rustup-home/toolchains/nightly-2024-10-28-x86_64-unknown-linux-gnu/lib/rustlib/x86_64-unknown-linux-gnu/lib/libcompiler_builtins-0e6386368b0a24e8.rlib" "-Wl,-Bdynamic" "-lssl" "-lcrypto" "-lgcc_s" "-lutil" "-lrt" "-lpthread" "-lm" "-ldl" "-lc" "-B/opt/rustwide/rustup-home/toolchains/nightly-2024-10-28-x86_64-unknown-linux-gnu/lib/rustlib/x86_64-unknown-linux-gnu/bin/gcc-ld" "-fuse-ld=lld" "-Wl,--eh-frame-hdr" "-Wl,-z,noexecstack" "-L" "/opt/rustwide/target/debug/build/ring-dde9b6b56ce77d69/out" "-L" "/opt/rustwide/rustup-home/toolchains/nightly-2024-10-28-x86_64-unknown-linux-gnu/lib/rustlib/x86_64-unknown-linux-gnu/lib" "-o" "/tmp/rustdoctests9xikU/rust_out" "-Wl,--gc-sections" "-pie" "-Wl,-z,relro,-z,now" "-nodefaultlibs"
[INFO] [stdout]   = note: collect2: fatal error: ld terminated with signal 9 [Killed]
[INFO] [stdout]           compilation terminated.
[INFO] [stdout]           
[INFO] [stdout] 
[INFO] [stdout] error: aborting due to 1 previous error
[INFO] [stdout] 
[INFO] [stdout] Couldn't compile the test.
[INFO] [stdout] 
[INFO] [stdout] failures:
[INFO] [stdout]     src/models/account.rs - models::account::UserPoint::subtract (line 82)
[INFO] [stdout] 
[INFO] [stdout] test result: FAILED. 18 passed; 1 failed; 0 ignored; 0 measured; 0 filtered out; finished in 13.16s
[INFO] [stdout] 
[INFO] [stderr] error: doctest failed, to rerun pass `--doc`
[INFO] running `Command { std: "docker" "inspect" "0bc86090b41cb020b960655ba2225dfdef1b1a4fda72940b3aac78d9f77296a5", kill_on_drop: false }`
[INFO] running `Command { std: "docker" "rm" "-f" "0bc86090b41cb020b960655ba2225dfdef1b1a4fda72940b3aac78d9f77296a5", kill_on_drop: false }`
[INFO] [stdout] 0bc86090b41cb020b960655ba2225dfdef1b1a4fda72940b3aac78d9f77296a5
