[INFO] fetching crate torrust-serde-bencode 0.2.3...
[INFO] testing torrust-serde-bencode-0.2.3 against nightly-2024-10-28 for randomize-layout
[INFO] extracting crate torrust-serde-bencode 0.2.3 into /workspace/builds/worker-0-tc1/source
[INFO] validating manifest of crates.io crate torrust-serde-bencode 0.2.3 on toolchain nightly-2024-10-28
[INFO] running `Command { std: CARGO_HOME="/workspace/cargo-home" RUSTUP_HOME="/workspace/rustup-home" "/workspace/cargo-home/bin/cargo" "+nightly-2024-10-28" "metadata" "--manifest-path" "Cargo.toml" "--no-deps", kill_on_drop: false }`
[INFO] started tweaking crates.io crate torrust-serde-bencode 0.2.3
[INFO] finished tweaking crates.io crate torrust-serde-bencode 0.2.3
[INFO] tweaked toml for crates.io crate torrust-serde-bencode 0.2.3 written to /workspace/builds/worker-0-tc1/source/Cargo.toml
[INFO] crate crates.io crate torrust-serde-bencode 0.2.3 already has a lockfile, it will not be regenerated
[INFO] running `Command { std: CARGO_HOME="/workspace/cargo-home" RUSTUP_HOME="/workspace/rustup-home" "/workspace/cargo-home/bin/cargo" "+nightly-2024-10-28" "fetch" "--manifest-path" "Cargo.toml", kill_on_drop: false }`
[INFO] [stderr]  Downloading crates ...
[INFO] [stderr]   Downloaded serde_bytes v0.11.12
[INFO] running `Command { std: "docker" "create" "-v" "/var/lib/crater-agent-workspace/builds/worker-0-tc1/target:/opt/rustwide/target:rw,Z" "-v" "/var/lib/crater-agent-workspace/builds/worker-0-tc1/source:/opt/rustwide/workdir:ro,Z" "-v" "/var/lib/crater-agent-workspace/cargo-home:/opt/rustwide/cargo-home:ro,Z" "-v" "/var/lib/crater-agent-workspace/rustup-home:/opt/rustwide/rustup-home:ro,Z" "-e" "SOURCE_DIR=/opt/rustwide/workdir" "-e" "CARGO_TARGET_DIR=/opt/rustwide/target" "-e" "CARGO_HOME=/opt/rustwide/cargo-home" "-e" "RUSTUP_HOME=/opt/rustwide/rustup-home" "-w" "/opt/rustwide/workdir" "-m" "1610612736" "--user" "0:0" "--network" "none" "ghcr.io/rust-lang/crates-build-env/linux@sha256:4a844ea9eb2546a2d2c7022eacef16ef2e8229c7fbb2c7d4d55a9ceca922f72d" "/opt/rustwide/cargo-home/bin/cargo" "+nightly-2024-10-28" "metadata" "--no-deps" "--format-version=1", kill_on_drop: false }`
[INFO] [stdout] 6122b40b07c44db547eda423cc804b0a2c7155494cc157018117529e8ac6d849
[INFO] running `Command { std: "docker" "start" "-a" "6122b40b07c44db547eda423cc804b0a2c7155494cc157018117529e8ac6d849", kill_on_drop: false }`
[INFO] running `Command { std: "docker" "inspect" "6122b40b07c44db547eda423cc804b0a2c7155494cc157018117529e8ac6d849", kill_on_drop: false }`
[INFO] running `Command { std: "docker" "rm" "-f" "6122b40b07c44db547eda423cc804b0a2c7155494cc157018117529e8ac6d849", kill_on_drop: false }`
[INFO] [stdout] 6122b40b07c44db547eda423cc804b0a2c7155494cc157018117529e8ac6d849
[INFO] running `Command { std: "docker" "create" "-v" "/var/lib/crater-agent-workspace/builds/worker-0-tc1/target:/opt/rustwide/target:rw,Z" "-v" "/var/lib/crater-agent-workspace/builds/worker-0-tc1/source:/opt/rustwide/workdir:ro,Z" "-v" "/var/lib/crater-agent-workspace/cargo-home:/opt/rustwide/cargo-home:ro,Z" "-v" "/var/lib/crater-agent-workspace/rustup-home:/opt/rustwide/rustup-home:ro,Z" "-e" "SOURCE_DIR=/opt/rustwide/workdir" "-e" "CARGO_TARGET_DIR=/opt/rustwide/target" "-e" "CARGO_INCREMENTAL=0" "-e" "RUST_BACKTRACE=full" "-e" "RUSTFLAGS=--cap-lints=forbid" "-e" "RUSTDOCFLAGS=--cap-lints=forbid" "-e" "CARGO_HOME=/opt/rustwide/cargo-home" "-e" "RUSTUP_HOME=/opt/rustwide/rustup-home" "-w" "/opt/rustwide/workdir" "-m" "1610612736" "--user" "0:0" "--network" "none" "ghcr.io/rust-lang/crates-build-env/linux@sha256:4a844ea9eb2546a2d2c7022eacef16ef2e8229c7fbb2c7d4d55a9ceca922f72d" "/opt/rustwide/cargo-home/bin/cargo" "+nightly-2024-10-28" "build" "--frozen" "--message-format=json", kill_on_drop: false }`
[INFO] [stdout] c8ba5c04f66c731a48700f649442057f45c8f16f0b8704adba1a028bc7f65505
[INFO] running `Command { std: "docker" "start" "-a" "c8ba5c04f66c731a48700f649442057f45c8f16f0b8704adba1a028bc7f65505", kill_on_drop: false }`
[INFO] [stderr]    Compiling serde v1.0.188
[INFO] [stderr]    Compiling serde_bytes v0.11.12
[INFO] [stderr]    Compiling torrust-serde-bencode v0.2.3 (/opt/rustwide/workdir)
[INFO] [stdout] warning: elided lifetime has a name
[INFO] [stdout]   --> src/ser.rs:93:56
[INFO] [stdout]    |
[INFO] [stdout] 92 | impl<'a> SerializeMap<'a> {
[INFO] [stdout]    |      -- lifetime `'a` declared here
[INFO] [stdout] 93 |     pub fn new(ser: &'a mut Serializer, len: usize) -> SerializeMap {
[INFO] [stdout]    |                                                        ^^^^^^^^^^^^ this elided lifetime gets resolved as `'a`
[INFO] [stdout]    |
[INFO] [stdout]    = note: `#[warn(elided_named_lifetimes)]` on by default
[INFO] [stdout] 
[INFO] [stdout] 
[INFO] [stderr]     Finished `dev` profile [unoptimized + debuginfo] target(s) in 2.10s
[INFO] running `Command { std: "docker" "inspect" "c8ba5c04f66c731a48700f649442057f45c8f16f0b8704adba1a028bc7f65505", kill_on_drop: false }`
[INFO] running `Command { std: "docker" "rm" "-f" "c8ba5c04f66c731a48700f649442057f45c8f16f0b8704adba1a028bc7f65505", kill_on_drop: false }`
[INFO] [stdout] c8ba5c04f66c731a48700f649442057f45c8f16f0b8704adba1a028bc7f65505
[INFO] running `Command { std: "docker" "create" "-v" "/var/lib/crater-agent-workspace/builds/worker-0-tc1/target:/opt/rustwide/target:rw,Z" "-v" "/var/lib/crater-agent-workspace/builds/worker-0-tc1/source:/opt/rustwide/workdir:ro,Z" "-v" "/var/lib/crater-agent-workspace/cargo-home:/opt/rustwide/cargo-home:ro,Z" "-v" "/var/lib/crater-agent-workspace/rustup-home:/opt/rustwide/rustup-home:ro,Z" "-e" "SOURCE_DIR=/opt/rustwide/workdir" "-e" "CARGO_TARGET_DIR=/opt/rustwide/target" "-e" "CARGO_INCREMENTAL=0" "-e" "RUST_BACKTRACE=full" "-e" "RUSTFLAGS=--cap-lints=forbid" "-e" "RUSTDOCFLAGS=--cap-lints=forbid" "-e" "CARGO_HOME=/opt/rustwide/cargo-home" "-e" "RUSTUP_HOME=/opt/rustwide/rustup-home" "-w" "/opt/rustwide/workdir" "-m" "1610612736" "--user" "0:0" "--network" "none" "ghcr.io/rust-lang/crates-build-env/linux@sha256:4a844ea9eb2546a2d2c7022eacef16ef2e8229c7fbb2c7d4d55a9ceca922f72d" "/opt/rustwide/cargo-home/bin/cargo" "+nightly-2024-10-28" "test" "--frozen" "--no-run" "--message-format=json", kill_on_drop: false }`
[INFO] [stdout] 74590213b2153d2782acebb2f2d1473214421f75a2f33250a6d332b474f32f5c
[INFO] running `Command { std: "docker" "start" "-a" "74590213b2153d2782acebb2f2d1473214421f75a2f33250a6d332b474f32f5c", kill_on_drop: false }`
[INFO] [stderr]    Compiling proc-macro2 v1.0.67
[INFO] [stdout] warning: elided lifetime has a name
[INFO] [stdout]   --> src/ser.rs:93:56
[INFO] [stdout]    |
[INFO] [stdout] 92 | impl<'a> SerializeMap<'a> {
[INFO] [stdout]    |      -- lifetime `'a` declared here
[INFO] [stdout] 93 |     pub fn new(ser: &'a mut Serializer, len: usize) -> SerializeMap {
[INFO] [stdout]    |                                                        ^^^^^^^^^^^^ this elided lifetime gets resolved as `'a`
[INFO] [stdout]    |
[INFO] [stdout]    = note: `#[warn(elided_named_lifetimes)]` on by default
[INFO] [stdout] 
[INFO] [stdout] 
[INFO] [stderr]    Compiling quote v1.0.33
[INFO] [stderr]    Compiling syn v2.0.37
[INFO] [stderr]    Compiling serde_derive v1.0.188
[INFO] [stderr]    Compiling torrust-serde-bencode v0.2.3 (/opt/rustwide/workdir)
[INFO] [stdout] warning: elided lifetime has a name
[INFO] [stdout]   --> src/ser.rs:93:56
[INFO] [stdout]    |
[INFO] [stdout] 92 | impl<'a> SerializeMap<'a> {
[INFO] [stdout]    |      -- lifetime `'a` declared here
[INFO] [stdout] 93 |     pub fn new(ser: &'a mut Serializer, len: usize) -> SerializeMap {
[INFO] [stdout]    |                                                        ^^^^^^^^^^^^ this elided lifetime gets resolved as `'a`
[INFO] [stdout]    |
[INFO] [stdout]    = note: `#[warn(elided_named_lifetimes)]` on by default
[INFO] [stdout] 
[INFO] [stdout] 
[INFO] [stdout] warning: fields `0` and `1` are never read
[INFO] [stdout]   --> examples/parse_torrent.rs:12:13
[INFO] [stdout]    |
[INFO] [stdout] 12 | struct Node(String, i64);
[INFO] [stdout]    |        ---- ^^^^^^  ^^^
[INFO] [stdout]    |        |
[INFO] [stdout]    |        fields in this struct
[INFO] [stdout]    |
[INFO] [stdout]    = help: consider removing these fields
[INFO] [stdout]    = note: `Node` has a derived impl for the trait `Debug`, but this is intentionally ignored during dead code analysis
[INFO] [stdout]    = note: `#[warn(dead_code)]` on by default
[INFO] [stdout] 
[INFO] [stdout] 
[INFO] [stdout] warning: fields `pieces` and `length` are never read
[INFO] [stdout]   --> examples/parse_torrent.rs:25:9
[INFO] [stdout]    |
[INFO] [stdout] 23 | struct Info {
[INFO] [stdout]    |        ---- fields in this struct
[INFO] [stdout] 24 |     pub name: String,
[INFO] [stdout] 25 |     pub pieces: ByteBuf,
[INFO] [stdout]    |         ^^^^^^
[INFO] [stdout] ...
[INFO] [stdout] 31 |     pub length: Option<i64>,
[INFO] [stdout]    |         ^^^^^^
[INFO] [stdout]    |
[INFO] [stdout]    = note: `Info` has a derived impl for the trait `Debug`, but this is intentionally ignored during dead code analysis
[INFO] [stdout] 
[INFO] [stdout] 
[INFO] [stderr]     Finished `test` profile [unoptimized + debuginfo] target(s) in 3.83s
[INFO] running `Command { std: "docker" "inspect" "74590213b2153d2782acebb2f2d1473214421f75a2f33250a6d332b474f32f5c", kill_on_drop: false }`
[INFO] running `Command { std: "docker" "rm" "-f" "74590213b2153d2782acebb2f2d1473214421f75a2f33250a6d332b474f32f5c", kill_on_drop: false }`
[INFO] [stdout] 74590213b2153d2782acebb2f2d1473214421f75a2f33250a6d332b474f32f5c
[INFO] running `Command { std: "docker" "create" "-v" "/var/lib/crater-agent-workspace/builds/worker-0-tc1/target:/opt/rustwide/target:rw,Z" "-v" "/var/lib/crater-agent-workspace/builds/worker-0-tc1/source:/opt/rustwide/workdir:ro,Z" "-v" "/var/lib/crater-agent-workspace/cargo-home:/opt/rustwide/cargo-home:ro,Z" "-v" "/var/lib/crater-agent-workspace/rustup-home:/opt/rustwide/rustup-home:ro,Z" "-e" "SOURCE_DIR=/opt/rustwide/workdir" "-e" "CARGO_TARGET_DIR=/opt/rustwide/target" "-e" "CARGO_INCREMENTAL=0" "-e" "RUST_BACKTRACE=full" "-e" "RUSTFLAGS=--cap-lints=forbid" "-e" "RUSTDOCFLAGS=--cap-lints=forbid" "-e" "CARGO_HOME=/opt/rustwide/cargo-home" "-e" "RUSTUP_HOME=/opt/rustwide/rustup-home" "-w" "/opt/rustwide/workdir" "-m" "1610612736" "--user" "0:0" "--network" "none" "ghcr.io/rust-lang/crates-build-env/linux@sha256:4a844ea9eb2546a2d2c7022eacef16ef2e8229c7fbb2c7d4d55a9ceca922f72d" "/opt/rustwide/cargo-home/bin/cargo" "+nightly-2024-10-28" "test" "--frozen", kill_on_drop: false }`
[INFO] [stdout] 13491e7d9c58f68b4108d7ead3b22f280ebb1de04e0f6fd9cad82f67d2c3b92d
[INFO] running `Command { std: "docker" "start" "-a" "13491e7d9c58f68b4108d7ead3b22f280ebb1de04e0f6fd9cad82f67d2c3b92d", kill_on_drop: false }`
[INFO] [stderr] warning: elided lifetime has a name
[INFO] [stderr]   --> src/ser.rs:93:56
[INFO] [stderr]    |
[INFO] [stderr] 92 | impl<'a> SerializeMap<'a> {
[INFO] [stderr]    |      -- lifetime `'a` declared here
[INFO] [stderr] 93 |     pub fn new(ser: &'a mut Serializer, len: usize) -> SerializeMap {
[INFO] [stderr]    |                                                        ^^^^^^^^^^^^ this elided lifetime gets resolved as `'a`
[INFO] [stderr]    |
[INFO] [stderr]    = note: `#[warn(elided_named_lifetimes)]` on by default
[INFO] [stderr] 
[INFO] [stderr] warning: `torrust-serde-bencode` (lib) generated 1 warning
[INFO] [stderr] warning: fields `0` and `1` are never read
[INFO] [stderr]   --> examples/parse_torrent.rs:12:13
[INFO] [stderr]    |
[INFO] [stderr] 12 | struct Node(String, i64);
[INFO] [stderr]    |        ---- ^^^^^^  ^^^
[INFO] [stderr]    |        |
[INFO] [stderr]    |        fields in this struct
[INFO] [stderr]    |
[INFO] [stderr]    = help: consider removing these fields
[INFO] [stderr]    = note: `Node` has a derived impl for the trait `Debug`, but this is intentionally ignored during dead code analysis
[INFO] [stderr]    = note: `#[warn(dead_code)]` on by default
[INFO] [stderr] 
[INFO] [stderr] warning: fields `pieces` and `length` are never read
[INFO] [stderr]   --> examples/parse_torrent.rs:25:9
[INFO] [stderr]    |
[INFO] [stderr] 23 | struct Info {
[INFO] [stderr]    |        ---- fields in this struct
[INFO] [stderr] 24 |     pub name: String,
[INFO] [stderr] 25 |     pub pieces: ByteBuf,
[INFO] [stderr]    |         ^^^^^^
[INFO] [stderr] ...
[INFO] [stderr] 31 |     pub length: Option<i64>,
[INFO] [stderr]    |         ^^^^^^
[INFO] [stderr]    |
[INFO] [stderr]    = note: `Info` has a derived impl for the trait `Debug`, but this is intentionally ignored during dead code analysis
[INFO] [stderr] 
[INFO] [stderr] warning: `torrust-serde-bencode` (lib test) generated 1 warning (1 duplicate)
[INFO] [stderr] warning: `torrust-serde-bencode` (example "parse_torrent") generated 2 warnings
[INFO] [stderr]     Finished `test` profile [unoptimized + debuginfo] target(s) in 0.01s
[INFO] [stderr]      Running unittests src/lib.rs (/opt/rustwide/target/debug/deps/torrust_serde_bencode-ddec1fd6425734a7)
[INFO] [stdout] 
[INFO] [stdout] running 0 tests
[INFO] [stdout] 
[INFO] [stdout] test result: ok. 0 passed; 0 failed; 0 ignored; 0 measured; 0 filtered out; finished in 0.00s
[INFO] [stdout] 
[INFO] [stderr]      Running tests/tests.rs (/opt/rustwide/target/debug/deps/tests-70cf5652ec69661f)
[INFO] [stdout] 
[INFO] [stdout] running 40 tests
[INFO] [stdout] test deserialize_to_string ... ok
[INFO] [stdout] test deserialize_to_freestyle ... ok
[INFO] [stdout] test deserialize_to_i64 ... ok
[INFO] [stdout] test deserialize_to_struct ... ok
[INFO] [stdout] test deserialize_to_struct_with_option ... ok
[INFO] [stdout] test deserialize_to_value ... ok
[INFO] [stdout] test deserialize_to_value_struct_mix ... ok
[INFO] [stdout] test deserialize_to_vec ... ok
[INFO] [stdout] test multi_digit_string_length ... ok
[INFO] [stdout] test readme_value_example ... ok
[INFO] [stdout] test ser_de_adjacently_tagged_enum ... ok
[INFO] [stdout] test ser_de_field_vec_tuple ... ok
[INFO] [stdout] test ser_de_int ... ok
[INFO] [stdout] test ser_de_string ... ok
[INFO] [stdout] test ser_de_value_map ... ok
[INFO] [stdout] test ser_de_variant_struct ... ok
[INFO] [stdout] test ser_de_map_value_mixed ... ok
[INFO] [stdout] test ser_de_value_list_mixed ... ok
[INFO] [stdout] test ser_de_variant_newtype ... ok
[INFO] [stdout] test ser_de_value_list_nested ... ok
[INFO] [stdout] test ser_de_variant_tuple ... ok
[INFO] [stdout] test ser_de_variant_unit ... ok
[INFO] [stdout] test serialize_ascii_char ... ok
[INFO] [stdout] test ser_de_vec_of_tuples ... ok
[INFO] [stdout] test serialize_lexical_sorted_keys ... ok
[INFO] [stdout] test serialize_newtype_struct ... ok
[INFO] [stdout] test serialize_i64 ... ok
[INFO] [stdout] test serialize_none ... ok
[INFO] [stdout] test serialize_some ... ok
[INFO] [stdout] test serialize_bool ... ok
[INFO] [stdout] test serialize_str ... ok
[INFO] [stdout] test serialize_struct ... ok
[INFO] [stdout] test serialize_tuple ... ok
[INFO] [stdout] test serialize_tuple_struct ... ok
[INFO] [stdout] test stop_short ... ok
[INFO] [stdout] test trailing_chars ... ignored
[INFO] [stdout] test serialize_uncode_char ... ok
[INFO] [stdout] test struct_none_vals ... ok
[INFO] [stdout] test test_to_bytes ... ok
[INFO] [stdout] test ser_de_flattened_adjacently_tagged_enum ... FAILED
[INFO] [stdout] 
[INFO] [stdout] failures:
[INFO] [stdout] 
[INFO] [stdout] ---- ser_de_flattened_adjacently_tagged_enum stdout ----
[INFO] [stdout] bytes: "d7:contentd5:tokeni456ee2:idi123e4:type7:Requeste"
[INFO] [stdout] thread 'ser_de_flattened_adjacently_tagged_enum' panicked at tests/tests.rs:35:41:
[INFO] [stdout] called `Result::unwrap()` on an `Err` value: InvalidType("Invalid Type: byte array (expected: `string or map`)")
[INFO] [stdout] stack backtrace:
[INFO] [stdout]    0:     0x5ac377b8c37a - std::backtrace_rs::backtrace::libunwind::trace::h207520d6e9873551
[INFO] [stdout]                                at /rustc/df4ca44d3fbc9301ee17f30f4d474e6ae4b05252/library/std/src/../../backtrace/src/backtrace/libunwind.rs:116:5
[INFO] [stdout]    1:     0x5ac377b8c37a - std::backtrace_rs::backtrace::trace_unsynchronized::h2ed7433f370e3eca
[INFO] [stdout]                                at /rustc/df4ca44d3fbc9301ee17f30f4d474e6ae4b05252/library/std/src/../../backtrace/src/backtrace/mod.rs:66:5
[INFO] [stdout]    2:     0x5ac377b8c37a - std::sys::backtrace::_print_fmt::h916fac51166b18d7
[INFO] [stdout]                                at /rustc/df4ca44d3fbc9301ee17f30f4d474e6ae4b05252/library/std/src/sys/backtrace.rs:66:9
[INFO] [stdout]    3:     0x5ac377b8c37a - <std::sys::backtrace::BacktraceLock::print::DisplayBacktrace as core::fmt::Display>::fmt::ha0a4c9b8ce3802e6
[INFO] [stdout]                                at /rustc/df4ca44d3fbc9301ee17f30f4d474e6ae4b05252/library/std/src/sys/backtrace.rs:39:26
[INFO] [stdout]    4:     0x5ac377bb2d93 - core::fmt::rt::Argument::fmt::h4cfc8587d52b3eb5
[INFO] [stdout]                                at /rustc/df4ca44d3fbc9301ee17f30f4d474e6ae4b05252/library/core/src/fmt/rt.rs:177:76
[INFO] [stdout]    5:     0x5ac377bb2d93 - core::fmt::write::h522cc39e5b36ae9f
[INFO] [stdout]                                at /rustc/df4ca44d3fbc9301ee17f30f4d474e6ae4b05252/library/core/src/fmt/mod.rs:1190:21
[INFO] [stdout]    6:     0x5ac377b88fe3 - std::io::Write::write_fmt::h7d3c26752da97734
[INFO] [stdout]                                at /rustc/df4ca44d3fbc9301ee17f30f4d474e6ae4b05252/library/std/src/io/mod.rs:1839:15
[INFO] [stdout]    7:     0x5ac377b8c1c2 - std::sys::backtrace::BacktraceLock::print::h4b9e00b29e9c0942
[INFO] [stdout]                                at /rustc/df4ca44d3fbc9301ee17f30f4d474e6ae4b05252/library/std/src/sys/backtrace.rs:42:9
[INFO] [stdout]    8:     0x5ac377b8d80a - std::panicking::default_hook::{{closure}}::hb59b88280d0324d9
[INFO] [stdout]                                at /rustc/df4ca44d3fbc9301ee17f30f4d474e6ae4b05252/library/std/src/panicking.rs:268:22
[INFO] [stdout]    9:     0x5ac377b8d614 - std::panicking::default_hook::he1dd496665be4a29
[INFO] [stdout]                                at /rustc/df4ca44d3fbc9301ee17f30f4d474e6ae4b05252/library/std/src/panicking.rs:292:9
[INFO] [stdout]   10:     0x5ac377b49219 - <alloc::boxed::Box<F,A> as core::ops::function::Fn<Args>>::call::h4ff71de18744e1dc
[INFO] [stdout]                                at /rustc/df4ca44d3fbc9301ee17f30f4d474e6ae4b05252/library/alloc/src/boxed.rs:2468:9
[INFO] [stdout]   11:     0x5ac377b49219 - test::test_main::{{closure}}::hcf7c055ce117aa81
[INFO] [stdout]                                at /rustc/df4ca44d3fbc9301ee17f30f4d474e6ae4b05252/library/test/src/lib.rs:133:21
[INFO] [stdout]   12:     0x5ac377b8df08 - <alloc::boxed::Box<F,A> as core::ops::function::Fn<Args>>::call::h1d66c6bbd60c9692
[INFO] [stdout]                                at /rustc/df4ca44d3fbc9301ee17f30f4d474e6ae4b05252/library/alloc/src/boxed.rs:2468:9
[INFO] [stdout]   13:     0x5ac377b8df08 - std::panicking::rust_panic_with_hook::h2ff17fe8f26dfcf8
[INFO] [stdout]                                at /rustc/df4ca44d3fbc9301ee17f30f4d474e6ae4b05252/library/std/src/panicking.rs:809:13
[INFO] [stdout]   14:     0x5ac377b8dcca - std::panicking::begin_panic_handler::{{closure}}::h4fad77951c07e101
[INFO] [stdout]                                at /rustc/df4ca44d3fbc9301ee17f30f4d474e6ae4b05252/library/std/src/panicking.rs:674:13
[INFO] [stdout]   15:     0x5ac377b8c859 - std::sys::backtrace::__rust_end_short_backtrace::hb1a25b3da5d0ea08
[INFO] [stdout]                                at /rustc/df4ca44d3fbc9301ee17f30f4d474e6ae4b05252/library/std/src/sys/backtrace.rs:170:18
[INFO] [stdout]   16:     0x5ac377b8d95c - rust_begin_unwind
[INFO] [stdout]                                at /rustc/df4ca44d3fbc9301ee17f30f4d474e6ae4b05252/library/std/src/panicking.rs:665:5
[INFO] [stdout]   17:     0x5ac377bb1440 - core::panicking::panic_fmt::ha9db07b529f9b256
[INFO] [stdout]                                at /rustc/df4ca44d3fbc9301ee17f30f4d474e6ae4b05252/library/core/src/panicking.rs:75:14
[INFO] [stdout]   18:     0x5ac377bb1886 - core::result::unwrap_failed::h5e8218e4d4338b8a
[INFO] [stdout]                                at /rustc/df4ca44d3fbc9301ee17f30f4d474e6ae4b05252/library/core/src/result.rs:1698:5
[INFO] [stdout]   19:     0x5ac377ac4aec - core::result::Result<T,E>::unwrap::h76ca528136619d88
[INFO] [stdout]                                at /rustc/df4ca44d3fbc9301ee17f30f4d474e6ae4b05252/library/core/src/result.rs:1103:23
[INFO] [stdout]   20:     0x5ac377ac4aec - tests::test_ser_de_eq::h6d1521cf6714bbee
[INFO] [stdout]                                at /opt/rustwide/workdir/tests/tests.rs:35:16
[INFO] [stdout]   21:     0x5ac377ad765a - tests::ser_de_flattened_adjacently_tagged_enum::ha653207cccc00e46
[INFO] [stdout]                                at /opt/rustwide/workdir/tests/tests.rs:421:5
[INFO] [stdout]   22:     0x5ac377ad7607 - tests::ser_de_flattened_adjacently_tagged_enum::{{closure}}::h5723615eecdedd39
[INFO] [stdout]                                at /opt/rustwide/workdir/tests/tests.rs:406:45
[INFO] [stdout]   23:     0x5ac377b03416 - core::ops::function::FnOnce::call_once::hc84300f04c1387be
[INFO] [stdout]                                at /rustc/df4ca44d3fbc9301ee17f30f4d474e6ae4b05252/library/core/src/ops/function.rs:250:5
[INFO] [stdout]   24:     0x5ac377b4daeb - core::ops::function::FnOnce::call_once::h22c3ba5715e93f05
[INFO] [stdout]                                at /rustc/df4ca44d3fbc9301ee17f30f4d474e6ae4b05252/library/core/src/ops/function.rs:250:5
[INFO] [stdout]   25:     0x5ac377b4daeb - test::__rust_begin_short_backtrace::h8e82d8113d0da17f
[INFO] [stdout]                                at /rustc/df4ca44d3fbc9301ee17f30f4d474e6ae4b05252/library/test/src/lib.rs:621:18
[INFO] [stdout]   26:     0x5ac377b4d467 - test::run_test_in_process::{{closure}}::h33235f4f20b7b7c7
[INFO] [stdout]                                at /rustc/df4ca44d3fbc9301ee17f30f4d474e6ae4b05252/library/test/src/lib.rs:644:60
[INFO] [stdout]   27:     0x5ac377b4d467 - <core::panic::unwind_safe::AssertUnwindSafe<F> as core::ops::function::FnOnce<()>>::call_once::hb5043206310c586f
[INFO] [stdout]                                at /rustc/df4ca44d3fbc9301ee17f30f4d474e6ae4b05252/library/core/src/panic/unwind_safe.rs:272:9
[INFO] [stdout]   28:     0x5ac377b4d467 - std::panicking::try::do_call::h9ad4731a60ab23e2
[INFO] [stdout]                                at /rustc/df4ca44d3fbc9301ee17f30f4d474e6ae4b05252/library/std/src/panicking.rs:557:40
[INFO] [stdout]   29:     0x5ac377b4d467 - std::panicking::try::h3824d23db772a716
[INFO] [stdout]                                at /rustc/df4ca44d3fbc9301ee17f30f4d474e6ae4b05252/library/std/src/panicking.rs:520:19
[INFO] [stdout]   30:     0x5ac377b4d467 - std::panic::catch_unwind::h5afd514605fde46b
[INFO] [stdout]                                at /rustc/df4ca44d3fbc9301ee17f30f4d474e6ae4b05252/library/std/src/panic.rs:358:14
[INFO] [stdout]   31:     0x5ac377b4d467 - test::run_test_in_process::h0d5cbfa7067d1720
[INFO] [stdout]                                at /rustc/df4ca44d3fbc9301ee17f30f4d474e6ae4b05252/library/test/src/lib.rs:644:27
[INFO] [stdout]   32:     0x5ac377b4d467 - test::run_test::{{closure}}::h708eb8872708115d
[INFO] [stdout]                                at /rustc/df4ca44d3fbc9301ee17f30f4d474e6ae4b05252/library/test/src/lib.rs:565:43
[INFO] [stdout]   33:     0x5ac377b10b84 - test::run_test::{{closure}}::h392c51cee94713ab
[INFO] [stdout]                                at /rustc/df4ca44d3fbc9301ee17f30f4d474e6ae4b05252/library/test/src/lib.rs:595:41
[INFO] [stdout]   34:     0x5ac377b10b84 - std::sys::backtrace::__rust_begin_short_backtrace::h2f40290710935a8b
[INFO] [stdout]                                at /rustc/df4ca44d3fbc9301ee17f30f4d474e6ae4b05252/library/std/src/sys/backtrace.rs:154:18
[INFO] [stdout]   35:     0x5ac377b1432e - std::thread::Builder::spawn_unchecked_::{{closure}}::{{closure}}::h3fd968d89053a903
[INFO] [stdout]                                at /rustc/df4ca44d3fbc9301ee17f30f4d474e6ae4b05252/library/std/src/thread/mod.rs:541:17
[INFO] [stdout]   36:     0x5ac377b1432e - <core::panic::unwind_safe::AssertUnwindSafe<F> as core::ops::function::FnOnce<()>>::call_once::h743f637ba4229880
[INFO] [stdout]                                at /rustc/df4ca44d3fbc9301ee17f30f4d474e6ae4b05252/library/core/src/panic/unwind_safe.rs:272:9
[INFO] [stdout]   37:     0x5ac377b1432e - std::panicking::try::do_call::h07440897322525a6
[INFO] [stdout]                                at /rustc/df4ca44d3fbc9301ee17f30f4d474e6ae4b05252/library/std/src/panicking.rs:557:40
[INFO] [stdout]   38:     0x5ac377b1432e - std::panicking::try::he5a2e00188156637
[INFO] [stdout]                                at /rustc/df4ca44d3fbc9301ee17f30f4d474e6ae4b05252/library/std/src/panicking.rs:520:19
[INFO] [stdout]   39:     0x5ac377b1432e - std::panic::catch_unwind::hbaf3cae49b3c6433
[INFO] [stdout]                                at /rustc/df4ca44d3fbc9301ee17f30f4d474e6ae4b05252/library/std/src/panic.rs:358:14
[INFO] [stdout]   40:     0x5ac377b1432e - std::thread::Builder::spawn_unchecked_::{{closure}}::h8e141ea224820bce
[INFO] [stdout]                                at /rustc/df4ca44d3fbc9301ee17f30f4d474e6ae4b05252/library/std/src/thread/mod.rs:540:30
[INFO] [stdout]   41:     0x5ac377b1432e - core::ops::function::FnOnce::call_once{{vtable.shim}}::h90d312fedd7b8ea8
[INFO] [stdout]                                at /rustc/df4ca44d3fbc9301ee17f30f4d474e6ae4b05252/library/core/src/ops/function.rs:250:5
[INFO] [stdout]   42:     0x5ac377b91cfb - <alloc::boxed::Box<F,A> as core::ops::function::FnOnce<Args>>::call_once::h69aa08ddb6adb8b6
[INFO] [stdout]                                at /rustc/df4ca44d3fbc9301ee17f30f4d474e6ae4b05252/library/alloc/src/boxed.rs:2454:9
[INFO] [stdout]   43:     0x5ac377b91cfb - <alloc::boxed::Box<F,A> as core::ops::function::FnOnce<Args>>::call_once::h5aa36efdb79c806f
[INFO] [stdout]                                at /rustc/df4ca44d3fbc9301ee17f30f4d474e6ae4b05252/library/alloc/src/boxed.rs:2454:9
[INFO] [stdout]   44:     0x5ac377b91cfb - std::sys::pal::unix::thread::Thread::new::thread_start::h6cd80a1b4be5158d
[INFO] [stdout]                                at /rustc/df4ca44d3fbc9301ee17f30f4d474e6ae4b05252/library/std/src/sys/pal/unix/thread.rs:105:17
[INFO] [stdout]   45:     0x77e82d2c2ac3 - <unknown>
[INFO] [stdout]   46:     0x77e82d353a04 - clone
[INFO] [stdout]   47:                0x0 - <unknown>
[INFO] [stdout] 
[INFO] [stdout] 
[INFO] [stdout] failures:
[INFO] [stdout]     ser_de_flattened_adjacently_tagged_enum
[INFO] [stdout] 
[INFO] [stdout] test result: FAILED. 38 passed; 1 failed; 1 ignored; 0 measured; 0 filtered out; finished in 0.01s
[INFO] [stdout] 
[INFO] [stderr] error: test failed, to rerun pass `--test tests`
[INFO] running `Command { std: "docker" "inspect" "13491e7d9c58f68b4108d7ead3b22f280ebb1de04e0f6fd9cad82f67d2c3b92d", kill_on_drop: false }`
[INFO] running `Command { std: "docker" "rm" "-f" "13491e7d9c58f68b4108d7ead3b22f280ebb1de04e0f6fd9cad82f67d2c3b92d", kill_on_drop: false }`
[INFO] [stdout] 13491e7d9c58f68b4108d7ead3b22f280ebb1de04e0f6fd9cad82f67d2c3b92d
