[INFO] fetching crate tor-interface 0.4.0...
[INFO] testing tor-interface-0.4.0 against nightly-2024-10-28 for randomize-layout
[INFO] extracting crate tor-interface 0.4.0 into /workspace/builds/worker-2-tc1/source
[INFO] validating manifest of crates.io crate tor-interface 0.4.0 on toolchain nightly-2024-10-28
[INFO] running `Command { std: CARGO_HOME="/workspace/cargo-home" RUSTUP_HOME="/workspace/rustup-home" "/workspace/cargo-home/bin/cargo" "+nightly-2024-10-28" "metadata" "--manifest-path" "Cargo.toml" "--no-deps", kill_on_drop: false }`
[INFO] started tweaking crates.io crate tor-interface 0.4.0
[INFO] finished tweaking crates.io crate tor-interface 0.4.0
[INFO] tweaked toml for crates.io crate tor-interface 0.4.0 written to /workspace/builds/worker-2-tc1/source/Cargo.toml
[INFO] running `Command { std: CARGO_HOME="/workspace/cargo-home" RUSTUP_HOME="/workspace/rustup-home" "/workspace/cargo-home/bin/cargo" "+nightly-2024-10-28" "generate-lockfile" "--manifest-path" "Cargo.toml", kill_on_drop: false }`
[INFO] [stderr]     Updating crates.io index
[INFO] [stderr]      Locking 443 packages to latest compatible versions
[INFO] [stderr]       Adding arti-client v0.20.0 (available: v0.24.0)
[INFO] [stderr]       Adding domain v0.10.0 (available: v0.10.3)
[INFO] [stderr]       Adding serial_test v0.9.0 (available: v3.1.1)
[INFO] [stderr]       Adding signature v1.6.4 (available: v2.2.0)
[INFO] [stderr]       Adding tor-cell v0.20.0 (available: v0.24.0)
[INFO] [stderr]       Adding tor-config v0.20.0 (available: v0.24.0)
[INFO] [stderr]       Adding tor-hscrypto v0.20.0 (available: v0.24.0)
[INFO] [stderr]       Adding tor-hsservice v0.20.0 (available: v0.24.0)
[INFO] [stderr]       Adding tor-keymgr v0.20.0 (available: v0.24.0)
[INFO] [stderr]       Adding tor-llcrypto v0.20.0 (available: v0.24.0)
[INFO] [stderr]       Adding tor-persist v0.20.0 (available: v0.24.0)
[INFO] [stderr]       Adding tor-proto v0.20.0 (available: v0.24.0)
[INFO] [stderr]       Adding tor-rtcompat v0.20.0 (available: v0.24.0)
[INFO] [stderr]       Adding which v4.4.2 (available: v7.0.0)
[INFO] running `Command { std: CARGO_HOME="/workspace/cargo-home" RUSTUP_HOME="/workspace/rustup-home" "/workspace/cargo-home/bin/cargo" "+nightly-2024-10-28" "fetch" "--manifest-path" "Cargo.toml", kill_on_drop: false }`
[INFO] [stderr]  Downloading crates ...
[INFO] [stderr]   Downloaded retry-error v0.5.4
[INFO] [stderr]   Downloaded blanket v0.3.0
[INFO] [stderr]   Downloaded tor-rtcompat v0.20.0
[INFO] [stderr]   Downloaded visibility v0.1.1
[INFO] [stderr]   Downloaded tor-error v0.20.0
[INFO] [stderr]   Downloaded async-native-tls v0.5.0
[INFO] [stderr]   Downloaded derive_builder_macro_fork_arti v0.11.2
[INFO] [stderr]   Downloaded hostname-validator v1.1.1
[INFO] [stderr]   Downloaded tor-async-utils v0.20.0
[INFO] [stderr]   Downloaded caret v0.4.7
[INFO] [stderr]   Downloaded async_executors v0.7.0
[INFO] [stderr]   Downloaded ssh-cipher v0.2.0
[INFO] [stderr]   Downloaded octseq v0.5.2
[INFO] [stderr]   Downloaded fslock-arti-fork v0.2.0
[INFO] [stderr]   Downloaded tor-protover v0.20.0
[INFO] [stderr]   Downloaded fluid-let v1.0.0
[INFO] [stderr]   Downloaded fslock-guard v0.1.5
[INFO] [stderr]   Downloaded safelog v0.3.8
[INFO] [stderr]   Downloaded tor-units v0.20.0
[INFO] [stderr]   Downloaded tor-relay-selection v0.20.0
[INFO] [stderr]   Downloaded tor-basic-utils v0.20.0
[INFO] [stderr]   Downloaded tor-consdiff v0.20.0
[INFO] [stderr]   Downloaded tor-hsclient v0.20.0
[INFO] [stderr]   Downloaded tor-keymgr v0.20.0
[INFO] [stderr]   Downloaded fs-mistrust v0.8.1
[INFO] [stderr]   Downloaded tor-rtmock v0.20.0
[INFO] [stderr]   Downloaded arti-client v0.20.0
[INFO] [stderr]   Downloaded ssh-key v0.6.7
[INFO] [stderr]   Downloaded derive-deftly v0.14.2
[INFO] [stderr]   Downloaded tor-dirmgr v0.20.0
[INFO] [stderr]   Downloaded tor-netdoc v0.20.0
[INFO] [stderr]   Downloaded tor-guardmgr v0.20.0
[INFO] [stderr]   Downloaded tor-circmgr v0.20.0
[INFO] [stderr]   Downloaded tor-hsservice v0.20.0
[INFO] [stderr]   Downloaded derive-deftly-macros v0.13.1
[INFO] [stderr]   Downloaded derive-deftly v0.13.1
[INFO] [stderr]   Downloaded typed-index-collections v3.2.3
[INFO] [stderr]   Downloaded tor-cell v0.20.0
[INFO] [stderr]   Downloaded derive-adhoc v0.7.3
[INFO] [stderr]   Downloaded derive_builder_core_fork_arti v0.11.2
[INFO] [stderr]   Downloaded derive-adhoc-macros v0.7.3
[INFO] [stderr]   Downloaded tor-config v0.20.0
[INFO] [stderr]   Downloaded tor-log-ratelim v0.20.0
[INFO] [stderr]   Downloaded amplify v4.7.0
[INFO] [stderr]   Downloaded tor-proto v0.20.0
[INFO] [stderr]   Downloaded postage v0.5.0
[INFO] [stderr]   Downloaded pwd-grp v1.0.0
[INFO] [stderr]   Downloaded serial_test_derive v0.9.0
[INFO] [stderr]   Downloaded tor-chanmgr v0.20.0
[INFO] [stderr]   Downloaded tor-netdir v0.20.0
[INFO] [stderr]   Downloaded tor-persist v0.20.0
[INFO] [stderr]   Downloaded domain v0.10.0
[INFO] [stderr]   Downloaded pwd-grp v0.1.1
[INFO] [stderr]   Downloaded fs-mistrust v0.7.13
[INFO] [stderr]   Downloaded amplify_derive v4.0.1
[INFO] [stderr]   Downloaded growable-bloom-filter v2.1.1
[INFO] [stderr]   Downloaded bounded-vec-deque v0.1.1
[INFO] [stderr]   Downloaded tor-socksproto v0.20.0
[INFO] [stderr]   Downloaded glob-match v0.2.1
[INFO] [stderr]   Downloaded ssh-encoding v0.2.0
[INFO] [stderr]   Downloaded tor-cert v0.20.0
[INFO] [stderr]   Downloaded tor-checkable v0.20.0
[INFO] [stderr]   Downloaded tor-bytes v0.20.0
[INFO] [stderr]   Downloaded derive_builder_fork_arti v0.11.2
[INFO] [stderr]   Downloaded tor-linkspec v0.20.0
[INFO] [stderr]   Downloaded amplify_num v0.5.3
[INFO] [stderr]   Downloaded amplify_syn v2.0.1
[INFO] [stderr]   Downloaded tor-llcrypto v0.20.0
[INFO] [stderr]   Downloaded serial_test v0.9.0
[INFO] [stderr]   Downloaded k12 v0.3.0
[INFO] [stderr]   Downloaded tor-dirclient v0.20.0
[INFO] [stderr]   Downloaded tor-hscrypto v0.20.0
[INFO] running `Command { std: "docker" "create" "-v" "/var/lib/crater-agent-workspace/builds/worker-2-tc1/target:/opt/rustwide/target:rw,Z" "-v" "/var/lib/crater-agent-workspace/builds/worker-2-tc1/source:/opt/rustwide/workdir:ro,Z" "-v" "/var/lib/crater-agent-workspace/cargo-home:/opt/rustwide/cargo-home:ro,Z" "-v" "/var/lib/crater-agent-workspace/rustup-home:/opt/rustwide/rustup-home:ro,Z" "-e" "SOURCE_DIR=/opt/rustwide/workdir" "-e" "CARGO_TARGET_DIR=/opt/rustwide/target" "-e" "CARGO_HOME=/opt/rustwide/cargo-home" "-e" "RUSTUP_HOME=/opt/rustwide/rustup-home" "-w" "/opt/rustwide/workdir" "-m" "1610612736" "--user" "0:0" "--network" "none" "ghcr.io/rust-lang/crates-build-env/linux@sha256:4a844ea9eb2546a2d2c7022eacef16ef2e8229c7fbb2c7d4d55a9ceca922f72d" "/opt/rustwide/cargo-home/bin/cargo" "+nightly-2024-10-28" "metadata" "--no-deps" "--format-version=1", kill_on_drop: false }`
[INFO] [stdout] 0a1c4ccb5b418e3c636d8d9338681685b2850c7875148184b14719aaba9b3fc3
[INFO] running `Command { std: "docker" "start" "-a" "0a1c4ccb5b418e3c636d8d9338681685b2850c7875148184b14719aaba9b3fc3", kill_on_drop: false }`
[INFO] running `Command { std: "docker" "inspect" "0a1c4ccb5b418e3c636d8d9338681685b2850c7875148184b14719aaba9b3fc3", kill_on_drop: false }`
[INFO] running `Command { std: "docker" "rm" "-f" "0a1c4ccb5b418e3c636d8d9338681685b2850c7875148184b14719aaba9b3fc3", kill_on_drop: false }`
[INFO] [stdout] 0a1c4ccb5b418e3c636d8d9338681685b2850c7875148184b14719aaba9b3fc3
[INFO] running `Command { std: "docker" "create" "-v" "/var/lib/crater-agent-workspace/builds/worker-2-tc1/target:/opt/rustwide/target:rw,Z" "-v" "/var/lib/crater-agent-workspace/builds/worker-2-tc1/source:/opt/rustwide/workdir:ro,Z" "-v" "/var/lib/crater-agent-workspace/cargo-home:/opt/rustwide/cargo-home:ro,Z" "-v" "/var/lib/crater-agent-workspace/rustup-home:/opt/rustwide/rustup-home:ro,Z" "-e" "SOURCE_DIR=/opt/rustwide/workdir" "-e" "CARGO_TARGET_DIR=/opt/rustwide/target" "-e" "CARGO_INCREMENTAL=0" "-e" "RUST_BACKTRACE=full" "-e" "RUSTFLAGS=--cap-lints=forbid" "-e" "RUSTDOCFLAGS=--cap-lints=forbid" "-e" "CARGO_HOME=/opt/rustwide/cargo-home" "-e" "RUSTUP_HOME=/opt/rustwide/rustup-home" "-w" "/opt/rustwide/workdir" "-m" "1610612736" "--user" "0:0" "--network" "none" "ghcr.io/rust-lang/crates-build-env/linux@sha256:4a844ea9eb2546a2d2c7022eacef16ef2e8229c7fbb2c7d4d55a9ceca922f72d" "/opt/rustwide/cargo-home/bin/cargo" "+nightly-2024-10-28" "build" "--frozen" "--message-format=json", kill_on_drop: false }`
[INFO] [stdout] 13f5fda9b9af94ce7407897a75286eaf89858f075e52c44299f1daad20c50a19
[INFO] running `Command { std: "docker" "start" "-a" "13f5fda9b9af94ce7407897a75286eaf89858f075e52c44299f1daad20c50a19", kill_on_drop: false }`
[INFO] [stderr]    Compiling proc-macro2 v1.0.89
[INFO] [stderr]    Compiling unicode-ident v1.0.13
[INFO] [stderr]    Compiling typenum v1.17.0
[INFO] [stderr]    Compiling version_check v0.9.5
[INFO] [stderr]    Compiling autocfg v1.4.0
[INFO] [stderr]    Compiling libc v0.2.161
[INFO] [stderr]    Compiling const-oid v0.9.6
[INFO] [stderr]    Compiling byteorder v1.5.0
[INFO] [stderr]    Compiling stable_deref_trait v1.2.0
[INFO] [stderr]    Compiling libm v0.2.11
[INFO] [stderr]    Compiling semver v1.0.23
[INFO] [stderr]    Compiling base64ct v1.6.0
[INFO] [stderr]    Compiling cpufeatures v0.2.14
[INFO] [stderr]    Compiling syn v1.0.109
[INFO] [stderr]    Compiling writeable v0.5.5
[INFO] [stderr]    Compiling litemap v0.7.3
[INFO] [stderr]    Compiling thiserror v1.0.66
[INFO] [stderr]    Compiling time-core v0.1.2
[INFO] [stderr]    Compiling subtle v2.6.1
[INFO] [stderr]    Compiling smallvec v1.13.2
[INFO] [stderr]    Compiling powerfmt v0.2.0
[INFO] [stderr]    Compiling num-conv v0.1.0
[INFO] [stderr]    Compiling keccak v0.1.5
[INFO] [stderr]    Compiling num-bigint-dig v0.8.4
[INFO] [stderr]    Compiling pem-rfc7468 v0.7.0
[INFO] [stderr]    Compiling itoa v1.0.11
[INFO] [stderr]    Compiling generic-array v0.14.7
[INFO] [stderr]    Compiling spin v0.9.8
[INFO] [stderr]    Compiling time-macros v0.2.18
[INFO] [stderr]    Compiling deranged v0.3.11
[INFO] [stderr]    Compiling icu_locid_transform_data v1.5.0
[INFO] [stderr]    Compiling convert_case v0.4.0
[INFO] [stderr]    Compiling lazy_static v1.5.0
[INFO] [stderr]    Compiling serde v1.0.214
[INFO] [stderr]    Compiling memchr v2.7.4
[INFO] [stderr]    Compiling num-traits v0.2.19
[INFO] [stderr]    Compiling icu_properties_data v1.5.0
[INFO] [stderr]    Compiling rustc_version v0.4.1
[INFO] [stderr]    Compiling fluid-let v1.0.0
[INFO] [stderr]    Compiling utf16_iter v1.0.5
[INFO] [stderr]    Compiling icu_normalizer_data v1.5.0
[INFO] [stderr]    Compiling data-encoding v2.6.0
[INFO] [stderr]    Compiling write16 v1.0.0
[INFO] [stderr]    Compiling either v1.13.0
[INFO] [stderr]    Compiling regex-syntax v0.8.5
[INFO] [stderr]    Compiling utf8_iter v1.0.4
[INFO] [stderr]    Compiling hex v0.4.3
[INFO] [stderr]    Compiling quote v1.0.37
[INFO] [stderr]    Compiling syn v2.0.86
[INFO] [stderr]    Compiling getrandom v0.2.15
[INFO] [stderr]    Compiling curve25519-dalek v4.1.3
[INFO] [stderr]    Compiling rand_core v0.6.4
[INFO] [stderr]    Compiling aho-corasick v1.1.3
[INFO] [stderr]    Compiling pin-project-lite v0.2.15
[INFO] [stderr]    Compiling octseq v0.5.2
[INFO] [stderr]    Compiling socks v0.3.4
[INFO] [stderr]    Compiling signature v1.6.4
[INFO] [stderr]    Compiling static_assertions v1.1.0
[INFO] [stderr]    Compiling num-integer v0.1.46
[INFO] [stderr]    Compiling crypto-common v0.1.6
[INFO] [stderr]    Compiling block-buffer v0.10.4
[INFO] [stderr]    Compiling inout v0.1.3
[INFO] [stderr]    Compiling num-bigint v0.4.6
[INFO] [stderr]    Compiling digest v0.10.7
[INFO] [stderr]    Compiling time v0.3.36
[INFO] [stderr]    Compiling num-iter v0.1.45
[INFO] [stderr]    Compiling signature v2.2.0
[INFO] [stderr]    Compiling sha2 v0.10.8
[INFO] [stderr]    Compiling sha3 v0.10.8
[INFO] [stderr]    Compiling sha1 v0.10.6
[INFO] [stderr]    Compiling ed25519 v2.2.3
[INFO] [stderr]    Compiling regex-automata v0.4.8
[INFO] [stderr]    Compiling data-encoding-macro-internal v0.1.13
[INFO] [stderr]    Compiling data-encoding-macro v0.1.15
[INFO] [stderr]    Compiling synstructure v0.13.1
[INFO] [stderr]    Compiling regex v1.11.1
[INFO] [stderr]    Compiling zeroize_derive v1.4.2
[INFO] [stderr]    Compiling zerofrom-derive v0.1.4
[INFO] [stderr]    Compiling yoke-derive v0.7.4
[INFO] [stderr]    Compiling zerovec-derive v0.10.3
[INFO] [stderr]    Compiling zerocopy-derive v0.7.35
[INFO] [stderr]    Compiling displaydoc v0.2.5
[INFO] [stderr]    Compiling icu_provider_macros v1.5.0
[INFO] [stderr]    Compiling curve25519-dalek-derive v0.1.1
[INFO] [stderr]    Compiling thiserror-impl v1.0.66
[INFO] [stderr]    Compiling enum-ordinalize v3.1.15
[INFO] [stderr]    Compiling derive_more v0.99.18
[INFO] [stderr]    Compiling educe v0.4.23
[INFO] [stderr]    Compiling zeroize v1.8.1
[INFO] [stderr]    Compiling der v0.7.9
[INFO] [stderr]    Compiling cipher v0.4.4
[INFO] [stderr]    Compiling merlin v3.0.0
[INFO] [stderr]    Compiling zerocopy v0.7.35
[INFO] [stderr]    Compiling aes v0.8.4
[INFO] [stderr]    Compiling ctr v0.9.2
[INFO] [stderr]    Compiling zerofrom v0.1.4
[INFO] [stderr]    Compiling simple_asn1 v0.6.2
[INFO] [stderr]    Compiling yoke v0.7.4
[INFO] [stderr]    Compiling zerovec v0.10.4
[INFO] [stderr]    Compiling ppv-lite86 v0.2.20
[INFO] [stderr]    Compiling spki v0.7.3
[INFO] [stderr]    Compiling ed25519-dalek v2.1.1
[INFO] [stderr]    Compiling x25519-dalek v2.0.1
[INFO] [stderr]    Compiling pkcs8 v0.10.2
[INFO] [stderr]    Compiling rand_chacha v0.3.1
[INFO] [stderr]    Compiling pkcs1 v0.7.5
[INFO] [stderr]    Compiling rand v0.8.5
[INFO] [stderr]    Compiling safelog v0.3.8
[INFO] [stderr]    Compiling tinystr v0.7.6
[INFO] [stderr]    Compiling icu_collections v1.5.0
[INFO] [stderr]    Compiling icu_locid v1.5.0
[INFO] [stderr]    Compiling domain v0.10.0
[INFO] [stderr]    Compiling icu_provider v1.5.0
[INFO] [stderr]    Compiling icu_locid_transform v1.5.0
[INFO] [stderr]    Compiling rsa v0.9.6
[INFO] [stderr]    Compiling icu_properties v1.5.1
[INFO] [stderr]    Compiling tor-llcrypto v0.20.0
[INFO] [stderr]    Compiling icu_normalizer v1.5.0
[INFO] [stderr]    Compiling idna v1.0.2
[INFO] [stderr]    Compiling tor-interface v0.4.0 (/opt/rustwide/workdir)
[INFO] [stdout] warning: associated function `new` is never used
[INFO] [stdout]    --> src/tor_provider.rs:359:19
[INFO] [stdout]     |
[INFO] [stdout] 357 | impl OnionListener {
[INFO] [stdout]     | ------------------ associated function in this implementation
[INFO] [stdout] 358 |     /// Construct an `OnionListener`. ...
[INFO] [stdout] 359 |     pub(crate) fn new<T: 'static + Send>(
[INFO] [stdout]     |                   ^^^
[INFO] [stdout]     |
[INFO] [stdout]     = note: `#[warn(dead_code)]` on by default
[INFO] [stdout] 
[INFO] [stdout] 
[INFO] [stderr]     Finished `dev` profile [unoptimized + debuginfo] target(s) in 17.33s
[INFO] running `Command { std: "docker" "inspect" "13f5fda9b9af94ce7407897a75286eaf89858f075e52c44299f1daad20c50a19", kill_on_drop: false }`
[INFO] running `Command { std: "docker" "rm" "-f" "13f5fda9b9af94ce7407897a75286eaf89858f075e52c44299f1daad20c50a19", kill_on_drop: false }`
[INFO] [stdout] 13f5fda9b9af94ce7407897a75286eaf89858f075e52c44299f1daad20c50a19
[INFO] running `Command { std: "docker" "create" "-v" "/var/lib/crater-agent-workspace/builds/worker-2-tc1/target:/opt/rustwide/target:rw,Z" "-v" "/var/lib/crater-agent-workspace/builds/worker-2-tc1/source:/opt/rustwide/workdir:ro,Z" "-v" "/var/lib/crater-agent-workspace/cargo-home:/opt/rustwide/cargo-home:ro,Z" "-v" "/var/lib/crater-agent-workspace/rustup-home:/opt/rustwide/rustup-home:ro,Z" "-e" "SOURCE_DIR=/opt/rustwide/workdir" "-e" "CARGO_TARGET_DIR=/opt/rustwide/target" "-e" "CARGO_INCREMENTAL=0" "-e" "RUST_BACKTRACE=full" "-e" "RUSTFLAGS=--cap-lints=forbid" "-e" "RUSTDOCFLAGS=--cap-lints=forbid" "-e" "CARGO_HOME=/opt/rustwide/cargo-home" "-e" "RUSTUP_HOME=/opt/rustwide/rustup-home" "-w" "/opt/rustwide/workdir" "-m" "1610612736" "--user" "0:0" "--network" "none" "ghcr.io/rust-lang/crates-build-env/linux@sha256:4a844ea9eb2546a2d2c7022eacef16ef2e8229c7fbb2c7d4d55a9ceca922f72d" "/opt/rustwide/cargo-home/bin/cargo" "+nightly-2024-10-28" "test" "--frozen" "--no-run" "--message-format=json", kill_on_drop: false }`
[INFO] [stdout] 52902b3f68d19a40088ebe353c7254f116611835781408c7e3d45926a6ef5619
[INFO] running `Command { std: "docker" "start" "-a" "52902b3f68d19a40088ebe353c7254f116611835781408c7e3d45926a6ef5619", kill_on_drop: false }`
[INFO] [stderr]    Compiling memchr v2.7.4
[INFO] [stderr]    Compiling slab v0.4.9
[INFO] [stderr]    Compiling proc-macro-error-attr v1.0.4
[INFO] [stderr]    Compiling lock_api v0.4.12
[INFO] [stderr]    Compiling parking_lot_core v0.9.10
[INFO] [stderr]    Compiling futures-sink v0.3.31
[INFO] [stderr]    Compiling futures-core v0.3.31
[INFO] [stderr]    Compiling proc-macro-error v1.0.4
[INFO] [stderr]    Compiling futures-task v0.3.31
[INFO] [stderr]    Compiling futures-io v0.3.31
[INFO] [stderr]    Compiling pin-utils v0.1.0
[INFO] [stderr]    Compiling scopeguard v1.2.0
[INFO] [stderr]    Compiling rustix v0.38.38
[INFO] [stderr]    Compiling once_cell v1.20.2
[INFO] [stderr]    Compiling anyhow v1.0.92
[INFO] [stderr]    Compiling linux-raw-sys v0.4.14
[INFO] [stderr]    Compiling hashbrown v0.14.5
[INFO] [stderr]    Compiling bitflags v2.6.0
[INFO] [stderr]    Compiling futures-channel v0.3.31
[INFO] [stderr]    Compiling home v0.5.9
[INFO] [stderr]    Compiling log v0.4.22
[INFO] [stderr]    Compiling parking_lot v0.12.3
[INFO] [stderr]    Compiling futures-util v0.3.31
[INFO] [stderr]    Compiling aho-corasick v1.1.3
[INFO] [stderr]    Compiling serial_test_derive v0.9.0
[INFO] [stderr]    Compiling dashmap v5.5.3
[INFO] [stderr]    Compiling regex-automata v0.4.8
[INFO] [stderr]    Compiling which v4.4.2
[INFO] [stderr]    Compiling futures-executor v0.3.31
[INFO] [stderr]    Compiling futures v0.3.31
[INFO] [stderr]    Compiling serial_test v0.9.0
[INFO] [stderr]    Compiling regex v1.11.1
[INFO] [stderr]    Compiling tor-interface v0.4.0 (/opt/rustwide/workdir)
[INFO] [stdout] warning: associated function `new` is never used
[INFO] [stdout]    --> src/tor_provider.rs:359:19
[INFO] [stdout]     |
[INFO] [stdout] 357 | impl OnionListener {
[INFO] [stdout]     | ------------------ associated function in this implementation
[INFO] [stdout] 358 |     /// Construct an `OnionListener`. ...
[INFO] [stdout] 359 |     pub(crate) fn new<T: 'static + Send>(
[INFO] [stdout]     |                   ^^^
[INFO] [stdout]     |
[INFO] [stdout]     = note: `#[warn(dead_code)]` on by default
[INFO] [stdout] 
[INFO] [stdout] 
[INFO] [stdout] warning: unused import: `serial_test::serial`
[INFO] [stdout]   --> tests/tor_provider.rs:14:5
[INFO] [stdout]    |
[INFO] [stdout] 14 | use serial_test::serial;
[INFO] [stdout]    |     ^^^^^^^^^^^^^^^^^^^
[INFO] [stdout]    |
[INFO] [stdout]    = note: `#[warn(unused_imports)]` on by default
[INFO] [stdout] 
[INFO] [stdout] 
[INFO] [stdout] warning: function `bootstrap_test` is never used
[INFO] [stdout]   --> tests/tor_provider.rs:30:15
[INFO] [stdout]    |
[INFO] [stdout] 30 | pub(crate) fn bootstrap_test(mut tor: Box<dyn TorProvider>) -> anyhow::Result<()> {
[INFO] [stdout]    |               ^^^^^^^^^^^^^^
[INFO] [stdout]    |
[INFO] [stdout]    = note: `#[warn(dead_code)]` on by default
[INFO] [stdout] 
[INFO] [stdout] 
[INFO] [stdout] warning: function `basic_onion_service_test` is never used
[INFO] [stdout]   --> tests/tor_provider.rs:66:15
[INFO] [stdout]    |
[INFO] [stdout] 66 | pub(crate) fn basic_onion_service_test(
[INFO] [stdout]    |               ^^^^^^^^^^^^^^^^^^^^^^^^
[INFO] [stdout] 
[INFO] [stdout] 
[INFO] [stdout] warning: function `authenticated_onion_service_test` is never used
[INFO] [stdout]    --> tests/tor_provider.rs:191:15
[INFO] [stdout]     |
[INFO] [stdout] 191 | pub(crate) fn authenticated_onion_service_test(
[INFO] [stdout]     |               ^^^^^^^^^^^^^^^^^^^^^^^^^^^^^^^^
[INFO] [stdout] 
[INFO] [stdout] 
[INFO] [stdout] warning: associated function `new` is never used
[INFO] [stdout]    --> src/tor_provider.rs:359:19
[INFO] [stdout]     |
[INFO] [stdout] 357 | impl OnionListener {
[INFO] [stdout]     | ------------------ associated function in this implementation
[INFO] [stdout] 358 |     /// Construct an `OnionListener`. ...
[INFO] [stdout] 359 |     pub(crate) fn new<T: 'static + Send>(
[INFO] [stdout]     |                   ^^^
[INFO] [stdout]     |
[INFO] [stdout]     = note: `#[warn(dead_code)]` on by default
[INFO] [stdout] 
[INFO] [stdout] 
[INFO] [stderr]     Finished `test` profile [unoptimized + debuginfo] target(s) in 4.81s
[INFO] running `Command { std: "docker" "inspect" "52902b3f68d19a40088ebe353c7254f116611835781408c7e3d45926a6ef5619", kill_on_drop: false }`
[INFO] running `Command { std: "docker" "rm" "-f" "52902b3f68d19a40088ebe353c7254f116611835781408c7e3d45926a6ef5619", kill_on_drop: false }`
[INFO] [stdout] 52902b3f68d19a40088ebe353c7254f116611835781408c7e3d45926a6ef5619
[INFO] running `Command { std: "docker" "create" "-v" "/var/lib/crater-agent-workspace/builds/worker-2-tc1/target:/opt/rustwide/target:rw,Z" "-v" "/var/lib/crater-agent-workspace/builds/worker-2-tc1/source:/opt/rustwide/workdir:ro,Z" "-v" "/var/lib/crater-agent-workspace/cargo-home:/opt/rustwide/cargo-home:ro,Z" "-v" "/var/lib/crater-agent-workspace/rustup-home:/opt/rustwide/rustup-home:ro,Z" "-e" "SOURCE_DIR=/opt/rustwide/workdir" "-e" "CARGO_TARGET_DIR=/opt/rustwide/target" "-e" "CARGO_INCREMENTAL=0" "-e" "RUST_BACKTRACE=full" "-e" "RUSTFLAGS=--cap-lints=forbid" "-e" "RUSTDOCFLAGS=--cap-lints=forbid" "-e" "CARGO_HOME=/opt/rustwide/cargo-home" "-e" "RUSTUP_HOME=/opt/rustwide/rustup-home" "-w" "/opt/rustwide/workdir" "-m" "1610612736" "--user" "0:0" "--network" "none" "ghcr.io/rust-lang/crates-build-env/linux@sha256:4a844ea9eb2546a2d2c7022eacef16ef2e8229c7fbb2c7d4d55a9ceca922f72d" "/opt/rustwide/cargo-home/bin/cargo" "+nightly-2024-10-28" "test" "--frozen", kill_on_drop: false }`
[INFO] [stdout] 7cdc5551beb6cdf0101c2221cc3bbc7e90fed46915cdd046ae76f671688ec749
[INFO] running `Command { std: "docker" "start" "-a" "7cdc5551beb6cdf0101c2221cc3bbc7e90fed46915cdd046ae76f671688ec749", kill_on_drop: false }`
[INFO] [stderr] warning: associated function `new` is never used
[INFO] [stderr]    --> src/tor_provider.rs:359:19
[INFO] [stderr]     |
[INFO] [stderr] 357 | impl OnionListener {
[INFO] [stderr]     | ------------------ associated function in this implementation
[INFO] [stderr] 358 |     /// Construct an `OnionListener`. ...
[INFO] [stderr] 359 |     pub(crate) fn new<T: 'static + Send>(
[INFO] [stderr]     |                   ^^^
[INFO] [stderr]     |
[INFO] [stderr]     = note: `#[warn(dead_code)]` on by default
[INFO] [stderr] 
[INFO] [stderr] warning: `tor-interface` (lib) generated 1 warning
[INFO] [stderr] warning: `tor-interface` (lib test) generated 1 warning (1 duplicate)
[INFO] [stderr] warning: unused import: `serial_test::serial`
[INFO] [stderr]   --> tests/tor_provider.rs:14:5
[INFO] [stderr]    |
[INFO] [stderr] 14 | use serial_test::serial;
[INFO] [stderr]    |     ^^^^^^^^^^^^^^^^^^^
[INFO] [stderr]    |
[INFO] [stderr]    = note: `#[warn(unused_imports)]` on by default
[INFO] [stderr] 
[INFO] [stderr] warning: function `bootstrap_test` is never used
[INFO] [stderr]   --> tests/tor_provider.rs:30:15
[INFO] [stderr]    |
[INFO] [stderr] 30 | pub(crate) fn bootstrap_test(mut tor: Box<dyn TorProvider>) -> anyhow::Result<()> {
[INFO] [stderr]    |               ^^^^^^^^^^^^^^
[INFO] [stderr]    |
[INFO] [stderr]    = note: `#[warn(dead_code)]` on by default
[INFO] [stderr] 
[INFO] [stderr] warning: function `basic_onion_service_test` is never used
[INFO] [stderr]   --> tests/tor_provider.rs:66:15
[INFO] [stderr]    |
[INFO] [stderr] 66 | pub(crate) fn basic_onion_service_test(
[INFO] [stderr]    |               ^^^^^^^^^^^^^^^^^^^^^^^^
[INFO] [stderr] 
[INFO] [stderr] warning: function `authenticated_onion_service_test` is never used
[INFO] [stderr]    --> tests/tor_provider.rs:191:15
[INFO] [stderr]     |
[INFO] [stderr] 191 | pub(crate) fn authenticated_onion_service_test(
[INFO] [stderr]     |               ^^^^^^^^^^^^^^^^^^^^^^^^^^^^^^^^
[INFO] [stderr] 
[INFO] [stderr] warning: `tor-interface` (test "tor_provider") generated 4 warnings (run `cargo fix --test "tor_provider"` to apply 1 suggestion)
[INFO] [stderr]     Finished `test` profile [unoptimized + debuginfo] target(s) in 0.16s
[INFO] [stderr]      Running unittests src/lib.rs (/opt/rustwide/target/debug/deps/tor_interface-4e777962fd8732f1)
[INFO] [stdout] 
[INFO] [stdout] running 0 tests
[INFO] [stdout] 
[INFO] [stdout] test result: ok. 0 passed; 0 failed; 0 ignored; 0 measured; 0 filtered out; finished in 0.00s
[INFO] [stdout] 
[INFO] [stderr]      Running tests/tor_crypto.rs (/opt/rustwide/target/debug/deps/tor_crypto-4208d2384edc3624)
[INFO] [stdout] 
[INFO] [stdout] running 2 tests
[INFO] [stdout] test test_crypto_x25519 ... ok
[INFO] [stdout] test test_crypto_ed25519 ... ok
[INFO] [stdout] 
[INFO] [stdout] test result: ok. 2 passed; 0 failed; 0 ignored; 0 measured; 0 filtered out; finished in 0.04s
[INFO] [stdout] 
[INFO] [stderr]      Running tests/tor_provider.rs (/opt/rustwide/target/debug/deps/tor_provider-ebba3d0dff070a5b)
[INFO] [stdout] 
[INFO] [stdout] running 1 test
[INFO] [stdout] test test_tor_provider_target_addr ... ok
[INFO] [stdout] 
[INFO] [stdout] test result: ok. 1 passed; 0 failed; 0 ignored; 0 measured; 0 filtered out; finished in 0.01s
[INFO] [stdout] 
[INFO] [stderr]    Doc-tests tor_interface
[INFO] [stdout] 
[INFO] [stdout] running 1 test
[INFO] [stdout] test src/../README.md - (line 25) ... FAILED
[INFO] [stdout] 
[INFO] [stdout] failures:
[INFO] [stdout] 
[INFO] [stdout] ---- src/../README.md - (line 25) stdout ----
[INFO] [stdout] error[E0432]: unresolved import `tor_interface::legacy_tor_client`
[INFO] [stdout]   --> src/../README.md:29:20
[INFO] [stdout]    |
[INFO] [stdout] 7  | use tor_interface::legacy_tor_client::{LegacyTorClient, LegacyTorClientConfig};
[INFO] [stdout]    |                    ^^^^^^^^^^^^^^^^^ could not find `legacy_tor_client` in `tor_interface`
[INFO] [stdout]    |
[INFO] [stdout] note: found an item that was configured out
[INFO] [stdout]   --> /opt/rustwide/workdir/src/lib.rs:11:9
[INFO] [stdout]    |
[INFO] [stdout] 11 | pub mod legacy_tor_client;
[INFO] [stdout]    |         ^^^^^^^^^^^^^^^^^
[INFO] [stdout] note: the item is gated behind the `legacy-tor-provider` feature
[INFO] [stdout]   --> /opt/rustwide/workdir/src/lib.rs:10:7
[INFO] [stdout]    |
[INFO] [stdout] 10 | #[cfg(feature = "legacy-tor-provider")]
[INFO] [stdout]    |       ^^^^^^^^^^^^^^^^^^^^^^^^^^^^^^^
[INFO] [stdout] 
[INFO] [stdout] error: aborting due to 1 previous error
[INFO] [stdout] 
[INFO] [stdout] For more information about this error, try `rustc --explain E0432`.
[INFO] [stdout] Couldn't compile the test.
[INFO] [stdout] 
[INFO] [stdout] failures:
[INFO] [stdout]     src/../README.md - (line 25)
[INFO] [stdout] 
[INFO] [stdout] test result: FAILED. 0 passed; 1 failed; 0 ignored; 0 measured; 0 filtered out; finished in 0.06s
[INFO] [stdout] 
[INFO] [stderr] error: doctest failed, to rerun pass `--doc`
[INFO] running `Command { std: "docker" "inspect" "7cdc5551beb6cdf0101c2221cc3bbc7e90fed46915cdd046ae76f671688ec749", kill_on_drop: false }`
[INFO] running `Command { std: "docker" "rm" "-f" "7cdc5551beb6cdf0101c2221cc3bbc7e90fed46915cdd046ae76f671688ec749", kill_on_drop: false }`
[INFO] [stdout] 7cdc5551beb6cdf0101c2221cc3bbc7e90fed46915cdd046ae76f671688ec749
