[INFO] fetching crate topograph 0.3.1-alpha.1...
[INFO] testing topograph-0.3.1-alpha.1 against nightly-2024-10-28 for randomize-layout
[INFO] extracting crate topograph 0.3.1-alpha.1 into /workspace/builds/worker-1-tc1/source
[INFO] validating manifest of crates.io crate topograph 0.3.1-alpha.1 on toolchain nightly-2024-10-28
[INFO] running `Command { std: CARGO_HOME="/workspace/cargo-home" RUSTUP_HOME="/workspace/rustup-home" "/workspace/cargo-home/bin/cargo" "+nightly-2024-10-28" "metadata" "--manifest-path" "Cargo.toml" "--no-deps", kill_on_drop: false }`
[INFO] started tweaking crates.io crate topograph 0.3.1-alpha.1
[INFO] finished tweaking crates.io crate topograph 0.3.1-alpha.1
[INFO] tweaked toml for crates.io crate topograph 0.3.1-alpha.1 written to /workspace/builds/worker-1-tc1/source/Cargo.toml
[INFO] running `Command { std: CARGO_HOME="/workspace/cargo-home" RUSTUP_HOME="/workspace/rustup-home" "/workspace/cargo-home/bin/cargo" "+nightly-2024-10-28" "generate-lockfile" "--manifest-path" "Cargo.toml", kill_on_drop: false }`
[INFO] [stderr]     Updating crates.io index
[INFO] [stderr]      Locking 35 packages to latest compatible versions
[INFO] [stderr]       Adding dispose v0.4.0 (available: v0.5.0)
[INFO] [stderr]       Adding parking_lot v0.11.2 (available: v0.12.3)
[INFO] running `Command { std: CARGO_HOME="/workspace/cargo-home" RUSTUP_HOME="/workspace/rustup-home" "/workspace/cargo-home/bin/cargo" "+nightly-2024-10-28" "fetch" "--manifest-path" "Cargo.toml", kill_on_drop: false }`
[INFO] [stderr]  Downloading crates ...
[INFO] [stderr]   Downloaded dispose v0.4.0
[INFO] [stderr]   Downloaded dispose-derive v0.3.0
[INFO] running `Command { std: "docker" "create" "-v" "/var/lib/crater-agent-workspace/builds/worker-1-tc1/target:/opt/rustwide/target:rw,Z" "-v" "/var/lib/crater-agent-workspace/builds/worker-1-tc1/source:/opt/rustwide/workdir:ro,Z" "-v" "/var/lib/crater-agent-workspace/cargo-home:/opt/rustwide/cargo-home:ro,Z" "-v" "/var/lib/crater-agent-workspace/rustup-home:/opt/rustwide/rustup-home:ro,Z" "-e" "SOURCE_DIR=/opt/rustwide/workdir" "-e" "CARGO_TARGET_DIR=/opt/rustwide/target" "-e" "CARGO_HOME=/opt/rustwide/cargo-home" "-e" "RUSTUP_HOME=/opt/rustwide/rustup-home" "-w" "/opt/rustwide/workdir" "-m" "1610612736" "--user" "0:0" "--network" "none" "ghcr.io/rust-lang/crates-build-env/linux@sha256:4a844ea9eb2546a2d2c7022eacef16ef2e8229c7fbb2c7d4d55a9ceca922f72d" "/opt/rustwide/cargo-home/bin/cargo" "+nightly-2024-10-28" "metadata" "--no-deps" "--format-version=1", kill_on_drop: false }`
[INFO] [stdout] af619372e1ae25fa4224b36c94f7cf6986a1ff4d60bfefa63ceb54b167627ade
[INFO] running `Command { std: "docker" "start" "-a" "af619372e1ae25fa4224b36c94f7cf6986a1ff4d60bfefa63ceb54b167627ade", kill_on_drop: false }`
[INFO] running `Command { std: "docker" "inspect" "af619372e1ae25fa4224b36c94f7cf6986a1ff4d60bfefa63ceb54b167627ade", kill_on_drop: false }`
[INFO] running `Command { std: "docker" "rm" "-f" "af619372e1ae25fa4224b36c94f7cf6986a1ff4d60bfefa63ceb54b167627ade", kill_on_drop: false }`
[INFO] [stdout] af619372e1ae25fa4224b36c94f7cf6986a1ff4d60bfefa63ceb54b167627ade
[INFO] running `Command { std: "docker" "create" "-v" "/var/lib/crater-agent-workspace/builds/worker-1-tc1/target:/opt/rustwide/target:rw,Z" "-v" "/var/lib/crater-agent-workspace/builds/worker-1-tc1/source:/opt/rustwide/workdir:ro,Z" "-v" "/var/lib/crater-agent-workspace/cargo-home:/opt/rustwide/cargo-home:ro,Z" "-v" "/var/lib/crater-agent-workspace/rustup-home:/opt/rustwide/rustup-home:ro,Z" "-e" "SOURCE_DIR=/opt/rustwide/workdir" "-e" "CARGO_TARGET_DIR=/opt/rustwide/target" "-e" "CARGO_INCREMENTAL=0" "-e" "RUST_BACKTRACE=full" "-e" "RUSTFLAGS=--cap-lints=forbid" "-e" "RUSTDOCFLAGS=--cap-lints=forbid" "-e" "CARGO_HOME=/opt/rustwide/cargo-home" "-e" "RUSTUP_HOME=/opt/rustwide/rustup-home" "-w" "/opt/rustwide/workdir" "-m" "1610612736" "--user" "0:0" "--network" "none" "ghcr.io/rust-lang/crates-build-env/linux@sha256:4a844ea9eb2546a2d2c7022eacef16ef2e8229c7fbb2c7d4d55a9ceca922f72d" "/opt/rustwide/cargo-home/bin/cargo" "+nightly-2024-10-28" "build" "--frozen" "--message-format=json", kill_on_drop: false }`
[INFO] [stdout] bd349345fd987fed361e651c22a0f9a3a9ebea7f1efd6a143c79526d7fadb34a
[INFO] running `Command { std: "docker" "start" "-a" "bd349345fd987fed361e651c22a0f9a3a9ebea7f1efd6a143c79526d7fadb34a", kill_on_drop: false }`
[INFO] [stderr]    Compiling proc-macro2 v1.0.89
[INFO] [stderr]    Compiling unicode-ident v1.0.13
[INFO] [stderr]    Compiling version_check v0.9.5
[INFO] [stderr]    Compiling crossbeam-utils v0.8.20
[INFO] [stderr]    Compiling syn v1.0.109
[INFO] [stderr]    Compiling libc v0.2.161
[INFO] [stderr]    Compiling parking_lot_core v0.8.6
[INFO] [stderr]    Compiling scopeguard v1.2.0
[INFO] [stderr]    Compiling smallvec v1.13.2
[INFO] [stderr]    Compiling thiserror v1.0.66
[INFO] [stderr]    Compiling log v0.4.22
[INFO] [stderr]    Compiling lock_api v0.4.12
[INFO] [stderr]    Compiling instant v0.1.13
[INFO] [stderr]    Compiling proc-macro-error-attr v1.0.4
[INFO] [stderr]    Compiling proc-macro-error v1.0.4
[INFO] [stderr]    Compiling crossbeam-epoch v0.9.18
[INFO] [stderr]    Compiling crossbeam-queue v0.3.11
[INFO] [stderr]    Compiling crossbeam-channel v0.5.13
[INFO] [stderr]    Compiling quote v1.0.37
[INFO] [stderr]    Compiling crossbeam-deque v0.8.5
[INFO] [stderr]    Compiling num_cpus v1.16.0
[INFO] [stderr]    Compiling syn v2.0.86
[INFO] [stderr]    Compiling crossbeam v0.8.4
[INFO] [stderr]    Compiling parking_lot v0.11.2
[INFO] [stderr]    Compiling thiserror-impl v1.0.66
[INFO] [stderr]    Compiling dispose-derive v0.3.0
[INFO] [stderr]    Compiling dispose v0.4.0
[INFO] [stderr]    Compiling topograph v0.3.1-alpha.1 (/opt/rustwide/workdir)
[INFO] [stdout] warning: the feature `generic_associated_types` has been stable since 1.65.0 and no longer requires an attribute to enable
[INFO] [stdout]  --> src/lib.rs:9:12
[INFO] [stdout]   |
[INFO] [stdout] 9 | #![feature(generic_associated_types)]
[INFO] [stdout]   |            ^^^^^^^^^^^^^^^^^^^^^^^^
[INFO] [stdout]   |
[INFO] [stdout]   = note: `#[warn(stable_features)]` on by default
[INFO] [stdout] 
[INFO] [stdout] 
[INFO] [stderr]     Finished `dev` profile [unoptimized + debuginfo] target(s) in 3.89s
[INFO] running `Command { std: "docker" "inspect" "bd349345fd987fed361e651c22a0f9a3a9ebea7f1efd6a143c79526d7fadb34a", kill_on_drop: false }`
[INFO] running `Command { std: "docker" "rm" "-f" "bd349345fd987fed361e651c22a0f9a3a9ebea7f1efd6a143c79526d7fadb34a", kill_on_drop: false }`
[INFO] [stdout] bd349345fd987fed361e651c22a0f9a3a9ebea7f1efd6a143c79526d7fadb34a
[INFO] running `Command { std: "docker" "create" "-v" "/var/lib/crater-agent-workspace/builds/worker-1-tc1/target:/opt/rustwide/target:rw,Z" "-v" "/var/lib/crater-agent-workspace/builds/worker-1-tc1/source:/opt/rustwide/workdir:ro,Z" "-v" "/var/lib/crater-agent-workspace/cargo-home:/opt/rustwide/cargo-home:ro,Z" "-v" "/var/lib/crater-agent-workspace/rustup-home:/opt/rustwide/rustup-home:ro,Z" "-e" "SOURCE_DIR=/opt/rustwide/workdir" "-e" "CARGO_TARGET_DIR=/opt/rustwide/target" "-e" "CARGO_INCREMENTAL=0" "-e" "RUST_BACKTRACE=full" "-e" "RUSTFLAGS=--cap-lints=forbid" "-e" "RUSTDOCFLAGS=--cap-lints=forbid" "-e" "CARGO_HOME=/opt/rustwide/cargo-home" "-e" "RUSTUP_HOME=/opt/rustwide/rustup-home" "-w" "/opt/rustwide/workdir" "-m" "1610612736" "--user" "0:0" "--network" "none" "ghcr.io/rust-lang/crates-build-env/linux@sha256:4a844ea9eb2546a2d2c7022eacef16ef2e8229c7fbb2c7d4d55a9ceca922f72d" "/opt/rustwide/cargo-home/bin/cargo" "+nightly-2024-10-28" "test" "--frozen" "--no-run" "--message-format=json", kill_on_drop: false }`
[INFO] [stdout] 896442a3325daa639132cf625e2ba256e893dfa616e61e6b66726267999e455a
[INFO] running `Command { std: "docker" "start" "-a" "896442a3325daa639132cf625e2ba256e893dfa616e61e6b66726267999e455a", kill_on_drop: false }`
[INFO] [stdout] warning: the feature `generic_associated_types` has been stable since 1.65.0 and no longer requires an attribute to enable
[INFO] [stdout]  --> src/lib.rs:9:12
[INFO] [stdout]   |
[INFO] [stdout] 9 | #![feature(generic_associated_types)]
[INFO] [stdout]   |            ^^^^^^^^^^^^^^^^^^^^^^^^
[INFO] [stdout]   |
[INFO] [stdout]   = note: `#[warn(stable_features)]` on by default
[INFO] [stdout] 
[INFO] [stdout] 
[INFO] [stderr]    Compiling topograph v0.3.1-alpha.1 (/opt/rustwide/workdir)
[INFO] [stdout] warning: the feature `generic_associated_types` has been stable since 1.65.0 and no longer requires an attribute to enable
[INFO] [stdout]  --> src/lib.rs:9:12
[INFO] [stdout]   |
[INFO] [stdout] 9 | #![feature(generic_associated_types)]
[INFO] [stdout]   |            ^^^^^^^^^^^^^^^^^^^^^^^^
[INFO] [stdout]   |
[INFO] [stdout]   = note: `#[warn(stable_features)]` on by default
[INFO] [stdout] 
[INFO] [stdout] 
[INFO] [stderr]     Finished `test` profile [unoptimized + debuginfo] target(s) in 0.18s
[INFO] running `Command { std: "docker" "inspect" "896442a3325daa639132cf625e2ba256e893dfa616e61e6b66726267999e455a", kill_on_drop: false }`
[INFO] running `Command { std: "docker" "rm" "-f" "896442a3325daa639132cf625e2ba256e893dfa616e61e6b66726267999e455a", kill_on_drop: false }`
[INFO] [stdout] 896442a3325daa639132cf625e2ba256e893dfa616e61e6b66726267999e455a
[INFO] running `Command { std: "docker" "create" "-v" "/var/lib/crater-agent-workspace/builds/worker-1-tc1/target:/opt/rustwide/target:rw,Z" "-v" "/var/lib/crater-agent-workspace/builds/worker-1-tc1/source:/opt/rustwide/workdir:ro,Z" "-v" "/var/lib/crater-agent-workspace/cargo-home:/opt/rustwide/cargo-home:ro,Z" "-v" "/var/lib/crater-agent-workspace/rustup-home:/opt/rustwide/rustup-home:ro,Z" "-e" "SOURCE_DIR=/opt/rustwide/workdir" "-e" "CARGO_TARGET_DIR=/opt/rustwide/target" "-e" "CARGO_INCREMENTAL=0" "-e" "RUST_BACKTRACE=full" "-e" "RUSTFLAGS=--cap-lints=forbid" "-e" "RUSTDOCFLAGS=--cap-lints=forbid" "-e" "CARGO_HOME=/opt/rustwide/cargo-home" "-e" "RUSTUP_HOME=/opt/rustwide/rustup-home" "-w" "/opt/rustwide/workdir" "-m" "1610612736" "--user" "0:0" "--network" "none" "ghcr.io/rust-lang/crates-build-env/linux@sha256:4a844ea9eb2546a2d2c7022eacef16ef2e8229c7fbb2c7d4d55a9ceca922f72d" "/opt/rustwide/cargo-home/bin/cargo" "+nightly-2024-10-28" "test" "--frozen", kill_on_drop: false }`
[INFO] [stdout] cd6ae2cc7068368d71dc7d549e8826a61648c573337ec0cafe2ab6c1464daf0e
[INFO] running `Command { std: "docker" "start" "-a" "cd6ae2cc7068368d71dc7d549e8826a61648c573337ec0cafe2ab6c1464daf0e", kill_on_drop: false }`
[INFO] [stderr] warning: the feature `generic_associated_types` has been stable since 1.65.0 and no longer requires an attribute to enable
[INFO] [stderr]  --> src/lib.rs:9:12
[INFO] [stderr]   |
[INFO] [stderr] 9 | #![feature(generic_associated_types)]
[INFO] [stderr]   |            ^^^^^^^^^^^^^^^^^^^^^^^^
[INFO] [stderr]   |
[INFO] [stderr]   = note: `#[warn(stable_features)]` on by default
[INFO] [stderr] 
[INFO] [stderr] warning: `topograph` (lib) generated 1 warning
[INFO] [stderr] warning: `topograph` (lib test) generated 1 warning (1 duplicate)
[INFO] [stderr]     Finished `test` profile [unoptimized + debuginfo] target(s) in 0.02s
[INFO] [stderr]      Running unittests src/lib.rs (/opt/rustwide/target/debug/deps/topograph-9888bf5a2c70b9f0)
[INFO] [stdout] 
[INFO] [stdout] running 0 tests
[INFO] [stdout] 
[INFO] [stdout] test result: ok. 0 passed; 0 failed; 0 ignored; 0 measured; 0 filtered out; finished in 0.00s
[INFO] [stdout] 
[INFO] [stderr]    Doc-tests topograph
[INFO] [stdout] 
[INFO] [stdout] running 3 tests
[INFO] [stdout] test src/graph.rs - graph (line 7) ... FAILED
[INFO] [stdout] test src/threaded.rs - threaded (line 6) ... ok
[INFO] [stdout] test src/threaded.rs - threaded (line 37) ... ok
[INFO] [stdout] 
[INFO] [stdout] failures:
[INFO] [stdout] 
[INFO] [stdout] ---- src/graph.rs - graph (line 7) stdout ----
[INFO] [stdout] error[E0599]: `NodeBuilder<_doctest_main_src_graph_rs_7_0::Job>` is not an iterator
[INFO] [stdout]    --> src/graph.rs:26:56
[INFO] [stdout]     |
[INFO] [stdout] 22  |             handle.push_dependency(Job::Bar, Some(deps.take()));
[INFO] [stdout]     |                                                        ^^^^ `NodeBuilder<_doctest_main_src_graph_rs_7_0::Job>` is not an iterator
[INFO] [stdout]     |
[INFO] [stdout]    ::: /opt/rustwide/workdir/src/graph.rs:153:1
[INFO] [stdout]     |
[INFO] [stdout] 153 | pub struct NodeBuilder<J> {
[INFO] [stdout]     | ------------------------- doesn't satisfy `_: Iterator`
[INFO] [stdout]     |
[INFO] [stdout]     = note: the following trait bounds were not satisfied:
[INFO] [stdout]             `NodeBuilder<_doctest_main_src_graph_rs_7_0::Job>: Iterator`
[INFO] [stdout]             which is required by `&mut NodeBuilder<_doctest_main_src_graph_rs_7_0::Job>: Iterator`
[INFO] [stdout] 
[INFO] [stdout] error[E0599]: `NodeBuilder<_doctest_main_src_graph_rs_7_0::Job>` is not an iterator
[INFO] [stdout]    --> src/graph.rs:27:56
[INFO] [stdout]     |
[INFO] [stdout] 23  |             handle.push_dependency(Job::Baz, Some(deps.take()));
[INFO] [stdout]     |                                                        ^^^^ `NodeBuilder<_doctest_main_src_graph_rs_7_0::Job>` is not an iterator
[INFO] [stdout]     |
[INFO] [stdout]    ::: /opt/rustwide/workdir/src/graph.rs:153:1
[INFO] [stdout]     |
[INFO] [stdout] 153 | pub struct NodeBuilder<J> {
[INFO] [stdout]     | ------------------------- doesn't satisfy `_: Iterator`
[INFO] [stdout]     |
[INFO] [stdout]     = note: the following trait bounds were not satisfied:
[INFO] [stdout]             `NodeBuilder<_doctest_main_src_graph_rs_7_0::Job>: Iterator`
[INFO] [stdout]             which is required by `&mut NodeBuilder<_doctest_main_src_graph_rs_7_0::Job>: Iterator`
[INFO] [stdout] 
[INFO] [stdout] error: aborting due to 2 previous errors
[INFO] [stdout] 
[INFO] [stdout] For more information about this error, try `rustc --explain E0599`.
[INFO] [stdout] Couldn't compile the test.
[INFO] [stdout] 
[INFO] [stdout] failures:
[INFO] [stdout]     src/graph.rs - graph (line 7)
[INFO] [stdout] 
[INFO] [stdout] test result: FAILED. 2 passed; 1 failed; 0 ignored; 0 measured; 0 filtered out; finished in 0.22s
[INFO] [stdout] 
[INFO] [stderr] error: doctest failed, to rerun pass `--doc`
[INFO] running `Command { std: "docker" "inspect" "cd6ae2cc7068368d71dc7d549e8826a61648c573337ec0cafe2ab6c1464daf0e", kill_on_drop: false }`
[INFO] running `Command { std: "docker" "rm" "-f" "cd6ae2cc7068368d71dc7d549e8826a61648c573337ec0cafe2ab6c1464daf0e", kill_on_drop: false }`
[INFO] [stdout] cd6ae2cc7068368d71dc7d549e8826a61648c573337ec0cafe2ab6c1464daf0e
